[INFO] cloning repository https://github.com/kkingsbe/neuralnet-rs
[INFO] running `Command { std: "git" "-c" "credential.helper=" "-c" "credential.helper=/workspace/cargo-home/bin/git-credential-null" "clone" "--bare" "https://github.com/kkingsbe/neuralnet-rs" "/workspace/cache/git-repos/https%3A%2F%2Fgithub.com%2Fkkingsbe%2Fneuralnet-rs", kill_on_drop: false }`
[INFO] [stderr] Cloning into bare repository '/workspace/cache/git-repos/https%3A%2F%2Fgithub.com%2Fkkingsbe%2Fneuralnet-rs'...
[INFO] running `Command { std: "git" "rev-parse" "HEAD", kill_on_drop: false }`
[INFO] [stdout] ae66234ffc495b88c7f0b101a56d9e5d1321a547
[INFO] testing kkingsbe/neuralnet-rs against nightly-2025-01-18+rustflags=-Zrandomize-layout for randomize-layout-2
[INFO] running `Command { std: "git" "clone" "/workspace/cache/git-repos/https%3A%2F%2Fgithub.com%2Fkkingsbe%2Fneuralnet-rs" "/workspace/builds/worker-7-tc2/source", kill_on_drop: false }`
[INFO] [stderr] Cloning into '/workspace/builds/worker-7-tc2/source'...
[INFO] [stderr] done.
[INFO] validating manifest of git repo https://github.com/kkingsbe/neuralnet-rs on toolchain nightly-2025-01-18
[INFO] running `Command { std: CARGO_HOME="/workspace/cargo-home" RUSTUP_HOME="/workspace/rustup-home" "/workspace/cargo-home/bin/cargo" "+nightly-2025-01-18" "metadata" "--manifest-path" "Cargo.toml" "--no-deps", kill_on_drop: false }`
[INFO] started tweaking git repo https://github.com/kkingsbe/neuralnet-rs
[INFO] finished tweaking git repo https://github.com/kkingsbe/neuralnet-rs
[INFO] tweaked toml for git repo https://github.com/kkingsbe/neuralnet-rs written to /workspace/builds/worker-7-tc2/source/Cargo.toml
[INFO] crate git repo https://github.com/kkingsbe/neuralnet-rs already has a lockfile, it will not be regenerated
[INFO] running `Command { std: CARGO_HOME="/workspace/cargo-home" RUSTUP_HOME="/workspace/rustup-home" "/workspace/cargo-home/bin/cargo" "+nightly-2025-01-18" "fetch" "--manifest-path" "Cargo.toml", kill_on_drop: false }`
[INFO] running `Command { std: "docker" "create" "-v" "/var/lib/crater-agent-workspace/builds/worker-7-tc2/target:/opt/rustwide/target:rw,Z" "-v" "/var/lib/crater-agent-workspace/builds/worker-7-tc2/source:/opt/rustwide/workdir:ro,Z" "-v" "/var/lib/crater-agent-workspace/cargo-home:/opt/rustwide/cargo-home:ro,Z" "-v" "/var/lib/crater-agent-workspace/rustup-home:/opt/rustwide/rustup-home:ro,Z" "-e" "SOURCE_DIR=/opt/rustwide/workdir" "-e" "CARGO_TARGET_DIR=/opt/rustwide/target" "-e" "CARGO_HOME=/opt/rustwide/cargo-home" "-e" "RUSTUP_HOME=/opt/rustwide/rustup-home" "-w" "/opt/rustwide/workdir" "-m" "1610612736" "--user" "0:0" "--network" "none" "ghcr.io/rust-lang/crates-build-env/linux@sha256:819108c5571ea2e421544af4d832f968d213c87fbe3707a016657f43d2f853bc" "/opt/rustwide/cargo-home/bin/cargo" "+nightly-2025-01-18" "metadata" "--no-deps" "--format-version=1", kill_on_drop: false }`
[INFO] [stdout] 50385ceac7b4e311196efba9a717cf09635e5a3d4c782108be6f5a50e825dcd7
[INFO] running `Command { std: "docker" "start" "-a" "50385ceac7b4e311196efba9a717cf09635e5a3d4c782108be6f5a50e825dcd7", kill_on_drop: false }`
[INFO] running `Command { std: "docker" "inspect" "50385ceac7b4e311196efba9a717cf09635e5a3d4c782108be6f5a50e825dcd7", kill_on_drop: false }`
[INFO] running `Command { std: "docker" "rm" "-f" "50385ceac7b4e311196efba9a717cf09635e5a3d4c782108be6f5a50e825dcd7", kill_on_drop: false }`
[INFO] [stdout] 50385ceac7b4e311196efba9a717cf09635e5a3d4c782108be6f5a50e825dcd7
[INFO] running `Command { std: "docker" "create" "-v" "/var/lib/crater-agent-workspace/builds/worker-7-tc2/target:/opt/rustwide/target:rw,Z" "-v" "/var/lib/crater-agent-workspace/builds/worker-7-tc2/source:/opt/rustwide/workdir:ro,Z" "-v" "/var/lib/crater-agent-workspace/cargo-home:/opt/rustwide/cargo-home:ro,Z" "-v" "/var/lib/crater-agent-workspace/rustup-home:/opt/rustwide/rustup-home:ro,Z" "-e" "SOURCE_DIR=/opt/rustwide/workdir" "-e" "CARGO_TARGET_DIR=/opt/rustwide/target" "-e" "CARGO_INCREMENTAL=0" "-e" "RUST_BACKTRACE=full" "-e" "RUSTFLAGS=--cap-lints=forbid -Zrandomize-layout" "-e" "RUSTDOCFLAGS=--cap-lints=forbid" "-e" "CARGO_HOME=/opt/rustwide/cargo-home" "-e" "RUSTUP_HOME=/opt/rustwide/rustup-home" "-w" "/opt/rustwide/workdir" "-m" "1610612736" "--user" "0:0" "--network" "none" "ghcr.io/rust-lang/crates-build-env/linux@sha256:819108c5571ea2e421544af4d832f968d213c87fbe3707a016657f43d2f853bc" "/opt/rustwide/cargo-home/bin/cargo" "+nightly-2025-01-18" "build" "--frozen" "--message-format=json", kill_on_drop: false }`
[INFO] [stdout] 9d3712efe465b7f39a51eb8cc3e7a5c80e066364c35564fd6b41621176b33c3a
[INFO] running `Command { std: "docker" "start" "-a" "9d3712efe465b7f39a51eb8cc3e7a5c80e066364c35564fd6b41621176b33c3a", kill_on_drop: false }`
[INFO] [stderr]    Compiling autocfg v1.3.0
[INFO] [stderr]    Compiling libc v0.2.155
[INFO] [stderr]    Compiling libm v0.2.8
[INFO] [stderr]    Compiling cfg-if v1.0.0
[INFO] [stderr]    Compiling memchr v2.7.4
[INFO] [stderr]    Compiling ppv-lite86 v0.2.17
[INFO] [stderr]    Compiling regex-syntax v0.8.4
[INFO] [stderr]    Compiling rawpointer v0.2.1
[INFO] [stderr]    Compiling serde v1.0.203
[INFO] [stderr]    Compiling serde_json v1.0.118
[INFO] [stderr]    Compiling ryu v1.0.18
[INFO] [stderr]    Compiling svg v0.7.2
[INFO] [stderr]    Compiling itoa v1.0.11
[INFO] [stderr]    Compiling num-traits v0.2.19
[INFO] [stderr]    Compiling matrixmultiply v0.3.8
[INFO] [stderr]    Compiling aho-corasick v1.1.3
[INFO] [stderr]    Compiling getrandom v0.2.15
[INFO] [stderr]    Compiling rand_core v0.6.4
[INFO] [stderr]    Compiling rand_chacha v0.3.1
[INFO] [stderr]    Compiling num-integer v0.1.46
[INFO] [stderr]    Compiling num-complex v0.4.6
[INFO] [stderr]    Compiling rand v0.8.5
[INFO] [stderr]    Compiling regex-automata v0.4.7
[INFO] [stderr]    Compiling ndarray v0.15.6
[INFO] [stderr]    Compiling rand_distr v0.4.3
[INFO] [stderr]    Compiling regex v1.10.5
[INFO] [stderr]    Compiling format_num v0.1.0
[INFO] [stderr]    Compiling charts v0.3.0
[INFO] [stderr]    Compiling ndarray-rand v0.14.0
[INFO] [stderr]    Compiling neuralnet-rs v0.1.0 (/opt/rustwide/workdir)
[INFO] [stdout] warning: unused import: `LossFunctionTargetEncoding`
[INFO] [stdout]  --> src/main.rs:4:35
[INFO] [stdout]   |
[INFO] [stdout] 4 | use loss_function::{LossFunction, LossFunctionTargetEncoding, LossFunctionType, LossTargetData, SparseLossTargetData};
[INFO] [stdout]   |                                   ^^^^^^^^^^^^^^^^^^^^^^^^^^
[INFO] [stdout]   |
[INFO] [stdout]   = note: `#[warn(unused_imports)]` on by default
[INFO] [stdout] 
[INFO] [stdout] 
[INFO] [stdout] warning: unused imports: `OwnedRepr` and `stack`
[INFO] [stdout]  --> src/main.rs:5:27
[INFO] [stdout]   |
[INFO] [stdout] 5 | use ndarray::{prelude::*, stack, OwnedRepr};
[INFO] [stdout]   |                           ^^^^^  ^^^^^^^^^
[INFO] [stdout] 
[INFO] [stdout] 
[INFO] [stdout] warning: unused import: `LossCalculation`
[INFO] [stdout]  --> src/layer.rs:3:89
[INFO] [stdout]   |
[INFO] [stdout] 3 | use crate::{activation_function::{ActivationFunction, LayerActivation}, loss_function::{LossCalculation, LossFunction}};
[INFO] [stdout]   |                                                                                         ^^^^^^^^^^^^^^^
[INFO] [stdout] 
[INFO] [stdout] 
[INFO] [stdout] warning: unused imports: `Normal`, `RandomExt`, and `num_traits::Float`
[INFO] [stdout]   --> src/main.rs:11:33
[INFO] [stdout]    |
[INFO] [stdout] 11 | use ndarray_rand::{rand_distr::{num_traits::Float, Normal}, RandomExt};
[INFO] [stdout]    |                                 ^^^^^^^^^^^^^^^^^  ^^^^^^   ^^^^^^^^^
[INFO] [stdout] 
[INFO] [stdout] 
[INFO] [stdout] warning: unused imports: `ScaleBand` and `VerticalBarView`
[INFO] [stdout]   --> src/main.rs:12:21
[INFO] [stdout]    |
[INFO] [stdout] 12 | use charts::{Chart, ScaleBand, ScaleLinear, ScatterView, VerticalBarView};
[INFO] [stdout]    |                     ^^^^^^^^^                            ^^^^^^^^^^^^^^^
[INFO] [stdout] 
[INFO] [stdout] 
[INFO] [stdout] warning: unused variable: `data`
[INFO] [stdout]   --> src/loss_function/mod.rs:30:19
[INFO] [stdout]    |
[INFO] [stdout] 30 |     fn new_sparse(data: Array1<usize>) -> OneHotLossTargetData {
[INFO] [stdout]    |                   ^^^^ help: if this is intentional, prefix it with an underscore: `_data`
[INFO] [stdout]    |
[INFO] [stdout]    = note: `#[warn(unused_variables)]` on by default
[INFO] [stdout] 
[INFO] [stdout] 
[INFO] [stdout] warning: unused variable: `data`
[INFO] [stdout]   --> src/loss_function/mod.rs:52:19
[INFO] [stdout]    |
[INFO] [stdout] 52 |     fn new_onehot(data: Array2<f64>) -> SparseLossTargetData {
[INFO] [stdout]    |                   ^^^^ help: if this is intentional, prefix it with an underscore: `_data`
[INFO] [stdout] 
[INFO] [stdout] 
[INFO] [stdout] warning: function `plot` is never used
[INFO] [stdout]   --> src/main.rs:37:4
[INFO] [stdout]    |
[INFO] [stdout] 37 | fn plot() {
[INFO] [stdout]    |    ^^^^
[INFO] [stdout]    |
[INFO] [stdout]    = note: `#[warn(dead_code)]` on by default
[INFO] [stdout] 
[INFO] [stdout] 
[INFO] [stdout] warning: enum `LayerArrayError` is never used
[INFO] [stdout]  --> src/layer.rs:6:10
[INFO] [stdout]   |
[INFO] [stdout] 6 | pub enum LayerArrayError {
[INFO] [stdout]   |          ^^^^^^^^^^^^^^^
[INFO] [stdout]   |
[INFO] [stdout]   = note: `LayerArrayError` has a derived impl for the trait `Debug`, but this is intentionally ignored during dead code analysis
[INFO] [stdout] 
[INFO] [stdout] 
[INFO] [stdout] warning: field `loss` is never read
[INFO] [stdout]   --> src/layer.rs:18:5
[INFO] [stdout]    |
[INFO] [stdout] 14 | pub struct Layer<const NEURONS: usize, const FAN_IN: usize> {
[INFO] [stdout]    |            ----- field in this struct
[INFO] [stdout] ...
[INFO] [stdout] 18 |     loss: LossFunction
[INFO] [stdout]    |     ^^^^
[INFO] [stdout] 
[INFO] [stdout] 
[INFO] [stdout] warning: methods `set_weights`, `set_biases`, and `loss` are never used
[INFO] [stdout]   --> src/layer.rs:36:12
[INFO] [stdout]    |
[INFO] [stdout] 21 | impl <const NEURONS: usize, const FAN_IN: usize> Layer<NEURONS, FAN_IN> {
[INFO] [stdout]    | ----------------------------------------------------------------------- methods in this implementation
[INFO] [stdout] ...
[INFO] [stdout] 36 |     pub fn set_weights(&mut self, new_weights: Array2<f64>) -> Result<(), LayerArrayError> {
[INFO] [stdout]    |            ^^^^^^^^^^^
[INFO] [stdout] ...
[INFO] [stdout] 62 |     pub fn set_biases(&mut self, new_biases: Array1<f64>) -> Result<(), LayerArrayError> {
[INFO] [stdout]    |            ^^^^^^^^^^
[INFO] [stdout] ...
[INFO] [stdout] 78 |     pub fn loss(&mut self) {
[INFO] [stdout]    |            ^^^^
[INFO] [stdout] 
[INFO] [stdout] 
[INFO] [stdout] warning: associated function `new_onehot` is never used
[INFO] [stdout]   --> src/loss_function/mod.rs:12:8
[INFO] [stdout]    |
[INFO] [stdout] 11 | pub trait LossTargetData {
[INFO] [stdout]    |           -------------- associated function in this trait
[INFO] [stdout] 12 |     fn new_onehot(data: Array2<f64>) -> Self;
[INFO] [stdout]    |        ^^^^^^^^^^
[INFO] [stdout] 
[INFO] [stdout] 
[INFO] [stdout] warning: enum `CrossEntropyEncoding` is never used
[INFO] [stdout]  --> src/loss_function/cross_entropy.rs:5:10
[INFO] [stdout]   |
[INFO] [stdout] 5 | pub enum CrossEntropyEncoding {
[INFO] [stdout]   |          ^^^^^^^^^^^^^^^^^^^^
[INFO] [stdout] 
[INFO] [stdout] 
[INFO] [stderr]     Finished `dev` profile [unoptimized + debuginfo] target(s) in 8.35s
[INFO] [stderr] warning: the following packages contain code that will be rejected by a future version of Rust: svg v0.7.2
[INFO] [stderr] note: to see what the problems were, use the option `--future-incompat-report`, or run `cargo report future-incompatibilities --id 1`
[INFO] running `Command { std: "docker" "inspect" "9d3712efe465b7f39a51eb8cc3e7a5c80e066364c35564fd6b41621176b33c3a", kill_on_drop: false }`
[INFO] running `Command { std: "docker" "rm" "-f" "9d3712efe465b7f39a51eb8cc3e7a5c80e066364c35564fd6b41621176b33c3a", kill_on_drop: false }`
[INFO] [stdout] 9d3712efe465b7f39a51eb8cc3e7a5c80e066364c35564fd6b41621176b33c3a
[INFO] running `Command { std: "docker" "create" "-v" "/var/lib/crater-agent-workspace/builds/worker-7-tc2/target:/opt/rustwide/target:rw,Z" "-v" "/var/lib/crater-agent-workspace/builds/worker-7-tc2/source:/opt/rustwide/workdir:ro,Z" "-v" "/var/lib/crater-agent-workspace/cargo-home:/opt/rustwide/cargo-home:ro,Z" "-v" "/var/lib/crater-agent-workspace/rustup-home:/opt/rustwide/rustup-home:ro,Z" "-e" "SOURCE_DIR=/opt/rustwide/workdir" "-e" "CARGO_TARGET_DIR=/opt/rustwide/target" "-e" "CARGO_INCREMENTAL=0" "-e" "RUST_BACKTRACE=full" "-e" "RUSTFLAGS=--cap-lints=forbid -Zrandomize-layout" "-e" "RUSTDOCFLAGS=--cap-lints=forbid" "-e" "CARGO_HOME=/opt/rustwide/cargo-home" "-e" "RUSTUP_HOME=/opt/rustwide/rustup-home" "-w" "/opt/rustwide/workdir" "-m" "1610612736" "--user" "0:0" "--network" "none" "ghcr.io/rust-lang/crates-build-env/linux@sha256:819108c5571ea2e421544af4d832f968d213c87fbe3707a016657f43d2f853bc" "/opt/rustwide/cargo-home/bin/cargo" "+nightly-2025-01-18" "test" "--frozen" "--no-run" "--message-format=json", kill_on_drop: false }`
[INFO] [stdout] 0b284e1eee63a542ed34fdb477dcb5cd0d0afe51a61370ad2bf1479e2ea4294e
[INFO] running `Command { std: "docker" "start" "-a" "0b284e1eee63a542ed34fdb477dcb5cd0d0afe51a61370ad2bf1479e2ea4294e", kill_on_drop: false }`
[INFO] [stderr]    Compiling neuralnet-rs v0.1.0 (/opt/rustwide/workdir)
[INFO] [stdout] warning: unused import: `LossFunctionTargetEncoding`
[INFO] [stdout]  --> src/main.rs:4:35
[INFO] [stdout]   |
[INFO] [stdout] 4 | use loss_function::{LossFunction, LossFunctionTargetEncoding, LossFunctionType, LossTargetData, SparseLossTargetData};
[INFO] [stdout]   |                                   ^^^^^^^^^^^^^^^^^^^^^^^^^^
[INFO] [stdout]   |
[INFO] [stdout]   = note: `#[warn(unused_imports)]` on by default
[INFO] [stdout] 
[INFO] [stdout] 
[INFO] [stdout] warning: unused imports: `OwnedRepr` and `stack`
[INFO] [stdout]  --> src/main.rs:5:27
[INFO] [stdout]   |
[INFO] [stdout] 5 | use ndarray::{prelude::*, stack, OwnedRepr};
[INFO] [stdout]   |                           ^^^^^  ^^^^^^^^^
[INFO] [stdout] 
[INFO] [stdout] 
[INFO] [stdout] warning: unused import: `LossCalculation`
[INFO] [stdout]  --> src/layer.rs:3:89
[INFO] [stdout]   |
[INFO] [stdout] 3 | use crate::{activation_function::{ActivationFunction, LayerActivation}, loss_function::{LossCalculation, LossFunction}};
[INFO] [stdout]   |                                                                                         ^^^^^^^^^^^^^^^
[INFO] [stdout] 
[INFO] [stdout] 
[INFO] [stdout] warning: unused imports: `Normal`, `RandomExt`, and `num_traits::Float`
[INFO] [stdout]   --> src/main.rs:11:33
[INFO] [stdout]    |
[INFO] [stdout] 11 | use ndarray_rand::{rand_distr::{num_traits::Float, Normal}, RandomExt};
[INFO] [stdout]    |                                 ^^^^^^^^^^^^^^^^^  ^^^^^^   ^^^^^^^^^
[INFO] [stdout] 
[INFO] [stdout] 
[INFO] [stdout] warning: unused imports: `ScaleBand` and `VerticalBarView`
[INFO] [stdout]   --> src/main.rs:12:21
[INFO] [stdout]    |
[INFO] [stdout] 12 | use charts::{Chart, ScaleBand, ScaleLinear, ScatterView, VerticalBarView};
[INFO] [stdout]    |                     ^^^^^^^^^                            ^^^^^^^^^^^^^^^
[INFO] [stdout] 
[INFO] [stdout] 
[INFO] [stdout] warning: unused variable: `layer`
[INFO] [stdout]    --> src/layer.rs:100:13
[INFO] [stdout]     |
[INFO] [stdout] 100 |         let layer = Layer::<NEURONS, FAN_IN>::new(LayerActivation::ReLU, lf);
[INFO] [stdout]     |             ^^^^^ help: if this is intentional, prefix it with an underscore: `_layer`
[INFO] [stdout]     |
[INFO] [stdout]     = note: `#[warn(unused_variables)]` on by default
[INFO] [stdout] 
[INFO] [stdout] 
[INFO] [stdout] warning: unused variable: `output`
[INFO] [stdout]    --> src/layer.rs:170:13
[INFO] [stdout]     |
[INFO] [stdout] 170 |         let output = layer.forward(test_inputs);
[INFO] [stdout]     |             ^^^^^^ help: if this is intentional, prefix it with an underscore: `_output`
[INFO] [stdout] 
[INFO] [stdout] 
[INFO] [stdout] warning: unused variable: `data`
[INFO] [stdout]   --> src/loss_function/mod.rs:30:19
[INFO] [stdout]    |
[INFO] [stdout] 30 |     fn new_sparse(data: Array1<usize>) -> OneHotLossTargetData {
[INFO] [stdout]    |                   ^^^^ help: if this is intentional, prefix it with an underscore: `_data`
[INFO] [stdout] 
[INFO] [stdout] 
[INFO] [stdout] warning: unused variable: `data`
[INFO] [stdout]   --> src/loss_function/mod.rs:52:19
[INFO] [stdout]    |
[INFO] [stdout] 52 |     fn new_onehot(data: Array2<f64>) -> SparseLossTargetData {
[INFO] [stdout]    |                   ^^^^ help: if this is intentional, prefix it with an underscore: `_data`
[INFO] [stdout] 
[INFO] [stdout] 
[INFO] [stdout] warning: function `plot` is never used
[INFO] [stdout]   --> src/main.rs:37:4
[INFO] [stdout]    |
[INFO] [stdout] 37 | fn plot() {
[INFO] [stdout]    |    ^^^^
[INFO] [stdout]    |
[INFO] [stdout]    = note: `#[warn(dead_code)]` on by default
[INFO] [stdout] 
[INFO] [stdout] 
[INFO] [stdout] warning: field `0` is never read
[INFO] [stdout]  --> src/layer.rs:7:24
[INFO] [stdout]   |
[INFO] [stdout] 7 |     IncorrectDimension(String)
[INFO] [stdout]   |     ------------------ ^^^^^^
[INFO] [stdout]   |     |
[INFO] [stdout]   |     field in this variant
[INFO] [stdout]   |
[INFO] [stdout]   = note: `LayerArrayError` has a derived impl for the trait `Debug`, but this is intentionally ignored during dead code analysis
[INFO] [stdout] help: consider changing the field to be of unit type to suppress this warning while preserving the field numbering, or remove the field
[INFO] [stdout]   |
[INFO] [stdout] 7 |     IncorrectDimension(())
[INFO] [stdout]   |                        ~~
[INFO] [stdout] 
[INFO] [stdout] 
[INFO] [stdout] warning: field `loss` is never read
[INFO] [stdout]   --> src/layer.rs:18:5
[INFO] [stdout]    |
[INFO] [stdout] 14 | pub struct Layer<const NEURONS: usize, const FAN_IN: usize> {
[INFO] [stdout]    |            ----- field in this struct
[INFO] [stdout] ...
[INFO] [stdout] 18 |     loss: LossFunction
[INFO] [stdout]    |     ^^^^
[INFO] [stdout] 
[INFO] [stdout] 
[INFO] [stdout] warning: method `loss` is never used
[INFO] [stdout]   --> src/layer.rs:78:12
[INFO] [stdout]    |
[INFO] [stdout] 21 | impl <const NEURONS: usize, const FAN_IN: usize> Layer<NEURONS, FAN_IN> {
[INFO] [stdout]    | ----------------------------------------------------------------------- method in this implementation
[INFO] [stdout] ...
[INFO] [stdout] 78 |     pub fn loss(&mut self) {
[INFO] [stdout]    |            ^^^^
[INFO] [stdout] 
[INFO] [stdout] 
[INFO] [stdout] warning: associated function `new_onehot` is never used
[INFO] [stdout]   --> src/loss_function/mod.rs:12:8
[INFO] [stdout]    |
[INFO] [stdout] 11 | pub trait LossTargetData {
[INFO] [stdout]    |           -------------- associated function in this trait
[INFO] [stdout] 12 |     fn new_onehot(data: Array2<f64>) -> Self;
[INFO] [stdout]    |        ^^^^^^^^^^
[INFO] [stdout] 
[INFO] [stdout] 
[INFO] [stdout] warning: enum `CrossEntropyEncoding` is never used
[INFO] [stdout]  --> src/loss_function/cross_entropy.rs:5:10
[INFO] [stdout]   |
[INFO] [stdout] 5 | pub enum CrossEntropyEncoding {
[INFO] [stdout]   |          ^^^^^^^^^^^^^^^^^^^^
[INFO] [stdout] 
[INFO] [stdout] 
[INFO] [stderr]     Finished `test` profile [unoptimized + debuginfo] target(s) in 1.24s
[INFO] [stderr] warning: the following packages contain code that will be rejected by a future version of Rust: svg v0.7.2
[INFO] [stderr] note: to see what the problems were, use the option `--future-incompat-report`, or run `cargo report future-incompatibilities --id 1`
[INFO] running `Command { std: "docker" "inspect" "0b284e1eee63a542ed34fdb477dcb5cd0d0afe51a61370ad2bf1479e2ea4294e", kill_on_drop: false }`
[INFO] running `Command { std: "docker" "rm" "-f" "0b284e1eee63a542ed34fdb477dcb5cd0d0afe51a61370ad2bf1479e2ea4294e", kill_on_drop: false }`
[INFO] [stdout] 0b284e1eee63a542ed34fdb477dcb5cd0d0afe51a61370ad2bf1479e2ea4294e
[INFO] running `Command { std: "docker" "create" "-v" "/var/lib/crater-agent-workspace/builds/worker-7-tc2/target:/opt/rustwide/target:rw,Z" "-v" "/var/lib/crater-agent-workspace/builds/worker-7-tc2/source:/opt/rustwide/workdir:ro,Z" "-v" "/var/lib/crater-agent-workspace/cargo-home:/opt/rustwide/cargo-home:ro,Z" "-v" "/var/lib/crater-agent-workspace/rustup-home:/opt/rustwide/rustup-home:ro,Z" "-e" "SOURCE_DIR=/opt/rustwide/workdir" "-e" "CARGO_TARGET_DIR=/opt/rustwide/target" "-e" "CARGO_INCREMENTAL=0" "-e" "RUST_BACKTRACE=full" "-e" "RUSTFLAGS=--cap-lints=forbid -Zrandomize-layout" "-e" "RUSTDOCFLAGS=--cap-lints=forbid" "-e" "CARGO_HOME=/opt/rustwide/cargo-home" "-e" "RUSTUP_HOME=/opt/rustwide/rustup-home" "-w" "/opt/rustwide/workdir" "-m" "1610612736" "--user" "0:0" "--network" "none" "ghcr.io/rust-lang/crates-build-env/linux@sha256:819108c5571ea2e421544af4d832f968d213c87fbe3707a016657f43d2f853bc" "/opt/rustwide/cargo-home/bin/cargo" "+nightly-2025-01-18" "test" "--frozen", kill_on_drop: false }`
[INFO] [stdout] ce6d18064917e585ed39b2cdfb5b444813dc6b0357907f9fe9602ef9833b0c52
[INFO] running `Command { std: "docker" "start" "-a" "ce6d18064917e585ed39b2cdfb5b444813dc6b0357907f9fe9602ef9833b0c52", kill_on_drop: false }`
[INFO] [stderr] warning: unused import: `LossFunctionTargetEncoding`
[INFO] [stderr]  --> src/main.rs:4:35
[INFO] [stderr]   |
[INFO] [stderr] 4 | use loss_function::{LossFunction, LossFunctionTargetEncoding, LossFunctionType, LossTargetData, SparseLossTargetData};
[INFO] [stderr]   |                                   ^^^^^^^^^^^^^^^^^^^^^^^^^^
[INFO] [stderr]   |
[INFO] [stderr]   = note: `#[warn(unused_imports)]` on by default
[INFO] [stderr] 
[INFO] [stderr] warning: unused imports: `OwnedRepr` and `stack`
[INFO] [stderr]  --> src/main.rs:5:27
[INFO] [stderr]   |
[INFO] [stderr] 5 | use ndarray::{prelude::*, stack, OwnedRepr};
[INFO] [stderr]   |                           ^^^^^  ^^^^^^^^^
[INFO] [stderr] 
[INFO] [stderr] warning: unused import: `LossCalculation`
[INFO] [stderr]  --> src/layer.rs:3:89
[INFO] [stderr]   |
[INFO] [stderr] 3 | use crate::{activation_function::{ActivationFunction, LayerActivation}, loss_function::{LossCalculation, LossFunction}};
[INFO] [stderr]   |                                                                                         ^^^^^^^^^^^^^^^
[INFO] [stderr] 
[INFO] [stderr] warning: unused imports: `Normal`, `RandomExt`, and `num_traits::Float`
[INFO] [stderr]   --> src/main.rs:11:33
[INFO] [stderr]    |
[INFO] [stderr] 11 | use ndarray_rand::{rand_distr::{num_traits::Float, Normal}, RandomExt};
[INFO] [stderr]    |                                 ^^^^^^^^^^^^^^^^^  ^^^^^^   ^^^^^^^^^
[INFO] [stderr] 
[INFO] [stderr] warning: unused imports: `ScaleBand` and `VerticalBarView`
[INFO] [stderr]   --> src/main.rs:12:21
[INFO] [stderr]    |
[INFO] [stderr] 12 | use charts::{Chart, ScaleBand, ScaleLinear, ScatterView, VerticalBarView};
[INFO] [stderr]    |                     ^^^^^^^^^                            ^^^^^^^^^^^^^^^
[INFO] [stderr] 
[INFO] [stderr] warning: unused variable: `layer`
[INFO] [stderr]    --> src/layer.rs:100:13
[INFO] [stderr]     |
[INFO] [stderr] 100 |         let layer = Layer::<NEURONS, FAN_IN>::new(LayerActivation::ReLU, lf);
[INFO] [stderr]     |             ^^^^^ help: if this is intentional, prefix it with an underscore: `_layer`
[INFO] [stderr]     |
[INFO] [stderr]     = note: `#[warn(unused_variables)]` on by default
[INFO] [stderr] 
[INFO] [stderr] warning: unused variable: `output`
[INFO] [stderr]    --> src/layer.rs:170:13
[INFO] [stderr]     |
[INFO] [stderr] 170 |         let output = layer.forward(test_inputs);
[INFO] [stderr]     |             ^^^^^^ help: if this is intentional, prefix it with an underscore: `_output`
[INFO] [stderr] 
[INFO] [stderr] warning: unused variable: `data`
[INFO] [stderr]   --> src/loss_function/mod.rs:30:19
[INFO] [stderr]    |
[INFO] [stderr] 30 |     fn new_sparse(data: Array1<usize>) -> OneHotLossTargetData {
[INFO] [stderr]    |                   ^^^^ help: if this is intentional, prefix it with an underscore: `_data`
[INFO] [stderr] 
[INFO] [stderr] warning: unused variable: `data`
[INFO] [stderr]   --> src/loss_function/mod.rs:52:19
[INFO] [stderr]    |
[INFO] [stderr] 52 |     fn new_onehot(data: Array2<f64>) -> SparseLossTargetData {
[INFO] [stderr]    |                   ^^^^ help: if this is intentional, prefix it with an underscore: `_data`
[INFO] [stderr] 
[INFO] [stderr] warning: function `plot` is never used
[INFO] [stderr]   --> src/main.rs:37:4
[INFO] [stderr]    |
[INFO] [stderr] 37 | fn plot() {
[INFO] [stderr]    |    ^^^^
[INFO] [stderr]    |
[INFO] [stderr]    = note: `#[warn(dead_code)]` on by default
[INFO] [stderr] 
[INFO] [stderr] warning: field `0` is never read
[INFO] [stderr]  --> src/layer.rs:7:24
[INFO] [stderr]   |
[INFO] [stderr] 7 |     IncorrectDimension(String)
[INFO] [stderr]   |     ------------------ ^^^^^^
[INFO] [stderr]   |     |
[INFO] [stderr]   |     field in this variant
[INFO] [stderr]   |
[INFO] [stderr]   = note: `LayerArrayError` has a derived impl for the trait `Debug`, but this is intentionally ignored during dead code analysis
[INFO] [stderr] help: consider changing the field to be of unit type to suppress this warning while preserving the field numbering, or remove the field
[INFO] [stderr]   |
[INFO] [stderr] 7 |     IncorrectDimension(())
[INFO] [stderr]   |                        ~~
[INFO] [stderr] 
[INFO] [stderr] warning: field `loss` is never read
[INFO] [stderr]   --> src/layer.rs:18:5
[INFO] [stderr]    |
[INFO] [stderr] 14 | pub struct Layer<const NEURONS: usize, const FAN_IN: usize> {
[INFO] [stderr]    |            ----- field in this struct
[INFO] [stderr] ...
[INFO] [stderr] 18 |     loss: LossFunction
[INFO] [stderr]    |     ^^^^
[INFO] [stderr] 
[INFO] [stderr] warning: method `loss` is never used
[INFO] [stderr]   --> src/layer.rs:78:12
[INFO] [stderr]    |
[INFO] [stderr] 21 | impl <const NEURONS: usize, const FAN_IN: usize> Layer<NEURONS, FAN_IN> {
[INFO] [stderr]    | ----------------------------------------------------------------------- method in this implementation
[INFO] [stderr] ...
[INFO] [stderr] 78 |     pub fn loss(&mut self) {
[INFO] [stderr]    |            ^^^^
[INFO] [stderr] 
[INFO] [stderr] warning: associated function `new_onehot` is never used
[INFO] [stderr]   --> src/loss_function/mod.rs:12:8
[INFO] [stderr]    |
[INFO] [stderr] 11 | pub trait LossTargetData {
[INFO] [stderr]    |           -------------- associated function in this trait
[INFO] [stderr] 12 |     fn new_onehot(data: Array2<f64>) -> Self;
[INFO] [stderr]    |        ^^^^^^^^^^
[INFO] [stderr] 
[INFO] [stderr] warning: enum `CrossEntropyEncoding` is never used
[INFO] [stderr]  --> src/loss_function/cross_entropy.rs:5:10
[INFO] [stderr]   |
[INFO] [stderr] 5 | pub enum CrossEntropyEncoding {
[INFO] [stderr]   |          ^^^^^^^^^^^^^^^^^^^^
[INFO] [stderr] 
[INFO] [stderr] warning: `neuralnet-rs` (bin "neuralnet-rs" test) generated 15 warnings (run `cargo fix --bin "neuralnet-rs" --tests` to apply 5 suggestions)
[INFO] [stderr]     Finished `test` profile [unoptimized + debuginfo] target(s) in 0.04s
[INFO] [stderr] warning: the following packages contain code that will be rejected by a future version of Rust: svg v0.7.2
[INFO] [stderr] note: to see what the problems were, use the option `--future-incompat-report`, or run `cargo report future-incompatibilities --id 1`
[INFO] [stderr]      Running unittests src/main.rs (/opt/rustwide/target/debug/deps/neuralnet_rs-71a85307746605c9)
[INFO] [stdout] 
[INFO] [stdout] running 6 tests
[INFO] [stdout] test layer::layer_tests::biases_validation ... ok
[INFO] [stdout] test layer::layer_tests::create_layer ... ok
[INFO] [stdout] test layer::layer_tests::weights_validation ... ok
[INFO] [stdout] test loss_function::cross_entropy::cross_entropy_confidences::determine_confidences_onehot ... ok
[INFO] [stdout] test loss_function::cross_entropy::cross_entropy_confidences::determine_confidences_sparse ... ok
[INFO] [stdout] test layer::layer_tests::softmax ... FAILED
[INFO] [stdout] 
[INFO] [stdout] failures:
[INFO] [stdout] 
[INFO] [stdout] ---- layer::layer_tests::softmax stdout ----
[INFO] [stdout] 
[INFO] [stdout] thread 'layer::layer_tests::softmax' panicked at /opt/rustwide/cargo-home/registry/src/index.crates.io-1949cf8c6b5b557f/ndarray-0.15.6/src/linalg/impl_linalg.rs:299:5:
[INFO] [stdout] ndarray: inputs 3 × 3 and 2 × 3 are not compatible for matrix multiplication
[INFO] [stdout] stack backtrace:
[INFO] [stdout]    0:     0x63f495e0256a - std::backtrace_rs::backtrace::libunwind::trace::hb059275cfc8d6126
[INFO] [stdout]                                at /rustc/6067b36314ab5eb2eb47cecc464545ba58e1ad24/library/std/src/../../backtrace/src/backtrace/libunwind.rs:116:5
[INFO] [stdout]    1:     0x63f495e0256a - std::backtrace_rs::backtrace::trace_unsynchronized::h2da071e4327ce3ee
[INFO] [stdout]                                at /rustc/6067b36314ab5eb2eb47cecc464545ba58e1ad24/library/std/src/../../backtrace/src/backtrace/mod.rs:66:5
[INFO] [stdout]    2:     0x63f495e0256a - std::sys::backtrace::_print_fmt::h842a1474e6f8d23f
[INFO] [stdout]                                at /rustc/6067b36314ab5eb2eb47cecc464545ba58e1ad24/library/std/src/sys/backtrace.rs:66:9
[INFO] [stdout]    3:     0x63f495e0256a - <std::sys::backtrace::BacktraceLock::print::DisplayBacktrace as core::fmt::Display>::fmt::h71a62eb3b9696b12
[INFO] [stdout]                                at /rustc/6067b36314ab5eb2eb47cecc464545ba58e1ad24/library/std/src/sys/backtrace.rs:39:26
[INFO] [stdout]    4:     0x63f495e2af43 - core::fmt::rt::Argument::fmt::hdb6b616786b41dc1
[INFO] [stdout]                                at /rustc/6067b36314ab5eb2eb47cecc464545ba58e1ad24/library/core/src/fmt/rt.rs:177:76
[INFO] [stdout]    5:     0x63f495e2af43 - core::fmt::write::h2cc1698af7e2d686
[INFO] [stdout]                                at /rustc/6067b36314ab5eb2eb47cecc464545ba58e1ad24/library/core/src/fmt/mod.rs:1440:21
[INFO] [stdout]    6:     0x63f495dff0c3 - std::io::Write::write_fmt::hab1b4cd059a79022
[INFO] [stdout]                                at /rustc/6067b36314ab5eb2eb47cecc464545ba58e1ad24/library/std/src/io/mod.rs:1887:15
[INFO] [stdout]    7:     0x63f495e023b2 - std::sys::backtrace::BacktraceLock::print::h147fe35b4ea13b08
[INFO] [stdout]                                at /rustc/6067b36314ab5eb2eb47cecc464545ba58e1ad24/library/std/src/sys/backtrace.rs:42:9
[INFO] [stdout]    8:     0x63f495e0398f - std::panicking::default_hook::{{closure}}::hbd44223dbdc0d208
[INFO] [stdout]                                at /rustc/6067b36314ab5eb2eb47cecc464545ba58e1ad24/library/std/src/panicking.rs:298:22
[INFO] [stdout]    9:     0x63f495e037a8 - std::panicking::default_hook::h20f81eb0576efcec
[INFO] [stdout]                                at /rustc/6067b36314ab5eb2eb47cecc464545ba58e1ad24/library/std/src/panicking.rs:322:9
[INFO] [stdout]   10:     0x63f495d39973 - <alloc::boxed::Box<F,A> as core::ops::function::Fn<Args>>::call::hdb53814c496a4d34
[INFO] [stdout]                                at /rustc/6067b36314ab5eb2eb47cecc464545ba58e1ad24/library/alloc/src/boxed.rs:2027:9
[INFO] [stdout]   11:     0x63f495d39973 - test::test_main::{{closure}}::hc0a4963c59427c24
[INFO] [stdout]                                at /rustc/6067b36314ab5eb2eb47cecc464545ba58e1ad24/library/test/src/lib.rs:134:21
[INFO] [stdout]   12:     0x63f495e04483 - <alloc::boxed::Box<F,A> as core::ops::function::Fn<Args>>::call::h591b2225413a77e9
[INFO] [stdout]                                at /rustc/6067b36314ab5eb2eb47cecc464545ba58e1ad24/library/alloc/src/boxed.rs:2027:9
[INFO] [stdout]   13:     0x63f495e04483 - std::panicking::rust_panic_with_hook::h625eea43051b2edc
[INFO] [stdout]                                at /rustc/6067b36314ab5eb2eb47cecc464545ba58e1ad24/library/std/src/panicking.rs:839:13
[INFO] [stdout]   14:     0x63f495e0413a - std::panicking::begin_panic_handler::{{closure}}::h4f9159cfbc3f6bd3
[INFO] [stdout]                                at /rustc/6067b36314ab5eb2eb47cecc464545ba58e1ad24/library/std/src/panicking.rs:704:13
[INFO] [stdout]   15:     0x63f495e02a69 - std::sys::backtrace::__rust_end_short_backtrace::h0390abce48353151
[INFO] [stdout]                                at /rustc/6067b36314ab5eb2eb47cecc464545ba58e1ad24/library/std/src/sys/backtrace.rs:168:18
[INFO] [stdout]   16:     0x63f495e03dcd - rust_begin_unwind
[INFO] [stdout]                                at /rustc/6067b36314ab5eb2eb47cecc464545ba58e1ad24/library/std/src/panicking.rs:695:5
[INFO] [stdout]   17:     0x63f495e28b10 - core::panicking::panic_fmt::h9e7c637e9e5f29c9
[INFO] [stdout]                                at /rustc/6067b36314ab5eb2eb47cecc464545ba58e1ad24/library/core/src/panicking.rs:75:14
[INFO] [stdout]   18:     0x63f495d82f82 - ndarray::linalg::impl_linalg::dot_shape_error::hcc2aafa906a70616
[INFO] [stdout]                                at /opt/rustwide/cargo-home/registry/src/index.crates.io-1949cf8c6b5b557f/ndarray-0.15.6/src/linalg/impl_linalg.rs:299:5
[INFO] [stdout]   19:     0x63f495cbd4aa - <ndarray::ArrayBase<S,ndarray::dimension::dim::Dim<[usize; 2]>> as ndarray::linalg::impl_linalg::Dot<ndarray::ArrayBase<S2,ndarray::dimension::dim::Dim<[usize; 2]>>>>::dot::h8847510eb6de74c7
[INFO] [stdout]                                at /opt/rustwide/cargo-home/registry/src/index.crates.io-1949cf8c6b5b557f/ndarray-0.15.6/src/linalg/impl_linalg.rs:273:13
[INFO] [stdout]   20:     0x63f495cd488a - ndarray::linalg::impl_linalg::<impl ndarray::ArrayBase<S,ndarray::dimension::dim::Dim<[usize; 2]>>>::dot::hab9933ef91ae4b55
[INFO] [stdout]                                at /opt/rustwide/cargo-home/registry/src/index.crates.io-1949cf8c6b5b557f/ndarray-0.15.6/src/linalg/impl_linalg.rs:257:9
[INFO] [stdout]   21:     0x63f495ce8143 - neuralnet_rs::layer::Layer<_,_>::forward::h8e39b2c4d68a78d1
[INFO] [stdout]                                at /opt/rustwide/workdir/src/layer.rs:83:35
[INFO] [stdout]   22:     0x63f495ce9872 - neuralnet_rs::layer::layer_tests::softmax::hd3395668cc703c98
[INFO] [stdout]                                at /opt/rustwide/workdir/src/layer.rs:170:22
[INFO] [stdout]   23:     0x63f495ce9637 - neuralnet_rs::layer::layer_tests::softmax::{{closure}}::h4bd900891c8da71b
[INFO] [stdout]                                at /opt/rustwide/workdir/src/layer.rs:161:17
[INFO] [stdout]   24:     0x63f495cf3b96 - core::ops::function::FnOnce::call_once::h37f63c4cb42401a3
[INFO] [stdout]                                at /rustc/6067b36314ab5eb2eb47cecc464545ba58e1ad24/library/core/src/ops/function.rs:250:5
[INFO] [stdout]   25:     0x63f495d3f0cb - core::ops::function::FnOnce::call_once::he27718dfdd183f43
[INFO] [stdout]                                at /rustc/6067b36314ab5eb2eb47cecc464545ba58e1ad24/library/core/src/ops/function.rs:250:5
[INFO] [stdout]   26:     0x63f495d3f0cb - test::__rust_begin_short_backtrace::h4e84902998457a5d
[INFO] [stdout]                                at /rustc/6067b36314ab5eb2eb47cecc464545ba58e1ad24/library/test/src/lib.rs:632:18
[INFO] [stdout]   27:     0x63f495d3e003 - test::run_test_in_process::{{closure}}::h7176fd18fc1feca0
[INFO] [stdout]                                at /rustc/6067b36314ab5eb2eb47cecc464545ba58e1ad24/library/test/src/lib.rs:655:60
[INFO] [stdout]   28:     0x63f495d3e003 - <core::panic::unwind_safe::AssertUnwindSafe<F> as core::ops::function::FnOnce<()>>::call_once::hf79cff2a624d8cf7
[INFO] [stdout]                                at /rustc/6067b36314ab5eb2eb47cecc464545ba58e1ad24/library/core/src/panic/unwind_safe.rs:272:9
[INFO] [stdout]   29:     0x63f495d3e003 - std::panicking::try::do_call::h3da0561d9ab99c25
[INFO] [stdout]                                at /rustc/6067b36314ab5eb2eb47cecc464545ba58e1ad24/library/std/src/panicking.rs:587:40
[INFO] [stdout]   30:     0x63f495d3e003 - std::panicking::try::h41c9fa508bc61df6
[INFO] [stdout]                                at /rustc/6067b36314ab5eb2eb47cecc464545ba58e1ad24/library/std/src/panicking.rs:550:19
[INFO] [stdout]   31:     0x63f495d3e003 - std::panic::catch_unwind::h6b3ff07bb5afad93
[INFO] [stdout]                                at /rustc/6067b36314ab5eb2eb47cecc464545ba58e1ad24/library/std/src/panic.rs:358:14
[INFO] [stdout]   32:     0x63f495d3e003 - test::run_test_in_process::hc7253dd11b39b9f4
[INFO] [stdout]                                at /rustc/6067b36314ab5eb2eb47cecc464545ba58e1ad24/library/test/src/lib.rs:655:27
[INFO] [stdout]   33:     0x63f495d3e003 - test::run_test::{{closure}}::hfb2007f8649c30bb
[INFO] [stdout]                                at /rustc/6067b36314ab5eb2eb47cecc464545ba58e1ad24/library/test/src/lib.rs:576:43
[INFO] [stdout]   34:     0x63f495d010e5 - test::run_test::{{closure}}::h56a17aa7a282a9f4
[INFO] [stdout]                                at /rustc/6067b36314ab5eb2eb47cecc464545ba58e1ad24/library/test/src/lib.rs:606:41
[INFO] [stdout]   35:     0x63f495d010e5 - std::sys::backtrace::__rust_begin_short_backtrace::hd2d2d2fb8e8c6aac
[INFO] [stdout]                                at /rustc/6067b36314ab5eb2eb47cecc464545ba58e1ad24/library/std/src/sys/backtrace.rs:152:18
[INFO] [stdout]   36:     0x63f495d049ca - std::thread::Builder::spawn_unchecked_::{{closure}}::{{closure}}::h4faa3f9db6133423
[INFO] [stdout]                                at /rustc/6067b36314ab5eb2eb47cecc464545ba58e1ad24/library/std/src/thread/mod.rs:559:17
[INFO] [stdout]   37:     0x63f495d049ca - <core::panic::unwind_safe::AssertUnwindSafe<F> as core::ops::function::FnOnce<()>>::call_once::hf2e855a36a4ea846
[INFO] [stdout]                                at /rustc/6067b36314ab5eb2eb47cecc464545ba58e1ad24/library/core/src/panic/unwind_safe.rs:272:9
[INFO] [stdout]   38:     0x63f495d049ca - std::panicking::try::do_call::h2f73af3616c35465
[INFO] [stdout]                                at /rustc/6067b36314ab5eb2eb47cecc464545ba58e1ad24/library/std/src/panicking.rs:587:40
[INFO] [stdout]   39:     0x63f495d049ca - std::panicking::try::hd1660ce9efadef5a
[INFO] [stdout]                                at /rustc/6067b36314ab5eb2eb47cecc464545ba58e1ad24/library/std/src/panicking.rs:550:19
[INFO] [stdout]   40:     0x63f495d049ca - std::panic::catch_unwind::h5ee8d7823b8ca744
[INFO] [stdout]                                at /rustc/6067b36314ab5eb2eb47cecc464545ba58e1ad24/library/std/src/panic.rs:358:14
[INFO] [stdout]   41:     0x63f495d049ca - std::thread::Builder::spawn_unchecked_::{{closure}}::h53c3a1894dce8407
[INFO] [stdout]                                at /rustc/6067b36314ab5eb2eb47cecc464545ba58e1ad24/library/std/src/thread/mod.rs:557:30
[INFO] [stdout]   42:     0x63f495d049ca - core::ops::function::FnOnce::call_once{{vtable.shim}}::h048ce291ad4f62bf
[INFO] [stdout]                                at /rustc/6067b36314ab5eb2eb47cecc464545ba58e1ad24/library/core/src/ops/function.rs:250:5
[INFO] [stdout]   43:     0x63f495e083bb - <alloc::boxed::Box<F,A> as core::ops::function::FnOnce<Args>>::call_once::ha52bedf99a3b4981
[INFO] [stdout]                                at /rustc/6067b36314ab5eb2eb47cecc464545ba58e1ad24/library/alloc/src/boxed.rs:2013:9
[INFO] [stdout]   44:     0x63f495e083bb - <alloc::boxed::Box<F,A> as core::ops::function::FnOnce<Args>>::call_once::h567748934d80ccf8
[INFO] [stdout]                                at /rustc/6067b36314ab5eb2eb47cecc464545ba58e1ad24/library/alloc/src/boxed.rs:2013:9
[INFO] [stdout]   45:     0x63f495e083bb - std::sys::pal::unix::thread::Thread::new::thread_start::h2d970728ae887adc
[INFO] [stdout]                                at /rustc/6067b36314ab5eb2eb47cecc464545ba58e1ad24/library/std/src/sys/pal/unix/thread.rs:106:17
[INFO] [stdout]   46:     0x7dc7f7ceaac3 - <unknown>
[INFO] [stdout]   47:     0x7dc7f7d7ba04 - clone
[INFO] [stdout]   48:                0x0 - <unknown>
[INFO] [stdout] 
[INFO] [stdout] 
[INFO] [stdout] failures:
[INFO] [stdout]     layer::layer_tests::softmax
[INFO] [stdout] 
[INFO] [stdout] test result: FAILED. 5 passed; 1 failed; 0 ignored; 0 measured; 0 filtered out; finished in 0.07s
[INFO] [stdout] 
[INFO] [stderr] error: test failed, to rerun pass `--bin neuralnet-rs`
[INFO] running `Command { std: "docker" "inspect" "ce6d18064917e585ed39b2cdfb5b444813dc6b0357907f9fe9602ef9833b0c52", kill_on_drop: false }`
[INFO] running `Command { std: "docker" "rm" "-f" "ce6d18064917e585ed39b2cdfb5b444813dc6b0357907f9fe9602ef9833b0c52", kill_on_drop: false }`
[INFO] [stdout] ce6d18064917e585ed39b2cdfb5b444813dc6b0357907f9fe9602ef9833b0c52
