[INFO] cloning repository https://github.com/e257-fi/tackler-ng
[INFO] running `Command { std: "git" "-c" "credential.helper=" "-c" "credential.helper=/workspace/cargo-home/bin/git-credential-null" "clone" "--bare" "https://github.com/e257-fi/tackler-ng" "/workspace/cache/git-repos/https%3A%2F%2Fgithub.com%2Fe257-fi%2Ftackler-ng", kill_on_drop: false }`
[INFO] [stderr] Cloning into bare repository '/workspace/cache/git-repos/https%3A%2F%2Fgithub.com%2Fe257-fi%2Ftackler-ng'...
[INFO] running `Command { std: "git" "rev-parse" "HEAD", kill_on_drop: false }`
[INFO] [stdout] 476fc14d157d2612b9c1206ad57287a7737ffad3
[INFO] testing e257-fi/tackler-ng against nightly-2025-01-18+rustflags=-Zrandomize-layout for randomize-layout-2
[INFO] running `Command { std: "git" "clone" "/workspace/cache/git-repos/https%3A%2F%2Fgithub.com%2Fe257-fi%2Ftackler-ng" "/workspace/builds/worker-4-tc2/source", kill_on_drop: false }`
[INFO] [stderr] Cloning into '/workspace/builds/worker-4-tc2/source'...
[INFO] [stderr] done.
[INFO] validating manifest of git repo https://github.com/e257-fi/tackler-ng on toolchain nightly-2025-01-18
[INFO] running `Command { std: CARGO_HOME="/workspace/cargo-home" RUSTUP_HOME="/workspace/rustup-home" "/workspace/cargo-home/bin/cargo" "+nightly-2025-01-18" "metadata" "--manifest-path" "Cargo.toml" "--no-deps", kill_on_drop: false }`
[INFO] removed /workspace/builds/worker-4-tc2/source/rust-toolchain.toml
[INFO] started tweaking git repo https://github.com/e257-fi/tackler-ng
[INFO] finished tweaking git repo https://github.com/e257-fi/tackler-ng
[INFO] tweaked toml for git repo https://github.com/e257-fi/tackler-ng written to /workspace/builds/worker-4-tc2/source/Cargo.toml
[INFO] crate git repo https://github.com/e257-fi/tackler-ng already has a lockfile, it will not be regenerated
[INFO] running `Command { std: CARGO_HOME="/workspace/cargo-home" RUSTUP_HOME="/workspace/rustup-home" "/workspace/cargo-home/bin/cargo" "+nightly-2025-01-18" "fetch" "--manifest-path" "Cargo.toml", kill_on_drop: false }`
[INFO] [stderr]     Blocking waiting for file lock on package cache
[INFO] running `Command { std: "docker" "create" "-v" "/var/lib/crater-agent-workspace/builds/worker-4-tc2/target:/opt/rustwide/target:rw,Z" "-v" "/var/lib/crater-agent-workspace/builds/worker-4-tc2/source:/opt/rustwide/workdir:ro,Z" "-v" "/var/lib/crater-agent-workspace/cargo-home:/opt/rustwide/cargo-home:ro,Z" "-v" "/var/lib/crater-agent-workspace/rustup-home:/opt/rustwide/rustup-home:ro,Z" "-e" "SOURCE_DIR=/opt/rustwide/workdir" "-e" "CARGO_TARGET_DIR=/opt/rustwide/target" "-e" "CARGO_HOME=/opt/rustwide/cargo-home" "-e" "RUSTUP_HOME=/opt/rustwide/rustup-home" "-w" "/opt/rustwide/workdir" "-m" "1610612736" "--user" "0:0" "--network" "none" "ghcr.io/rust-lang/crates-build-env/linux@sha256:819108c5571ea2e421544af4d832f968d213c87fbe3707a016657f43d2f853bc" "/opt/rustwide/cargo-home/bin/cargo" "+nightly-2025-01-18" "metadata" "--no-deps" "--format-version=1", kill_on_drop: false }`
[INFO] [stdout] f5a1f5bd53d5d4c66c908df08ce7e66c1fdf545bdf723e41f0c5f0d0a806fbab
[INFO] running `Command { std: "docker" "start" "-a" "f5a1f5bd53d5d4c66c908df08ce7e66c1fdf545bdf723e41f0c5f0d0a806fbab", kill_on_drop: false }`
[INFO] running `Command { std: "docker" "inspect" "f5a1f5bd53d5d4c66c908df08ce7e66c1fdf545bdf723e41f0c5f0d0a806fbab", kill_on_drop: false }`
[INFO] running `Command { std: "docker" "rm" "-f" "f5a1f5bd53d5d4c66c908df08ce7e66c1fdf545bdf723e41f0c5f0d0a806fbab", kill_on_drop: false }`
[INFO] [stdout] f5a1f5bd53d5d4c66c908df08ce7e66c1fdf545bdf723e41f0c5f0d0a806fbab
[INFO] running `Command { std: "docker" "create" "-v" "/var/lib/crater-agent-workspace/builds/worker-4-tc2/target:/opt/rustwide/target:rw,Z" "-v" "/var/lib/crater-agent-workspace/builds/worker-4-tc2/source:/opt/rustwide/workdir:ro,Z" "-v" "/var/lib/crater-agent-workspace/cargo-home:/opt/rustwide/cargo-home:ro,Z" "-v" "/var/lib/crater-agent-workspace/rustup-home:/opt/rustwide/rustup-home:ro,Z" "-e" "SOURCE_DIR=/opt/rustwide/workdir" "-e" "CARGO_TARGET_DIR=/opt/rustwide/target" "-e" "CARGO_INCREMENTAL=0" "-e" "RUST_BACKTRACE=full" "-e" "RUSTFLAGS=--cap-lints=forbid -Zrandomize-layout" "-e" "RUSTDOCFLAGS=--cap-lints=forbid" "-e" "CARGO_HOME=/opt/rustwide/cargo-home" "-e" "RUSTUP_HOME=/opt/rustwide/rustup-home" "-w" "/opt/rustwide/workdir" "-m" "1610612736" "--user" "0:0" "--network" "none" "ghcr.io/rust-lang/crates-build-env/linux@sha256:819108c5571ea2e421544af4d832f968d213c87fbe3707a016657f43d2f853bc" "/opt/rustwide/cargo-home/bin/cargo" "+nightly-2025-01-18" "build" "--frozen" "--message-format=json", kill_on_drop: false }`
[INFO] [stdout] bb2a660df75dcab1249ac251bde1ce06c8132e413cd9db60c5365a8c48053204
[INFO] running `Command { std: "docker" "start" "-a" "bb2a660df75dcab1249ac251bde1ce06c8132e413cd9db60c5365a8c48053204", kill_on_drop: false }`
[INFO] [stderr]    Compiling proc-macro2 v1.0.93
[INFO] [stderr]    Compiling unicode-ident v1.0.14
[INFO] [stderr]    Compiling serde v1.0.217
[INFO] [stderr]    Compiling thiserror v2.0.11
[INFO] [stderr]    Compiling libc v0.2.169
[INFO] [stderr]    Compiling autocfg v1.4.0
[INFO] [stderr]    Compiling aho-corasick v1.1.3
[INFO] [stderr]    Compiling regex-syntax v0.8.5
[INFO] [stderr]    Compiling smallvec v1.13.2
[INFO] [stderr]    Compiling once_cell v1.20.2
[INFO] [stderr]    Compiling tinyvec_macros v0.1.1
[INFO] [stderr]    Compiling tinyvec v1.8.1
[INFO] [stderr]    Compiling gix-trace v0.1.12
[INFO] [stderr]    Compiling lock_api v0.4.12
[INFO] [stderr]    Compiling fastrand v2.3.0
[INFO] [stderr]    Compiling version_check v0.9.5
[INFO] [stderr]    Compiling same-file v1.0.6
[INFO] [stderr]    Compiling quote v1.0.38
[INFO] [stderr]    Compiling crossbeam-utils v0.8.21
[INFO] [stderr]    Compiling log v0.4.25
[INFO] [stderr]    Compiling walkdir v2.5.0
[INFO] [stderr]    Compiling adler2 v2.0.0
[INFO] [stderr]    Compiling syn v2.0.96
[INFO] [stderr]    Compiling miniz_oxide v0.8.3
[INFO] [stderr]    Compiling parking_lot_core v0.9.10
[INFO] [stderr]    Compiling unicode-normalization v0.1.24
[INFO] [stderr]    Compiling parking_lot v0.12.3
[INFO] [stderr]    Compiling crc32fast v1.4.2
[INFO] [stderr]    Compiling crossbeam-channel v0.5.14
[INFO] [stderr]    Compiling flate2 v1.0.35
[INFO] [stderr]    Compiling prodash v29.0.0
[INFO] [stderr]    Compiling gix-utils v0.1.14
[INFO] [stderr]    Compiling sha1_smol v1.0.1
[INFO] [stderr]    Compiling home v0.5.11
[INFO] [stderr]    Compiling bitflags v2.8.0
[INFO] [stderr]    Compiling itoa v1.0.14
[INFO] [stderr]    Compiling ahash v0.8.11
[INFO] [stderr]    Compiling winnow v0.6.24
[INFO] [stderr]    Compiling zerocopy v0.7.35
[INFO] [stderr]    Compiling regex-automata v0.4.9
[INFO] [stderr]    Compiling stable_deref_trait v1.2.0
[INFO] [stderr]    Compiling allocator-api2 v0.2.21
[INFO] [stderr]    Compiling memmap2 v0.9.5
[INFO] [stderr]    Compiling rustix v0.38.43
[INFO] [stderr]    Compiling hashbrown v0.14.5
[INFO] [stderr]    Compiling litemap v0.7.4
[INFO] [stderr]    Compiling writeable v0.5.5
[INFO] [stderr]    Compiling linux-raw-sys v0.4.15
[INFO] [stderr]    Compiling getrandom v0.2.15
[INFO] [stderr]    Compiling icu_locid_transform_data v1.5.0
[INFO] [stderr]    Compiling icu_properties_data v1.5.0
[INFO] [stderr]    Compiling typenum v1.17.0
[INFO] [stderr]    Compiling icu_normalizer_data v1.5.0
[INFO] [stderr]    Compiling utf16_iter v1.0.5
[INFO] [stderr]    Compiling utf8_iter v1.0.4
[INFO] [stderr]    Compiling write16 v1.0.0
[INFO] [stderr]    Compiling generic-array v0.14.7
[INFO] [stderr]    Compiling arrayvec v0.7.6
[INFO] [stderr]    Compiling form_urlencoded v1.2.1
[INFO] [stderr]    Compiling gix-sec v0.10.11
[INFO] [stderr]    Compiling shlex v1.3.0
[INFO] [stderr]    Compiling cc v1.2.10
[INFO] [stderr]    Compiling num-traits v0.2.19
[INFO] [stderr]    Compiling shell-words v1.1.0
[INFO] [stderr]    Compiling serde_json v1.0.136
[INFO] [stderr]    Compiling uluru v3.1.0
[INFO] [stderr]    Compiling clru v0.6.2
[INFO] [stderr]    Compiling equivalent v1.0.1
[INFO] [stderr]    Compiling hashbrown v0.15.2
[INFO] [stderr]    Compiling rust_decimal v1.36.0
[INFO] [stderr]    Compiling filetime v0.2.25
[INFO] [stderr]    Compiling unicode-bom v2.0.3
[INFO] [stderr]    Compiling indexmap v2.7.0
[INFO] [stderr]    Compiling block-buffer v0.10.4
[INFO] [stderr]    Compiling crypto-common v0.1.6
[INFO] [stderr]    Compiling arc-swap v1.7.1
[INFO] [stderr]    Compiling digest v0.10.7
[INFO] [stderr]    Compiling indoc v2.0.5
[INFO] [stderr]    Compiling utf8parse v0.2.2
[INFO] [stderr]    Compiling anstyle-parse v0.2.6
[INFO] [stderr]    Compiling colorchoice v1.0.3
[INFO] [stderr]    Compiling cpufeatures v0.2.16
[INFO] [stderr]    Compiling keccak v0.1.5
[INFO] [stderr]    Compiling anstyle v1.0.10
[INFO] [stderr]    Compiling tempfile v3.15.0
[INFO] [stderr]    Compiling bstr v1.11.3
[INFO] [stderr]    Compiling regex v1.11.1
[INFO] [stderr]    Compiling anstyle-query v1.1.2
[INFO] [stderr]    Compiling synstructure v0.13.1
[INFO] [stderr]    Compiling tikv-jemalloc-sys v0.6.0+5.3.0-1-ge13ca993e8ccb9ba9847cc330696e02839f328f7
[INFO] [stderr]    Compiling either v1.13.0
[INFO] [stderr]    Compiling is_terminal_polyfill v1.70.1
[INFO] [stderr]    Compiling base64 v0.22.1
[INFO] [stderr]    Compiling itertools v0.13.0
[INFO] [stderr]    Compiling anstream v0.6.18
[INFO] [stderr]    Compiling sha3 v0.10.8
[INFO] [stderr]    Compiling sha2 v0.10.8
[INFO] [stderr]    Compiling heck v0.5.0
[INFO] [stderr]    Compiling strsim v0.11.1
[INFO] [stderr]    Compiling clap_lex v0.7.4
[INFO] [stderr]    Compiling tackler v25.1.2-dev (/opt/rustwide/workdir/tackler-cli)
[INFO] [stderr]    Compiling clap_builder v4.5.26
[INFO] [stderr]    Compiling serde_derive v1.0.217
[INFO] [stderr]    Compiling thiserror-impl v2.0.11
[INFO] [stderr]    Compiling zerofrom-derive v0.1.5
[INFO] [stderr]    Compiling yoke-derive v0.7.5
[INFO] [stderr]    Compiling zerovec-derive v0.10.3
[INFO] [stderr]    Compiling displaydoc v0.2.5
[INFO] [stderr]    Compiling gix-path v0.10.14
[INFO] [stderr]    Compiling gix-validate v0.9.3
[INFO] [stderr]    Compiling icu_provider_macros v1.5.0
[INFO] [stderr]    Compiling gix-chunk v0.4.11
[INFO] [stderr]    Compiling zerofrom v0.1.5
[INFO] [stderr]    Compiling gix-quote v0.4.15
[INFO] [stderr]    Compiling gix-command v0.4.1
[INFO] [stderr]    Compiling gix-config-value v0.14.11
[INFO] [stderr]    Compiling yoke v0.7.5
[INFO] [stderr]    Compiling gix-bitmap v0.2.14
[INFO] [stderr]    Compiling maybe-async v0.2.10
[INFO] [stderr]    Compiling clap_derive v4.5.24
[INFO] [stderr]    Compiling zerovec v0.10.4
[INFO] [stderr]    Compiling tinystr v0.7.6
[INFO] [stderr]    Compiling icu_collections v1.5.0
[INFO] [stderr]    Compiling clap v4.5.26
[INFO] [stderr]    Compiling icu_locid v1.5.0
[INFO] [stderr]    Compiling icu_provider v1.5.0
[INFO] [stderr]    Compiling icu_locid_transform v1.5.0
[INFO] [stderr]    Compiling icu_properties v1.5.1
[INFO] [stderr]    Compiling faster-hex v0.9.0
[INFO] [stderr]    Compiling jiff v0.1.24
[INFO] [stderr]    Compiling serde_spanned v0.6.8
[INFO] [stderr]    Compiling toml_datetime v0.6.8
[INFO] [stderr]    Compiling uuid v1.12.0
[INFO] [stderr]    Compiling gix-hash v0.16.0
[INFO] [stderr]    Compiling gix-packetline v0.18.3
[INFO] [stderr]    Compiling toml_edit v0.22.22
[INFO] [stderr]    Compiling gix-features v0.40.0
[INFO] [stderr]    Compiling gix-hashtable v0.7.0
[INFO] [stderr]    Compiling tackler-rs v0.9.0-dev (/opt/rustwide/workdir/tackler-rs)
[INFO] [stderr]    Compiling icu_normalizer v1.5.0
[INFO] [stderr]    Compiling gix-fs v0.13.0
[INFO] [stderr]    Compiling gix-commitgraph v0.26.0
[INFO] [stderr]    Compiling gix-tempfile v16.0.0
[INFO] [stderr]    Compiling gix-lock v16.0.0
[INFO] [stderr]    Compiling idna_adapter v1.2.0
[INFO] [stderr]    Compiling gix-shallow v0.2.0
[INFO] [stderr]    Compiling gix-glob v0.18.0
[INFO] [stderr]    Compiling idna v1.0.3
[INFO] [stderr]    Compiling url v2.5.4
[INFO] [stderr]    Compiling toml v0.8.19
[INFO] [stderr]    Compiling gix-url v0.29.0
[INFO] [stderr]    Compiling gix-transport v0.45.0
[INFO] [stderr]    Compiling gix-date v0.9.3
[INFO] [stderr]    Compiling tackler-api v0.9.0-dev (/opt/rustwide/workdir/tackler-api)
[INFO] [stderr]    Compiling gix-actor v0.33.2
[INFO] [stderr]    Compiling gix-object v0.47.0
[INFO] [stderr]    Compiling gix-revwalk v0.18.0
[INFO] [stderr]    Compiling gix-ref v0.50.0
[INFO] [stderr]    Compiling gix-pack v0.57.0
[INFO] [stderr]    Compiling gix-diff v0.50.0
[INFO] [stderr]    Compiling gix-traverse v0.44.0
[INFO] [stderr]    Compiling gix-revision v0.32.0
[INFO] [stderr]    Compiling gix-index v0.38.0
[INFO] [stderr]    Compiling gix-protocol v0.48.0
[INFO] [stderr]    Compiling gix-config v0.43.0
[INFO] [stderr]    Compiling gix-discover v0.38.0
[INFO] [stderr]    Compiling gix-refspec v0.28.0
[INFO] [stderr]    Compiling gix-odb v0.67.0
[INFO] [stderr]    Compiling gix v0.70.0
[INFO] [stderr]    Compiling tikv-jemallocator v0.6.0
[INFO] [stderr]    Compiling tackler-core v0.9.0-dev (/opt/rustwide/workdir/tackler-core)
[INFO] [stderr]     Finished `dev` profile [unoptimized + debuginfo] target(s) in 4m 28s
[INFO] running `Command { std: "docker" "inspect" "bb2a660df75dcab1249ac251bde1ce06c8132e413cd9db60c5365a8c48053204", kill_on_drop: false }`
[INFO] running `Command { std: "docker" "rm" "-f" "bb2a660df75dcab1249ac251bde1ce06c8132e413cd9db60c5365a8c48053204", kill_on_drop: false }`
[INFO] [stdout] bb2a660df75dcab1249ac251bde1ce06c8132e413cd9db60c5365a8c48053204
[INFO] running `Command { std: "docker" "create" "-v" "/var/lib/crater-agent-workspace/builds/worker-4-tc2/target:/opt/rustwide/target:rw,Z" "-v" "/var/lib/crater-agent-workspace/builds/worker-4-tc2/source:/opt/rustwide/workdir:ro,Z" "-v" "/var/lib/crater-agent-workspace/cargo-home:/opt/rustwide/cargo-home:ro,Z" "-v" "/var/lib/crater-agent-workspace/rustup-home:/opt/rustwide/rustup-home:ro,Z" "-e" "SOURCE_DIR=/opt/rustwide/workdir" "-e" "CARGO_TARGET_DIR=/opt/rustwide/target" "-e" "CARGO_INCREMENTAL=0" "-e" "RUST_BACKTRACE=full" "-e" "RUSTFLAGS=--cap-lints=forbid -Zrandomize-layout" "-e" "RUSTDOCFLAGS=--cap-lints=forbid" "-e" "CARGO_HOME=/opt/rustwide/cargo-home" "-e" "RUSTUP_HOME=/opt/rustwide/rustup-home" "-w" "/opt/rustwide/workdir" "-m" "1610612736" "--user" "0:0" "--network" "none" "ghcr.io/rust-lang/crates-build-env/linux@sha256:819108c5571ea2e421544af4d832f968d213c87fbe3707a016657f43d2f853bc" "/opt/rustwide/cargo-home/bin/cargo" "+nightly-2025-01-18" "test" "--frozen" "--no-run" "--message-format=json", kill_on_drop: false }`
[INFO] [stdout] 6a3430426ab052622f3fc7ac8c010457c20721d08cd691d2e1e8136d0fbbcc95
[INFO] running `Command { std: "docker" "start" "-a" "6a3430426ab052622f3fc7ac8c010457c20721d08cd691d2e1e8136d0fbbcc95", kill_on_drop: false }`
[INFO] [stderr]    Compiling memchr v2.7.4
[INFO] [stderr]    Compiling cfg-if v1.0.0
[INFO] [stderr]    Compiling regex-syntax v0.8.5
[INFO] [stderr]    Compiling serde v1.0.217
[INFO] [stderr]    Compiling libc v0.2.169
[INFO] [stderr]    Compiling crossbeam-utils v0.8.21
[INFO] [stderr]    Compiling thiserror v2.0.11
[INFO] [stderr]    Compiling once_cell v1.20.2
[INFO] [stderr]    Compiling smallvec v1.13.2
[INFO] [stderr]    Compiling same-file v1.0.6
[INFO] [stderr]    Compiling walkdir v2.5.0
[INFO] [stderr]    Compiling log v0.4.25
[INFO] [stderr]    Compiling tinyvec_macros v0.1.1
[INFO] [stderr]    Compiling tinyvec v1.8.1
[INFO] [stderr]    Compiling parking_lot_core v0.9.10
[INFO] [stderr]    Compiling lock_api v0.4.12
[INFO] [stderr]    Compiling fastrand v2.3.0
[INFO] [stderr]    Compiling aho-corasick v1.1.3
[INFO] [stderr]    Compiling scopeguard v1.2.0
[INFO] [stderr]    Compiling gix-trace v0.1.12
[INFO] [stderr]    Compiling unicode-normalization v0.1.24
[INFO] [stderr]    Compiling parking_lot v0.12.3
[INFO] [stderr]    Compiling adler2 v2.0.0
[INFO] [stderr]    Compiling itoa v1.0.14
[INFO] [stderr]    Compiling miniz_oxide v0.8.3
[INFO] [stderr]    Compiling crc32fast v1.4.2
[INFO] [stderr]    Compiling gix-utils v0.1.14
[INFO] [stderr]    Compiling prodash v29.0.0
[INFO] [stderr]    Compiling flate2 v1.0.35
[INFO] [stderr]    Compiling regex-automata v0.4.9
[INFO] [stderr]    Compiling crossbeam-channel v0.5.14
[INFO] [stderr]    Compiling faster-hex v0.9.0
[INFO] [stderr]    Compiling gix-hash v0.16.0
[INFO] [stderr]    Compiling sha1_smol v1.0.1
[INFO] [stderr]    Compiling gix-features v0.40.0
[INFO] [stderr]    Compiling home v0.5.11
[INFO] [stderr]    Compiling jiff v0.1.24
[INFO] [stderr]    Compiling bitflags v2.8.0
[INFO] [stderr]    Compiling ahash v0.8.11
[INFO] [stderr]    Compiling winnow v0.6.24
[INFO] [stderr]    Compiling zerocopy v0.7.35
[INFO] [stderr]    Compiling zerofrom v0.1.5
[INFO] [stderr]    Compiling allocator-api2 v0.2.21
[INFO] [stderr]    Compiling stable_deref_trait v1.2.0
[INFO] [stderr]    Compiling yoke v0.7.5
[INFO] [stderr]    Compiling zerovec v0.10.4
[INFO] [stderr]    Compiling memmap2 v0.9.5
[INFO] [stderr]    Compiling hashbrown v0.14.5
[INFO] [stderr]    Compiling rustix v0.38.43
[INFO] [stderr]    Compiling litemap v0.7.4
[INFO] [stderr]    Compiling linux-raw-sys v0.4.15
[INFO] [stderr]    Compiling gix-hashtable v0.7.0
[INFO] [stderr]    Compiling tinystr v0.7.6
[INFO] [stderr]    Compiling writeable v0.5.5
[INFO] [stderr]    Compiling bstr v1.11.3
[INFO] [stderr]    Compiling icu_locid v1.5.0
[INFO] [stderr]    Compiling getrandom v0.2.15
[INFO] [stderr]    Compiling gix-fs v0.13.0
[INFO] [stderr]    Compiling gix-path v0.10.14
[INFO] [stderr]    Compiling gix-validate v0.9.3
[INFO] [stderr]    Compiling tempfile v3.15.0
[INFO] [stderr]    Compiling gix-date v0.9.3
[INFO] [stderr]    Compiling gix-actor v0.33.2
[INFO] [stderr]    Compiling gix-object v0.47.0
[INFO] [stderr]    Compiling icu_provider v1.5.0
[INFO] [stderr]    Compiling serde_json v1.0.136
[INFO] [stderr]    Compiling icu_locid_transform_data v1.5.0
[INFO] [stderr]    Compiling icu_locid_transform v1.5.0
[INFO] [stderr]    Compiling icu_collections v1.5.0
[INFO] [stderr]    Compiling gix-chunk v0.4.11
[INFO] [stderr]    Compiling icu_properties_data v1.5.0
[INFO] [stderr]    Compiling ryu v1.0.18
[INFO] [stderr]    Compiling icu_properties v1.5.1
[INFO] [stderr]    Compiling gix-tempfile v16.0.0
[INFO] [stderr]    Compiling num-traits v0.2.19
[INFO] [stderr]    Compiling utf16_iter v1.0.5
[INFO] [stderr]    Compiling utf8_iter v1.0.4
[INFO] [stderr]    Compiling write16 v1.0.0
[INFO] [stderr]    Compiling arrayvec v0.7.6
[INFO] [stderr]    Compiling icu_normalizer_data v1.5.0
[INFO] [stderr]    Compiling icu_normalizer v1.5.0
[INFO] [stderr]    Compiling typenum v1.17.0
[INFO] [stderr]    Compiling gix-lock v16.0.0
[INFO] [stderr]    Compiling regex v1.11.1
[INFO] [stderr]    Compiling generic-array v0.14.7
[INFO] [stderr]    Compiling idna_adapter v1.2.0
[INFO] [stderr]    Compiling gix-commitgraph v0.26.0
[INFO] [stderr]    Compiling percent-encoding v2.3.1
[INFO] [stderr]    Compiling gix-revwalk v0.18.0
[INFO] [stderr]    Compiling form_urlencoded v1.2.1
[INFO] [stderr]    Compiling idna v1.0.3
[INFO] [stderr]    Compiling gix-sec v0.10.11
[INFO] [stderr]    Compiling either v1.13.0
[INFO] [stderr]    Compiling rust_decimal v1.36.0
[INFO] [stderr]    Compiling tackler-rs v0.9.0-dev (/opt/rustwide/workdir/tackler-rs)
[INFO] [stderr]    Compiling url v2.5.4
[INFO] [stderr]    Compiling gix-ref v0.50.0
[INFO] [stderr]    Compiling gix-quote v0.4.15
[INFO] [stderr]    Compiling shell-words v1.1.0
[INFO] [stderr]    Compiling gix-command v0.4.1
[INFO] [stderr]    Compiling gix-url v0.29.0
[INFO] [stderr]    Compiling block-buffer v0.10.4
[INFO] [stderr]    Compiling crypto-common v0.1.6
[INFO] [stderr]    Compiling uluru v3.1.0
[INFO] [stderr]    Compiling gix-packetline v0.18.3
[INFO] [stderr]    Compiling uuid v1.12.0
[INFO] [stderr]    Compiling utf8parse v0.2.2
[INFO] [stderr]    Compiling equivalent v1.0.1
[INFO] [stderr]    Compiling base64 v0.22.1
[INFO] [stderr]    Compiling clru v0.6.2
[INFO] [stderr]    Compiling hashbrown v0.15.2
[INFO] [stderr]    Compiling gix-pack v0.57.0
[INFO] [stderr]    Compiling anstyle-parse v0.2.6
[INFO] [stderr]    Compiling gix-transport v0.45.0
[INFO] [stderr]    Compiling tikv-jemalloc-sys v0.6.0+5.3.0-1-ge13ca993e8ccb9ba9847cc330696e02839f328f7
[INFO] [stderr]    Compiling digest v0.10.7
[INFO] [stderr]    Compiling gix-traverse v0.44.0
[INFO] [stderr]    Compiling indexmap v2.7.0
[INFO] [stderr]    Compiling gix-revision v0.32.0
[INFO] [stderr]    Compiling gix-shallow v0.2.0
[INFO] [stderr]    Compiling gix-config-value v0.14.11
[INFO] [stderr]    Compiling gix-glob v0.18.0
[INFO] [stderr]    Compiling serde_spanned v0.6.8
[INFO] [stderr]    Compiling toml_datetime v0.6.8
[INFO] [stderr]    Compiling filetime v0.2.25
[INFO] [stderr]    Compiling gix-bitmap v0.2.14
[INFO] [stderr]    Compiling colorchoice v1.0.3
[INFO] [stderr]    Compiling fnv v1.0.7
[INFO] [stderr]    Compiling anstyle-query v1.1.2
[INFO] [stderr]    Compiling anstyle v1.0.10
[INFO] [stderr]    Compiling is_terminal_polyfill v1.70.1
[INFO] [stderr]    Compiling arc-swap v1.7.1
[INFO] [stderr]    Compiling unicode-bom v2.0.3
[INFO] [stderr]    Compiling gix-odb v0.67.0
[INFO] [stderr]    Compiling anstream v0.6.18
[INFO] [stderr]    Compiling gix-config v0.43.0
[INFO] [stderr]    Compiling gix-index v0.38.0
[INFO] [stderr]    Compiling gix-protocol v0.48.0
[INFO] [stderr]    Compiling toml_edit v0.22.22
[INFO] [stderr]    Compiling gix-refspec v0.28.0
[INFO] [stderr]    Compiling tackler-api v0.9.0-dev (/opt/rustwide/workdir/tackler-api)
[INFO] [stderr]    Compiling gix-discover v0.38.0
[INFO] [stderr]    Compiling gix-diff v0.50.0
[INFO] [stderr]    Compiling crossbeam-epoch v0.9.18
[INFO] [stderr]    Compiling clap_lex v0.7.4
[INFO] [stderr]    Compiling strsim v0.11.1
[INFO] [stderr]    Compiling rayon-core v1.12.1
[INFO] [stderr]    Compiling keccak v0.1.5
[INFO] [stderr]    Compiling cpufeatures v0.2.16
[INFO] [stderr]    Compiling sha2 v0.10.8
[INFO] [stderr]    Compiling sha3 v0.10.8
[INFO] [stderr]    Compiling clap_builder v4.5.26
[INFO] [stderr]    Compiling crossbeam-deque v0.8.6
[INFO] [stderr]    Compiling gix v0.70.0
[INFO] [stderr]    Compiling toml v0.8.19
[INFO] [stderr]    Compiling itertools v0.13.0
[INFO] [stderr]    Compiling half v2.4.1
[INFO] [stderr]    Compiling plotters-backend v0.3.7
[INFO] [stderr]    Compiling ciborium-io v0.2.2
[INFO] [stderr]    Compiling ciborium-ll v0.2.2
[INFO] [stderr]    Compiling plotters-svg v0.3.7
[INFO] [stderr]    Compiling rust_decimal_macros v1.36.0
[INFO] [stderr]    Compiling itertools v0.10.5
[INFO] [stderr]    Compiling clap v4.5.26
[INFO] [stderr]    Compiling cast v0.3.0
[INFO] [stderr]    Compiling rayon v1.10.0
[INFO] [stderr]    Compiling criterion-plot v0.5.0
[INFO] [stderr]    Compiling plotters v0.3.7
[INFO] [stderr]    Compiling ciborium v0.2.2
[INFO] [stderr]    Compiling tinytemplate v1.2.1
[INFO] [stderr]    Compiling is-terminal v0.4.13
[INFO] [stderr]    Compiling oorandom v11.1.4
[INFO] [stderr]    Compiling anes v0.1.6
[INFO] [stderr]    Compiling tackler v25.1.2-dev (/opt/rustwide/workdir/tackler-cli)
[INFO] [stderr]    Compiling criterion v0.5.1
[INFO] [stderr]    Compiling tikv-jemallocator v0.6.0
[INFO] [stderr]    Compiling tackler-core v0.9.0-dev (/opt/rustwide/workdir/tackler-core)
[INFO] [stderr]     Finished `test` profile [optimized + debuginfo] target(s) in 9m 52s
[INFO] running `Command { std: "docker" "inspect" "6a3430426ab052622f3fc7ac8c010457c20721d08cd691d2e1e8136d0fbbcc95", kill_on_drop: false }`
[INFO] running `Command { std: "docker" "rm" "-f" "6a3430426ab052622f3fc7ac8c010457c20721d08cd691d2e1e8136d0fbbcc95", kill_on_drop: false }`
[INFO] [stdout] 6a3430426ab052622f3fc7ac8c010457c20721d08cd691d2e1e8136d0fbbcc95
[INFO] running `Command { std: "docker" "create" "-v" "/var/lib/crater-agent-workspace/builds/worker-4-tc2/target:/opt/rustwide/target:rw,Z" "-v" "/var/lib/crater-agent-workspace/builds/worker-4-tc2/source:/opt/rustwide/workdir:ro,Z" "-v" "/var/lib/crater-agent-workspace/cargo-home:/opt/rustwide/cargo-home:ro,Z" "-v" "/var/lib/crater-agent-workspace/rustup-home:/opt/rustwide/rustup-home:ro,Z" "-e" "SOURCE_DIR=/opt/rustwide/workdir" "-e" "CARGO_TARGET_DIR=/opt/rustwide/target" "-e" "CARGO_INCREMENTAL=0" "-e" "RUST_BACKTRACE=full" "-e" "RUSTFLAGS=--cap-lints=forbid -Zrandomize-layout" "-e" "RUSTDOCFLAGS=--cap-lints=forbid" "-e" "CARGO_HOME=/opt/rustwide/cargo-home" "-e" "RUSTUP_HOME=/opt/rustwide/rustup-home" "-w" "/opt/rustwide/workdir" "-m" "1610612736" "--user" "0:0" "--network" "none" "ghcr.io/rust-lang/crates-build-env/linux@sha256:819108c5571ea2e421544af4d832f968d213c87fbe3707a016657f43d2f853bc" "/opt/rustwide/cargo-home/bin/cargo" "+nightly-2025-01-18" "test" "--frozen", kill_on_drop: false }`
[INFO] [stdout] 2da95dde0e4c41fd9ce8cfa72d87d98737316a0e37030196dca3f433d70b02ae
[INFO] running `Command { std: "docker" "start" "-a" "2da95dde0e4c41fd9ce8cfa72d87d98737316a0e37030196dca3f433d70b02ae", kill_on_drop: false }`
[INFO] [stderr]     Finished `test` profile [optimized + debuginfo] target(s) in 0.84s
[INFO] [stderr]      Running unittests src/main.rs (/opt/rustwide/target/debug/deps/tackler-f471cb0d74ef0cce)
[INFO] [stdout] 
[INFO] [stdout] running 1 test
[INFO] [stdout] test cli_args::tests::verify_cli ... ok
[INFO] [stdout] 
[INFO] [stdout] test result: ok. 1 passed; 0 failed; 0 ignored; 0 measured; 0 filtered out; finished in 0.00s
[INFO] [stdout] 
[INFO] [stderr]      Running unittests src/lib.rs (/opt/rustwide/target/debug/deps/tackler_api-55438859134bd9e0)
[INFO] [stdout] 
[INFO] [stdout] running 82 tests
[INFO] [stdout] test filters::filter_definition::tests::filter_definition_check_err_msg ... ok
[INFO] [stdout] test filters::filter_definition::tests::filter_definition_from_decoded ... ok
[INFO] [stdout] test filters::logic::logic_and::tests::and_filt_text ... ok
[INFO] [stdout] test filters::logic::logic_not::tests::not_filt_text ... ok
[INFO] [stdout] test filters::filter_definition::tests::filter_definition_is_encoded ... ok
[INFO] [stdout] test filters::filter_definition::tests::filter_definition_json ... ok
[INFO] [stdout] test filters::logic::logic_or::tests::or_filt_text ... ok
[INFO] [stdout] test filters::filter_definition::tests::filter_definition_text ... ok
[INFO] [stdout] test filters::posting::posting_account::tests::posting_account_full_haystack ... ok
[INFO] [stdout] test filters::posting::posting_account::tests::posting_account_json ... ok
[INFO] [stdout] test filters::posting::posting_amount_equal::tests::posting_amount_equal_full_haystack ... ok
[INFO] [stdout] test filters::logic::logic_or::tests::or_filt_json ... ok
[INFO] [stdout] test filters::logic::logic_and::tests::and_json ... ok
[INFO] [stdout] test filters::posting::posting_amount_equal::tests::posting_amount_equal_json ... ok
[INFO] [stdout] test filters::posting::posting_account::tests::posting_account_text ... ok
[INFO] [stdout] test filters::posting::posting_amount_equal::tests::posting_amount_equal_text ... ok
[INFO] [stdout] test filters::posting::posting_amount_greater::tests::posting_amount_greater_json ... ok
[INFO] [stdout] test filters::posting::posting_amount_greater::tests::posting_amount_greater_text ... ok
[INFO] [stdout] test filters::posting::posting_amount_less::tests::posting_amount_less_full_haystack ... ok
[INFO] [stdout] test filters::posting::posting_comment::tests::posting_comment_full_haystack ... ok
[INFO] [stdout] test filters::posting::posting_amount_less::tests::posting_amount_less_text ... ok
[INFO] [stdout] test filters::posting::posting_comment::tests::posting_comment_json ... ok
[INFO] [stdout] test filters::posting::posting_commodity::tests::posting_commodity_json ... ok
[INFO] [stdout] test filters::posting::posting_commodity::tests::posting_commodity_text ... ok
[INFO] [stdout] test filters::txn::txn_bbox_lat_lon::tests::txn_bbox_lat_lon_json ... ok
[INFO] [stdout] test filters::txn::txn_bbox_lat_lon::tests::txn_bbox_lat_lon_text ... ok
[INFO] [stdout] test filters::txn::txn_bbox_lat_lon_alt::tests::txn_bbox_lat_lon_alt_json ... ok
[INFO] [stdout] test filters::txn::txn_bbox_lat_lon_alt::tests::txn_bbox_lat_lon_alt_text ... ok
[INFO] [stdout] test filters::txn::txn_code::tests::txn_code_text ... ok
[INFO] [stdout] test filters::posting::posting_amount_less::tests::posting_amount_less_json ... ok
[INFO] [stdout] test filters::txn::txn_code::tests::txn_code_full_haystack ... ok
[INFO] [stdout] test filters::txn::txn_comments::tests::txn_comments_full_haystack ... ok
[INFO] [stdout] test filters::txn::txn_comments::tests::txn_comments_text ... ok
[INFO] [stdout] test filters::txn::txn_code::tests::txn_code_json ... ok
[INFO] [stdout] test filters::posting::posting_amount_greater::tests::posting_amount_greater_full_haystack ... ok
[INFO] [stdout] test filters::txn::txn_description::tests::txn_description_full_haystack ... ok
[INFO] [stdout] test filters::txn::txn_description::tests::txn_description_text ... ok
[INFO] [stdout] test filters::txn::txn_tags::tests::txn_tags_full_haystack ... ok
[INFO] [stdout] test filters::txn::txn_description::tests::txn_description_json ... ok
[INFO] [stdout] test filters::txn::txn_tags::tests::txn_tags_json ... ok
[INFO] [stdout] test filters::txn::txn_tags::tests::txn_tags_text ... ok
[INFO] [stdout] test filters::posting::posting_comment::tests::posting_comment_text ... ok
[INFO] [stdout] test filters::txn::txn_ts_begin::tests::txn_ts_begin_json_with_zulu ... ok
[INFO] [stdout] test filters::logic::logic_not::tests::not_filt_json ... ok
[INFO] [stdout] test filters::posting::posting_commodity::tests::posting_commodity_full_haystack ... ok
[INFO] [stdout] test filters::txn::txn_comments::tests::txn_comments_json ... ok
[INFO] [stdout] test filters::txn::txn_ts_end::tests::txn_ts_end_json_with_zulu_zone ... ok
[INFO] [stdout] test filters::txn::txn_uuid::tests::txn_uuid_json ... ok
[INFO] [stdout] test filters::txn::txn_uuid::tests::txn_uuid_text ... ok
[INFO] [stdout] test location::tests::geo_display ... ok
[INFO] [stdout] test txn_ts::tests::doc_test ... ok
[INFO] [stdout] test filters::txn::txn_ts_end::tests::txn_ts_end_json ... ok
[INFO] [stdout] test filters::txn::txn_ts_begin::tests::txn_ts_begin_json ... ok
[INFO] [stdout] test txn_ts::tests::test_fmt_date ... ok
[INFO] [stdout] test filters::txn::txn_ts_end::tests::txn_ts_end_text ... ok
[INFO] [stdout] test txn_ts::tests::test_fmt_full ... ok
[INFO] [stdout] test filters::txn::txn_ts_begin::tests::txn_ts_begin_text ... ok
[INFO] [stdout] test txn_header::tests::txn_header_display ... ok
[INFO] [stdout] test filters::txn::txn_ts_begin::tests::txn_ts_begin_json_with_nano ... ok
[INFO] [stdout] test filters::txn::txn_ts_end::tests::txn_ts_end_json_with_nano ... ok
[INFO] [stdout] test txn_ts::tests::test_fmt_week ... ok
[INFO] [stdout] test txn_ts::tests::test_fmt_month ... ok
[INFO] [stdout] test txn_ts::tests::test_fmt_week_date ... ok
[INFO] [stdout] test txn_ts::tests::test_fmt_year ... ok
[INFO] [stdout] test txn_ts::tests::test_full_tz ... ok
[INFO] [stdout] test txn_ts::tests::test_seconds_tz ... ok
[INFO] [stdout] test txn_ts::tests::test_utc_date ... ok
[INFO] [stdout] test txn_ts::tests::test_utc_month ... ok
[INFO] [stdout] test txn_ts::tests::test_utc_full ... ok
[INFO] [stdout] test txn_ts::tests::test_utc_seconds ... ok
[INFO] [stdout] test txn_ts::tests::test_utc_week ... ok
[INFO] [stdout] test txn_ts::tests::test_utc_year ... ok
[INFO] [stdout] test txn_ts::tests::test_utc_week_date ... ok
[INFO] [stdout] test txn_ts::tests::test_rfc_3339 ... ok
[INFO] [stdout] test txn_ts::tests::test_zoned_month ... ok
[INFO] [stdout] test txn_ts::tests::test_zoned_seconds ... ok
[INFO] [stdout] test txn_ts::tests::test_zoned_full ... ok
[INFO] [stdout] test txn_ts::tests::test_zoned_week_date ... ok
[INFO] [stdout] test txn_ts::tests::test_zoned_date ... ok
[INFO] [stdout] test txn_ts::tests::test_zoned_week ... ok
[INFO] [stdout] test txn_ts::tests::test_zoned_year ... ok
[INFO] [stdout] test txn_ts::tests::test_fmt_seconds ... ok
[INFO] [stdout] 
[INFO] [stdout] test result: ok. 82 passed; 0 failed; 0 ignored; 0 measured; 0 filtered out; finished in 0.61s
[INFO] [stdout] 
[INFO] [stderr]      Running unittests src/lib.rs (/opt/rustwide/target/debug/deps/tackler_core-5bbe57b9cdd0b9e7)
[INFO] [stdout] 
[INFO] [stdout] running 150 tests
[INFO] [stdout] test filter::filter_definition::tests::filter_false ... ok
[INFO] [stdout] test filter::nullary_false::tests::to_be_or_not_to_be ... ok
[INFO] [stdout] test filter::filter_definition::tests::filter_true ... ok
[INFO] [stdout] test filter::logic::logic_not::tests::permutations ... ok
[INFO] [stdout] test filter::logic::logic_or::tests::permutations ... ok
[INFO] [stdout] test filter::posting::posting_amount_greater::tests::posting_amount_greater ... ok
[INFO] [stdout] test filter::nullary_true::tests::to_be_or_not_to_be ... ok
[INFO] [stdout] test filter::posting::posting_commodity::tests::posting_account_and_commodity_1 ... ok
[INFO] [stdout] test filter::posting::posting_commodity::tests::posting_account_and_commodity_2 ... ok
[INFO] [stdout] test filter::posting::posting_amount_less::tests::posting_amount_less ... ok
[INFO] [stdout] test filter::posting::posting_account::tests::posting_account ... ok
[INFO] [stdout] test filter::posting::posting_comment::tests::posting_comment ... ok
[INFO] [stdout] test filter::logic::logic_and::tests::permutations ... ok
[INFO] [stdout] test filter::tests::complex_not ... ok
[INFO] [stdout] test filter::txn::txn_bbox_lat_lon_alt::tests::txn_bbox_lat_lon ... ok
[INFO] [stdout] test filter::posting::posting_commodity::tests::posting_commodity ... ok
[INFO] [stdout] test filter::txn::txn_code::tests::txn_code ... ok
[INFO] [stdout] test filter::tests::complex_and ... ok
[INFO] [stdout] test filter::txn::txn_bbox_lat_lon::tests::txn_bbox_lat_lon ... ok
[INFO] [stdout] test filter::posting::posting_account::tests::posting_account_and_commodity ... ok
[INFO] [stdout] test filter::tests::complex_or ... ok
[INFO] [stdout] test filter::txn::txn_description::tests::txn_description ... ok
[INFO] [stdout] test filter::txn::txn_tags::tests::txn_tags ... ok
[INFO] [stdout] test filter::posting::posting_amount_equal::tests::posting_amount_exact ... ok
[INFO] [stdout] test filter::txn::txn_comments::tests::txn_comments ... ok
[INFO] [stdout] test filter::txn::txn_ts_begin::tests::filter_by_nanosecond ... ok
[INFO] [stdout] test filter::txn::txn_ts_end::tests::filter_by_time ... ok
[INFO] [stdout] test filter::txn::txn_ts_end::tests::filter_by_timezone ... ok
[INFO] [stdout] test filter::txn::txn_ts_end::tests::filter_by_date ... ok
[INFO] [stdout] test filter::txn::txn_uuid::tests::txn_uuid ... ok
[INFO] [stdout] test kernel::hash::tests::hasher_err ... ok
[INFO] [stdout] test kernel::hash::tests::hasher_multiple_rounds ... ok
[INFO] [stdout] test kernel::hash::tests::hasher_sha2_256 ... ok
[INFO] [stdout] test filter::txn::txn_ts_begin::tests::filter_by_timezone ... ok
[INFO] [stdout] test filter::txn::txn_ts_end::tests::filter_by_nanosecond ... ok
[INFO] [stdout] test kernel::hash::tests::hasher_no_input ... ok
[INFO] [stdout] test kernel::hash::tests::hasher_sha2_512_256 ... ok
[INFO] [stdout] test kernel::hash::tests::hasher_sha2_512 ... ok
[INFO] [stdout] test kernel::hash::tests::hasher_sha3_256 ... ok
[INFO] [stdout] test kernel::hash::tests::hasher_sha3_512 ... ok
[INFO] [stdout] test kernel::settings::tests::accounts_strict_true ... ok
[INFO] [stdout] test kernel::settings::tests::accounts_strict_true_child_first ... ok
[INFO] [stdout] test kernel::settings::tests::accounts_strict_false ... ok
[INFO] [stdout] test kernel::settings::tests::accounts_strict_true_gap ... ok
[INFO] [stdout] test model::account_tree_node::tests::atn_is_parent ... ok
[INFO] [stdout] test model::account_tree_node::tests::atn_is_root ... ok
[INFO] [stdout] test model::account_tree_node::tests::atn_my_parent_is_root ... ok
[INFO] [stdout] test model::account_tree_node::tests::id_55407835_34d8_4de9_a362_4172f0e4d54b__err_empty ... ok
[INFO] [stdout] test kernel::hash::tests::hasher_empty_input ... ok
[INFO] [stdout] test filter::txn::txn_ts_begin::tests::filter_by_time ... ok
[INFO] [stdout] test filter::txn::txn_ts_begin::tests::filter_by_date ... ok
[INFO] [stdout] test model::account_tree_node::tests::id_76a6c300_5569_4e1d_a0a1_ae2ee31d919a__atn_more ... ok
[INFO] [stdout] test model::account_tree_node::tests::id_88c5cb23_5995_4b93_8c26_a3f7374e96d9__atn_root ... ok
[INFO] [stdout] test model::posting::tests::id_0fef204a_19da_418f_b7d0_86b5211c2182__total_price ... ok
[INFO] [stdout] test model::account_tree_node::tests::id_699aadb1_d1ba_44b6_ae6a_158cf5be13e5__commodity_err ... ok
[INFO] [stdout] test model::account_tree_node::tests::id_fc69f9b2_1faf_425c_87d3_aed63d66171b__atn_two ... ok
[INFO] [stdout] test model::posting::tests::id_26da0769_de5f_4344_b1d4_d3ddbf3f7f5a__preserve_precision_1E15 ... ok
[INFO] [stdout] test model::posting::tests::id_42ad9d32_64aa_4fcd_a4ab_1e8521b921e3__reject_zero_posting ... ok
[INFO] [stdout] test model::posting::tests::id_22059d1d_7c10_42dc_831f_03bd1f1d6257__unit_price_w_comment ... ok
[INFO] [stdout] test model::posting::tests::id_16b54e8c_5ea6_420c_bd72_157dbcc06a49__unit_price ... ok
[INFO] [stdout] test model::account_tree_node::tests::id_270d505b_76f6_4e49_a24c_2fbdfb6e5adf__commodity_ok ... ok
[INFO] [stdout] test model::posting::tests::id_6ce68af4_5349_44e0_8fbc_35bebd8ac1ac__display ... ok
[INFO] [stdout] test model::posting::tests::id_718dd25c_aebc_4f29_9903_67942c6ba531__total_price_w_comment ... ok
[INFO] [stdout] test model::posting::tests::id_e3c97b66_318c_4396_8857_0cd2c1dfb0d2__preserve_precision_1E20 ... ok
[INFO] [stdout] test model::account_tree_node::tests::atn_ok_display ... ok
[INFO] [stdout] test model::account_tree_node::tests::id_0609e72f_c509_4b62_950e_fce432122d10__err_empty_sub ... ok
[INFO] [stdout] test model::account_tree_node::tests::id_38c103d3_4cc7_4af7_86cd_bf24ca37d026__atn_three ... ok
[INFO] [stdout] test parser::parts::identifier::tests::test_p_id ... ok
[INFO] [stdout] test parser::parts::identifier::tests::test_p_sub_id ... ok
[INFO] [stdout] test parser::parts::number::tests::test_p_number_integer ... ok
[INFO] [stdout] test parser::parts::number::tests::test_p_number_positive ... ok
[INFO] [stdout] test model::transaction::tests::txn_to_display ... ok
[INFO] [stdout] test parser::parts::number::tests::test_p_number_negative ... ok
[INFO] [stdout] test parser::parts::posting_value::tests::test_parse_posting_value ... ok
[INFO] [stdout] test parser::parts::timestamp::tests::test_p_date ... ok
[INFO] [stdout] test parser::parts::timestamp::tests::test_p_datetime ... ok
[INFO] [stdout] test parser::parts::timestamp::tests::test_p_datetime_nano ... ok
[INFO] [stdout] test parser::parts::timestamp::tests::test_p_datetime_nano_err ... ok
[INFO] [stdout] test parser::parts::timestamp::tests::test_p_datetime_nano_zulu ... ok
[INFO] [stdout] test parser::parts::timestamp::tests::test_p_datetime_offset ... ok
[INFO] [stdout] test parser::parts::timestamp::tests::test_p_datetime_zulu ... ok
[INFO] [stdout] test parser::parts::timestamp::tests::test_p_datetime_nano_offset ... ok
[INFO] [stdout] test parser::parts::txn_comment::tests::test_txn_comment ... ok
[INFO] [stdout] test parser::parts::timestamp::tests::test_p_datetime_micro ... ok
[INFO] [stdout] test parser::parts::txn_header_desc::tests::test_txn_description ... ok
[INFO] [stdout] test parser::parts::txn_header_code::tests::test_txn_code ... ok
[INFO] [stdout] test parser::parts::txn_meta_location::tests::test_p_geo_uri ... ok
[INFO] [stdout] test parser::parts::txn_meta_tags::tests::test_p_tags ... ok
[INFO] [stdout] test parser::parts::txn_meta_location::tests::test_parse_meta_location ... ok
[INFO] [stdout] test parser::parts::txn_meta_tags::tests::test_p_tags_err ... ok
[INFO] [stdout] test parser::parts::txn_meta_uuid::tests::test_p_uuid ... ok
[INFO] [stdout] test parser::parts::txn_meta_uuid::tests::test_parse_meta_uuid ... ok
[INFO] [stdout] test parser::parts::txn_posting::tests::test_p_last_posting_comment ... ok
[INFO] [stdout] test parser::parts::txn_metadata::tests::test_parse_txn_meta ... ok
[INFO] [stdout] test parser::parts::txn_posting::tests::test_p_last_posting ... ok
[INFO] [stdout] test parser::parts::txn_posting::tests::test_p_posting ... ok
[INFO] [stdout] test parser::parts::txn_postings::tests::test_p_txn_postings_with_last ... ok
[INFO] [stdout] test parser::tests::tackler_txns::id_200aad57_9275_4d16_bdad_2f1c484bcf17__ok_string_txns_are_sorted ... ok
[INFO] [stdout] test model::txn_data::tests::uuid_as_lower_case ... ok
[INFO] [stdout] test parser::parts::txns::tests::test_parse_txns ... ok
[INFO] [stdout] test parser::tests::tackler_txns::id_52836ff9_94de_4575_bfae_6b5afa971351__err_unbalanced_txn ... ok
[INFO] [stdout] test parser::tests::txn_accounts::id_9c836932_718c_491d_8cf0_30e35a0d1533__err_sub_accounts_parse ... ok
[INFO] [stdout] test parser::parts::txn_postings::tests::test_p_txn_postings_with_values ... ok
[INFO] [stdout] test parser::tests::txn_accounts::id_385f7a60_9618_40e4_9f3e_8e28c76a8872__err_numeric_accounts_parse ... ok
[INFO] [stdout] test parser::tests::txn_accounts::id_b160ec62_6254_45c8_ac3c_ef0ee41c95b1__err_numeric_accounts_parse ... ok
[INFO] [stdout] test parser::parts::timestamp::tests::test_p_datetime_milli ... ok
[INFO] [stdout] test parser::parts::txn_meta_tags::tests::test_parse_meta_tags ... ok
[INFO] [stdout] test parser::tests::txn_accounts::id_78a4af97_a876_4a13_9d67_b7e0ef86ed44__err_commodities_parse ... ok
[INFO] [stdout] test parser::tests::txn_commodities::id_3152ec2f_4d5f_4a0a_b88c_68f17bccf7c6__err_parse ... ok
[INFO] [stdout] test parser::tests::txn_commodities::id_20b89e3e_a987_4e83_bd89_2cbf288caecc__err ... ok
[INFO] [stdout] test parser::tests::txn_commodities::id_5af5d0d8_ca6e_4a03_a939_99d9d2a4ec43__err ... ok
[INFO] [stdout] test parser::tests::txn_commodities::id_6f45f594_c4e6_449a_b6d2_7f25e9479bd5__err ... ok
[INFO] [stdout] test parser::tests::txn_commodities::id_84d81380_8664_45d7_a9e1_523c38c7a963__ok_closing_position ... ok
[INFO] [stdout] test parser::tests::txn_commodities::id_0d1beaf2_c30c_4008_943f_46aaf44e4f76__err_parse ... ok
[INFO] [stdout] test parser::tests::txn_commodities::id_92f75975_061b_4867_87f5_e25cf5b13d40__ok_closing_position ... ok
[INFO] [stdout] test parser::tests::txn_commodities::id_9f711991_c9ae_4558_923c_95a69faff8bc__ok_opening_with_pnl ... ok
[INFO] [stdout] test parser::tests::txn_commodities::id_aa52ac0a_278a_49e4_abad_fc2f00416a41__err ... ok
[INFO] [stdout] test parser::tests::txn_commodities::id_aaf50217_1d04_49bd_a873_43a53be1c99f__err ... ok
[INFO] [stdout] test parser::tests::txn_commodities::id_a27b166c_e9c9_432c_bb9d_91915b51d76b__err ... ok
[INFO] [stdout] test parser::tests::txn_commodities::id_5f5dcb57_792d_49df_a491_2923612a0e2f__ok_closing_position ... ok
[INFO] [stdout] test parser::tests::txn_commodities::id_6d1868da_3b9f_45e4_a2c6_db003da4c720__err ... ok
[INFO] [stdout] test parser::tests::txn_commodities::id_aadbdf7c_c1d0_4e1e_a02f_9ca1b5ab2afc__ok_uncommon_accounts ... ok
[INFO] [stdout] test parser::tests::txn_commodities::id_4babf379_9d88_49f3_8158_b9b7ff4e6eed__err_parse ... ok
[INFO] [stdout] test parser::tests::txn_accounts::id_c6584dc1_3a9d_4bb6_8619_0ced9c7c6a17__ok_uncommon_accounts ... ok
[INFO] [stdout] test parser::tests::txn_commodities::id_436d9ed5_b7a0_4e37_a7b4_86b00eb60e83__err_parse ... ok
[INFO] [stdout] test parser::tests::txn_commodities::id_ac4a6183_fb21_4847_8b3e_912f21fe5a6b__err_parse ... ok
[INFO] [stdout] test parser::tests::txn_commodities::id_bed02ea9_4191_4c98_b847_6b4e2a0fcb2d__err_parse ... ok
[INFO] [stdout] test parser::tests::txn_commodities::id_c1fbac7b_e924_4eee_aed3_b11b51116f1a__ok_closing_position ... ok
[INFO] [stdout] test parser::tests::txn_commodities::id_e24aacdf_fba2_4dc7_8165_4270c8822559__err_parse ... ok
[INFO] [stdout] test parser::tests::txn_commodities::id_fe246259_2280_4d42_8360_6dd3e280b30a__err ... ok
[INFO] [stdout] test parser::tests::txn_commodities::ok_commodity_and_comment_parse ... ok
[INFO] [stdout] test parser::tests::txn_header_code::id_242aa119_bc5e_4562_9f4a_5feb26d1fba6__err_code_parse ... ok
[INFO] [stdout] test parser::tests::txn_header_desc::id_03d3df34_e68a_4104_b8ab_be06d36bf189__err_description_parse ... ok
[INFO] [stdout] test parser::tests::txn_header_desc::id_5081594a_ecaf_4232_9c93_1d84ea7600eb__ok_code_and_description ... ok
[INFO] [stdout] test parser::tests::txn_header_code::id_a5450ec6_42a3_4f3b_b989_27eb2949ccad__ok_code ... ok
[INFO] [stdout] test parser::tests::txn_header_timestamp::id_4ff959f7_c2bd_4750_8664_f46ce50a7c7b__err_timestamp_parse ... ok
[INFO] [stdout] test parser::tests::txn_header_desc::id_58d08778_10ee_489c_bb91_7059b9ba0cca__ok_description ... ok
[INFO] [stdout] test parser::tests::txn_header_timestamp::id_2c0ee1a2_1a23_4427_a6dc_6156abc36272__ok_timestamp ... ok
[INFO] [stdout] test parser::tests::txn_location::id_bc98cc89_d3b2_468d_9508_8d7a55924178__ok_geo_uris ... ok
[INFO] [stdout] test parser::tests::txn_commodities::ok_commodity_and_comment_closing_pos_parse ... ok
[INFO] [stdout] test parser::tests::txn_header_timestamp::id_294a4d37_2911_4c0f_9024_0c79bf3c99ba__err_ts_format_v2_parse ... ok
[INFO] [stdout] test parser::tests::txn_location::id_c8e7cdf6_3b30_476c_84f0_f5a19812cd28__err_location_parse ... ok
[INFO] [stdout] test parser::tests::txn_location::id_fc711c0d_2820_4f72_8b4c_1219ef578363__err_location_semantics ... ok
[INFO] [stdout] test parser::tests::txn_metadata::id_5bb95c2e_2fad_4584_9380_e6cafe732cf6__ok_metadata_multiple_items ... ok
[INFO] [stdout] test parser::tests::txn_tags::id_32e2d33d_f357_4751_8286_605cee07ea78__err_tags_semantics_dups ... ok
[INFO] [stdout] test parser::tests::txn_tags::id_4d364251_f578_4c00_8390_9d8b5feea90b__err_tags_parse ... ok
[INFO] [stdout] test parser::tests::txn_metadata::id_b88d6733_2acf_4021_a3d7_deaf58b518a6__err_metadata_parse ... ok
[INFO] [stdout] test parser::tests::txn_tags::id_df593f17_2c74_4657_8da9_afc9ba445755__ok_tags ... ok
[INFO] [stdout] test parser::tests::txn_uuid::id_49f73bec_afd9_4bef_bf5b_f9439ab2ea47__err_txn_uuid_parse ... ok
[INFO] [stdout] test parser::tests::txn_uuid::id_546e4368_dcfa_44d5_a21d_13f3b8bf51b6__ok_txn_uuid ... ok
[INFO] [stdout] 
[INFO] [stdout] test result: ok. 150 passed; 0 failed; 0 ignored; 0 measured; 0 filtered out; finished in 0.17s
[INFO] [stdout] 
[INFO] [stderr]      Running unittests src/bin/git_bench.rs (/opt/rustwide/target/debug/deps/git_bench-c192a07825f42bee)
[INFO] [stderr]      Running tests/git_txns.rs (/opt/rustwide/target/debug/deps/git_txns-e445353034cf6a72)
[INFO] [stdout] 
[INFO] [stdout] running 0 tests
[INFO] [stdout] 
[INFO] [stdout] test result: ok. 0 passed; 0 failed; 0 ignored; 0 measured; 0 filtered out; finished in 0.00s
[INFO] [stdout] 
[INFO] [stdout] 
[INFO] [stdout] running 3 tests
[INFO] [stdout] test id_074f5549_346c_4780_90a1_07d60ae0e79d__normal_txns_1E5 ... FAILED
[INFO] [stdout] test id_ce2e6523_ee83_46e7_a767_441c5b9f2802__normal_txns_1E1 ... FAILED
[INFO] [stdout] test test_git_error_reporting ... FAILED
[INFO] [stdout] 
[INFO] [stdout] failures:
[INFO] [stdout] 
[INFO] [stdout] ---- id_074f5549_346c_4780_90a1_07d60ae0e79d__normal_txns_1E5 stdout ----
[INFO] [stdout] 
[INFO] [stdout] thread 'id_074f5549_346c_4780_90a1_07d60ae0e79d__normal_txns_1E5' panicked at tackler-core/tests/git_txns.rs:73:13:
[INFO] [stdout] NotARepository {
[INFO] [stdout]     source: Metadata {
[INFO] [stdout]         source: Os {
[INFO] [stdout]             code: 2,
[INFO] [stdout]             kind: NotFound,
[INFO] [stdout]             message: "No such file or directory",
[INFO] [stdout]         },
[INFO] [stdout]         path: "../suite/audit/audit-repo.git/",
[INFO] [stdout]     },
[INFO] [stdout]     path: "../suite/audit/audit-repo.git/",
[INFO] [stdout] }
[INFO] [stdout] stack backtrace:
[INFO] [stdout]    0:     0x61f2b737295a - std::backtrace_rs::backtrace::libunwind::trace::hb059275cfc8d6126
[INFO] [stdout]                                at /rustc/6067b36314ab5eb2eb47cecc464545ba58e1ad24/library/std/src/../../backtrace/src/backtrace/libunwind.rs:116:5
[INFO] [stdout]    1:     0x61f2b737295a - std::backtrace_rs::backtrace::trace_unsynchronized::h2da071e4327ce3ee
[INFO] [stdout]                                at /rustc/6067b36314ab5eb2eb47cecc464545ba58e1ad24/library/std/src/../../backtrace/src/backtrace/mod.rs:66:5
[INFO] [stdout]    2:     0x61f2b737295a - std::sys::backtrace::_print_fmt::h842a1474e6f8d23f
[INFO] [stdout]                                at /rustc/6067b36314ab5eb2eb47cecc464545ba58e1ad24/library/std/src/sys/backtrace.rs:66:9
[INFO] [stdout]    3:     0x61f2b737295a - <std::sys::backtrace::BacktraceLock::print::DisplayBacktrace as core::fmt::Display>::fmt::h71a62eb3b9696b12
[INFO] [stdout]                                at /rustc/6067b36314ab5eb2eb47cecc464545ba58e1ad24/library/std/src/sys/backtrace.rs:39:26
[INFO] [stdout]    4:     0x61f2b739cf83 - core::fmt::rt::Argument::fmt::hdb6b616786b41dc1
[INFO] [stdout]                                at /rustc/6067b36314ab5eb2eb47cecc464545ba58e1ad24/library/core/src/fmt/rt.rs:177:76
[INFO] [stdout]    5:     0x61f2b739cf83 - core::fmt::write::h2cc1698af7e2d686
[INFO] [stdout]                                at /rustc/6067b36314ab5eb2eb47cecc464545ba58e1ad24/library/core/src/fmt/mod.rs:1440:21
[INFO] [stdout]    6:     0x61f2b736e613 - std::io::Write::write_fmt::hab1b4cd059a79022
[INFO] [stdout]                                at /rustc/6067b36314ab5eb2eb47cecc464545ba58e1ad24/library/std/src/io/mod.rs:1887:15
[INFO] [stdout]    7:     0x61f2b73727a2 - std::sys::backtrace::BacktraceLock::print::h147fe35b4ea13b08
[INFO] [stdout]                                at /rustc/6067b36314ab5eb2eb47cecc464545ba58e1ad24/library/std/src/sys/backtrace.rs:42:9
[INFO] [stdout]    8:     0x61f2b737437f - std::panicking::default_hook::{{closure}}::hbd44223dbdc0d208
[INFO] [stdout]                                at /rustc/6067b36314ab5eb2eb47cecc464545ba58e1ad24/library/std/src/panicking.rs:298:22
[INFO] [stdout]    9:     0x61f2b7374198 - std::panicking::default_hook::h20f81eb0576efcec
[INFO] [stdout]                                at /rustc/6067b36314ab5eb2eb47cecc464545ba58e1ad24/library/std/src/panicking.rs:322:9
[INFO] [stdout]   10:     0x61f2b70c1313 - <alloc::boxed::Box<F,A> as core::ops::function::Fn<Args>>::call::hdb53814c496a4d34
[INFO] [stdout]                                at /rustc/6067b36314ab5eb2eb47cecc464545ba58e1ad24/library/alloc/src/boxed.rs:2027:9
[INFO] [stdout]   11:     0x61f2b70c1313 - test::test_main::{{closure}}::hc0a4963c59427c24
[INFO] [stdout]                                at /rustc/6067b36314ab5eb2eb47cecc464545ba58e1ad24/library/test/src/lib.rs:134:21
[INFO] [stdout]   12:     0x61f2b7374e73 - <alloc::boxed::Box<F,A> as core::ops::function::Fn<Args>>::call::h591b2225413a77e9
[INFO] [stdout]                                at /rustc/6067b36314ab5eb2eb47cecc464545ba58e1ad24/library/alloc/src/boxed.rs:2027:9
[INFO] [stdout]   13:     0x61f2b7374e73 - std::panicking::rust_panic_with_hook::h625eea43051b2edc
[INFO] [stdout]                                at /rustc/6067b36314ab5eb2eb47cecc464545ba58e1ad24/library/std/src/panicking.rs:839:13
[INFO] [stdout]   14:     0x61f2b7374b2a - std::panicking::begin_panic_handler::{{closure}}::h4f9159cfbc3f6bd3
[INFO] [stdout]                                at /rustc/6067b36314ab5eb2eb47cecc464545ba58e1ad24/library/std/src/panicking.rs:704:13
[INFO] [stdout]   15:     0x61f2b7372e59 - std::sys::backtrace::__rust_end_short_backtrace::h0390abce48353151
[INFO] [stdout]                                at /rustc/6067b36314ab5eb2eb47cecc464545ba58e1ad24/library/std/src/sys/backtrace.rs:168:18
[INFO] [stdout]   16:     0x61f2b73747bd - rust_begin_unwind
[INFO] [stdout]                                at /rustc/6067b36314ab5eb2eb47cecc464545ba58e1ad24/library/std/src/panicking.rs:695:5
[INFO] [stdout]   17:     0x61f2b739a910 - core::panicking::panic_fmt::h9e7c637e9e5f29c9
[INFO] [stdout]                                at /rustc/6067b36314ab5eb2eb47cecc464545ba58e1ad24/library/core/src/panicking.rs:75:14
[INFO] [stdout]   18:     0x61f2b7084a2c - git_txns::verify_git_run::h206ff32927512d1a
[INFO] [stdout]                                at /opt/rustwide/workdir/tackler-core/tests/git_txns.rs:73:13
[INFO] [stdout]   19:     0x61f2b7081b4a - git_txns::id_074f5549_346c_4780_90a1_07d60ae0e79d__normal_txns_1E5::hbbe3342a369d9fb8
[INFO] [stdout]                                at /opt/rustwide/workdir/tackler-core/tests/git_txns.rs:99:5
[INFO] [stdout]   20:     0x61f2b7081b4a - git_txns::id_074f5549_346c_4780_90a1_07d60ae0e79d__normal_txns_1E5::{{closure}}::h518e7c6d1ea0a29d
[INFO] [stdout]                                at /opt/rustwide/workdir/tackler-core/tests/git_txns.rs:92:62
[INFO] [stdout]   21:     0x61f2b7081b4a - core::ops::function::FnOnce::call_once::h0bacaf8301fd55d9
[INFO] [stdout]                                at /rustc/6067b36314ab5eb2eb47cecc464545ba58e1ad24/library/core/src/ops/function.rs:250:5
[INFO] [stdout]   22:     0x61f2b70c6a6b - core::ops::function::FnOnce::call_once::he27718dfdd183f43
[INFO] [stdout]                                at /rustc/6067b36314ab5eb2eb47cecc464545ba58e1ad24/library/core/src/ops/function.rs:250:5
[INFO] [stdout]   23:     0x61f2b70c6a6b - test::__rust_begin_short_backtrace::h4e84902998457a5d
[INFO] [stdout]                                at /rustc/6067b36314ab5eb2eb47cecc464545ba58e1ad24/library/test/src/lib.rs:632:18
[INFO] [stdout]   24:     0x61f2b70c59a3 - test::run_test_in_process::{{closure}}::h7176fd18fc1feca0
[INFO] [stdout]                                at /rustc/6067b36314ab5eb2eb47cecc464545ba58e1ad24/library/test/src/lib.rs:655:60
[INFO] [stdout]   25:     0x61f2b70c59a3 - <core::panic::unwind_safe::AssertUnwindSafe<F> as core::ops::function::FnOnce<()>>::call_once::hf79cff2a624d8cf7
[INFO] [stdout]                                at /rustc/6067b36314ab5eb2eb47cecc464545ba58e1ad24/library/core/src/panic/unwind_safe.rs:272:9
[INFO] [stdout]   26:     0x61f2b70c59a3 - std::panicking::try::do_call::h3da0561d9ab99c25
[INFO] [stdout]                                at /rustc/6067b36314ab5eb2eb47cecc464545ba58e1ad24/library/std/src/panicking.rs:587:40
[INFO] [stdout]   27:     0x61f2b70c59a3 - std::panicking::try::h41c9fa508bc61df6
[INFO] [stdout]                                at /rustc/6067b36314ab5eb2eb47cecc464545ba58e1ad24/library/std/src/panicking.rs:550:19
[INFO] [stdout]   28:     0x61f2b70c59a3 - std::panic::catch_unwind::h6b3ff07bb5afad93
[INFO] [stdout]                                at /rustc/6067b36314ab5eb2eb47cecc464545ba58e1ad24/library/std/src/panic.rs:358:14
[INFO] [stdout]   29:     0x61f2b70c59a3 - test::run_test_in_process::hc7253dd11b39b9f4
[INFO] [stdout]                                at /rustc/6067b36314ab5eb2eb47cecc464545ba58e1ad24/library/test/src/lib.rs:655:27
[INFO] [stdout]   30:     0x61f2b70c59a3 - test::run_test::{{closure}}::hfb2007f8649c30bb
[INFO] [stdout]                                at /rustc/6067b36314ab5eb2eb47cecc464545ba58e1ad24/library/test/src/lib.rs:576:43
[INFO] [stdout]   31:     0x61f2b7088a85 - test::run_test::{{closure}}::h56a17aa7a282a9f4
[INFO] [stdout]                                at /rustc/6067b36314ab5eb2eb47cecc464545ba58e1ad24/library/test/src/lib.rs:606:41
[INFO] [stdout]   32:     0x61f2b7088a85 - std::sys::backtrace::__rust_begin_short_backtrace::hd2d2d2fb8e8c6aac
[INFO] [stdout]                                at /rustc/6067b36314ab5eb2eb47cecc464545ba58e1ad24/library/std/src/sys/backtrace.rs:152:18
[INFO] [stdout]   33:     0x61f2b708c36a - std::thread::Builder::spawn_unchecked_::{{closure}}::{{closure}}::h4faa3f9db6133423
[INFO] [stdout]                                at /rustc/6067b36314ab5eb2eb47cecc464545ba58e1ad24/library/std/src/thread/mod.rs:559:17
[INFO] [stdout]   34:     0x61f2b708c36a - <core::panic::unwind_safe::AssertUnwindSafe<F> as core::ops::function::FnOnce<()>>::call_once::hf2e855a36a4ea846
[INFO] [stdout]                                at /rustc/6067b36314ab5eb2eb47cecc464545ba58e1ad24/library/core/src/panic/unwind_safe.rs:272:9
[INFO] [stdout]   35:     0x61f2b708c36a - std::panicking::try::do_call::h2f73af3616c35465
[INFO] [stdout]                                at /rustc/6067b36314ab5eb2eb47cecc464545ba58e1ad24/library/std/src/panicking.rs:587:40
[INFO] [stdout]   36:     0x61f2b708c36a - std::panicking::try::hd1660ce9efadef5a
[INFO] [stdout]                                at /rustc/6067b36314ab5eb2eb47cecc464545ba58e1ad24/library/std/src/panicking.rs:550:19
[INFO] [stdout]   37:     0x61f2b708c36a - std::panic::catch_unwind::h5ee8d7823b8ca744
[INFO] [stdout]                                at /rustc/6067b36314ab5eb2eb47cecc464545ba58e1ad24/library/std/src/panic.rs:358:14
[INFO] [stdout]   38:     0x61f2b708c36a - std::thread::Builder::spawn_unchecked_::{{closure}}::h53c3a1894dce8407
[INFO] [stdout]                                at /rustc/6067b36314ab5eb2eb47cecc464545ba58e1ad24/library/std/src/thread/mod.rs:557:30
[INFO] [stdout]   39:     0x61f2b708c36a - core::ops::function::FnOnce::call_once{{vtable.shim}}::h048ce291ad4f62bf
[INFO] [stdout]                                at /rustc/6067b36314ab5eb2eb47cecc464545ba58e1ad24/library/core/src/ops/function.rs:250:5
[INFO] [stdout]   40:     0x61f2b73799db - <alloc::boxed::Box<F,A> as core::ops::function::FnOnce<Args>>::call_once::ha52bedf99a3b4981
[INFO] [stdout]                                at /rustc/6067b36314ab5eb2eb47cecc464545ba58e1ad24/library/alloc/src/boxed.rs:2013:9
[INFO] [stdout]   41:     0x61f2b73799db - <alloc::boxed::Box<F,A> as core::ops::function::FnOnce<Args>>::call_once::h567748934d80ccf8
[INFO] [stdout]                                at /rustc/6067b36314ab5eb2eb47cecc464545ba58e1ad24/library/alloc/src/boxed.rs:2013:9
[INFO] [stdout]   42:     0x61f2b73799db - std::sys::pal::unix::thread::Thread::new::thread_start::h2d970728ae887adc
[INFO] [stdout]                                at /rustc/6067b36314ab5eb2eb47cecc464545ba58e1ad24/library/std/src/sys/pal/unix/thread.rs:106:17
[INFO] [stdout]   43:     0x73d1ae67cac3 - <unknown>
[INFO] [stdout]   44:     0x73d1ae70da04 - clone
[INFO] [stdout]   45:                0x0 - <unknown>
[INFO] [stdout] 
[INFO] [stdout] ---- id_ce2e6523_ee83_46e7_a767_441c5b9f2802__normal_txns_1E1 stdout ----
[INFO] [stdout] 
[INFO] [stdout] thread 'id_ce2e6523_ee83_46e7_a767_441c5b9f2802__normal_txns_1E1' panicked at tackler-core/tests/git_txns.rs:73:13:
[INFO] [stdout] NotARepository {
[INFO] [stdout]     source: Metadata {
[INFO] [stdout]         source: Os {
[INFO] [stdout]             code: 2,
[INFO] [stdout]             kind: NotFound,
[INFO] [stdout]             message: "No such file or directory",
[INFO] [stdout]         },
[INFO] [stdout]         path: "../suite/audit/audit-repo.git/",
[INFO] [stdout]     },
[INFO] [stdout]     path: "../suite/audit/audit-repo.git/",
[INFO] [stdout] }
[INFO] [stdout] stack backtrace:
[INFO] [stdout]    0:     0x61f2b737295a - std::backtrace_rs::backtrace::libunwind::trace::hb059275cfc8d6126
[INFO] [stdout]                                at /rustc/6067b36314ab5eb2eb47cecc464545ba58e1ad24/library/std/src/../../backtrace/src/backtrace/libunwind.rs:116:5
[INFO] [stdout]    1:     0x61f2b737295a - std::backtrace_rs::backtrace::trace_unsynchronized::h2da071e4327ce3ee
[INFO] [stdout]                                at /rustc/6067b36314ab5eb2eb47cecc464545ba58e1ad24/library/std/src/../../backtrace/src/backtrace/mod.rs:66:5
[INFO] [stdout]    2:     0x61f2b737295a - std::sys::backtrace::_print_fmt::h842a1474e6f8d23f
[INFO] [stdout]                                at /rustc/6067b36314ab5eb2eb47cecc464545ba58e1ad24/library/std/src/sys/backtrace.rs:66:9
[INFO] [stdout]    3:     0x61f2b737295a - <std::sys::backtrace::BacktraceLock::print::DisplayBacktrace as core::fmt::Display>::fmt::h71a62eb3b9696b12
[INFO] [stdout]                                at /rustc/6067b36314ab5eb2eb47cecc464545ba58e1ad24/library/std/src/sys/backtrace.rs:39:26
[INFO] [stdout]    4:     0x61f2b739cf83 - core::fmt::rt::Argument::fmt::hdb6b616786b41dc1
[INFO] [stdout]                                at /rustc/6067b36314ab5eb2eb47cecc464545ba58e1ad24/library/core/src/fmt/rt.rs:177:76
[INFO] [stdout]    5:     0x61f2b739cf83 - core::fmt::write::h2cc1698af7e2d686
[INFO] [stdout]                                at /rustc/6067b36314ab5eb2eb47cecc464545ba58e1ad24/library/core/src/fmt/mod.rs:1440:21
[INFO] [stdout]    6:     0x61f2b736e613 - std::io::Write::write_fmt::hab1b4cd059a79022
[INFO] [stdout]                                at /rustc/6067b36314ab5eb2eb47cecc464545ba58e1ad24/library/std/src/io/mod.rs:1887:15
[INFO] [stdout]    7:     0x61f2b73727a2 - std::sys::backtrace::BacktraceLock::print::h147fe35b4ea13b08
[INFO] [stdout]                                at /rustc/6067b36314ab5eb2eb47cecc464545ba58e1ad24/library/std/src/sys/backtrace.rs:42:9
[INFO] [stdout]    8:     0x61f2b737437f - std::panicking::default_hook::{{closure}}::hbd44223dbdc0d208
[INFO] [stdout]                                at /rustc/6067b36314ab5eb2eb47cecc464545ba58e1ad24/library/std/src/panicking.rs:298:22
[INFO] [stdout]    9:     0x61f2b7374198 - std::panicking::default_hook::h20f81eb0576efcec
[INFO] [stdout]                                at /rustc/6067b36314ab5eb2eb47cecc464545ba58e1ad24/library/std/src/panicking.rs:322:9
[INFO] [stdout]   10:     0x61f2b70c1313 - <alloc::boxed::Box<F,A> as core::ops::function::Fn<Args>>::call::hdb53814c496a4d34
[INFO] [stdout]                                at /rustc/6067b36314ab5eb2eb47cecc464545ba58e1ad24/library/alloc/src/boxed.rs:2027:9
[INFO] [stdout]   11:     0x61f2b70c1313 - test::test_main::{{closure}}::hc0a4963c59427c24
[INFO] [stdout]                                at /rustc/6067b36314ab5eb2eb47cecc464545ba58e1ad24/library/test/src/lib.rs:134:21
[INFO] [stdout]   12:     0x61f2b7374e73 - <alloc::boxed::Box<F,A> as core::ops::function::Fn<Args>>::call::h591b2225413a77e9
[INFO] [stdout]                                at /rustc/6067b36314ab5eb2eb47cecc464545ba58e1ad24/library/alloc/src/boxed.rs:2027:9
[INFO] [stdout]   13:     0x61f2b7374e73 - std::panicking::rust_panic_with_hook::h625eea43051b2edc
[INFO] [stdout]                                at /rustc/6067b36314ab5eb2eb47cecc464545ba58e1ad24/library/std/src/panicking.rs:839:13
[INFO] [stdout]   14:     0x61f2b7374b2a - std::panicking::begin_panic_handler::{{closure}}::h4f9159cfbc3f6bd3
[INFO] [stdout]                                at /rustc/6067b36314ab5eb2eb47cecc464545ba58e1ad24/library/std/src/panicking.rs:704:13
[INFO] [stdout]   15:     0x61f2b7372e59 - std::sys::backtrace::__rust_end_short_backtrace::h0390abce48353151
[INFO] [stdout]                                at /rustc/6067b36314ab5eb2eb47cecc464545ba58e1ad24/library/std/src/sys/backtrace.rs:168:18
[INFO] [stdout]   16:     0x61f2b73747bd - rust_begin_unwind
[INFO] [stdout]                                at /rustc/6067b36314ab5eb2eb47cecc464545ba58e1ad24/library/std/src/panicking.rs:695:5
[INFO] [stdout]   17:     0x61f2b739a910 - core::panicking::panic_fmt::h9e7c637e9e5f29c9
[INFO] [stdout]                                at /rustc/6067b36314ab5eb2eb47cecc464545ba58e1ad24/library/core/src/panicking.rs:75:14
[INFO] [stdout]   18:     0x61f2b7084a2c - git_txns::verify_git_run::h206ff32927512d1a
[INFO] [stdout]                                at /opt/rustwide/workdir/tackler-core/tests/git_txns.rs:73:13
[INFO] [stdout]   19:     0x61f2b7081cfa - git_txns::id_ce2e6523_ee83_46e7_a767_441c5b9f2802__normal_txns_1E1::hb064b048e97f431f
[INFO] [stdout]                                at /opt/rustwide/workdir/tackler-core/tests/git_txns.rs:86:5
[INFO] [stdout]   20:     0x61f2b7081cfa - git_txns::id_ce2e6523_ee83_46e7_a767_441c5b9f2802__normal_txns_1E1::{{closure}}::h5832dd52207be752
[INFO] [stdout]                                at /opt/rustwide/workdir/tackler-core/tests/git_txns.rs:81:62
[INFO] [stdout]   21:     0x61f2b7081cfa - core::ops::function::FnOnce::call_once::h69c7e5bbd96a00a5
[INFO] [stdout]                                at /rustc/6067b36314ab5eb2eb47cecc464545ba58e1ad24/library/core/src/ops/function.rs:250:5
[INFO] [stdout]   22:     0x61f2b70c6a6b - core::ops::function::FnOnce::call_once::he27718dfdd183f43
[INFO] [stdout]                                at /rustc/6067b36314ab5eb2eb47cecc464545ba58e1ad24/library/core/src/ops/function.rs:250:5
[INFO] [stdout]   23:     0x61f2b70c6a6b - test::__rust_begin_short_backtrace::h4e84902998457a5d
[INFO] [stdout]                                at /rustc/6067b36314ab5eb2eb47cecc464545ba58e1ad24/library/test/src/lib.rs:632:18
[INFO] [stdout]   24:     0x61f2b70c59a3 - test::run_test_in_process::{{closure}}::h7176fd18fc1feca0
[INFO] [stdout]                                at /rustc/6067b36314ab5eb2eb47cecc464545ba58e1ad24/library/test/src/lib.rs:655:60
[INFO] [stdout]   25:     0x61f2b70c59a3 - <core::panic::unwind_safe::AssertUnwindSafe<F> as core::ops::function::FnOnce<()>>::call_once::hf79cff2a624d8cf7
[INFO] [stdout]                                at /rustc/6067b36314ab5eb2eb47cecc464545ba58e1ad24/library/core/src/panic/unwind_safe.rs:272:9
[INFO] [stdout]   26:     0x61f2b70c59a3 - std::panicking::try::do_call::h3da0561d9ab99c25
[INFO] [stdout]                                at /rustc/6067b36314ab5eb2eb47cecc464545ba58e1ad24/library/std/src/panicking.rs:587:40
[INFO] [stdout]   27:     0x61f2b70c59a3 - std::panicking::try::h41c9fa508bc61df6
[INFO] [stdout]                                at /rustc/6067b36314ab5eb2eb47cecc464545ba58e1ad24/library/std/src/panicking.rs:550:19
[INFO] [stdout]   28:     0x61f2b70c59a3 - std::panic::catch_unwind::h6b3ff07bb5afad93
[INFO] [stdout]                                at /rustc/6067b36314ab5eb2eb47cecc464545ba58e1ad24/library/std/src/panic.rs:358:14
[INFO] [stdout]   29:     0x61f2b70c59a3 - test::run_test_in_process::hc7253dd11b39b9f4
[INFO] [stdout]                                at /rustc/6067b36314ab5eb2eb47cecc464545ba58e1ad24/library/test/src/lib.rs:655:27
[INFO] [stdout]   30:     0x61f2b70c59a3 - test::run_test::{{closure}}::hfb2007f8649c30bb
[INFO] [stdout]                                at /rustc/6067b36314ab5eb2eb47cecc464545ba58e1ad24/library/test/src/lib.rs:576:43
[INFO] [stdout]   31:     0x61f2b7088a85 - test::run_test::{{closure}}::h56a17aa7a282a9f4
[INFO] [stdout]                                at /rustc/6067b36314ab5eb2eb47cecc464545ba58e1ad24/library/test/src/lib.rs:606:41
[INFO] [stdout]   32:     0x61f2b7088a85 - std::sys::backtrace::__rust_begin_short_backtrace::hd2d2d2fb8e8c6aac
[INFO] [stdout]                                at /rustc/6067b36314ab5eb2eb47cecc464545ba58e1ad24/library/std/src/sys/backtrace.rs:152:18
[INFO] [stdout]   33:     0x61f2b708c36a - std::thread::Builder::spawn_unchecked_::{{closure}}::{{closure}}::h4faa3f9db6133423
[INFO] [stdout]                                at /rustc/6067b36314ab5eb2eb47cecc464545ba58e1ad24/library/std/src/thread/mod.rs:559:17
[INFO] [stdout]   34:     0x61f2b708c36a - <core::panic::unwind_safe::AssertUnwindSafe<F> as core::ops::function::FnOnce<()>>::call_once::hf2e855a36a4ea846
[INFO] [stdout]                                at /rustc/6067b36314ab5eb2eb47cecc464545ba58e1ad24/library/core/src/panic/unwind_safe.rs:272:9
[INFO] [stdout]   35:     0x61f2b708c36a - std::panicking::try::do_call::h2f73af3616c35465
[INFO] [stdout]                                at /rustc/6067b36314ab5eb2eb47cecc464545ba58e1ad24/library/std/src/panicking.rs:587:40
[INFO] [stdout]   36:     0x61f2b708c36a - std::panicking::try::hd1660ce9efadef5a
[INFO] [stdout]                                at /rustc/6067b36314ab5eb2eb47cecc464545ba58e1ad24/library/std/src/panicking.rs:550:19
[INFO] [stdout]   37:     0x61f2b708c36a - std::panic::catch_unwind::h5ee8d7823b8ca744
[INFO] [stdout]                                at /rustc/6067b36314ab5eb2eb47cecc464545ba58e1ad24/library/std/src/panic.rs:358:14
[INFO] [stdout]   38:     0x61f2b708c36a - std::thread::Builder::spawn_unchecked_::{{closure}}::h53c3a1894dce8407
[INFO] [stdout]                                at /rustc/6067b36314ab5eb2eb47cecc464545ba58e1ad24/library/std/src/thread/mod.rs:557:30
[INFO] [stdout]   39:     0x61f2b708c36a - core::ops::function::FnOnce::call_once{{vtable.shim}}::h048ce291ad4f62bf
[INFO] [stdout]                                at /rustc/6067b36314ab5eb2eb47cecc464545ba58e1ad24/library/core/src/ops/function.rs:250:5
[INFO] [stdout]   40:     0x61f2b73799db - <alloc::boxed::Box<F,A> as core::ops::function::FnOnce<Args>>::call_once::ha52bedf99a3b4981
[INFO] [stdout]                                at /rustc/6067b36314ab5eb2eb47cecc464545ba58e1ad24/library/alloc/src/boxed.rs:2013:9
[INFO] [stdout]   41:     0x61f2b73799db - <alloc::boxed::Box<F,A> as core::ops::function::FnOnce<Args>>::call_once::h567748934d80ccf8
[INFO] [stdout]                                at /rustc/6067b36314ab5eb2eb47cecc464545ba58e1ad24/library/alloc/src/boxed.rs:2013:9
[INFO] [stdout]   42:     0x61f2b73799db - std::sys::pal::unix::thread::Thread::new::thread_start::h2d970728ae887adc
[INFO] [stdout]                                at /rustc/6067b36314ab5eb2eb47cecc464545ba58e1ad24/library/std/src/sys/pal/unix/thread.rs:106:17
[INFO] [stdout]   43:     0x73d1ae67cac3 - <unknown>
[INFO] [stdout]   44:     0x73d1ae70da04 - clone
[INFO] [stdout]   45:                0x0 - <unknown>
[INFO] [stdout] 
[INFO] [stdout] ---- test_git_error_reporting stdout ----
[INFO] [stdout] 
[INFO] [stdout] thread 'test_git_error_reporting' panicked at tackler-core/tests/git_txns.rs:119:5:
[INFO] [stdout] assertion failed: msg.contains("63014ea235b23aa7330511a25bcba0b62cd33c6f")
[INFO] [stdout] stack backtrace:
[INFO] [stdout]    0:     0x61f2b737295a - std::backtrace_rs::backtrace::libunwind::trace::hb059275cfc8d6126
[INFO] [stdout]                                at /rustc/6067b36314ab5eb2eb47cecc464545ba58e1ad24/library/std/src/../../backtrace/src/backtrace/libunwind.rs:116:5
[INFO] [stdout]    1:     0x61f2b737295a - std::backtrace_rs::backtrace::trace_unsynchronized::h2da071e4327ce3ee
[INFO] [stdout]                                at /rustc/6067b36314ab5eb2eb47cecc464545ba58e1ad24/library/std/src/../../backtrace/src/backtrace/mod.rs:66:5
[INFO] [stdout]    2:     0x61f2b737295a - std::sys::backtrace::_print_fmt::h842a1474e6f8d23f
[INFO] [stdout]                                at /rustc/6067b36314ab5eb2eb47cecc464545ba58e1ad24/library/std/src/sys/backtrace.rs:66:9
[INFO] [stdout]    3:     0x61f2b737295a - <std::sys::backtrace::BacktraceLock::print::DisplayBacktrace as core::fmt::Display>::fmt::h71a62eb3b9696b12
[INFO] [stdout]                                at /rustc/6067b36314ab5eb2eb47cecc464545ba58e1ad24/library/std/src/sys/backtrace.rs:39:26
[INFO] [stdout]    4:     0x61f2b739cf83 - core::fmt::rt::Argument::fmt::hdb6b616786b41dc1
[INFO] [stdout]                                at /rustc/6067b36314ab5eb2eb47cecc464545ba58e1ad24/library/core/src/fmt/rt.rs:177:76
[INFO] [stdout]    5:     0x61f2b739cf83 - core::fmt::write::h2cc1698af7e2d686
[INFO] [stdout]                                at /rustc/6067b36314ab5eb2eb47cecc464545ba58e1ad24/library/core/src/fmt/mod.rs:1440:21
[INFO] [stdout]    6:     0x61f2b736e613 - std::io::Write::write_fmt::hab1b4cd059a79022
[INFO] [stdout]                                at /rustc/6067b36314ab5eb2eb47cecc464545ba58e1ad24/library/std/src/io/mod.rs:1887:15
[INFO] [stdout]    7:     0x61f2b73727a2 - std::sys::backtrace::BacktraceLock::print::h147fe35b4ea13b08
[INFO] [stdout]                                at /rustc/6067b36314ab5eb2eb47cecc464545ba58e1ad24/library/std/src/sys/backtrace.rs:42:9
[INFO] [stdout]    8:     0x61f2b737437f - std::panicking::default_hook::{{closure}}::hbd44223dbdc0d208
[INFO] [stdout]                                at /rustc/6067b36314ab5eb2eb47cecc464545ba58e1ad24/library/std/src/panicking.rs:298:22
[INFO] [stdout]    9:     0x61f2b7374198 - std::panicking::default_hook::h20f81eb0576efcec
[INFO] [stdout]                                at /rustc/6067b36314ab5eb2eb47cecc464545ba58e1ad24/library/std/src/panicking.rs:322:9
[INFO] [stdout]   10:     0x61f2b70c1313 - <alloc::boxed::Box<F,A> as core::ops::function::Fn<Args>>::call::hdb53814c496a4d34
[INFO] [stdout]                                at /rustc/6067b36314ab5eb2eb47cecc464545ba58e1ad24/library/alloc/src/boxed.rs:2027:9
[INFO] [stdout]   11:     0x61f2b70c1313 - test::test_main::{{closure}}::hc0a4963c59427c24
[INFO] [stdout]                                at /rustc/6067b36314ab5eb2eb47cecc464545ba58e1ad24/library/test/src/lib.rs:134:21
[INFO] [stdout]   12:     0x61f2b7374e73 - <alloc::boxed::Box<F,A> as core::ops::function::Fn<Args>>::call::h591b2225413a77e9
[INFO] [stdout]                                at /rustc/6067b36314ab5eb2eb47cecc464545ba58e1ad24/library/alloc/src/boxed.rs:2027:9
[INFO] [stdout]   13:     0x61f2b7374e73 - std::panicking::rust_panic_with_hook::h625eea43051b2edc
[INFO] [stdout]                                at /rustc/6067b36314ab5eb2eb47cecc464545ba58e1ad24/library/std/src/panicking.rs:839:13
[INFO] [stdout]   14:     0x61f2b7374af6 - std::panicking::begin_panic_handler::{{closure}}::h4f9159cfbc3f6bd3
[INFO] [stdout]                                at /rustc/6067b36314ab5eb2eb47cecc464545ba58e1ad24/library/std/src/panicking.rs:697:13
[INFO] [stdout]   15:     0x61f2b7372e59 - std::sys::backtrace::__rust_end_short_backtrace::h0390abce48353151
[INFO] [stdout]                                at /rustc/6067b36314ab5eb2eb47cecc464545ba58e1ad24/library/std/src/sys/backtrace.rs:168:18
[INFO] [stdout]   16:     0x61f2b73747bd - rust_begin_unwind
[INFO] [stdout]                                at /rustc/6067b36314ab5eb2eb47cecc464545ba58e1ad24/library/std/src/panicking.rs:695:5
[INFO] [stdout]   17:     0x61f2b739a910 - core::panicking::panic_fmt::h9e7c637e9e5f29c9
[INFO] [stdout]                                at /rustc/6067b36314ab5eb2eb47cecc464545ba58e1ad24/library/core/src/panicking.rs:75:14
[INFO] [stdout]   18:     0x61f2b739a99c - core::panicking::panic::haa3255ea20181a33
[INFO] [stdout]                                at /rustc/6067b36314ab5eb2eb47cecc464545ba58e1ad24/library/core/src/panicking.rs:145:5
[INFO] [stdout]   19:     0x61f2b7082127 - git_txns::test_git_error_reporting::h70fc833c4dd30720
[INFO] [stdout]   20:     0x61f2b7082127 - git_txns::test_git_error_reporting::{{closure}}::ha1b18250d8fcfeb0
[INFO] [stdout]                                at /opt/rustwide/workdir/tackler-core/tests/git_txns.rs:105:30
[INFO] [stdout]   21:     0x61f2b7082127 - core::ops::function::FnOnce::call_once::hd500e21de99dcfaf
[INFO] [stdout]                                at /rustc/6067b36314ab5eb2eb47cecc464545ba58e1ad24/library/core/src/ops/function.rs:250:5
[INFO] [stdout]   22:     0x61f2b70c6a6b - core::ops::function::FnOnce::call_once::he27718dfdd183f43
[INFO] [stdout]                                at /rustc/6067b36314ab5eb2eb47cecc464545ba58e1ad24/library/core/src/ops/function.rs:250:5
[INFO] [stdout]   23:     0x61f2b70c6a6b - test::__rust_begin_short_backtrace::h4e84902998457a5d
[INFO] [stdout]                                at /rustc/6067b36314ab5eb2eb47cecc464545ba58e1ad24/library/test/src/lib.rs:632:18
[INFO] [stdout]   24:     0x61f2b70c59a3 - test::run_test_in_process::{{closure}}::h7176fd18fc1feca0
[INFO] [stdout]                                at /rustc/6067b36314ab5eb2eb47cecc464545ba58e1ad24/library/test/src/lib.rs:655:60
[INFO] [stdout]   25:     0x61f2b70c59a3 - <core::panic::unwind_safe::AssertUnwindSafe<F> as core::ops::function::FnOnce<()>>::call_once::hf79cff2a624d8cf7
[INFO] [stdout]                                at /rustc/6067b36314ab5eb2eb47cecc464545ba58e1ad24/library/core/src/panic/unwind_safe.rs:272:9
[INFO] [stdout]   26:     0x61f2b70c59a3 - std::panicking::try::do_call::h3da0561d9ab99c25
[INFO] [stdout]                                at /rustc/6067b36314ab5eb2eb47cecc464545ba58e1ad24/library/std/src/panicking.rs:587:40
[INFO] [stdout]   27:     0x61f2b70c59a3 - std::panicking::try::h41c9fa508bc61df6
[INFO] [stdout]                                at /rustc/6067b36314ab5eb2eb47cecc464545ba58e1ad24/library/std/src/panicking.rs:550:19
[INFO] [stdout]   28:     0x61f2b70c59a3 - std::panic::catch_unwind::h6b3ff07bb5afad93
[INFO] [stdout]                                at /rustc/6067b36314ab5eb2eb47cecc464545ba58e1ad24/library/std/src/panic.rs:358:14
[INFO] [stdout]   29:     0x61f2b70c59a3 - test::run_test_in_process::hc7253dd11b39b9f4
[INFO] [stdout]                                at /rustc/6067b36314ab5eb2eb47cecc464545ba58e1ad24/library/test/src/lib.rs:655:27
[INFO] [stdout]   30:     0x61f2b70c59a3 - test::run_test::{{closure}}::hfb2007f8649c30bb
[INFO] [stdout]                                at /rustc/6067b36314ab5eb2eb47cecc464545ba58e1ad24/library/test/src/lib.rs:576:43
[INFO] [stdout]   31:     0x61f2b7088a85 - test::run_test::{{closure}}::h56a17aa7a282a9f4
[INFO] [stdout]                                at /rustc/6067b36314ab5eb2eb47cecc464545ba58e1ad24/library/test/src/lib.rs:606:41
[INFO] [stdout]   32:     0x61f2b7088a85 - std::sys::backtrace::__rust_begin_short_backtrace::hd2d2d2fb8e8c6aac
[INFO] [stdout]                                at /rustc/6067b36314ab5eb2eb47cecc464545ba58e1ad24/library/std/src/sys/backtrace.rs:152:18
[INFO] [stdout]   33:     0x61f2b708c36a - std::thread::Builder::spawn_unchecked_::{{closure}}::{{closure}}::h4faa3f9db6133423
[INFO] [stdout]                                at /rustc/6067b36314ab5eb2eb47cecc464545ba58e1ad24/library/std/src/thread/mod.rs:559:17
[INFO] [stdout]   34:     0x61f2b708c36a - <core::panic::unwind_safe::AssertUnwindSafe<F> as core::ops::function::FnOnce<()>>::call_once::hf2e855a36a4ea846
[INFO] [stdout]                                at /rustc/6067b36314ab5eb2eb47cecc464545ba58e1ad24/library/core/src/panic/unwind_safe.rs:272:9
[INFO] [stdout]   35:     0x61f2b708c36a - std::panicking::try::do_call::h2f73af3616c35465
[INFO] [stdout]                                at /rustc/6067b36314ab5eb2eb47cecc464545ba58e1ad24/library/std/src/panicking.rs:587:40
[INFO] [stdout]   36:     0x61f2b708c36a - std::panicking::try::hd1660ce9efadef5a
[INFO] [stdout]                                at /rustc/6067b36314ab5eb2eb47cecc464545ba58e1ad24/library/std/src/panicking.rs:550:19
[INFO] [stdout]   37:     0x61f2b708c36a - std::panic::catch_unwind::h5ee8d7823b8ca744
[INFO] [stdout]                                at /rustc/6067b36314ab5eb2eb47cecc464545ba58e1ad24/library/std/src/panic.rs:358:14
[INFO] [stdout]   38:     0x61f2b708c36a - std::thread::Builder::spawn_unchecked_::{{closure}}::h53c3a1894dce8407
[INFO] [stdout]                                at /rustc/6067b36314ab5eb2eb47cecc464545ba58e1ad24/library/std/src/thread/mod.rs:557:30
[INFO] [stdout]   39:     0x61f2b708c36a - core::ops::function::FnOnce::call_once{{vtable.shim}}::h048ce291ad4f62bf
[INFO] [stdout]                                at /rustc/6067b36314ab5eb2eb47cecc464545ba58e1ad24/library/core/src/ops/function.rs:250:5
[INFO] [stdout]   40:     0x61f2b73799db - <alloc::boxed::Box<F,A> as core::ops::function::FnOnce<Args>>::call_once::ha52bedf99a3b4981
[INFO] [stdout]                                at /rustc/6067b36314ab5eb2eb47cecc464545ba58e1ad24/library/alloc/src/boxed.rs:2013:9
[INFO] [stdout]   41:     0x61f2b73799db - <alloc::boxed::Box<F,A> as core::ops::function::FnOnce<Args>>::call_once::h567748934d80ccf8
[INFO] [stdout]                                at /rustc/6067b36314ab5eb2eb47cecc464545ba58e1ad24/library/alloc/src/boxed.rs:2013:9
[INFO] [stdout]   42:     0x61f2b73799db - std::sys::pal::unix::thread::Thread::new::thread_start::h2d970728ae887adc
[INFO] [stdout]                                at /rustc/6067b36314ab5eb2eb47cecc464545ba58e1ad24/library/std/src/sys/pal/unix/thread.rs:106:17
[INFO] [stdout]   43:     0x73d1ae67cac3 - <unknown>
[INFO] [stdout]   44:     0x73d1ae70da04 - clone
[INFO] [stdout]   45:                0x0 - <unknown>
[INFO] [stdout] 
[INFO] [stdout] 
[INFO] [stdout] failures:
[INFO] [stdout]     id_074f5549_346c_4780_90a1_07d60ae0e79d__normal_txns_1E5
[INFO] [stdout]     id_ce2e6523_ee83_46e7_a767_441c5b9f2802__normal_txns_1E1
[INFO] [stdout]     test_git_error_reporting
[INFO] [stdout] 
[INFO] [stdout] test result: FAILED. 0 passed; 3 failed; 0 ignored; 0 measured; 0 filtered out; finished in 0.35s
[INFO] [stdout] 
[INFO] [stderr] error: test failed, to rerun pass `-p tackler-core --test git_txns`
[INFO] running `Command { std: "docker" "inspect" "2da95dde0e4c41fd9ce8cfa72d87d98737316a0e37030196dca3f433d70b02ae", kill_on_drop: false }`
[INFO] running `Command { std: "docker" "rm" "-f" "2da95dde0e4c41fd9ce8cfa72d87d98737316a0e37030196dca3f433d70b02ae", kill_on_drop: false }`
[INFO] [stdout] 2da95dde0e4c41fd9ce8cfa72d87d98737316a0e37030196dca3f433d70b02ae
