[INFO] cloning repository https://github.com/dongb94/quiche_test
[INFO] running `Command { std: "git" "-c" "credential.helper=" "-c" "credential.helper=/workspace/cargo-home/bin/git-credential-null" "clone" "--bare" "https://github.com/dongb94/quiche_test" "/workspace/cache/git-repos/https%3A%2F%2Fgithub.com%2Fdongb94%2Fquiche_test", kill_on_drop: false }`
[INFO] [stderr] Cloning into bare repository '/workspace/cache/git-repos/https%3A%2F%2Fgithub.com%2Fdongb94%2Fquiche_test'...
[INFO] running `Command { std: "git" "rev-parse" "HEAD", kill_on_drop: false }`
[INFO] [stdout] 79b804a8f7622442ab017827155db19e26234afc
[INFO] testing dongb94/quiche_test against nightly-2025-01-18+rustflags=-Zrandomize-layout for randomize-layout-2
[INFO] running `Command { std: "git" "clone" "/workspace/cache/git-repos/https%3A%2F%2Fgithub.com%2Fdongb94%2Fquiche_test" "/workspace/builds/worker-7-tc2/source", kill_on_drop: false }`
[INFO] [stderr] Cloning into '/workspace/builds/worker-7-tc2/source'...
[INFO] [stderr] done.
[INFO] [stderr] Updating files:  67% (10137/15044)
Updating files:  68% (10230/15044)
Updating files:  69% (10381/15044)
Updating files:  70% (10531/15044)
Updating files:  71% (10682/15044)
Updating files:  71% (10761/15044)
Updating files:  72% (10832/15044)
Updating files:  73% (10983/15044)
Updating files:  74% (11133/15044)
Updating files:  75% (11283/15044)
Updating files:  76% (11434/15044)
Updating files:  77% (11584/15044)
Updating files:  78% (11735/15044)
Updating files:  79% (11885/15044)
Updating files:  80% (12036/15044)
Updating files:  81% (12186/15044)
Updating files:  82% (12337/15044)
Updating files:  83% (12487/15044)
Updating files:  84% (12637/15044)
Updating files:  85% (12788/15044)
Updating files:  85% (12809/15044)
Updating files:  85% (12886/15044)
Updating files:  86% (12938/15044)
Updating files:  86% (12949/15044)
Updating files:  86% (13010/15044)
Updating files:  86% (13022/15044)
Updating files:  87% (13089/15044)
Updating files:  88% (13239/15044)
Updating files:  88% (13297/15044)
Updating files:  89% (13390/15044)
Updating files:  90% (13540/15044)
Updating files:  91% (13691/15044)
Updating files:  92% (13841/15044)
Updating files:  93% (13991/15044)
Updating files:  94% (14142/15044)
Updating files:  95% (14292/15044)
Updating files:  96% (14443/15044)
Updating files:  97% (14593/15044)
Updating files:  97% (14631/15044)
Updating files:  98% (14744/15044)
Updating files:  99% (14894/15044)
Updating files:  99% (15034/15044)
Updating files: 100% (15044/15044)
Updating files: 100% (15044/15044), done.
[INFO] validating manifest of git repo https://github.com/dongb94/quiche_test on toolchain nightly-2025-01-18
[INFO] running `Command { std: CARGO_HOME="/workspace/cargo-home" RUSTUP_HOME="/workspace/rustup-home" "/workspace/cargo-home/bin/cargo" "+nightly-2025-01-18" "metadata" "--manifest-path" "Cargo.toml" "--no-deps", kill_on_drop: false }`
[INFO] started tweaking git repo https://github.com/dongb94/quiche_test
[INFO] finished tweaking git repo https://github.com/dongb94/quiche_test
[INFO] tweaked toml for git repo https://github.com/dongb94/quiche_test written to /workspace/builds/worker-7-tc2/source/Cargo.toml
[INFO] crate git repo https://github.com/dongb94/quiche_test already has a lockfile, it will not be regenerated
[INFO] running `Command { std: CARGO_HOME="/workspace/cargo-home" RUSTUP_HOME="/workspace/rustup-home" "/workspace/cargo-home/bin/cargo" "+nightly-2025-01-18" "fetch" "--manifest-path" "Cargo.toml", kill_on_drop: false }`
[INFO] [stderr]     Blocking waiting for file lock on package cache
[INFO] [stderr]     Blocking waiting for file lock on package cache
[INFO] running `Command { std: "docker" "create" "-v" "/var/lib/crater-agent-workspace/builds/worker-7-tc2/target:/opt/rustwide/target:rw,Z" "-v" "/var/lib/crater-agent-workspace/builds/worker-7-tc2/source:/opt/rustwide/workdir:ro,Z" "-v" "/var/lib/crater-agent-workspace/cargo-home:/opt/rustwide/cargo-home:ro,Z" "-v" "/var/lib/crater-agent-workspace/rustup-home:/opt/rustwide/rustup-home:ro,Z" "-e" "SOURCE_DIR=/opt/rustwide/workdir" "-e" "CARGO_TARGET_DIR=/opt/rustwide/target" "-e" "CARGO_HOME=/opt/rustwide/cargo-home" "-e" "RUSTUP_HOME=/opt/rustwide/rustup-home" "-w" "/opt/rustwide/workdir" "-m" "1610612736" "--user" "0:0" "--network" "none" "ghcr.io/rust-lang/crates-build-env/linux@sha256:819108c5571ea2e421544af4d832f968d213c87fbe3707a016657f43d2f853bc" "/opt/rustwide/cargo-home/bin/cargo" "+nightly-2025-01-18" "metadata" "--no-deps" "--format-version=1", kill_on_drop: false }`
[INFO] [stdout] e245034cb4d13b45d45b4c8ae2b93d1c99074cd161419f1add10a4f0dc180e3b
[INFO] running `Command { std: "docker" "start" "-a" "e245034cb4d13b45d45b4c8ae2b93d1c99074cd161419f1add10a4f0dc180e3b", kill_on_drop: false }`
[INFO] running `Command { std: "docker" "inspect" "e245034cb4d13b45d45b4c8ae2b93d1c99074cd161419f1add10a4f0dc180e3b", kill_on_drop: false }`
[INFO] running `Command { std: "docker" "rm" "-f" "e245034cb4d13b45d45b4c8ae2b93d1c99074cd161419f1add10a4f0dc180e3b", kill_on_drop: false }`
[INFO] [stdout] e245034cb4d13b45d45b4c8ae2b93d1c99074cd161419f1add10a4f0dc180e3b
[INFO] running `Command { std: "docker" "create" "-v" "/var/lib/crater-agent-workspace/builds/worker-7-tc2/target:/opt/rustwide/target:rw,Z" "-v" "/var/lib/crater-agent-workspace/builds/worker-7-tc2/source:/opt/rustwide/workdir:ro,Z" "-v" "/var/lib/crater-agent-workspace/cargo-home:/opt/rustwide/cargo-home:ro,Z" "-v" "/var/lib/crater-agent-workspace/rustup-home:/opt/rustwide/rustup-home:ro,Z" "-e" "SOURCE_DIR=/opt/rustwide/workdir" "-e" "CARGO_TARGET_DIR=/opt/rustwide/target" "-e" "CARGO_INCREMENTAL=0" "-e" "RUST_BACKTRACE=full" "-e" "RUSTFLAGS=--cap-lints=forbid -Zrandomize-layout" "-e" "RUSTDOCFLAGS=--cap-lints=forbid" "-e" "CARGO_HOME=/opt/rustwide/cargo-home" "-e" "RUSTUP_HOME=/opt/rustwide/rustup-home" "-w" "/opt/rustwide/workdir" "-m" "1610612736" "--user" "0:0" "--network" "none" "ghcr.io/rust-lang/crates-build-env/linux@sha256:819108c5571ea2e421544af4d832f968d213c87fbe3707a016657f43d2f853bc" "/opt/rustwide/cargo-home/bin/cargo" "+nightly-2025-01-18" "build" "--frozen" "--message-format=json", kill_on_drop: false }`
[INFO] [stdout] d2bda6e2aa7be983caf4edd72151e40404ea7c14ec8296142dbd610e63314117
[INFO] running `Command { std: "docker" "start" "-a" "d2bda6e2aa7be983caf4edd72151e40404ea7c14ec8296142dbd610e63314117", kill_on_drop: false }`
[INFO] [stderr]    Compiling libc v0.2.152
[INFO] [stderr]    Compiling strsim v0.10.0
[INFO] [stderr]    Compiling serde v1.0.195
[INFO] [stderr]    Compiling ident_case v1.0.1
[INFO] [stderr]    Compiling fnv v1.0.7
[INFO] [stderr]    Compiling memchr v2.7.1
[INFO] [stderr]    Compiling serde_json v1.0.111
[INFO] [stderr]    Compiling rust_decimal v1.33.1
[INFO] [stderr]    Compiling rustix v0.38.30
[INFO] [stderr]    Compiling bitflags v2.4.2
[INFO] [stderr]    Compiling num-traits v0.2.17
[INFO] [stderr]    Compiling memoffset v0.9.0
[INFO] [stderr]    Compiling indexmap v2.1.0
[INFO] [stderr]    Compiling regex-syntax v0.8.2
[INFO] [stderr]    Compiling syn v2.0.48
[INFO] [stderr]    Compiling libm v0.2.8
[INFO] [stderr]    Compiling ryu v1.0.16
[INFO] [stderr]    Compiling linux-raw-sys v0.4.13
[INFO] [stderr]    Compiling arrayvec v0.7.4
[INFO] [stderr]    Compiling log v0.4.20
[INFO] [stderr]    Compiling unicode-normalization v0.1.22
[INFO] [stderr]    Compiling unicode-bidi v0.3.15
[INFO] [stderr]    Compiling spin v0.9.8
[INFO] [stderr]    Compiling data-encoding v2.5.0
[INFO] [stderr]    Compiling matches v0.1.10
[INFO] [stderr]    Compiling untrusted v0.9.0
[INFO] [stderr]    Compiling intrusive-collections v0.9.6
[INFO] [stderr]    Compiling percent-encoding v1.0.1
[INFO] [stderr]    Compiling humantime v2.1.0
[INFO] [stderr]    Compiling termcolor v1.4.1
[INFO] [stderr]    Compiling either v1.9.0
[INFO] [stderr]    Compiling octets v0.2.0 (/opt/rustwide/workdir/octets)
[INFO] [stderr]    Compiling aho-corasick v1.1.2
[INFO] [stderr]    Compiling idna v0.1.5
[INFO] [stderr]    Compiling url v1.7.2
[INFO] [stderr]    Compiling is-terminal v0.4.10
[INFO] [stderr]    Compiling sfv v0.9.4
[INFO] [stderr]    Compiling cc v1.0.83
[INFO] [stderr]    Compiling getrandom v0.2.12
[INFO] [stderr]    Compiling nix v0.27.1
[INFO] [stderr]    Compiling mio v0.8.10
[INFO] [stderr]    Compiling regex-automata v0.4.4
[INFO] [stderr]    Compiling cmake v0.1.50
[INFO] [stderr]    Compiling ring v0.17.7
[INFO] [stderr]    Compiling quiche v0.20.0 (/opt/rustwide/workdir/quiche)
[INFO] [stderr]    Compiling darling_core v0.20.3
[INFO] [stderr]    Compiling serde_derive v1.0.195
[INFO] [stderr]    Compiling regex v1.10.3
[INFO] [stderr]    Compiling env_logger v0.10.2
[INFO] [stderr]    Compiling darling_macro v0.20.3
[INFO] [stderr]    Compiling darling v0.20.3
[INFO] [stderr]    Compiling serde_with_macros v3.5.0
[INFO] [stderr]    Compiling smallvec v1.13.1
[INFO] [stderr]    Compiling serde_with v3.5.0
[INFO] [stderr]    Compiling docopt v1.1.1
[INFO] [stderr]    Compiling qlog v0.11.0 (/opt/rustwide/workdir/qlog)
[INFO] [stdout] warning: extern declarations without an explicit ABI are deprecated
[INFO] [stdout]    --> quiche/src/crypto.rs:667:1
[INFO] [stdout]     |
[INFO] [stdout] 667 | extern {
[INFO] [stdout]     | ^^^^^^ help: explicitly specify the C ABI: `extern "C"`
[INFO] [stdout]     |
[INFO] [stdout]     = note: `#[warn(missing_abi)]` on by default
[INFO] [stdout] 
[INFO] [stdout] 
[INFO] [stdout] warning: extern declarations without an explicit ABI are deprecated
[INFO] [stdout]   --> quiche/src/rand.rs:62:1
[INFO] [stdout]    |
[INFO] [stdout] 62 | extern {
[INFO] [stdout]    | ^^^^^^ help: explicitly specify the C ABI: `extern "C"`
[INFO] [stdout] 
[INFO] [stdout] 
[INFO] [stdout] warning: extern declarations without an explicit ABI are deprecated
[INFO] [stdout]    --> quiche/src/tls.rs:126:16
[INFO] [stdout]     |
[INFO] [stdout] 126 |         unsafe extern fn(
[INFO] [stdout]     |                ^^^^^^ help: explicitly specify the C ABI: `extern "C"`
[INFO] [stdout] 
[INFO] [stdout] 
[INFO] [stdout] warning: extern declarations without an explicit ABI are deprecated
[INFO] [stdout]    --> quiche/src/tls.rs:136:16
[INFO] [stdout]     |
[INFO] [stdout] 136 |         unsafe extern fn(
[INFO] [stdout]     |                ^^^^^^ help: explicitly specify the C ABI: `extern "C"`
[INFO] [stdout] 
[INFO] [stdout] 
[INFO] [stdout] warning: extern declarations without an explicit ABI are deprecated
[INFO] [stdout]    --> quiche/src/tls.rs:146:16
[INFO] [stdout]     |
[INFO] [stdout] 146 |         unsafe extern fn(
[INFO] [stdout]     |                ^^^^^^ help: explicitly specify the C ABI: `extern "C"`
[INFO] [stdout] 
[INFO] [stdout] 
[INFO] [stdout] warning: extern declarations without an explicit ABI are deprecated
[INFO] [stdout]    --> quiche/src/tls.rs:154:26
[INFO] [stdout]     |
[INFO] [stdout] 154 |     flush_flight: Option<extern fn(ssl: *mut SSL) -> c_int>,
[INFO] [stdout]     |                          ^^^^^^ help: explicitly specify the C ABI: `extern "C"`
[INFO] [stdout] 
[INFO] [stdout] 
[INFO] [stdout] warning: extern declarations without an explicit ABI are deprecated
[INFO] [stdout]    --> quiche/src/tls.rs:157:9
[INFO] [stdout]     |
[INFO] [stdout] 157 |         extern fn(ssl: *mut SSL, level: crypto::Level, alert: u8) -> c_int,
[INFO] [stdout]     |         ^^^^^^ help: explicitly specify the C ABI: `extern "C"`
[INFO] [stdout] 
[INFO] [stdout] 
[INFO] [stdout] warning: extern declarations without an explicit ABI are deprecated
[INFO] [stdout]    --> quiche/src/tls.rs:982:1
[INFO] [stdout]     |
[INFO] [stdout] 982 | extern fn set_read_secret(
[INFO] [stdout]     | ^^^^^^ help: explicitly specify the C ABI: `extern "C"`
[INFO] [stdout] 
[INFO] [stdout] 
[INFO] [stdout] warning: extern declarations without an explicit ABI are deprecated
[INFO] [stdout]     --> quiche/src/tls.rs:1033:1
[INFO] [stdout]      |
[INFO] [stdout] 1033 | extern fn set_write_secret(
[INFO] [stdout]      | ^^^^^^ help: explicitly specify the C ABI: `extern "C"`
[INFO] [stdout] 
[INFO] [stdout] 
[INFO] [stdout] warning: extern declarations without an explicit ABI are deprecated
[INFO] [stdout]     --> quiche/src/tls.rs:1079:1
[INFO] [stdout]      |
[INFO] [stdout] 1079 | extern fn add_handshake_data(
[INFO] [stdout]      | ^^^^^^ help: explicitly specify the C ABI: `extern "C"`
[INFO] [stdout] 
[INFO] [stdout] 
[INFO] [stdout] warning: extern declarations without an explicit ABI are deprecated
[INFO] [stdout]     --> quiche/src/tls.rs:1115:1
[INFO] [stdout]      |
[INFO] [stdout] 1115 | extern fn flush_flight(_ssl: *mut SSL) -> c_int {
[INFO] [stdout]      | ^^^^^^ help: explicitly specify the C ABI: `extern "C"`
[INFO] [stdout] 
[INFO] [stdout] 
[INFO] [stdout] warning: extern declarations without an explicit ABI are deprecated
[INFO] [stdout]     --> quiche/src/tls.rs:1122:1
[INFO] [stdout]      |
[INFO] [stdout] 1122 | extern fn send_alert(ssl: *mut SSL, level: crypto::Level, alert: u8) -> c_int {
[INFO] [stdout]      | ^^^^^^ help: explicitly specify the C ABI: `extern "C"`
[INFO] [stdout] 
[INFO] [stdout] 
[INFO] [stdout] warning: extern declarations without an explicit ABI are deprecated
[INFO] [stdout]     --> quiche/src/tls.rs:1147:1
[INFO] [stdout]      |
[INFO] [stdout] 1147 | extern fn keylog(ssl: *const SSL, line: *const c_char) {
[INFO] [stdout]      | ^^^^^^ help: explicitly specify the C ABI: `extern "C"`
[INFO] [stdout] 
[INFO] [stdout] 
[INFO] [stdout] warning: extern declarations without an explicit ABI are deprecated
[INFO] [stdout]     --> quiche/src/tls.rs:1167:1
[INFO] [stdout]      |
[INFO] [stdout] 1167 | extern fn select_alpn(
[INFO] [stdout]      | ^^^^^^ help: explicitly specify the C ABI: `extern "C"`
[INFO] [stdout] 
[INFO] [stdout] 
[INFO] [stdout] warning: extern declarations without an explicit ABI are deprecated
[INFO] [stdout]     --> quiche/src/tls.rs:1216:1
[INFO] [stdout]      |
[INFO] [stdout] 1216 | extern fn new_session(ssl: *mut SSL, session: *mut SSL_SESSION) -> c_int {
[INFO] [stdout]      | ^^^^^^ help: explicitly specify the C ABI: `extern "C"`
[INFO] [stdout] 
[INFO] [stdout] 
[INFO] [stdout] warning: extern declarations without an explicit ABI are deprecated
[INFO] [stdout]     --> quiche/src/tls.rs:1309:1
[INFO] [stdout]      |
[INFO] [stdout] 1309 | extern {
[INFO] [stdout]      | ^^^^^^ help: explicitly specify the C ABI: `extern "C"`
[INFO] [stdout] 
[INFO] [stdout] 
[INFO] [stdout] warning: extern declarations without an explicit ABI are deprecated
[INFO] [stdout]     --> quiche/src/tls.rs:1338:20
[INFO] [stdout]      |
[INFO] [stdout] 1338 |             unsafe extern fn(ok: c_int, store_ctx: *mut X509_STORE_CTX) -> c_int,
[INFO] [stdout]      |                    ^^^^^^ help: explicitly specify the C ABI: `extern "C"`
[INFO] [stdout] 
[INFO] [stdout] 
[INFO] [stdout] warning: extern declarations without an explicit ABI are deprecated
[INFO] [stdout]     --> quiche/src/tls.rs:1344:27
[INFO] [stdout]      |
[INFO] [stdout] 1344 |         cb: Option<unsafe extern fn(ssl: *const SSL, line: *const c_char)>,
[INFO] [stdout]      |                           ^^^^^^ help: explicitly specify the C ABI: `extern "C"`
[INFO] [stdout] 
[INFO] [stdout] 
[INFO] [stdout] warning: extern declarations without an explicit ABI are deprecated
[INFO] [stdout]     --> quiche/src/tls.rs:1358:20
[INFO] [stdout]      |
[INFO] [stdout] 1358 |             unsafe extern fn(
[INFO] [stdout]      |                    ^^^^^^ help: explicitly specify the C ABI: `extern "C"`
[INFO] [stdout] 
[INFO] [stdout] 
[INFO] [stdout] warning: extern declarations without an explicit ABI are deprecated
[INFO] [stdout]     --> quiche/src/tls.rs:1377:20
[INFO] [stdout]      |
[INFO] [stdout] 1377 |             unsafe extern fn(ssl: *mut SSL, session: *mut SSL_SESSION) -> c_int,
[INFO] [stdout]      |                    ^^^^^^ help: explicitly specify the C ABI: `extern "C"`
[INFO] [stdout] 
[INFO] [stdout] 
[INFO] [stdout] warning: field `crypto_0rtt_seal` is never read
[INFO] [stdout]    --> quiche/src/packet.rs:877:9
[INFO] [stdout]     |
[INFO] [stdout] 856 | pub struct PktNumSpace {
[INFO] [stdout]     |            ----------- field in this struct
[INFO] [stdout] ...
[INFO] [stdout] 877 |     pub crypto_0rtt_seal: Option<crypto::Seal>,
[INFO] [stdout]     |         ^^^^^^^^^^^^^^^^
[INFO] [stdout]     |
[INFO] [stdout]     = note: `#[warn(dead_code)]` on by default
[INFO] [stdout] 
[INFO] [stdout] 
[INFO] [stderr]    Compiling quiche_apps v0.1.0 (/opt/rustwide/workdir/apps)
[INFO] [stderr]     Finished `dev` profile [unoptimized + debuginfo] target(s) in 40.38s
[INFO] running `Command { std: "docker" "inspect" "d2bda6e2aa7be983caf4edd72151e40404ea7c14ec8296142dbd610e63314117", kill_on_drop: false }`
[INFO] running `Command { std: "docker" "rm" "-f" "d2bda6e2aa7be983caf4edd72151e40404ea7c14ec8296142dbd610e63314117", kill_on_drop: false }`
[INFO] [stdout] d2bda6e2aa7be983caf4edd72151e40404ea7c14ec8296142dbd610e63314117
[INFO] running `Command { std: "docker" "create" "-v" "/var/lib/crater-agent-workspace/builds/worker-7-tc2/target:/opt/rustwide/target:rw,Z" "-v" "/var/lib/crater-agent-workspace/builds/worker-7-tc2/source:/opt/rustwide/workdir:ro,Z" "-v" "/var/lib/crater-agent-workspace/cargo-home:/opt/rustwide/cargo-home:ro,Z" "-v" "/var/lib/crater-agent-workspace/rustup-home:/opt/rustwide/rustup-home:ro,Z" "-e" "SOURCE_DIR=/opt/rustwide/workdir" "-e" "CARGO_TARGET_DIR=/opt/rustwide/target" "-e" "CARGO_INCREMENTAL=0" "-e" "RUST_BACKTRACE=full" "-e" "RUSTFLAGS=--cap-lints=forbid -Zrandomize-layout" "-e" "RUSTDOCFLAGS=--cap-lints=forbid" "-e" "CARGO_HOME=/opt/rustwide/cargo-home" "-e" "RUSTUP_HOME=/opt/rustwide/rustup-home" "-w" "/opt/rustwide/workdir" "-m" "1610612736" "--user" "0:0" "--network" "none" "ghcr.io/rust-lang/crates-build-env/linux@sha256:819108c5571ea2e421544af4d832f968d213c87fbe3707a016657f43d2f853bc" "/opt/rustwide/cargo-home/bin/cargo" "+nightly-2025-01-18" "test" "--frozen" "--no-run" "--message-format=json", kill_on_drop: false }`
[INFO] [stdout] 765c281f83ed206dbc72a5032ca674b998cfd31b13d4fee2cdd8a6371ceecd0c
[INFO] running `Command { std: "docker" "start" "-a" "765c281f83ed206dbc72a5032ca674b998cfd31b13d4fee2cdd8a6371ceecd0c", kill_on_drop: false }`
[INFO] [stderr]    Compiling idna v0.5.0
[INFO] [stderr]    Compiling octets v0.2.0 (/opt/rustwide/workdir/octets)
[INFO] [stderr]    Compiling qlog v0.11.0 (/opt/rustwide/workdir/qlog)
[INFO] [stdout] warning: extern declarations without an explicit ABI are deprecated
[INFO] [stdout]    --> quiche/src/crypto.rs:667:1
[INFO] [stdout]     |
[INFO] [stdout] 667 | extern {
[INFO] [stdout]     | ^^^^^^ help: explicitly specify the C ABI: `extern "C"`
[INFO] [stdout]     |
[INFO] [stdout]     = note: `#[warn(missing_abi)]` on by default
[INFO] [stdout] 
[INFO] [stdout] 
[INFO] [stdout] warning: extern declarations without an explicit ABI are deprecated
[INFO] [stdout]   --> quiche/src/rand.rs:62:1
[INFO] [stdout]    |
[INFO] [stdout] 62 | extern {
[INFO] [stdout]    | ^^^^^^ help: explicitly specify the C ABI: `extern "C"`
[INFO] [stdout] 
[INFO] [stdout] 
[INFO] [stdout] warning: extern declarations without an explicit ABI are deprecated
[INFO] [stdout]    --> quiche/src/tls.rs:126:16
[INFO] [stdout]     |
[INFO] [stdout] 126 |         unsafe extern fn(
[INFO] [stdout]     |                ^^^^^^ help: explicitly specify the C ABI: `extern "C"`
[INFO] [stdout] 
[INFO] [stdout] 
[INFO] [stdout] warning: extern declarations without an explicit ABI are deprecated
[INFO] [stdout]    --> quiche/src/tls.rs:136:16
[INFO] [stdout]     |
[INFO] [stdout] 136 |         unsafe extern fn(
[INFO] [stdout]     |                ^^^^^^ help: explicitly specify the C ABI: `extern "C"`
[INFO] [stdout] 
[INFO] [stdout] 
[INFO] [stdout] warning: extern declarations without an explicit ABI are deprecated
[INFO] [stdout]    --> quiche/src/tls.rs:146:16
[INFO] [stdout]     |
[INFO] [stdout] 146 |         unsafe extern fn(
[INFO] [stdout]     |                ^^^^^^ help: explicitly specify the C ABI: `extern "C"`
[INFO] [stdout] 
[INFO] [stdout] 
[INFO] [stdout] warning: extern declarations without an explicit ABI are deprecated
[INFO] [stdout]    --> quiche/src/tls.rs:154:26
[INFO] [stdout]     |
[INFO] [stdout] 154 |     flush_flight: Option<extern fn(ssl: *mut SSL) -> c_int>,
[INFO] [stdout]     |                          ^^^^^^ help: explicitly specify the C ABI: `extern "C"`
[INFO] [stdout] 
[INFO] [stdout] 
[INFO] [stdout] warning: extern declarations without an explicit ABI are deprecated
[INFO] [stdout]    --> quiche/src/tls.rs:157:9
[INFO] [stdout]     |
[INFO] [stdout] 157 |         extern fn(ssl: *mut SSL, level: crypto::Level, alert: u8) -> c_int,
[INFO] [stdout]     |         ^^^^^^ help: explicitly specify the C ABI: `extern "C"`
[INFO] [stdout] 
[INFO] [stdout] 
[INFO] [stdout] warning: extern declarations without an explicit ABI are deprecated
[INFO] [stdout]    --> quiche/src/tls.rs:982:1
[INFO] [stdout]     |
[INFO] [stdout] 982 | extern fn set_read_secret(
[INFO] [stdout]     | ^^^^^^ help: explicitly specify the C ABI: `extern "C"`
[INFO] [stdout] 
[INFO] [stdout] 
[INFO] [stdout] warning: extern declarations without an explicit ABI are deprecated
[INFO] [stdout]     --> quiche/src/tls.rs:1033:1
[INFO] [stdout]      |
[INFO] [stdout] 1033 | extern fn set_write_secret(
[INFO] [stdout]      | ^^^^^^ help: explicitly specify the C ABI: `extern "C"`
[INFO] [stdout] 
[INFO] [stdout] 
[INFO] [stdout] warning: extern declarations without an explicit ABI are deprecated
[INFO] [stdout]     --> quiche/src/tls.rs:1079:1
[INFO] [stdout]      |
[INFO] [stdout] 1079 | extern fn add_handshake_data(
[INFO] [stdout]      | ^^^^^^ help: explicitly specify the C ABI: `extern "C"`
[INFO] [stdout] 
[INFO] [stdout] 
[INFO] [stdout] warning: extern declarations without an explicit ABI are deprecated
[INFO] [stdout]     --> quiche/src/tls.rs:1115:1
[INFO] [stdout]      |
[INFO] [stdout] 1115 | extern fn flush_flight(_ssl: *mut SSL) -> c_int {
[INFO] [stdout]      | ^^^^^^ help: explicitly specify the C ABI: `extern "C"`
[INFO] [stdout] 
[INFO] [stdout] 
[INFO] [stdout] warning: extern declarations without an explicit ABI are deprecated
[INFO] [stdout]     --> quiche/src/tls.rs:1122:1
[INFO] [stdout]      |
[INFO] [stdout] 1122 | extern fn send_alert(ssl: *mut SSL, level: crypto::Level, alert: u8) -> c_int {
[INFO] [stdout]      | ^^^^^^ help: explicitly specify the C ABI: `extern "C"`
[INFO] [stdout] 
[INFO] [stdout] 
[INFO] [stdout] warning: extern declarations without an explicit ABI are deprecated
[INFO] [stdout]     --> quiche/src/tls.rs:1147:1
[INFO] [stdout]      |
[INFO] [stdout] 1147 | extern fn keylog(ssl: *const SSL, line: *const c_char) {
[INFO] [stdout]      | ^^^^^^ help: explicitly specify the C ABI: `extern "C"`
[INFO] [stdout] 
[INFO] [stdout] 
[INFO] [stdout] warning: extern declarations without an explicit ABI are deprecated
[INFO] [stdout]     --> quiche/src/tls.rs:1167:1
[INFO] [stdout]      |
[INFO] [stdout] 1167 | extern fn select_alpn(
[INFO] [stdout]      | ^^^^^^ help: explicitly specify the C ABI: `extern "C"`
[INFO] [stdout] 
[INFO] [stdout] 
[INFO] [stdout] warning: extern declarations without an explicit ABI are deprecated
[INFO] [stdout]     --> quiche/src/tls.rs:1216:1
[INFO] [stdout]      |
[INFO] [stdout] 1216 | extern fn new_session(ssl: *mut SSL, session: *mut SSL_SESSION) -> c_int {
[INFO] [stdout]      | ^^^^^^ help: explicitly specify the C ABI: `extern "C"`
[INFO] [stdout] 
[INFO] [stdout] 
[INFO] [stdout] warning: extern declarations without an explicit ABI are deprecated
[INFO] [stdout]     --> quiche/src/tls.rs:1309:1
[INFO] [stdout]      |
[INFO] [stdout] 1309 | extern {
[INFO] [stdout]      | ^^^^^^ help: explicitly specify the C ABI: `extern "C"`
[INFO] [stdout] 
[INFO] [stdout] 
[INFO] [stdout] warning: extern declarations without an explicit ABI are deprecated
[INFO] [stdout]     --> quiche/src/tls.rs:1338:20
[INFO] [stdout]      |
[INFO] [stdout] 1338 |             unsafe extern fn(ok: c_int, store_ctx: *mut X509_STORE_CTX) -> c_int,
[INFO] [stdout]      |                    ^^^^^^ help: explicitly specify the C ABI: `extern "C"`
[INFO] [stdout] 
[INFO] [stdout] 
[INFO] [stdout] warning: extern declarations without an explicit ABI are deprecated
[INFO] [stdout]     --> quiche/src/tls.rs:1344:27
[INFO] [stdout]      |
[INFO] [stdout] 1344 |         cb: Option<unsafe extern fn(ssl: *const SSL, line: *const c_char)>,
[INFO] [stdout]      |                           ^^^^^^ help: explicitly specify the C ABI: `extern "C"`
[INFO] [stdout] 
[INFO] [stdout] 
[INFO] [stdout] warning: extern declarations without an explicit ABI are deprecated
[INFO] [stdout]     --> quiche/src/tls.rs:1358:20
[INFO] [stdout]      |
[INFO] [stdout] 1358 |             unsafe extern fn(
[INFO] [stdout]      |                    ^^^^^^ help: explicitly specify the C ABI: `extern "C"`
[INFO] [stdout] 
[INFO] [stdout] 
[INFO] [stdout] warning: extern declarations without an explicit ABI are deprecated
[INFO] [stdout]     --> quiche/src/tls.rs:1377:20
[INFO] [stdout]      |
[INFO] [stdout] 1377 |             unsafe extern fn(ssl: *mut SSL, session: *mut SSL_SESSION) -> c_int,
[INFO] [stdout]      |                    ^^^^^^ help: explicitly specify the C ABI: `extern "C"`
[INFO] [stdout] 
[INFO] [stdout] 
[INFO] [stdout] warning: field `crypto_0rtt_seal` is never read
[INFO] [stdout]    --> quiche/src/packet.rs:877:9
[INFO] [stdout]     |
[INFO] [stdout] 856 | pub struct PktNumSpace {
[INFO] [stdout]     |            ----------- field in this struct
[INFO] [stdout] ...
[INFO] [stdout] 877 |     pub crypto_0rtt_seal: Option<crypto::Seal>,
[INFO] [stdout]     |         ^^^^^^^^^^^^^^^^
[INFO] [stdout]     |
[INFO] [stdout]     = note: `#[warn(dead_code)]` on by default
[INFO] [stdout] 
[INFO] [stdout] 
[INFO] [stderr]    Compiling quiche_apps v0.1.0 (/opt/rustwide/workdir/apps)
[INFO] [stderr]    Compiling url v2.5.0
[INFO] [stderr]    Compiling quiche v0.20.0 (/opt/rustwide/workdir/quiche)
[INFO] [stdout] warning: extern declarations without an explicit ABI are deprecated
[INFO] [stdout]    --> quiche/src/crypto.rs:667:1
[INFO] [stdout]     |
[INFO] [stdout] 667 | extern {
[INFO] [stdout]     | ^^^^^^ help: explicitly specify the C ABI: `extern "C"`
[INFO] [stdout]     |
[INFO] [stdout]     = note: `#[warn(missing_abi)]` on by default
[INFO] [stdout] 
[INFO] [stdout] 
[INFO] [stdout] warning: extern declarations without an explicit ABI are deprecated
[INFO] [stdout]   --> quiche/src/rand.rs:62:1
[INFO] [stdout]    |
[INFO] [stdout] 62 | extern {
[INFO] [stdout]    | ^^^^^^ help: explicitly specify the C ABI: `extern "C"`
[INFO] [stdout] 
[INFO] [stdout] 
[INFO] [stdout] warning: extern declarations without an explicit ABI are deprecated
[INFO] [stdout]    --> quiche/src/tls.rs:126:16
[INFO] [stdout]     |
[INFO] [stdout] 126 |         unsafe extern fn(
[INFO] [stdout]     |                ^^^^^^ help: explicitly specify the C ABI: `extern "C"`
[INFO] [stdout] 
[INFO] [stdout] 
[INFO] [stdout] warning: extern declarations without an explicit ABI are deprecated
[INFO] [stdout]    --> quiche/src/tls.rs:136:16
[INFO] [stdout]     |
[INFO] [stdout] 136 |         unsafe extern fn(
[INFO] [stdout]     |                ^^^^^^ help: explicitly specify the C ABI: `extern "C"`
[INFO] [stdout] 
[INFO] [stdout] 
[INFO] [stdout] warning: extern declarations without an explicit ABI are deprecated
[INFO] [stdout]    --> quiche/src/tls.rs:146:16
[INFO] [stdout]     |
[INFO] [stdout] 146 |         unsafe extern fn(
[INFO] [stdout]     |                ^^^^^^ help: explicitly specify the C ABI: `extern "C"`
[INFO] [stdout] 
[INFO] [stdout] 
[INFO] [stdout] warning: extern declarations without an explicit ABI are deprecated
[INFO] [stdout]    --> quiche/src/tls.rs:154:26
[INFO] [stdout]     |
[INFO] [stdout] 154 |     flush_flight: Option<extern fn(ssl: *mut SSL) -> c_int>,
[INFO] [stdout]     |                          ^^^^^^ help: explicitly specify the C ABI: `extern "C"`
[INFO] [stdout] 
[INFO] [stdout] 
[INFO] [stdout] warning: extern declarations without an explicit ABI are deprecated
[INFO] [stdout]    --> quiche/src/tls.rs:157:9
[INFO] [stdout]     |
[INFO] [stdout] 157 |         extern fn(ssl: *mut SSL, level: crypto::Level, alert: u8) -> c_int,
[INFO] [stdout]     |         ^^^^^^ help: explicitly specify the C ABI: `extern "C"`
[INFO] [stdout] 
[INFO] [stdout] 
[INFO] [stdout] warning: extern declarations without an explicit ABI are deprecated
[INFO] [stdout]    --> quiche/src/tls.rs:176:16
[INFO] [stdout]     |
[INFO] [stdout] 176 |         unsafe extern fn(
[INFO] [stdout]     |                ^^^^^^ help: explicitly specify the C ABI: `extern "C"`
[INFO] [stdout] 
[INFO] [stdout] 
[INFO] [stdout] warning: extern declarations without an explicit ABI are deprecated
[INFO] [stdout]    --> quiche/src/tls.rs:188:16
[INFO] [stdout]     |
[INFO] [stdout] 188 |         unsafe extern fn(
[INFO] [stdout]     |                ^^^^^^ help: explicitly specify the C ABI: `extern "C"`
[INFO] [stdout] 
[INFO] [stdout] 
[INFO] [stdout] warning: extern declarations without an explicit ABI are deprecated
[INFO] [stdout]    --> quiche/src/tls.rs:199:16
[INFO] [stdout]     |
[INFO] [stdout] 199 |         unsafe extern fn(
[INFO] [stdout]     |                ^^^^^^ help: explicitly specify the C ABI: `extern "C"`
[INFO] [stdout] 
[INFO] [stdout] 
[INFO] [stdout] warning: extern declarations without an explicit ABI are deprecated
[INFO] [stdout]    --> quiche/src/tls.rs:795:9
[INFO] [stdout]     |
[INFO] [stdout] 795 |         extern fn failing_sign(
[INFO] [stdout]     |         ^^^^^^ help: explicitly specify the C ABI: `extern "C"`
[INFO] [stdout] 
[INFO] [stdout] 
[INFO] [stdout] warning: extern declarations without an explicit ABI are deprecated
[INFO] [stdout]    --> quiche/src/tls.rs:802:9
[INFO] [stdout]     |
[INFO] [stdout] 802 |         extern fn failing_decrypt(
[INFO] [stdout]     |         ^^^^^^ help: explicitly specify the C ABI: `extern "C"`
[INFO] [stdout] 
[INFO] [stdout] 
[INFO] [stdout] warning: extern declarations without an explicit ABI are deprecated
[INFO] [stdout]    --> quiche/src/tls.rs:809:9
[INFO] [stdout]     |
[INFO] [stdout] 809 |         extern fn failing_complete(
[INFO] [stdout]     |         ^^^^^^ help: explicitly specify the C ABI: `extern "C"`
[INFO] [stdout] 
[INFO] [stdout] 
[INFO] [stdout] warning: extern declarations without an explicit ABI are deprecated
[INFO] [stdout]    --> quiche/src/tls.rs:982:1
[INFO] [stdout]     |
[INFO] [stdout] 982 | extern fn set_read_secret(
[INFO] [stdout]     | ^^^^^^ help: explicitly specify the C ABI: `extern "C"`
[INFO] [stdout] 
[INFO] [stdout] 
[INFO] [stdout] warning: extern declarations without an explicit ABI are deprecated
[INFO] [stdout]     --> quiche/src/tls.rs:1033:1
[INFO] [stdout]      |
[INFO] [stdout] 1033 | extern fn set_write_secret(
[INFO] [stdout]      | ^^^^^^ help: explicitly specify the C ABI: `extern "C"`
[INFO] [stdout] 
[INFO] [stdout] 
[INFO] [stdout] warning: extern declarations without an explicit ABI are deprecated
[INFO] [stdout]     --> quiche/src/tls.rs:1079:1
[INFO] [stdout]      |
[INFO] [stdout] 1079 | extern fn add_handshake_data(
[INFO] [stdout]      | ^^^^^^ help: explicitly specify the C ABI: `extern "C"`
[INFO] [stdout] 
[INFO] [stdout] 
[INFO] [stdout] warning: extern declarations without an explicit ABI are deprecated
[INFO] [stdout]     --> quiche/src/tls.rs:1115:1
[INFO] [stdout]      |
[INFO] [stdout] 1115 | extern fn flush_flight(_ssl: *mut SSL) -> c_int {
[INFO] [stdout]      | ^^^^^^ help: explicitly specify the C ABI: `extern "C"`
[INFO] [stdout] 
[INFO] [stdout] 
[INFO] [stdout] warning: extern declarations without an explicit ABI are deprecated
[INFO] [stdout]     --> quiche/src/tls.rs:1122:1
[INFO] [stdout]      |
[INFO] [stdout] 1122 | extern fn send_alert(ssl: *mut SSL, level: crypto::Level, alert: u8) -> c_int {
[INFO] [stdout]      | ^^^^^^ help: explicitly specify the C ABI: `extern "C"`
[INFO] [stdout] 
[INFO] [stdout] 
[INFO] [stdout] warning: extern declarations without an explicit ABI are deprecated
[INFO] [stdout]     --> quiche/src/tls.rs:1147:1
[INFO] [stdout]      |
[INFO] [stdout] 1147 | extern fn keylog(ssl: *const SSL, line: *const c_char) {
[INFO] [stdout]      | ^^^^^^ help: explicitly specify the C ABI: `extern "C"`
[INFO] [stdout] 
[INFO] [stdout] 
[INFO] [stdout] warning: extern declarations without an explicit ABI are deprecated
[INFO] [stdout]     --> quiche/src/tls.rs:1167:1
[INFO] [stdout]      |
[INFO] [stdout] 1167 | extern fn select_alpn(
[INFO] [stdout]      | ^^^^^^ help: explicitly specify the C ABI: `extern "C"`
[INFO] [stdout] 
[INFO] [stdout] 
[INFO] [stdout] warning: extern declarations without an explicit ABI are deprecated
[INFO] [stdout]     --> quiche/src/tls.rs:1216:1
[INFO] [stdout]      |
[INFO] [stdout] 1216 | extern fn new_session(ssl: *mut SSL, session: *mut SSL_SESSION) -> c_int {
[INFO] [stdout]      | ^^^^^^ help: explicitly specify the C ABI: `extern "C"`
[INFO] [stdout] 
[INFO] [stdout] 
[INFO] [stdout] warning: extern declarations without an explicit ABI are deprecated
[INFO] [stdout]     --> quiche/src/tls.rs:1309:1
[INFO] [stdout]      |
[INFO] [stdout] 1309 | extern {
[INFO] [stdout]      | ^^^^^^ help: explicitly specify the C ABI: `extern "C"`
[INFO] [stdout] 
[INFO] [stdout] 
[INFO] [stdout] warning: extern declarations without an explicit ABI are deprecated
[INFO] [stdout]     --> quiche/src/tls.rs:1338:20
[INFO] [stdout]      |
[INFO] [stdout] 1338 |             unsafe extern fn(ok: c_int, store_ctx: *mut X509_STORE_CTX) -> c_int,
[INFO] [stdout]      |                    ^^^^^^ help: explicitly specify the C ABI: `extern "C"`
[INFO] [stdout] 
[INFO] [stdout] 
[INFO] [stdout] warning: extern declarations without an explicit ABI are deprecated
[INFO] [stdout]     --> quiche/src/tls.rs:1344:27
[INFO] [stdout]      |
[INFO] [stdout] 1344 |         cb: Option<unsafe extern fn(ssl: *const SSL, line: *const c_char)>,
[INFO] [stdout]      |                           ^^^^^^ help: explicitly specify the C ABI: `extern "C"`
[INFO] [stdout] 
[INFO] [stdout] 
[INFO] [stdout] warning: extern declarations without an explicit ABI are deprecated
[INFO] [stdout]     --> quiche/src/tls.rs:1358:20
[INFO] [stdout]      |
[INFO] [stdout] 1358 |             unsafe extern fn(
[INFO] [stdout]      |                    ^^^^^^ help: explicitly specify the C ABI: `extern "C"`
[INFO] [stdout] 
[INFO] [stdout] 
[INFO] [stdout] warning: extern declarations without an explicit ABI are deprecated
[INFO] [stdout]     --> quiche/src/tls.rs:1377:20
[INFO] [stdout]      |
[INFO] [stdout] 1377 |             unsafe extern fn(ssl: *mut SSL, session: *mut SSL_SESSION) -> c_int,
[INFO] [stdout]      |                    ^^^^^^ help: explicitly specify the C ABI: `extern "C"`
[INFO] [stdout] 
[INFO] [stdout] 
[INFO] [stdout] warning: field `crypto_0rtt_seal` is never read
[INFO] [stdout]    --> quiche/src/packet.rs:877:9
[INFO] [stdout]     |
[INFO] [stdout] 856 | pub struct PktNumSpace {
[INFO] [stdout]     |            ----------- field in this struct
[INFO] [stdout] ...
[INFO] [stdout] 877 |     pub crypto_0rtt_seal: Option<crypto::Seal>,
[INFO] [stdout]     |         ^^^^^^^^^^^^^^^^
[INFO] [stdout]     |
[INFO] [stdout]     = note: `#[warn(dead_code)]` on by default
[INFO] [stdout] 
[INFO] [stdout] 
[INFO] [stderr]     Finished `test` profile [unoptimized + debuginfo] target(s) in 7.26s
[INFO] running `Command { std: "docker" "inspect" "765c281f83ed206dbc72a5032ca674b998cfd31b13d4fee2cdd8a6371ceecd0c", kill_on_drop: false }`
[INFO] running `Command { std: "docker" "rm" "-f" "765c281f83ed206dbc72a5032ca674b998cfd31b13d4fee2cdd8a6371ceecd0c", kill_on_drop: false }`
[INFO] [stdout] 765c281f83ed206dbc72a5032ca674b998cfd31b13d4fee2cdd8a6371ceecd0c
[INFO] running `Command { std: "docker" "create" "-v" "/var/lib/crater-agent-workspace/builds/worker-7-tc2/target:/opt/rustwide/target:rw,Z" "-v" "/var/lib/crater-agent-workspace/builds/worker-7-tc2/source:/opt/rustwide/workdir:ro,Z" "-v" "/var/lib/crater-agent-workspace/cargo-home:/opt/rustwide/cargo-home:ro,Z" "-v" "/var/lib/crater-agent-workspace/rustup-home:/opt/rustwide/rustup-home:ro,Z" "-e" "SOURCE_DIR=/opt/rustwide/workdir" "-e" "CARGO_TARGET_DIR=/opt/rustwide/target" "-e" "CARGO_INCREMENTAL=0" "-e" "RUST_BACKTRACE=full" "-e" "RUSTFLAGS=--cap-lints=forbid -Zrandomize-layout" "-e" "RUSTDOCFLAGS=--cap-lints=forbid" "-e" "CARGO_HOME=/opt/rustwide/cargo-home" "-e" "RUSTUP_HOME=/opt/rustwide/rustup-home" "-w" "/opt/rustwide/workdir" "-m" "1610612736" "--user" "0:0" "--network" "none" "ghcr.io/rust-lang/crates-build-env/linux@sha256:819108c5571ea2e421544af4d832f968d213c87fbe3707a016657f43d2f853bc" "/opt/rustwide/cargo-home/bin/cargo" "+nightly-2025-01-18" "test" "--frozen", kill_on_drop: false }`
[INFO] [stdout] 2ea7734ef3aa05bb41250b9431f160b62bca076b67e90894c7daf67354de5abc
[INFO] running `Command { std: "docker" "start" "-a" "2ea7734ef3aa05bb41250b9431f160b62bca076b67e90894c7daf67354de5abc", kill_on_drop: false }`
[INFO] [stderr] warning: extern declarations without an explicit ABI are deprecated
[INFO] [stderr]    --> quiche/src/crypto.rs:667:1
[INFO] [stderr]     |
[INFO] [stderr] 667 | extern {
[INFO] [stderr]     | ^^^^^^ help: explicitly specify the C ABI: `extern "C"`
[INFO] [stderr]     |
[INFO] [stderr]     = note: `#[warn(missing_abi)]` on by default
[INFO] [stderr] 
[INFO] [stderr] warning: extern declarations without an explicit ABI are deprecated
[INFO] [stderr]   --> quiche/src/rand.rs:62:1
[INFO] [stderr]    |
[INFO] [stderr] 62 | extern {
[INFO] [stderr]    | ^^^^^^ help: explicitly specify the C ABI: `extern "C"`
[INFO] [stderr] 
[INFO] [stderr] warning: extern declarations without an explicit ABI are deprecated
[INFO] [stderr]    --> quiche/src/tls.rs:126:16
[INFO] [stderr]     |
[INFO] [stderr] 126 |         unsafe extern fn(
[INFO] [stderr]     |                ^^^^^^ help: explicitly specify the C ABI: `extern "C"`
[INFO] [stderr] 
[INFO] [stderr] warning: extern declarations without an explicit ABI are deprecated
[INFO] [stderr]    --> quiche/src/tls.rs:136:16
[INFO] [stderr]     |
[INFO] [stderr] 136 |         unsafe extern fn(
[INFO] [stderr]     |                ^^^^^^ help: explicitly specify the C ABI: `extern "C"`
[INFO] [stderr] 
[INFO] [stderr] warning: extern declarations without an explicit ABI are deprecated
[INFO] [stderr]    --> quiche/src/tls.rs:146:16
[INFO] [stderr]     |
[INFO] [stderr] 146 |         unsafe extern fn(
[INFO] [stderr]     |                ^^^^^^ help: explicitly specify the C ABI: `extern "C"`
[INFO] [stderr] 
[INFO] [stderr] warning: extern declarations without an explicit ABI are deprecated
[INFO] [stderr]    --> quiche/src/tls.rs:154:26
[INFO] [stderr]     |
[INFO] [stderr] 154 |     flush_flight: Option<extern fn(ssl: *mut SSL) -> c_int>,
[INFO] [stderr]     |                          ^^^^^^ help: explicitly specify the C ABI: `extern "C"`
[INFO] [stderr] 
[INFO] [stderr] warning: extern declarations without an explicit ABI are deprecated
[INFO] [stderr]    --> quiche/src/tls.rs:157:9
[INFO] [stderr]     |
[INFO] [stderr] 157 |         extern fn(ssl: *mut SSL, level: crypto::Level, alert: u8) -> c_int,
[INFO] [stderr]     |         ^^^^^^ help: explicitly specify the C ABI: `extern "C"`
[INFO] [stderr] 
[INFO] [stderr] warning: extern declarations without an explicit ABI are deprecated
[INFO] [stderr]    --> quiche/src/tls.rs:982:1
[INFO] [stderr]     |
[INFO] [stderr] 982 | extern fn set_read_secret(
[INFO] [stderr]     | ^^^^^^ help: explicitly specify the C ABI: `extern "C"`
[INFO] [stderr] 
[INFO] [stderr] warning: extern declarations without an explicit ABI are deprecated
[INFO] [stderr]     --> quiche/src/tls.rs:1033:1
[INFO] [stderr]      |
[INFO] [stderr] 1033 | extern fn set_write_secret(
[INFO] [stderr]      | ^^^^^^ help: explicitly specify the C ABI: `extern "C"`
[INFO] [stderr] 
[INFO] [stderr] warning: extern declarations without an explicit ABI are deprecated
[INFO] [stderr]     --> quiche/src/tls.rs:1079:1
[INFO] [stderr]      |
[INFO] [stderr] 1079 | extern fn add_handshake_data(
[INFO] [stderr]      | ^^^^^^ help: explicitly specify the C ABI: `extern "C"`
[INFO] [stderr] 
[INFO] [stderr] warning: extern declarations without an explicit ABI are deprecated
[INFO] [stderr]     --> quiche/src/tls.rs:1115:1
[INFO] [stderr]      |
[INFO] [stderr] 1115 | extern fn flush_flight(_ssl: *mut SSL) -> c_int {
[INFO] [stderr]      | ^^^^^^ help: explicitly specify the C ABI: `extern "C"`
[INFO] [stderr] 
[INFO] [stderr] warning: extern declarations without an explicit ABI are deprecated
[INFO] [stderr]     --> quiche/src/tls.rs:1122:1
[INFO] [stderr]      |
[INFO] [stderr] 1122 | extern fn send_alert(ssl: *mut SSL, level: crypto::Level, alert: u8) -> c_int {
[INFO] [stderr]      | ^^^^^^ help: explicitly specify the C ABI: `extern "C"`
[INFO] [stderr] 
[INFO] [stderr] warning: extern declarations without an explicit ABI are deprecated
[INFO] [stderr]     --> quiche/src/tls.rs:1147:1
[INFO] [stderr]      |
[INFO] [stderr] 1147 | extern fn keylog(ssl: *const SSL, line: *const c_char) {
[INFO] [stderr]      | ^^^^^^ help: explicitly specify the C ABI: `extern "C"`
[INFO] [stderr] 
[INFO] [stderr] warning: extern declarations without an explicit ABI are deprecated
[INFO] [stderr]     --> quiche/src/tls.rs:1167:1
[INFO] [stderr]      |
[INFO] [stderr] 1167 | extern fn select_alpn(
[INFO] [stderr]      | ^^^^^^ help: explicitly specify the C ABI: `extern "C"`
[INFO] [stderr] 
[INFO] [stderr] warning: extern declarations without an explicit ABI are deprecated
[INFO] [stderr]     --> quiche/src/tls.rs:1216:1
[INFO] [stderr]      |
[INFO] [stderr] 1216 | extern fn new_session(ssl: *mut SSL, session: *mut SSL_SESSION) -> c_int {
[INFO] [stderr]      | ^^^^^^ help: explicitly specify the C ABI: `extern "C"`
[INFO] [stderr] 
[INFO] [stderr] warning: extern declarations without an explicit ABI are deprecated
[INFO] [stderr]     --> quiche/src/tls.rs:1309:1
[INFO] [stderr]      |
[INFO] [stderr] 1309 | extern {
[INFO] [stderr]      | ^^^^^^ help: explicitly specify the C ABI: `extern "C"`
[INFO] [stderr] 
[INFO] [stderr] warning: extern declarations without an explicit ABI are deprecated
[INFO] [stderr]     --> quiche/src/tls.rs:1338:20
[INFO] [stderr]      |
[INFO] [stderr] 1338 |             unsafe extern fn(ok: c_int, store_ctx: *mut X509_STORE_CTX) -> c_int,
[INFO] [stderr]      |                    ^^^^^^ help: explicitly specify the C ABI: `extern "C"`
[INFO] [stderr] 
[INFO] [stderr] warning: extern declarations without an explicit ABI are deprecated
[INFO] [stderr]     --> quiche/src/tls.rs:1344:27
[INFO] [stderr]      |
[INFO] [stderr] 1344 |         cb: Option<unsafe extern fn(ssl: *const SSL, line: *const c_char)>,
[INFO] [stderr]      |                           ^^^^^^ help: explicitly specify the C ABI: `extern "C"`
[INFO] [stderr] 
[INFO] [stderr] warning: extern declarations without an explicit ABI are deprecated
[INFO] [stderr]     --> quiche/src/tls.rs:1358:20
[INFO] [stderr]      |
[INFO] [stderr] 1358 |             unsafe extern fn(
[INFO] [stderr]      |                    ^^^^^^ help: explicitly specify the C ABI: `extern "C"`
[INFO] [stderr] 
[INFO] [stderr] warning: extern declarations without an explicit ABI are deprecated
[INFO] [stderr]     --> quiche/src/tls.rs:1377:20
[INFO] [stderr]      |
[INFO] [stderr] 1377 |             unsafe extern fn(ssl: *mut SSL, session: *mut SSL_SESSION) -> c_int,
[INFO] [stderr]      |                    ^^^^^^ help: explicitly specify the C ABI: `extern "C"`
[INFO] [stderr] 
[INFO] [stderr] warning: field `crypto_0rtt_seal` is never read
[INFO] [stderr]    --> quiche/src/packet.rs:877:9
[INFO] [stderr]     |
[INFO] [stderr] 856 | pub struct PktNumSpace {
[INFO] [stderr]     |            ----------- field in this struct
[INFO] [stderr] ...
[INFO] [stderr] 877 |     pub crypto_0rtt_seal: Option<crypto::Seal>,
[INFO] [stderr]     |         ^^^^^^^^^^^^^^^^
[INFO] [stderr]     |
[INFO] [stderr]     = note: `#[warn(dead_code)]` on by default
[INFO] [stderr] 
[INFO] [stderr] warning: extern declarations without an explicit ABI are deprecated
[INFO] [stderr]    --> quiche/src/tls.rs:176:16
[INFO] [stderr]     |
[INFO] [stderr] 176 |         unsafe extern fn(
[INFO] [stderr]     |                ^^^^^^ help: explicitly specify the C ABI: `extern "C"`
[INFO] [stderr] 
[INFO] [stderr] warning: extern declarations without an explicit ABI are deprecated
[INFO] [stderr]    --> quiche/src/tls.rs:188:16
[INFO] [stderr]     |
[INFO] [stderr] 188 |         unsafe extern fn(
[INFO] [stderr]     |                ^^^^^^ help: explicitly specify the C ABI: `extern "C"`
[INFO] [stderr] 
[INFO] [stderr] warning: extern declarations without an explicit ABI are deprecated
[INFO] [stderr]    --> quiche/src/tls.rs:199:16
[INFO] [stderr]     |
[INFO] [stderr] 199 |         unsafe extern fn(
[INFO] [stderr]     |                ^^^^^^ help: explicitly specify the C ABI: `extern "C"`
[INFO] [stderr] 
[INFO] [stderr] warning: extern declarations without an explicit ABI are deprecated
[INFO] [stderr]    --> quiche/src/tls.rs:795:9
[INFO] [stderr]     |
[INFO] [stderr] 795 |         extern fn failing_sign(
[INFO] [stderr]     |         ^^^^^^ help: explicitly specify the C ABI: `extern "C"`
[INFO] [stderr] 
[INFO] [stderr] warning: extern declarations without an explicit ABI are deprecated
[INFO] [stderr]    --> quiche/src/tls.rs:802:9
[INFO] [stderr]     |
[INFO] [stderr] 802 |         extern fn failing_decrypt(
[INFO] [stderr]     |         ^^^^^^ help: explicitly specify the C ABI: `extern "C"`
[INFO] [stderr] 
[INFO] [stderr] warning: extern declarations without an explicit ABI are deprecated
[INFO] [stderr]    --> quiche/src/tls.rs:809:9
[INFO] [stderr]     |
[INFO] [stderr] 809 |         extern fn failing_complete(
[INFO] [stderr]     |         ^^^^^^ help: explicitly specify the C ABI: `extern "C"`
[INFO] [stderr] 
[INFO] [stderr] warning: `quiche` (lib) generated 21 warnings (run `cargo fix --lib -p quiche` to apply 20 suggestions)
[INFO] [stderr] warning: `quiche` (lib test) generated 27 warnings (21 duplicates) (run `cargo fix --lib -p quiche --tests` to apply 6 suggestions)
[INFO] [stderr]     Finished `test` profile [unoptimized + debuginfo] target(s) in 0.14s
[INFO] [stderr]      Running unittests src/lib.rs (/opt/rustwide/target/debug/deps/octets-11aa9aea3482c051)
[INFO] [stdout] 
[INFO] [stdout] running 20 tests
[INFO] [stdout] test tests::get_bytes ... ok
[INFO] [stdout] test tests::get_u ... ok
[INFO] [stdout] test tests::get_u_mut ... ok
[INFO] [stdout] test tests::get_bytes_mut ... ok
[INFO] [stdout] test tests::get_varint ... ok
[INFO] [stdout] test tests::peek_bytes ... ok
[INFO] [stdout] test tests::peek_bytes_mut ... ok
[INFO] [stdout] test tests::peek_u ... ok
[INFO] [stdout] test tests::get_varint_mut ... ok
[INFO] [stdout] test tests::put_bytes ... ok
[INFO] [stdout] test tests::put_u ... ok
[INFO] [stdout] test tests::peek_u_mut ... ok
[INFO] [stdout] test tests::put_varint ... ok
[INFO] [stdout] test tests::slice ... ok
[INFO] [stdout] test tests::slice_last ... ok
[INFO] [stdout] test tests::slice_last_mut ... ok
[INFO] [stdout] test tests::slice_mut ... ok
[INFO] [stdout] test tests::split ... ok
[INFO] [stdout] test tests::split_at ... ok
[INFO] [stdout] test tests::varint_too_large - should panic ... ok
[INFO] [stderr]      Running unittests src/lib.rs (/opt/rustwide/target/debug/deps/qlog-d0463a7de2b22f24)
[INFO] [stdout] 
[INFO] [stdout] test result: ok. 20 passed; 0 failed; 0 ignored; 0 measured; 0 filtered out; finished in 0.03s
[INFO] [stdout] 
[INFO] [stdout] 
[INFO] [stdout] running 9 tests
[INFO] [stdout] test streamer::tests::stream_json_event ... ok
[INFO] [stdout] test streamer::tests::stream_data_ex ... ok
[INFO] [stdout] test tests::packet_sent_event_some_frames ... ok
[INFO] [stdout] test tests::packet_sent_event_no_frames ... ok
[INFO] [stdout] test events::quic::tests::packet_header ... ok
[INFO] [stdout] test streamer::tests::serialization_states ... ok
[INFO] [stdout] test tests::trace_seq_no_events ... ok
[INFO] [stdout] test tests::trace_single_transport_event ... ok
[INFO] [stdout] test tests::trace_no_events ... ok
[INFO] [stdout] 
[INFO] [stdout] test result: ok. 9 passed; 0 failed; 0 ignored; 0 measured; 0 filtered out; finished in 0.00s
[INFO] [stdout] 
[INFO] [stderr]      Running unittests src/lib.rs (/opt/rustwide/target/debug/deps/quiche-fab0db3ee60a01e9)
[INFO] [stdout] 
[INFO] [stdout] running 462 tests
[INFO] [stdout] test cid::tests::retire_scids ... ok
[INFO] [stdout] test cid::tests::ids_new_scids ... ok
[INFO] [stdout] test crypto::tests::derive_chacha20_secrets ... ok
[INFO] [stdout] test crypto::tests::derive_initial_secrets_v1 ... ok
[INFO] [stdout] test flowcontrol::tests::autotune_window ... ok
[INFO] [stdout] test cid::tests::new_dcid_event ... ok
[INFO] [stdout] test flowcontrol::tests::ensure_window_lower_bound ... ok
[INFO] [stdout] test flowcontrol::tests::max_data_next ... ok
[INFO] [stdout] test flowcontrol::tests::update_max_data ... ok
[INFO] [stdout] test frame::tests::ack ... ok
[INFO] [stdout] test frame::tests::ack_ecn ... ok
[INFO] [stdout] test frame::tests::application_close ... ok
[INFO] [stdout] test frame::tests::connection_close ... ok
[INFO] [stdout] test frame::tests::crypto ... ok
[INFO] [stdout] test frame::tests::data_blocked ... ok
[INFO] [stdout] test frame::tests::max_data ... ok
[INFO] [stdout] test frame::tests::datagram ... ok
[INFO] [stdout] test frame::tests::max_stream_data ... ok
[INFO] [stdout] test frame::tests::max_streams_bidi ... ok
[INFO] [stdout] test frame::tests::max_streams_uni ... ok
[INFO] [stdout] test frame::tests::new_token ... ok
[INFO] [stdout] test frame::tests::handshake_done ... ok
[INFO] [stdout] test frame::tests::path_challenge ... ok
[INFO] [stdout] test frame::tests::path_response ... ok
[INFO] [stdout] test frame::tests::ping ... ok
[INFO] [stdout] test frame::tests::reset_stream ... ok
[INFO] [stdout] test frame::tests::retire_connection_id ... ok
[INFO] [stdout] test frame::tests::new_connection_id ... ok
[INFO] [stdout] test frame::tests::stop_sending ... ok
[INFO] [stdout] test frame::tests::stream ... ok
[INFO] [stdout] test frame::tests::stream_data_blocked ... ok
[INFO] [stdout] test frame::tests::padding ... ok
[INFO] [stdout] test frame::tests::stream_too_big ... ok
[INFO] [stdout] test frame::tests::streams_blocked_bidi ... ok
[INFO] [stdout] test flowcontrol::tests::max_data ... ok
[INFO] [stdout] test flowcontrol::tests::should_update_max_data ... ok
[INFO] [stdout] test h3::frame::tests::max_push_id ... ok
[INFO] [stdout] test h3::frame::tests::data ... ok
[INFO] [stdout] test h3::frame::tests::headers ... ok
[INFO] [stdout] test h3::frame::tests::priority_update_push ... ok
[INFO] [stdout] test h3::frame::tests::cancel_push ... ok
[INFO] [stdout] test frame::tests::streams_blocked_uni ... ok
[INFO] [stdout] test h3::frame::tests::goaway ... ok
[INFO] [stdout] test h3::frame::tests::settings_h2_prohibited ... ok
[INFO] [stdout] test h3::frame::tests::settings_h3_connect_protocol_enabled ... ok
[INFO] [stdout] test h3::frame::tests::priority_update_request ... ok
[INFO] [stdout] test h3::frame::tests::settings_h3_connect_protocol_enabled_bad ... ok
[INFO] [stdout] test h3::frame::tests::settings_h3_dgram_bad ... ok
[INFO] [stdout] test h3::frame::tests::settings_all_grease ... ok
[INFO] [stdout] test h3::frame::tests::settings_h3_dgram_only ... ok
[INFO] [stdout] test h3::frame::tests::settings_h3_only ... ok
[INFO] [stdout] test h3::frame::tests::push_promise ... ok
[INFO] [stdout] test h3::frame::tests::settings_too_big ... ok
[INFO] [stdout] test h3::frame::tests::settings_all_no_grease ... ok
[INFO] [stdout] test h3::frame::tests::settings_qpack_only ... ok
[INFO] [stdout] test h3::frame::tests::unknown_type ... ok
[INFO] [stdout] test h3::qpack::decoder::tests::decode_int1 ... ok
[INFO] [stdout] test h3::qpack::decoder::tests::decode_int2 ... ok
[INFO] [stdout] test h3::qpack::encoder::tests::encode_int1 ... ok
[INFO] [stdout] test h3::qpack::encoder::tests::encode_int3 ... ok
[INFO] [stdout] test h3::qpack::encoder::tests::encode_int2 ... ok
[INFO] [stdout] test h3::qpack::encoder::tests::encode_static_header ... ok
[INFO] [stdout] test h3::qpack::encoder::tests::encode_static_header_name_only ... ok
[INFO] [stdout] test h3::qpack::decoder::tests::decode_int3 ... ok
[INFO] [stdout] test h3::qpack::tests::extended_ascii_range ... ok
[INFO] [stdout] test h3::qpack::tests::encode_decode ... ok
[INFO] [stdout] test h3::qpack::tests::lower_ascii_range ... ok
[INFO] [stdout] test h3::stream::tests::control_bad_frame ... ok
[INFO] [stdout] test h3::stream::tests::control_bad_late_settings ... ok
[INFO] [stdout] test h3::qpack::tests::lower_case ... ok
[INFO] [stdout] test h3::stream::tests::control_bad_multiple_settings ... ok
[INFO] [stdout] test h3::stream::tests::control_good ... ok
[INFO] [stdout] test h3::stream::tests::grease ... ok
[INFO] [stdout] test h3::stream::tests::control_empty_settings ... ok
[INFO] [stdout] test h3::stream::tests::data_before_headers ... ok
[INFO] [stdout] test h3::stream::tests::push_good ... ok
[INFO] [stdout] test h3::stream::tests::request_no_data ... ok
[INFO] [stdout] test h3::stream::tests::zero_length_cancel_push ... ok
[INFO] [stdout] test h3::stream::tests::zero_length_goaway ... ok
[INFO] [stdout] test h3::stream::tests::request_good ... ok
[INFO] [stdout] test h3::stream::tests::zero_length_max_push_id ... ok
[INFO] [stdout] test h3::stream::tests::zero_length_push_promise ... ok
[INFO] [stdout] test h3::tests::data_before_headers ... ok
[INFO] [stdout] test h3::tests::client_request_after_goaway ... ok
[INFO] [stdout] test h3::tests::close_qpack_stream ... ok
[INFO] [stdout] test h3::tests::cancel_push_from_client ... ok
[INFO] [stdout] test h3::tests::empty_settings ... ok
[INFO] [stdout] test h3::tests::finished_once ... ok
[INFO] [stdout] test h3::tests::cancel_push_from_client_bad_stream ... ok
[INFO] [stdout] test h3::tests::goaway_from_server_good ... ok
[INFO] [stdout] test h3::tests::body_response_before_headers ... ok
[INFO] [stdout] test h3::tests::grease_value_in_varint_limit ... ok
[INFO] [stdout] test h3::tests::close_control_stream ... ok
[INFO] [stdout] test h3::tests::finished_is_for_requests ... ok
[INFO] [stdout] test h3::tests::dgram_setting ... ok
[INFO] [stdout] test h3::tests::dgram_event_rearm ... ok
[INFO] [stdout] test h3::tests::cancel_push_from_server ... ok
[INFO] [stdout] test h3::tests::goaway_from_client_good ... ok
[INFO] [stdout] test h3::tests::dgram_setting_no_tp ... ok
[INFO] [stdout] test h3::tests::parse_priority_field_value ... ok
[INFO] [stdout] test h3::tests::h3_handshake_0rtt ... ok
[INFO] [stdout] test h3::tests::data_event_rearm ... ok
[INFO] [stdout] test h3::tests::goaway_from_server_increase_id ... ok
[INFO] [stdout] test h3::tests::max_push_id_from_client_good ... ok
[INFO] [stdout] test h3::tests::headers_blocked ... ok
[INFO] [stdout] test h3::tests::many_requests_many_chunks_response_one_chunk ... ok
[INFO] [stdout] test h3::tests::multiple_dgram_overflow ... ok
[INFO] [stdout] test h3::tests::max_push_id_from_client_limit_reduction ... ok
[INFO] [stdout] test h3::tests::goaway_from_server_invalid_id ... ok
[INFO] [stdout] test h3::tests::poll_after_error ... ok
[INFO] [stdout] test h3::tests::poll_datagram_cycling_no_read ... ok
[INFO] [stdout] test h3::tests::open_multiple_control_streams ... ok
[INFO] [stdout] test h3::tests::poll_datagram_multi_read ... ok
[INFO] [stdout] test h3::tests::max_push_id_from_server ... ok
[INFO] [stdout] test h3::tests::multiple_dgram ... ok
[INFO] [stdout] test h3::tests::headers_blocked_on_conn ... ok
[INFO] [stdout] test h3::tests::max_push_id_from_client_bad_stream ... ok
[INFO] [stdout] test h3::tests::priority_update_push_bad_stream ... ok
[INFO] [stdout] test h3::tests::max_state_buf_size ... ok
[INFO] [stdout] test h3::tests::priority_update_push ... ok
[INFO] [stdout] test h3::tests::priority_update_request ... ok
[INFO] [stdout] test h3::tests::priority_update_request_from_server ... ok
[INFO] [stdout] test h3::tests::poll_datagram_single_read ... ok
[INFO] [stdout] test h3::tests::request_many_chunks_response_no_body ... ok
[INFO] [stdout] test h3::tests::priority_update_request_collected_completed ... ok
[INFO] [stdout] test h3::tests::priority_update_push_from_server ... ok
[INFO] [stdout] test h3::tests::priority_update_request_bad_stream ... ok
[INFO] [stdout] test h3::tests::priority_update_request_multiple_stream_arm_single_flight ... ok
[INFO] [stdout] test h3::tests::priority_update_request_collected_stopped ... ok
[INFO] [stdout] test h3::tests::priority_update_single_stream_rearm ... ok
[INFO] [stdout] test h3::tests::push_promise_from_client ... ok
[INFO] [stdout] test h3::tests::priority_update_request_multiple_stream_arm_multiple_flights ... ok
[INFO] [stdout] test h3::tests::qpack_data ... ok
[INFO] [stdout] test h3::tests::request_no_body_response_many_chunks ... ok
[INFO] [stdout] test h3::tests::request_max_header_size_limit ... ok
[INFO] [stdout] test h3::tests::request_one_chunk_response_no_body ... ok
[INFO] [stdout] test h3::tests::request_no_body_response_no_body ... ok
[INFO] [stdout] test h3::tests::uni_stream_local_counting ... ok
[INFO] [stdout] test h3::tests::request_no_body_response_one_chunk ... ok
[INFO] [stdout] test h3::tests::reset_stream ... ok
[INFO] [stdout] test h3::tests::request_no_body_response_one_chunk_empty_fin ... ok
[INFO] [stdout] test h3::tests::request_no_body_response_no_body_with_grease ... ok
[INFO] [stdout] test minmax::tests::get_windowed_max_bandwidth ... ok
[INFO] [stdout] test minmax::tests::get_windowed_max_estimates_bandwidth ... ok
[INFO] [stdout] test minmax::tests::get_windowed_max_estimates_rtt ... ok
[INFO] [stdout] test minmax::tests::get_windowed_max_rtt ... ok
[INFO] [stdout] test minmax::tests::get_windowed_min_bandwidth ... ok
[INFO] [stdout] test minmax::tests::get_windowed_min_estimates_bandwidth ... ok
[INFO] [stdout] test minmax::tests::get_windowed_min_estimates_rtt ... ok
[INFO] [stdout] test minmax::tests::get_windowed_min_rtt ... ok
[INFO] [stdout] test minmax::tests::reset_filter_bandwidth ... ok
[INFO] [stdout] test minmax::tests::reset_filter_rtt ... ok
[INFO] [stdout] test packet::tests::application ... ok
[INFO] [stdout] test packet::tests::decrypt_chacha20 ... ok
[INFO] [stdout] test packet::tests::decrypt_pkt_too_small ... ok
[INFO] [stdout] test packet::tests::decrypt_server_initial_v1 ... ok
[INFO] [stdout] test packet::tests::decrypt_pkt_underflow ... ok
[INFO] [stdout] test packet::tests::encrypt_chacha20 ... ok
[INFO] [stdout] test packet::tests::encrypt_server_initial_v1 ... ok
[INFO] [stdout] test packet::tests::handshake ... ok
[INFO] [stdout] test packet::tests::initial ... ok
[INFO] [stdout] test packet::tests::decrypt_client_initial_v1 ... ok
[INFO] [stdout] test packet::tests::encrypt_client_initial_v1 ... ok
[INFO] [stdout] test packet::tests::initial_v1_scid_too_long ... ok
[INFO] [stdout] test packet::tests::pkt_num_decode ... ok
[INFO] [stdout] test h3::tests::single_dgram ... ok
[INFO] [stdout] test packet::tests::initial_v1_dcid_too_long ... ok
[INFO] [stdout] test packet::tests::pkt_num_window ... ok
[INFO] [stdout] test packet::tests::retry ... ok
[INFO] [stdout] test packet::tests::initial_non_v1_scid_long ... ok
[INFO] [stdout] test ranges::tests::capacity ... ok
[INFO] [stdout] test ranges::tests::eq_range ... ok
[INFO] [stdout] test h3::tests::send_body_invalid_server_stream ... ok
[INFO] [stdout] test ranges::tests::first_last ... ok
[INFO] [stdout] test ranges::tests::flatten_one ... ok
[INFO] [stdout] test ranges::tests::insert_contained ... ok
[INFO] [stdout] test ranges::tests::insert_non_overlapping ... ok
[INFO] [stdout] test h3::tests::send_body_stream_blocked_by_small_cwnd ... ok
[INFO] [stdout] test ranges::tests::insert_overlapping ... ok
[INFO] [stdout] test ranges::tests::insert_overlapping_multi ... ok
[INFO] [stdout] test ranges::tests::next_to ... ok
[INFO] [stdout] test ranges::tests::prev_to ... ok
[INFO] [stdout] test ranges::tests::push_item ... ok
[INFO] [stdout] test ranges::tests::flatten_rev ... ok
[INFO] [stdout] test ranges::tests::remove_largest ... ok
[INFO] [stdout] test h3::tests::send_body_truncation_stream_blocked ... ok
[INFO] [stdout] test h3::tests::settings_h2_prohibited ... ok
[INFO] [stdout] test h3::tests::reset_finished_at_server ... ok
[INFO] [stdout] test h3::tests::reset_finished_at_client ... ok
[INFO] [stdout] test h3::tests::send_body_invalid_client_stream ... ok
[INFO] [stdout] test h3::tests::send_body_stream_blocked_zero_length ... ok
[INFO] [stdout] test h3::tests::transport_error ... ok
[INFO] [stdout] test h3::tests::stream_backpressure ... ok
[INFO] [stdout] test path::tests::path_validation_limited_mtu ... ok
[INFO] [stdout] test path::tests::multiple_probes ... ok
[INFO] [stdout] test h3::tests::zero_length_data ... ok
[INFO] [stdout] test recovery::bbr2::tests::bbr2_congestion_event ... ok
[INFO] [stdout] test path::tests::too_many_probes ... ok
[INFO] [stdout] test recovery::bbr2::tests::bbr2_startup ... ok
[INFO] [stdout] test h3::tests::zero_length_data_blocked ... ok
[INFO] [stdout] test recovery::bbr2::tests::bbr2_send ... ok
[INFO] [stdout] test recovery::bbr::tests::bbr_drain ... ok
[INFO] [stdout] test recovery::bbr2::tests::bbr_init ... ok
[INFO] [stdout] test recovery::bbr::tests::bbr_probe_rtt ... ok
[INFO] [stdout] test recovery::bbr2::tests::bbr2_probe_rtt ... ok
[INFO] [stdout] test recovery::bbr2::tests::bbr2_probe_bw ... ok
[INFO] [stdout] test recovery::cubic::tests::cubic_congestion_avoidance ... ok
[INFO] [stdout] test recovery::bbr::tests::bbr_congestion_event ... ok
[INFO] [stdout] test recovery::bbr::tests::bbr_probe_bw ... ok
[INFO] [stdout] test recovery::bbr::tests::bbr_init ... ok
[INFO] [stdout] test recovery::hystart::tests::congestion_event ... ok
[INFO] [stdout] test recovery::hystart::tests::css_cwnd_inc ... ok
[INFO] [stdout] test recovery::hystart::tests::start_round ... ok
[INFO] [stdout] test recovery::pacer::tests::pacer_idle ... ok
[INFO] [stdout] test recovery::pacer::tests::pacer_set_max_pacing_rate ... ok
[INFO] [stdout] test recovery::pacer::tests::pacer_update ... ok
[INFO] [stdout] test recovery::prr::tests::congestion_event ... ok
[INFO] [stdout] test recovery::prr::tests::on_packet_acked_prr ... ok
[INFO] [stdout] test recovery::prr::tests::on_packet_acked_prr_overflow ... ok
[INFO] [stdout] test recovery::prr::tests::on_packet_acked_prr_ssrb ... ok
[INFO] [stdout] test recovery::prr::tests::on_packet_acked_prr_ssrb_overflow ... ok
[INFO] [stdout] test recovery::prr::tests::on_packet_acked_prr_zero_in_flight ... ok
[INFO] [stdout] test recovery::prr::tests::on_packet_sent ... ok
[INFO] [stdout] test recovery::cubic::tests::cubic_fast_convergence ... ok
[INFO] [stdout] test recovery::cubic::tests::cubic_congestion_event ... ok
[INFO] [stdout] test recovery::bbr::tests::bbr_startup ... ok
[INFO] [stdout] test recovery::bbr::tests::bbr_send ... ok
[INFO] [stdout] test recovery::cubic::tests::cubic_slow_start ... ok
[INFO] [stdout] test recovery::cubic::tests::cubic_send ... ok
[INFO] [stdout] test recovery::cubic::tests::cubic_collapse_cwnd_and_restart ... ok
[INFO] [stdout] test recovery::tests::lookup_cc_algo_bad ... ok
[INFO] [stdout] test recovery::tests::lookup_cc_algo_ok ... ok
[INFO] [stdout] test recovery::cubic::tests::cubic_hystart_css_to_ca ... ok
[INFO] [stdout] test recovery::delivery_rate::tests::app_limited_check ... ok
[INFO] [stdout] test recovery::cubic::tests::cubic_hystart_css_to_ss ... ok
[INFO] [stdout] test recovery::cubic::tests::cubic_init ... ok
[INFO] [stdout] test stream::recv_buf::tests::empty_read ... ok
[INFO] [stdout] test stream::recv_buf::tests::empty_stream_frame ... ok
[INFO] [stdout] test recovery::cubic::tests::cubic_slow_start_multi_acks ... ok
[INFO] [stdout] test stream::recv_buf::tests::fully_overlapping_read ... ok
[INFO] [stdout] test stream::recv_buf::tests::fully_overlapping_read2 ... ok
[INFO] [stdout] test stream::recv_buf::tests::fully_overlapping_read3 ... ok
[INFO] [stdout] test stream::recv_buf::tests::fully_overlapping_read_multi ... ok
[INFO] [stdout] test stream::recv_buf::tests::incomplete_read ... ok
[INFO] [stdout] test stream::recv_buf::tests::ordered_read ... ok
[INFO] [stdout] test stream::recv_buf::tests::overlapping_end_read ... ok
[INFO] [stdout] test stream::recv_buf::tests::overlapping_end_twice_and_contained_read ... ok
[INFO] [stdout] test stream::recv_buf::tests::overlapping_start_read ... ok
[INFO] [stdout] test stream::recv_buf::tests::overlapping_end_twice_read ... ok
[INFO] [stdout] test stream::recv_buf::tests::partially_multi_overlapping_reordered_read ... ok
[INFO] [stdout] test stream::recv_buf::tests::partially_multi_overlapping_reordered_read2 ... ok
[INFO] [stdout] test stream::recv_buf::tests::split_read ... ok
[INFO] [stdout] test stream::recv_buf::tests::past_read ... ok
[INFO] [stdout] test stream::recv_buf::tests::zero_len_read ... ok
[INFO] [stdout] test stream::send_buf::tests::empty_write ... ok
[INFO] [stdout] test stream::send_buf::tests::multi_write ... ok
[INFO] [stdout] test stream::send_buf::tests::resend ... ok
[INFO] [stdout] test stream::send_buf::tests::send_buf_final_size_retransmit ... ok
[INFO] [stdout] test stream::send_buf::tests::send_buf_len_on_retransmit ... ok
[INFO] [stdout] test stream::send_buf::tests::split_write ... ok
[INFO] [stdout] test stream::send_buf::tests::write_blocked_by_off ... ok
[INFO] [stdout] test stream::send_buf::tests::zero_len_write ... ok
[INFO] [stdout] test stream::tests::priority_tree_dupes ... ok
[INFO] [stdout] test stream::tests::rangebuf_split_off ... ok
[INFO] [stdout] test stream::tests::recv_data_below_off ... ok
[INFO] [stdout] test stream::tests::recv_fin_change ... ok
[INFO] [stdout] test stream::tests::recv_fin_dup ... ok
[INFO] [stdout] test stream::tests::recv_fin_flow_control ... ok
[INFO] [stdout] test stream::tests::recv_fin_lower_than_received ... ok
[INFO] [stdout] test stream::tests::recv_fin_reset_mismatch ... ok
[INFO] [stdout] test stream::tests::recv_flow_control ... ok
[INFO] [stdout] test stream::tests::recv_past_fin ... ok
[INFO] [stdout] test stream::tests::recv_reset_change ... ok
[INFO] [stdout] test stream::tests::recv_reset_dup ... ok
[INFO] [stdout] test stream::tests::recv_reset_lower_than_received ... ok
[INFO] [stdout] test stream::tests::send_ack ... ok
[INFO] [stdout] test stream::tests::send_ack_reordering ... ok
[INFO] [stdout] test stream::tests::send_emit ... ok
[INFO] [stdout] test stream::tests::send_emit_ack ... ok
[INFO] [stdout] test stream::tests::send_emit_retransmit ... ok
[INFO] [stdout] test stream::tests::send_fin_dup ... ok
[INFO] [stdout] test stream::tests::send_fin_max_data_match ... ok
[INFO] [stdout] test stream::tests::send_fin_zero_length ... ok
[INFO] [stdout] test stream::tests::send_fin_zero_length_output ... ok
[INFO] [stdout] test stream::tests::send_flow_control ... ok
[INFO] [stdout] test stream::tests::send_past_fin ... ok
[INFO] [stdout] test stream::tests::send_undo_fin ... ok
[INFO] [stdout] test stream::tests::stream_complete ... ok
[INFO] [stdout] test stream::tests::stream_create_out_of_order ... ok
[INFO] [stdout] test stream::tests::stream_limit_auto_open ... ok
[INFO] [stdout] test stream::tests::stream_limit_edge ... ok
[INFO] [stdout] test stream::tests::writable_prioritized_default_priority ... ok
[INFO] [stdout] test stream::tests::writable_prioritized_insert_order ... ok
[INFO] [stdout] test stream::tests::writable_prioritized_mixed_urgencies_incrementals ... ok
[INFO] [stdout] test stream::tests::writable_prioritized_mixed_urgency ... ok
[INFO] [stdout] test recovery::cubic::tests::cubic_spurious_congestion_event ... ok
[INFO] [stdout] test recovery::reno::tests::reno_slow_start ... ok
[INFO] [stdout] test recovery::delivery_rate::tests::rate_check ... ok
[INFO] [stdout] test recovery::reno::tests::reno_send ... ok
[INFO] [stdout] test recovery::reno::tests::reno_congestion_avoidance ... ok
[INFO] [stdout] test recovery::reno::tests::reno_congestion_event ... ok
[INFO] [stdout] test recovery::delivery_rate::tests::app_limited_cwnd_full ... ok
[INFO] [stdout] test recovery::tests::loss_on_reordering ... ok
[INFO] [stdout] test recovery::tests::loss_on_pto ... ok
[INFO] [stdout] test recovery::tests::pacing ... ok
[INFO] [stdout] test recovery::tests::loss_on_timer ... ok
[INFO] [stdout] test recovery::reno::tests::reno_slow_start_multi_acks ... ok
[INFO] [stdout] test recovery::tests::collapse_cwnd ... ok
[INFO] [stdout] test recovery::reno::tests::reno_init ... ok
[INFO] [stdout] test tests::app_close_by_server_during_handshake_private_key_failure ... ok
[INFO] [stdout] test tests::app_close_by_server_during_handshake_not_established ... ok
[INFO] [stdout] test tests::app_peer_error ... ok
[INFO] [stdout] test tests::app_close_by_client ... ok
[INFO] [stdout] test tests::app_close_by_server_during_handshake_established ... ok
[INFO] [stdout] test tests::client_discard_unknown_address ... ok
[INFO] [stdout] test tests::client_sent_new_token ... ok
[INFO] [stdout] test tests::challenge_no_cids ... ok
[INFO] [stdout] test tests::coalesce_padding_short ... ok
[INFO] [stdout] test tests::close ... ok
[INFO] [stdout] test tests::config_must_be_sync ... ok
[INFO] [stdout] test tests::config_must_be_send ... ok
[INFO] [stdout] test tests::app_limited_true ... ok
[INFO] [stdout] test tests::connection_id_handling ... ok
[INFO] [stdout] test tests::config_version_invalid ... ok
[INFO] [stdout] test tests::config_set_cc_algorithm_name ... ok
[INFO] [stdout] test tests::collect_streams ... ok
[INFO] [stdout] test tests::app_limited_false ... ok
[INFO] [stdout] test tests::connection_id_zero ... ok
[INFO] [stdout] test tests::connection_migration_reordered_non_probing ... ok
[INFO] [stdout] test tests::connection_must_be_send ... ok
[INFO] [stdout] test tests::connection_migration ... ok
[INFO] [stdout] test tests::connection_id_invalid_max_len ... ok
[INFO] [stdout] test tests::data_blocked ... ok
[INFO] [stdout] test tests::dgram_recv_queue_overflow ... ok
[INFO] [stdout] test tests::connection_migration_zero_length_cid ... ok
[INFO] [stdout] test tests::app_limited_false_no_frame ... ok
[INFO] [stdout] test tests::app_limited_false_no_header ... ok
[INFO] [stdout] test tests::app_limited_not_changed_on_no_new_frames ... ok
[INFO] [stdout] test tests::connection_must_be_sync ... ok
[INFO] [stdout] test tests::dgram_send_fails_invalidstate ... ok
[INFO] [stdout] test tests::dgram_multiple_datagrams ... ok
[INFO] [stdout] test tests::consecutive_non_ack_eliciting ... ok
[INFO] [stdout] test tests::config_version_reserved ... ok
[INFO] [stdout] test tests::dgram_send_app_limited ... ok
[INFO] [stdout] test tests::early_1rtt_packet ... ok
[INFO] [stdout] test tests::dgram_send_max_size ... ok
[INFO] [stdout] test tests::dgram_send_queue_overflow ... ok
[INFO] [stdout] test tests::dgram_single_datagram ... ok
[INFO] [stdout] test tests::empty_stream_frame ... ok
[INFO] [stdout] test tests::empty_payload ... ok
[INFO] [stdout] test tests::flow_control_limit ... ok
[INFO] [stdout] test tests::flow_control_limit_dup ... ok
[INFO] [stdout] test tests::flow_control_limit_send ... ok
[INFO] [stdout] test tests::handshake_0rtt ... ok
[INFO] [stdout] test tests::flow_control_drain ... ok
[INFO] [stdout] test tests::handshake_0rtt_truncated ... ok
[INFO] [stdout] test tests::early_retransmit ... ok
[INFO] [stdout] test tests::flow_control_update ... ok
[INFO] [stdout] test tests::handshake_0rtt_reordered ... ok
[INFO] [stdout] test tests::invalid_initial_payload ... ok
[INFO] [stdout] test tests::handshake_done ... ok
[INFO] [stdout] test tests::handshake ... ok
[INFO] [stdout] test tests::handshake_confirmation ... ok
[INFO] [stdout] test tests::handshake_packet_type_corruption ... ok
[INFO] [stdout] test tests::invalid_initial_server ... ok
[INFO] [stdout] test tests::invalid_initial_source_connection_id ... ok
[INFO] [stdout] test tests::invalid_packet ... ok
[INFO] [stdout] test tests::invalid_initial_client ... ok
[INFO] [stdout] test tests::is_readable ... ok
[INFO] [stdout] test tests::handshake_alpn_mismatch ... ok
[INFO] [stdout] test tests::handshake_anti_deadlock ... ok
[INFO] [stdout] test tests::max_stream_data_receive_uni ... ok
[INFO] [stdout] test tests::invalid_retry_source_connection_id ... ok
[INFO] [stdout] test tests::last_tx_data_larger_than_tx_data ... ok
[INFO] [stdout] test tests::local_error ... ok
[INFO] [stdout] test tests::min_payload ... ok
[INFO] [stdout] test tests::path_challenge ... ok
[INFO] [stdout] test tests::missing_initial_source_connection_id ... ok
[INFO] [stdout] test tests::path_probing_dos ... ok
[INFO] [stdout] test tests::path_validation ... ok
[INFO] [stdout] test tests::peer_cert ... ok
[INFO] [stdout] test tests::limit_ack_ranges ... ok
[INFO] [stdout] test tests::lost_connection_id_frames ... ok
[INFO] [stdout] test tests::handshake_resumption ... ok
[INFO] [stdout] test tests::path_validation_limited_mtu ... ok
[INFO] [stdout] test tests::peer_error ... ok
[INFO] [stdout] test tests::recv_empty_buffer ... ok
[INFO] [stdout] test tests::limit_handshake_data ... ok
[INFO] [stdout] test tests::missing_retry_source_connection_id ... ok
[INFO] [stdout] test tests::reset_stream_data_recvd ... ok
[INFO] [stdout] test tests::reset_stream_flow_control ... ok
[INFO] [stdout] test tests::reset_stream_data_not_recvd ... ok
[INFO] [stdout] test tests::reset_stream_flow_control_stream ... ok
[INFO] [stdout] test tests::send_ack_eliciting_causes_ping ... ok
[INFO] [stdout] test tests::retiring_active_path_dcid ... ok
[INFO] [stdout] test tests::send_capacity ... ok
[INFO] [stdout] test tests::send_ack_eliciting_no_ping ... ok
[INFO] [stdout] test tests::send_connection_ids ... ok
[INFO] [stdout] test tests::peer_cert_chain ... ok
[INFO] [stdout] test tests::send_on_path_test ... ok
[INFO] [stdout] test tests::sending_duplicate_scids ... ok
[INFO] [stdout] test tests::stop_sending_stream_send_after_reset_stream_ack ... ok
[INFO] [stdout] test tests::retry ... ok
[INFO] [stdout] test tests::stop_sending_fin ... ok
[INFO] [stdout] test tests::stream ... ok
[INFO] [stdout] test tests::sends_ack_only_pkt_when_full_cwnd_and_ack_elicited_despite_max_unacknowledging ... ok
[INFO] [stdout] test tests::stop_sending ... ok
[INFO] [stdout] test tests::stream_data_blocked ... ok
[INFO] [stdout] test tests::sends_ack_only_pkt_when_full_cwnd_and_ack_elicited ... ok
[INFO] [stdout] test tests::stream_data_blocked_unblocked_flow_control ... ok
[INFO] [stdout] test tests::stream_data_overlap ... ok
[INFO] [stdout] test tests::stop_sending_unsent_tx_cap ... ok
[INFO] [stdout] test tests::stream_flow_control_limit_bidi ... ok
[INFO] [stdout] test tests::stream_data_overlap_with_reordering ... ok
[INFO] [stdout] test tests::stream_flow_control_limit_uni ... ok
[INFO] [stdout] test tests::stream_datagram_priority ... ok
[INFO] [stdout] test tests::stream_left_reset_bidi ... ok
[INFO] [stdout] test tests::stream_flow_control_update ... ok
[INFO] [stdout] test tests::stream_left_bidi ... ok
[INFO] [stdout] test tests::stream_left_uni ... ok
[INFO] [stdout] test tests::stream_limit_bidi ... ok
[INFO] [stdout] test tests::stream_limit_max_uni ... ok
[INFO] [stdout] test tests::stream_limit_max_bidi ... ok
[INFO] [stdout] test tests::stream_limit_uni ... ok
[INFO] [stdout] test tests::stream_limit_update_bidi ... ok
[INFO] [stdout] test tests::stream_reprioritize ... ok
[INFO] [stdout] test tests::stream_limit_update_uni ... ok
[INFO] [stdout] test tests::stream_priority ... ok
[INFO] [stdout] test tests::stream_readable ... ok
[INFO] [stdout] test tests::stream_reset_counts ... ok
[INFO] [stdout] test tests::stream_round_robin ... ok
[INFO] [stdout] test tests::stream_shutdown_read ... ok
[INFO] [stdout] test tests::stream_shutdown_read_update_max_data ... ok
[INFO] [stdout] test tests::stream_shutdown_write ... ok
[INFO] [stdout] test tests::stream_shutdown_write_unsent_tx_cap ... ok
[INFO] [stdout] test tests::stream_send_on_32bit_arch ... ok
[INFO] [stdout] test tests::stream_stop_counts ... ok
[INFO] [stdout] test tests::transport_params ... ok
[INFO] [stdout] test tests::stream_shutdown_read_after_fin ... ok
[INFO] [stdout] test tests::stream_shutdown_uni ... ok
[INFO] [stdout] test tests::transport_params_forbid_duplicates ... ok
[INFO] [stdout] test tests::stream_writable_blocked ... ok
[INFO] [stdout] test tests::stream_writable ... ok
[INFO] [stdout] test tests::stream_zero_length_fin ... ok
[INFO] [stdout] test tests::stream_zero_length_fin_deferred_collection ... ok
[INFO] [stdout] test tests::streams_blocked_max_uni ... ok
[INFO] [stdout] test tests::update_key_request ... ok
[INFO] [stdout] test tests::unknown_version ... ok
[INFO] [stdout] test tests::streams_blocked_max_bidi ... ok
[INFO] [stdout] test tests::stream_zero_length_non_fin ... ok
[INFO] [stdout] test tests::update_key_request_twice_error ... ok
[INFO] [stdout] test tests::zero_length_new_token ... ok
[INFO] [stdout] test tests::verify_client_anonymous ... ok
[INFO] [stdout] test tests::update_max_datagram_size ... ok
[INFO] [stdout] test tests::verify_client_invalid ... ok
[INFO] [stdout] test tests::zero_rtt ... ok
[INFO] [stdout] test tests::version_negotiation ... ok
[INFO] [stdout] test tests::verify_custom_root ... ok
[INFO] [stdout] test tests::losing_probing_packets ... ok
[INFO] [stdout] test tests::resilience_against_migration_attack ... ok
[INFO] [stdout] test tests::dont_coalesce_probes ... ok
[INFO] [stdout] test tests::failed_path_validation ... ok
[INFO] [stdout] 
[INFO] [stdout] test result: ok. 462 passed; 0 failed; 0 ignored; 0 measured; 0 filtered out; finished in 8.34s
[INFO] [stdout] 
[INFO] [stderr]      Running unittests src/lib.rs (/opt/rustwide/target/debug/deps/quiche_apps-5b48e57a34d98360)
[INFO] [stdout] 
[INFO] [stdout] running 0 tests
[INFO] [stdout] 
[INFO] [stdout] test result: ok. 0 passed; 0 failed; 0 ignored; 0 measured; 0 filtered out; finished in 0.00s
[INFO] [stdout] 
[INFO] [stderr]      Running unittests src/bin/quiche-client.rs (/opt/rustwide/target/debug/deps/quiche_client-1b6b7e567566022c)
[INFO] [stdout] 
[INFO] [stdout] running 0 tests
[INFO] [stdout] 
[INFO] [stdout] test result: ok. 0 passed; 0 failed; 0 ignored; 0 measured; 0 filtered out; finished in 0.00s
[INFO] [stdout] 
[INFO] [stderr]      Running unittests src/bin/quiche-server.rs (/opt/rustwide/target/debug/deps/quiche_server-014694af9fde0bf9)
[INFO] [stdout] 
[INFO] [stdout] running 0 tests
[INFO] [stdout] 
[INFO] [stdout] test result: ok. 0 passed; 0 failed; 0 ignored; 0 measured; 0 filtered out; finished in 0.00s
[INFO] [stdout] 
[INFO] [stderr]    Doc-tests octets
[INFO] [stdout] 
[INFO] [stdout] running 0 tests
[INFO] [stdout] 
[INFO] [stdout] test result: ok. 0 passed; 0 failed; 0 ignored; 0 measured; 0 filtered out; finished in 0.00s
[INFO] [stdout] 
[INFO] [stderr]    Doc-tests qlog
[INFO] [stdout] 
[INFO] [stdout] running 9 tests
[INFO] [stdout] test qlog/src/lib.rs - (line 178) ... ignored
[INFO] [stdout] test qlog/src/lib.rs - (line 234) ... ok
[INFO] [stdout] test qlog/src/lib.rs - (line 93) ... ok
[INFO] [stdout] test qlog/src/lib.rs - (line 68) ... ok
[INFO] [stdout] test qlog/src/lib.rs - (line 253) ... FAILED
[INFO] [stdout] test qlog/src/lib.rs - (line 260) ... FAILED
[INFO] [stdout] test qlog/src/lib.rs - (line 360) ... FAILED
[INFO] [stdout] test qlog/src/lib.rs - (line 297) ... FAILED
[INFO] [stdout] test qlog/src/lib.rs - (line 158) ... ok
[INFO] [stdout] 
[INFO] [stdout] failures:
[INFO] [stdout] 
[INFO] [stdout] ---- qlog/src/lib.rs - (line 253) stdout ----
[INFO] [stdout] Test executable failed (exit status: 101).
[INFO] [stdout] 
[INFO] [stdout] stderr:
[INFO] [stdout] 
[INFO] [stdout] thread 'main' panicked at qlog/src/lib.rs:5:51:
[INFO] [stdout] called `Result::unwrap()` on an `Err` value: Os { code: 30, kind: ReadOnlyFilesystem, message: "Read-only file system" }
[INFO] [stdout] stack backtrace:
[INFO] [stdout]    0:     0x5ad17e964dca - std::backtrace_rs::backtrace::libunwind::trace::hb059275cfc8d6126
[INFO] [stdout]                                at /rustc/6067b36314ab5eb2eb47cecc464545ba58e1ad24/library/std/src/../../backtrace/src/backtrace/libunwind.rs:116:5
[INFO] [stdout]    1:     0x5ad17e964dca - std::backtrace_rs::backtrace::trace_unsynchronized::h2da071e4327ce3ee
[INFO] [stdout]                                at /rustc/6067b36314ab5eb2eb47cecc464545ba58e1ad24/library/std/src/../../backtrace/src/backtrace/mod.rs:66:5
[INFO] [stdout]    2:     0x5ad17e964dca - std::sys::backtrace::_print_fmt::h842a1474e6f8d23f
[INFO] [stdout]                                at /rustc/6067b36314ab5eb2eb47cecc464545ba58e1ad24/library/std/src/sys/backtrace.rs:66:9
[INFO] [stdout]    3:     0x5ad17e964dca - <std::sys::backtrace::BacktraceLock::print::DisplayBacktrace as core::fmt::Display>::fmt::h71a62eb3b9696b12
[INFO] [stdout]                                at /rustc/6067b36314ab5eb2eb47cecc464545ba58e1ad24/library/std/src/sys/backtrace.rs:39:26
[INFO] [stdout]    4:     0x5ad17e981fc3 - core::fmt::rt::Argument::fmt::hdb6b616786b41dc1
[INFO] [stdout]                                at /rustc/6067b36314ab5eb2eb47cecc464545ba58e1ad24/library/core/src/fmt/rt.rs:177:76
[INFO] [stdout]    5:     0x5ad17e981fc3 - core::fmt::write::h2cc1698af7e2d686
[INFO] [stdout]                                at /rustc/6067b36314ab5eb2eb47cecc464545ba58e1ad24/library/core/src/fmt/mod.rs:1440:21
[INFO] [stdout]    6:     0x5ad17e962433 - std::io::Write::write_fmt::h00c8700df393f328
[INFO] [stdout]                                at /rustc/6067b36314ab5eb2eb47cecc464545ba58e1ad24/library/std/src/io/mod.rs:1887:15
[INFO] [stdout]    7:     0x5ad17e964c12 - std::sys::backtrace::BacktraceLock::print::h147fe35b4ea13b08
[INFO] [stdout]                                at /rustc/6067b36314ab5eb2eb47cecc464545ba58e1ad24/library/std/src/sys/backtrace.rs:42:9
[INFO] [stdout]    8:     0x5ad17e965b5f - std::panicking::default_hook::{{closure}}::hbd44223dbdc0d208
[INFO] [stdout]                                at /rustc/6067b36314ab5eb2eb47cecc464545ba58e1ad24/library/std/src/panicking.rs:298:22
[INFO] [stdout]    9:     0x5ad17e9659ca - std::panicking::default_hook::h20f81eb0576efcec
[INFO] [stdout]                                at /rustc/6067b36314ab5eb2eb47cecc464545ba58e1ad24/library/std/src/panicking.rs:325:9
[INFO] [stdout]   10:     0x5ad17e966432 - std::panicking::rust_panic_with_hook::h625eea43051b2edc
[INFO] [stdout]                                at /rustc/6067b36314ab5eb2eb47cecc464545ba58e1ad24/library/std/src/panicking.rs:831:13
[INFO] [stdout]   11:     0x5ad17e9662ca - std::panicking::begin_panic_handler::{{closure}}::h4f9159cfbc3f6bd3
[INFO] [stdout]                                at /rustc/6067b36314ab5eb2eb47cecc464545ba58e1ad24/library/std/src/panicking.rs:704:13
[INFO] [stdout]   12:     0x5ad17e9652c9 - std::sys::backtrace::__rust_end_short_backtrace::h0390abce48353151
[INFO] [stdout]                                at /rustc/6067b36314ab5eb2eb47cecc464545ba58e1ad24/library/std/src/sys/backtrace.rs:168:18
[INFO] [stdout]   13:     0x5ad17e965f5d - rust_begin_unwind
[INFO] [stdout]                                at /rustc/6067b36314ab5eb2eb47cecc464545ba58e1ad24/library/std/src/panicking.rs:695:5
[INFO] [stdout]   14:     0x5ad17e9811f0 - core::panicking::panic_fmt::h9e7c637e9e5f29c9
[INFO] [stdout]                                at /rustc/6067b36314ab5eb2eb47cecc464545ba58e1ad24/library/core/src/panicking.rs:75:14
[INFO] [stdout]   15:     0x5ad17e981596 - core::result::unwrap_failed::h7979f09313fe1849
[INFO] [stdout]                                at /rustc/6067b36314ab5eb2eb47cecc464545ba58e1ad24/library/core/src/result.rs:1704:5
[INFO] [stdout]   16:     0x5ad17e9443a6 - rust_out::main::_doctest_main_qlog_src_lib_rs_253_0::h13b8b905b76d9d20
[INFO] [stdout]   17:     0x5ad17e944346 - rust_out::main::he88f0b9b281d54e0
[INFO] [stdout]   18:     0x5ad17e943cf3 - core::ops::function::FnOnce::call_once::hcf3829d8b58d0254
[INFO] [stdout]   19:     0x5ad17e943c66 - std::sys::backtrace::__rust_begin_short_backtrace::h5e1527399e8d5bd4
[INFO] [stdout]   20:     0x5ad17e943ba9 - std::rt::lang_start::{{closure}}::h2c234101ed7b1b74
[INFO] [stdout]   21:     0x5ad17e9601c0 - core::ops::function::impls::<impl core::ops::function::FnOnce<A> for &F>::call_once::h1b085b6c1d2518b2
[INFO] [stdout]                                at /rustc/6067b36314ab5eb2eb47cecc464545ba58e1ad24/library/core/src/ops/function.rs:284:13
[INFO] [stdout]   22:     0x5ad17e9601c0 - std::panicking::try::do_call::h382f964a5a23b565
[INFO] [stdout]                                at /rustc/6067b36314ab5eb2eb47cecc464545ba58e1ad24/library/std/src/panicking.rs:587:40
[INFO] [stdout]   23:     0x5ad17e9601c0 - std::panicking::try::h57f991055eb622f9
[INFO] [stdout]                                at /rustc/6067b36314ab5eb2eb47cecc464545ba58e1ad24/library/std/src/panicking.rs:550:19
[INFO] [stdout]   24:     0x5ad17e9601c0 - std::panic::catch_unwind::h4d9a74ef04456343
[INFO] [stdout]                                at /rustc/6067b36314ab5eb2eb47cecc464545ba58e1ad24/library/std/src/panic.rs:358:14
[INFO] [stdout]   25:     0x5ad17e9601c0 - std::rt::lang_start_internal::{{closure}}::h2faa8ae84a93f314
[INFO] [stdout]                                at /rustc/6067b36314ab5eb2eb47cecc464545ba58e1ad24/library/std/src/rt.rs:163:24
[INFO] [stdout]   26:     0x5ad17e9601c0 - std::panicking::try::do_call::h0f8932bf638a9bf5
[INFO] [stdout]                                at /rustc/6067b36314ab5eb2eb47cecc464545ba58e1ad24/library/std/src/panicking.rs:587:40
[INFO] [stdout]   27:     0x5ad17e9601c0 - std::panicking::try::h683416ea756b175d
[INFO] [stdout]                                at /rustc/6067b36314ab5eb2eb47cecc464545ba58e1ad24/library/std/src/panicking.rs:550:19
[INFO] [stdout]   28:     0x5ad17e9601c0 - std::panic::catch_unwind::h56189fac8994979f
[INFO] [stdout]                                at /rustc/6067b36314ab5eb2eb47cecc464545ba58e1ad24/library/std/src/panic.rs:358:14
[INFO] [stdout]   29:     0x5ad17e9601c0 - std::rt::lang_start_internal::h8bbc1061691274fe
[INFO] [stdout]                                at /rustc/6067b36314ab5eb2eb47cecc464545ba58e1ad24/library/std/src/rt.rs:159:5
[INFO] [stdout]   30:     0x5ad17e943b91 - std::rt::lang_start::h601b10a269c70ef7
[INFO] [stdout]   31:     0x5ad17e944415 - main
[INFO] [stdout]   32:     0x709448ac5d90 - <unknown>
[INFO] [stdout]   33:     0x709448ac5e40 - __libc_start_main
[INFO] [stdout]   34:     0x5ad17e943645 - _start
[INFO] [stdout]   35:                0x0 - <unknown>
[INFO] [stdout] 
[INFO] [stdout] 
[INFO] [stdout] ---- qlog/src/lib.rs - (line 260) stdout ----
[INFO] [stdout] Test executable failed (exit status: 101).
[INFO] [stdout] 
[INFO] [stdout] stderr:
[INFO] [stdout] 
[INFO] [stdout] thread 'main' panicked at qlog/src/lib.rs:19:51:
[INFO] [stdout] called `Result::unwrap()` on an `Err` value: Os { code: 30, kind: ReadOnlyFilesystem, message: "Read-only file system" }
[INFO] [stdout] stack backtrace:
[INFO] [stdout]    0:     0x64b7e6f265aa - std::backtrace_rs::backtrace::libunwind::trace::hb059275cfc8d6126
[INFO] [stdout]                                at /rustc/6067b36314ab5eb2eb47cecc464545ba58e1ad24/library/std/src/../../backtrace/src/backtrace/libunwind.rs:116:5
[INFO] [stdout]    1:     0x64b7e6f265aa - std::backtrace_rs::backtrace::trace_unsynchronized::h2da071e4327ce3ee
[INFO] [stdout]                                at /rustc/6067b36314ab5eb2eb47cecc464545ba58e1ad24/library/std/src/../../backtrace/src/backtrace/mod.rs:66:5
[INFO] [stdout]    2:     0x64b7e6f265aa - std::sys::backtrace::_print_fmt::h842a1474e6f8d23f
[INFO] [stdout]                                at /rustc/6067b36314ab5eb2eb47cecc464545ba58e1ad24/library/std/src/sys/backtrace.rs:66:9
[INFO] [stdout]    3:     0x64b7e6f265aa - <std::sys::backtrace::BacktraceLock::print::DisplayBacktrace as core::fmt::Display>::fmt::h71a62eb3b9696b12
[INFO] [stdout]                                at /rustc/6067b36314ab5eb2eb47cecc464545ba58e1ad24/library/std/src/sys/backtrace.rs:39:26
[INFO] [stdout]    4:     0x64b7e6f43873 - core::fmt::rt::Argument::fmt::hdb6b616786b41dc1
[INFO] [stdout]                                at /rustc/6067b36314ab5eb2eb47cecc464545ba58e1ad24/library/core/src/fmt/rt.rs:177:76
[INFO] [stdout]    5:     0x64b7e6f43873 - core::fmt::write::h2cc1698af7e2d686
[INFO] [stdout]                                at /rustc/6067b36314ab5eb2eb47cecc464545ba58e1ad24/library/core/src/fmt/mod.rs:1440:21
[INFO] [stdout]    6:     0x64b7e6f23c03 - std::io::Write::write_fmt::h00c8700df393f328
[INFO] [stdout]                                at /rustc/6067b36314ab5eb2eb47cecc464545ba58e1ad24/library/std/src/io/mod.rs:1887:15
[INFO] [stdout]    7:     0x64b7e6f263f2 - std::sys::backtrace::BacktraceLock::print::h147fe35b4ea13b08
[INFO] [stdout]                                at /rustc/6067b36314ab5eb2eb47cecc464545ba58e1ad24/library/std/src/sys/backtrace.rs:42:9
[INFO] [stdout]    8:     0x64b7e6f2733f - std::panicking::default_hook::{{closure}}::hbd44223dbdc0d208
[INFO] [stdout]                                at /rustc/6067b36314ab5eb2eb47cecc464545ba58e1ad24/library/std/src/panicking.rs:298:22
[INFO] [stdout]    9:     0x64b7e6f271aa - std::panicking::default_hook::h20f81eb0576efcec
[INFO] [stdout]                                at /rustc/6067b36314ab5eb2eb47cecc464545ba58e1ad24/library/std/src/panicking.rs:325:9
[INFO] [stdout]   10:     0x64b7e6f27c12 - std::panicking::rust_panic_with_hook::h625eea43051b2edc
[INFO] [stdout]                                at /rustc/6067b36314ab5eb2eb47cecc464545ba58e1ad24/library/std/src/panicking.rs:831:13
[INFO] [stdout]   11:     0x64b7e6f27aaa - std::panicking::begin_panic_handler::{{closure}}::h4f9159cfbc3f6bd3
[INFO] [stdout]                                at /rustc/6067b36314ab5eb2eb47cecc464545ba58e1ad24/library/std/src/panicking.rs:704:13
[INFO] [stdout]   12:     0x64b7e6f26aa9 - std::sys::backtrace::__rust_end_short_backtrace::h0390abce48353151
[INFO] [stdout]                                at /rustc/6067b36314ab5eb2eb47cecc464545ba58e1ad24/library/std/src/sys/backtrace.rs:168:18
[INFO] [stdout]   13:     0x64b7e6f2773d - rust_begin_unwind
[INFO] [stdout]                                at /rustc/6067b36314ab5eb2eb47cecc464545ba58e1ad24/library/std/src/panicking.rs:695:5
[INFO] [stdout]   14:     0x64b7e6f42aa0 - core::panicking::panic_fmt::h9e7c637e9e5f29c9
[INFO] [stdout]                                at /rustc/6067b36314ab5eb2eb47cecc464545ba58e1ad24/library/core/src/panicking.rs:75:14
[INFO] [stdout]   15:     0x64b7e6f42e46 - core::result::unwrap_failed::h7979f09313fe1849
[INFO] [stdout]                                at /rustc/6067b36314ab5eb2eb47cecc464545ba58e1ad24/library/core/src/result.rs:1704:5
[INFO] [stdout]   16:     0x64b7e6ef8183 - rust_out::main::_doctest_main_qlog_src_lib_rs_260_0::h5443882c167497e7
[INFO] [stdout]   17:     0x64b7e6ef7e06 - rust_out::main::he88f0b9b281d54e0
[INFO] [stdout]   18:     0x64b7e6ef6ec3 - core::ops::function::FnOnce::call_once::hcf3829d8b58d0254
[INFO] [stdout]   19:     0x64b7e6ef6db6 - std::sys::backtrace::__rust_begin_short_backtrace::h5e1527399e8d5bd4
[INFO] [stdout]   20:     0x64b7e6ef6cf9 - std::rt::lang_start::{{closure}}::h2c234101ed7b1b74
[INFO] [stdout]   21:     0x64b7e6f21900 - core::ops::function::impls::<impl core::ops::function::FnOnce<A> for &F>::call_once::h1b085b6c1d2518b2
[INFO] [stdout]                                at /rustc/6067b36314ab5eb2eb47cecc464545ba58e1ad24/library/core/src/ops/function.rs:284:13
[INFO] [stdout]   22:     0x64b7e6f21900 - std::panicking::try::do_call::h382f964a5a23b565
[INFO] [stdout]                                at /rustc/6067b36314ab5eb2eb47cecc464545ba58e1ad24/library/std/src/panicking.rs:587:40
[INFO] [stdout]   23:     0x64b7e6f21900 - std::panicking::try::h57f991055eb622f9
[INFO] [stdout]                                at /rustc/6067b36314ab5eb2eb47cecc464545ba58e1ad24/library/std/src/panicking.rs:550:19
[INFO] [stdout]   24:     0x64b7e6f21900 - std::panic::catch_unwind::h4d9a74ef04456343
[INFO] [stdout]                                at /rustc/6067b36314ab5eb2eb47cecc464545ba58e1ad24/library/std/src/panic.rs:358:14
[INFO] [stdout]   25:     0x64b7e6f21900 - std::rt::lang_start_internal::{{closure}}::h2faa8ae84a93f314
[INFO] [stdout]                                at /rustc/6067b36314ab5eb2eb47cecc464545ba58e1ad24/library/std/src/rt.rs:163:24
[INFO] [stdout]   26:     0x64b7e6f21900 - std::panicking::try::do_call::h0f8932bf638a9bf5
[INFO] [stdout]                                at /rustc/6067b36314ab5eb2eb47cecc464545ba58e1ad24/library/std/src/panicking.rs:587:40
[INFO] [stdout]   27:     0x64b7e6f21900 - std::panicking::try::h683416ea756b175d
[INFO] [stdout]                                at /rustc/6067b36314ab5eb2eb47cecc464545ba58e1ad24/library/std/src/panicking.rs:550:19
[INFO] [stdout]   28:     0x64b7e6f21900 - std::panic::catch_unwind::h56189fac8994979f
[INFO] [stdout]                                at /rustc/6067b36314ab5eb2eb47cecc464545ba58e1ad24/library/std/src/panic.rs:358:14
[INFO] [stdout]   29:     0x64b7e6f21900 - std::rt::lang_start_internal::h8bbc1061691274fe
[INFO] [stdout]                                at /rustc/6067b36314ab5eb2eb47cecc464545ba58e1ad24/library/std/src/rt.rs:159:5
[INFO] [stdout]   30:     0x64b7e6ef6ce1 - std::rt::lang_start::h601b10a269c70ef7
[INFO] [stdout]   31:     0x64b7e6ef86b5 - main
[INFO] [stdout]   32:     0x7a5769aebd90 - <unknown>
[INFO] [stdout]   33:     0x7a5769aebe40 - __libc_start_main
[INFO] [stdout]   34:     0x64b7e6ef60c5 - _start
[INFO] [stdout]   35:                0x0 - <unknown>
[INFO] [stdout] 
[INFO] [stdout] 
[INFO] [stdout] ---- qlog/src/lib.rs - (line 360) stdout ----
[INFO] [stdout] Test executable failed (exit status: 101).
[INFO] [stdout] 
[INFO] [stdout] stderr:
[INFO] [stdout] 
[INFO] [stdout] thread 'main' panicked at qlog/src/lib.rs:19:50:
[INFO] [stdout] called `Result::unwrap()` on an `Err` value: Os { code: 30, kind: ReadOnlyFilesystem, message: "Read-only file system" }
[INFO] [stdout] stack backtrace:
[INFO] [stdout]    0:     0x61d311d6256a - std::backtrace_rs::backtrace::libunwind::trace::hb059275cfc8d6126
[INFO] [stdout]                                at /rustc/6067b36314ab5eb2eb47cecc464545ba58e1ad24/library/std/src/../../backtrace/src/backtrace/libunwind.rs:116:5
[INFO] [stdout]    1:     0x61d311d6256a - std::backtrace_rs::backtrace::trace_unsynchronized::h2da071e4327ce3ee
[INFO] [stdout]                                at /rustc/6067b36314ab5eb2eb47cecc464545ba58e1ad24/library/std/src/../../backtrace/src/backtrace/mod.rs:66:5
[INFO] [stdout]    2:     0x61d311d6256a - std::sys::backtrace::_print_fmt::h842a1474e6f8d23f
[INFO] [stdout]                                at /rustc/6067b36314ab5eb2eb47cecc464545ba58e1ad24/library/std/src/sys/backtrace.rs:66:9
[INFO] [stdout]    3:     0x61d311d6256a - <std::sys::backtrace::BacktraceLock::print::DisplayBacktrace as core::fmt::Display>::fmt::h71a62eb3b9696b12
[INFO] [stdout]                                at /rustc/6067b36314ab5eb2eb47cecc464545ba58e1ad24/library/std/src/sys/backtrace.rs:39:26
[INFO] [stdout]    4:     0x61d311d7f833 - core::fmt::rt::Argument::fmt::hdb6b616786b41dc1
[INFO] [stdout]                                at /rustc/6067b36314ab5eb2eb47cecc464545ba58e1ad24/library/core/src/fmt/rt.rs:177:76
[INFO] [stdout]    5:     0x61d311d7f833 - core::fmt::write::h2cc1698af7e2d686
[INFO] [stdout]                                at /rustc/6067b36314ab5eb2eb47cecc464545ba58e1ad24/library/core/src/fmt/mod.rs:1440:21
[INFO] [stdout]    6:     0x61d311d5fbc3 - std::io::Write::write_fmt::h00c8700df393f328
[INFO] [stdout]                                at /rustc/6067b36314ab5eb2eb47cecc464545ba58e1ad24/library/std/src/io/mod.rs:1887:15
[INFO] [stdout]    7:     0x61d311d623b2 - std::sys::backtrace::BacktraceLock::print::h147fe35b4ea13b08
[INFO] [stdout]                                at /rustc/6067b36314ab5eb2eb47cecc464545ba58e1ad24/library/std/src/sys/backtrace.rs:42:9
[INFO] [stdout]    8:     0x61d311d632ff - std::panicking::default_hook::{{closure}}::hbd44223dbdc0d208
[INFO] [stdout]                                at /rustc/6067b36314ab5eb2eb47cecc464545ba58e1ad24/library/std/src/panicking.rs:298:22
[INFO] [stdout]    9:     0x61d311d6316a - std::panicking::default_hook::h20f81eb0576efcec
[INFO] [stdout]                                at /rustc/6067b36314ab5eb2eb47cecc464545ba58e1ad24/library/std/src/panicking.rs:325:9
[INFO] [stdout]   10:     0x61d311d63bd2 - std::panicking::rust_panic_with_hook::h625eea43051b2edc
[INFO] [stdout]                                at /rustc/6067b36314ab5eb2eb47cecc464545ba58e1ad24/library/std/src/panicking.rs:831:13
[INFO] [stdout]   11:     0x61d311d63a6a - std::panicking::begin_panic_handler::{{closure}}::h4f9159cfbc3f6bd3
[INFO] [stdout]                                at /rustc/6067b36314ab5eb2eb47cecc464545ba58e1ad24/library/std/src/panicking.rs:704:13
[INFO] [stdout]   12:     0x61d311d62a69 - std::sys::backtrace::__rust_end_short_backtrace::h0390abce48353151
[INFO] [stdout]                                at /rustc/6067b36314ab5eb2eb47cecc464545ba58e1ad24/library/std/src/sys/backtrace.rs:168:18
[INFO] [stdout]   13:     0x61d311d636fd - rust_begin_unwind
[INFO] [stdout]                                at /rustc/6067b36314ab5eb2eb47cecc464545ba58e1ad24/library/std/src/panicking.rs:695:5
[INFO] [stdout]   14:     0x61d311d7ea60 - core::panicking::panic_fmt::h9e7c637e9e5f29c9
[INFO] [stdout]                                at /rustc/6067b36314ab5eb2eb47cecc464545ba58e1ad24/library/core/src/panicking.rs:75:14
[INFO] [stdout]   15:     0x61d311d7ee06 - core::result::unwrap_failed::h7979f09313fe1849
[INFO] [stdout]                                at /rustc/6067b36314ab5eb2eb47cecc464545ba58e1ad24/library/core/src/result.rs:1704:5
[INFO] [stdout]   16:     0x61d311d3fef3 - rust_out::main::_doctest_main_qlog_src_lib_rs_360_0::h755a9a8b7feea6a2
[INFO] [stdout]   17:     0x61d311d3fb76 - rust_out::main::he88f0b9b281d54e0
[INFO] [stdout]   18:     0x61d311d3ec33 - core::ops::function::FnOnce::call_once::hcf3829d8b58d0254
[INFO] [stdout]   19:     0x61d311d3eb26 - std::sys::backtrace::__rust_begin_short_backtrace::h5e1527399e8d5bd4
[INFO] [stdout]   20:     0x61d311d3ea69 - std::rt::lang_start::{{closure}}::h2c234101ed7b1b74
[INFO] [stdout]   21:     0x61d311d5d8c0 - core::ops::function::impls::<impl core::ops::function::FnOnce<A> for &F>::call_once::h1b085b6c1d2518b2
[INFO] [stdout]                                at /rustc/6067b36314ab5eb2eb47cecc464545ba58e1ad24/library/core/src/ops/function.rs:284:13
[INFO] [stdout]   22:     0x61d311d5d8c0 - std::panicking::try::do_call::h382f964a5a23b565
[INFO] [stdout]                                at /rustc/6067b36314ab5eb2eb47cecc464545ba58e1ad24/library/std/src/panicking.rs:587:40
[INFO] [stdout]   23:     0x61d311d5d8c0 - std::panicking::try::h57f991055eb622f9
[INFO] [stdout]                                at /rustc/6067b36314ab5eb2eb47cecc464545ba58e1ad24/library/std/src/panicking.rs:550:19
[INFO] [stdout]   24:     0x61d311d5d8c0 - std::panic::catch_unwind::h4d9a74ef04456343
[INFO] [stdout]                                at /rustc/6067b36314ab5eb2eb47cecc464545ba58e1ad24/library/std/src/panic.rs:358:14
[INFO] [stdout]   25:     0x61d311d5d8c0 - std::rt::lang_start_internal::{{closure}}::h2faa8ae84a93f314
[INFO] [stdout]                                at /rustc/6067b36314ab5eb2eb47cecc464545ba58e1ad24/library/std/src/rt.rs:163:24
[INFO] [stdout]   26:     0x61d311d5d8c0 - std::panicking::try::do_call::h0f8932bf638a9bf5
[INFO] [stdout]                                at /rustc/6067b36314ab5eb2eb47cecc464545ba58e1ad24/library/std/src/panicking.rs:587:40
[INFO] [stdout]   27:     0x61d311d5d8c0 - std::panicking::try::h683416ea756b175d
[INFO] [stdout]                                at /rustc/6067b36314ab5eb2eb47cecc464545ba58e1ad24/library/std/src/panicking.rs:550:19
[INFO] [stdout]   28:     0x61d311d5d8c0 - std::panic::catch_unwind::h56189fac8994979f
[INFO] [stdout]                                at /rustc/6067b36314ab5eb2eb47cecc464545ba58e1ad24/library/std/src/panic.rs:358:14
[INFO] [stdout]   29:     0x61d311d5d8c0 - std::rt::lang_start_internal::h8bbc1061691274fe
[INFO] [stdout]                                at /rustc/6067b36314ab5eb2eb47cecc464545ba58e1ad24/library/std/src/rt.rs:159:5
[INFO] [stdout]   30:     0x61d311d3ea51 - std::rt::lang_start::h601b10a269c70ef7
[INFO] [stdout]   31:     0x61d311d40425 - main
[INFO] [stdout]   32:     0x715f40635d90 - <unknown>
[INFO] [stdout]   33:     0x715f40635e40 - __libc_start_main
[INFO] [stdout]   34:     0x61d311d3de35 - _start
[INFO] [stdout]   35:                0x0 - <unknown>
[INFO] [stdout] 
[INFO] [stdout] 
[INFO] [stdout] ---- qlog/src/lib.rs - (line 297) stdout ----
[INFO] [stdout] Test executable failed (exit status: 101).
[INFO] [stdout] 
[INFO] [stdout] stderr:
[INFO] [stdout] 
[INFO] [stdout] thread 'main' panicked at qlog/src/lib.rs:19:50:
[INFO] [stdout] called `Result::unwrap()` on an `Err` value: Os { code: 30, kind: ReadOnlyFilesystem, message: "Read-only file system" }
[INFO] [stdout] stack backtrace:
[INFO] [stdout]    0:     0x5ef0bf7fd44a - std::backtrace_rs::backtrace::libunwind::trace::hb059275cfc8d6126
[INFO] [stdout]                                at /rustc/6067b36314ab5eb2eb47cecc464545ba58e1ad24/library/std/src/../../backtrace/src/backtrace/libunwind.rs:116:5
[INFO] [stdout]    1:     0x5ef0bf7fd44a - std::backtrace_rs::backtrace::trace_unsynchronized::h2da071e4327ce3ee
[INFO] [stdout]                                at /rustc/6067b36314ab5eb2eb47cecc464545ba58e1ad24/library/std/src/../../backtrace/src/backtrace/mod.rs:66:5
[INFO] [stdout]    2:     0x5ef0bf7fd44a - std::sys::backtrace::_print_fmt::h842a1474e6f8d23f
[INFO] [stdout]                                at /rustc/6067b36314ab5eb2eb47cecc464545ba58e1ad24/library/std/src/sys/backtrace.rs:66:9
[INFO] [stdout]    3:     0x5ef0bf7fd44a - <std::sys::backtrace::BacktraceLock::print::DisplayBacktrace as core::fmt::Display>::fmt::h71a62eb3b9696b12
[INFO] [stdout]                                at /rustc/6067b36314ab5eb2eb47cecc464545ba58e1ad24/library/std/src/sys/backtrace.rs:39:26
[INFO] [stdout]    4:     0x5ef0bf81aba3 - core::fmt::rt::Argument::fmt::hdb6b616786b41dc1
[INFO] [stdout]                                at /rustc/6067b36314ab5eb2eb47cecc464545ba58e1ad24/library/core/src/fmt/rt.rs:177:76
[INFO] [stdout]    5:     0x5ef0bf81aba3 - core::fmt::write::h2cc1698af7e2d686
[INFO] [stdout]                                at /rustc/6067b36314ab5eb2eb47cecc464545ba58e1ad24/library/core/src/fmt/mod.rs:1440:21
[INFO] [stdout]    6:     0x5ef0bf7faaa3 - std::io::Write::write_fmt::h00c8700df393f328
[INFO] [stdout]                                at /rustc/6067b36314ab5eb2eb47cecc464545ba58e1ad24/library/std/src/io/mod.rs:1887:15
[INFO] [stdout]    7:     0x5ef0bf7fd292 - std::sys::backtrace::BacktraceLock::print::h147fe35b4ea13b08
[INFO] [stdout]                                at /rustc/6067b36314ab5eb2eb47cecc464545ba58e1ad24/library/std/src/sys/backtrace.rs:42:9
[INFO] [stdout]    8:     0x5ef0bf7fe1df - std::panicking::default_hook::{{closure}}::hbd44223dbdc0d208
[INFO] [stdout]                                at /rustc/6067b36314ab5eb2eb47cecc464545ba58e1ad24/library/std/src/panicking.rs:298:22
[INFO] [stdout]    9:     0x5ef0bf7fe04a - std::panicking::default_hook::h20f81eb0576efcec
[INFO] [stdout]                                at /rustc/6067b36314ab5eb2eb47cecc464545ba58e1ad24/library/std/src/panicking.rs:325:9
[INFO] [stdout]   10:     0x5ef0bf7feab2 - std::panicking::rust_panic_with_hook::h625eea43051b2edc
[INFO] [stdout]                                at /rustc/6067b36314ab5eb2eb47cecc464545ba58e1ad24/library/std/src/panicking.rs:831:13
[INFO] [stdout]   11:     0x5ef0bf7fe94a - std::panicking::begin_panic_handler::{{closure}}::h4f9159cfbc3f6bd3
[INFO] [stdout]                                at /rustc/6067b36314ab5eb2eb47cecc464545ba58e1ad24/library/std/src/panicking.rs:704:13
[INFO] [stdout]   12:     0x5ef0bf7fd949 - std::sys::backtrace::__rust_end_short_backtrace::h0390abce48353151
[INFO] [stdout]                                at /rustc/6067b36314ab5eb2eb47cecc464545ba58e1ad24/library/std/src/sys/backtrace.rs:168:18
[INFO] [stdout]   13:     0x5ef0bf7fe5dd - rust_begin_unwind
[INFO] [stdout]                                at /rustc/6067b36314ab5eb2eb47cecc464545ba58e1ad24/library/std/src/panicking.rs:695:5
[INFO] [stdout]   14:     0x5ef0bf819d30 - core::panicking::panic_fmt::h9e7c637e9e5f29c9
[INFO] [stdout]                                at /rustc/6067b36314ab5eb2eb47cecc464545ba58e1ad24/library/core/src/panicking.rs:75:14
[INFO] [stdout]   15:     0x5ef0bf81a176 - core::result::unwrap_failed::h7979f09313fe1849
[INFO] [stdout]                                at /rustc/6067b36314ab5eb2eb47cecc464545ba58e1ad24/library/core/src/result.rs:1704:5
[INFO] [stdout]   16:     0x5ef0bf772719 - rust_out::main::_doctest_main_qlog_src_lib_rs_297_0::hf688c0649cb8d80b
[INFO] [stdout]   17:     0x5ef0bf772376 - rust_out::main::he88f0b9b281d54e0
[INFO] [stdout]   18:     0x5ef0bf770f03 - core::ops::function::FnOnce::call_once::hcf3829d8b58d0254
[INFO] [stdout]   19:     0x5ef0bf770a26 - std::sys::backtrace::__rust_begin_short_backtrace::h5e1527399e8d5bd4
[INFO] [stdout]   20:     0x5ef0bf770969 - std::rt::lang_start::{{closure}}::h2c234101ed7b1b74
[INFO] [stdout]   21:     0x5ef0bf7f87a0 - core::ops::function::impls::<impl core::ops::function::FnOnce<A> for &F>::call_once::h1b085b6c1d2518b2
[INFO] [stdout]                                at /rustc/6067b36314ab5eb2eb47cecc464545ba58e1ad24/library/core/src/ops/function.rs:284:13
[INFO] [stdout]   22:     0x5ef0bf7f87a0 - std::panicking::try::do_call::h382f964a5a23b565
[INFO] [stdout]                                at /rustc/6067b36314ab5eb2eb47cecc464545ba58e1ad24/library/std/src/panicking.rs:587:40
[INFO] [stdout]   23:     0x5ef0bf7f87a0 - std::panicking::try::h57f991055eb622f9
[INFO] [stdout]                                at /rustc/6067b36314ab5eb2eb47cecc464545ba58e1ad24/library/std/src/panicking.rs:550:19
[INFO] [stdout]   24:     0x5ef0bf7f87a0 - std::panic::catch_unwind::h4d9a74ef04456343
[INFO] [stdout]                                at /rustc/6067b36314ab5eb2eb47cecc464545ba58e1ad24/library/std/src/panic.rs:358:14
[INFO] [stdout]   25:     0x5ef0bf7f87a0 - std::rt::lang_start_internal::{{closure}}::h2faa8ae84a93f314
[INFO] [stdout]                                at /rustc/6067b36314ab5eb2eb47cecc464545ba58e1ad24/library/std/src/rt.rs:163:24
[INFO] [stdout]   26:     0x5ef0bf7f87a0 - std::panicking::try::do_call::h0f8932bf638a9bf5
[INFO] [stdout]                                at /rustc/6067b36314ab5eb2eb47cecc464545ba58e1ad24/library/std/src/panicking.rs:587:40
[INFO] [stdout]   27:     0x5ef0bf7f87a0 - std::panicking::try::h683416ea756b175d
[INFO] [stdout]                                at /rustc/6067b36314ab5eb2eb47cecc464545ba58e1ad24/library/std/src/panicking.rs:550:19
[INFO] [stdout]   28:     0x5ef0bf7f87a0 - std::panic::catch_unwind::h56189fac8994979f
[INFO] [stdout]                                at /rustc/6067b36314ab5eb2eb47cecc464545ba58e1ad24/library/std/src/panic.rs:358:14
[INFO] [stdout]   29:     0x5ef0bf7f87a0 - std::rt::lang_start_internal::h8bbc1061691274fe
[INFO] [stdout]                                at /rustc/6067b36314ab5eb2eb47cecc464545ba58e1ad24/library/std/src/rt.rs:159:5
[INFO] [stdout]   30:     0x5ef0bf770951 - std::rt::lang_start::h601b10a269c70ef7
[INFO] [stdout]   31:     0x5ef0bf7732c5 - main
[INFO] [stdout]   32:     0x7ccdbc9b4d90 - <unknown>
[INFO] [stdout]   33:     0x7ccdbc9b4e40 - __libc_start_main
[INFO] [stdout]   34:     0x5ef0bf76fd15 - _start
[INFO] [stdout]   35:                0x0 - <unknown>
[INFO] [stdout] 
[INFO] [stdout] 
[INFO] [stdout] 
[INFO] [stdout] failures:
[INFO] [stdout]     qlog/src/lib.rs - (line 253)
[INFO] [stdout]     qlog/src/lib.rs - (line 260)
[INFO] [stdout]     qlog/src/lib.rs - (line 297)
[INFO] [stdout]     qlog/src/lib.rs - (line 360)
[INFO] [stdout] 
[INFO] [stdout] test result: FAILED. 4 passed; 4 failed; 1 ignored; 0 measured; 0 filtered out; finished in 0.37s
[INFO] [stdout] 
[INFO] [stderr] error: doctest failed, to rerun pass `-p qlog --doc`
[INFO] running `Command { std: "docker" "inspect" "2ea7734ef3aa05bb41250b9431f160b62bca076b67e90894c7daf67354de5abc", kill_on_drop: false }`
[INFO] running `Command { std: "docker" "rm" "-f" "2ea7734ef3aa05bb41250b9431f160b62bca076b67e90894c7daf67354de5abc", kill_on_drop: false }`
[INFO] [stdout] 2ea7734ef3aa05bb41250b9431f160b62bca076b67e90894c7daf67354de5abc
