[INFO] cloning repository https://github.com/dcchut/dcc-lsystem
[INFO] running `Command { std: "git" "-c" "credential.helper=" "-c" "credential.helper=/workspace/cargo-home/bin/git-credential-null" "clone" "--bare" "https://github.com/dcchut/dcc-lsystem" "/workspace/cache/git-repos/https%3A%2F%2Fgithub.com%2Fdcchut%2Fdcc-lsystem", kill_on_drop: false }`
[INFO] [stderr] Cloning into bare repository '/workspace/cache/git-repos/https%3A%2F%2Fgithub.com%2Fdcchut%2Fdcc-lsystem'...
[INFO] running `Command { std: "git" "rev-parse" "HEAD", kill_on_drop: false }`
[INFO] [stdout] 6c368025ff12fa07b398df8fd76337aaac2e820f
[INFO] testing dcchut/dcc-lsystem against nightly-2025-01-18+rustflags=-Zrandomize-layout for randomize-layout-2
[INFO] running `Command { std: "git" "clone" "/workspace/cache/git-repos/https%3A%2F%2Fgithub.com%2Fdcchut%2Fdcc-lsystem" "/workspace/builds/worker-7-tc2/source", kill_on_drop: false }`
[INFO] [stderr] Cloning into '/workspace/builds/worker-7-tc2/source'...
[INFO] [stderr] done.
[INFO] validating manifest of git repo https://github.com/dcchut/dcc-lsystem on toolchain nightly-2025-01-18
[INFO] running `Command { std: CARGO_HOME="/workspace/cargo-home" RUSTUP_HOME="/workspace/rustup-home" "/workspace/cargo-home/bin/cargo" "+nightly-2025-01-18" "metadata" "--manifest-path" "Cargo.toml" "--no-deps", kill_on_drop: false }`
[INFO] started tweaking git repo https://github.com/dcchut/dcc-lsystem
[INFO] finished tweaking git repo https://github.com/dcchut/dcc-lsystem
[INFO] tweaked toml for git repo https://github.com/dcchut/dcc-lsystem written to /workspace/builds/worker-7-tc2/source/Cargo.toml
[INFO] running `Command { std: CARGO_HOME="/workspace/cargo-home" RUSTUP_HOME="/workspace/rustup-home" "/workspace/cargo-home/bin/cargo" "+nightly-2025-01-18" "generate-lockfile" "--manifest-path" "Cargo.toml", kill_on_drop: false }`
[INFO] [stderr]     Updating crates.io index
[INFO] [stderr]      Locking 148 packages to latest compatible versions
[INFO] [stderr]       Adding gif v0.12.0 (available: v0.13.1)
[INFO] [stderr]       Adding image v0.24.9 (available: v0.25.5)
[INFO] [stderr]       Adding imageproc v0.23.0 (available: v0.25.0)
[INFO] [stderr]       Adding mtpng v0.3.5 (available: v0.4.1)
[INFO] [stderr]       Adding thiserror v1.0.69 (available: v2.0.11)
[INFO] running `Command { std: CARGO_HOME="/workspace/cargo-home" RUSTUP_HOME="/workspace/rustup-home" "/workspace/cargo-home/bin/cargo" "+nightly-2025-01-18" "fetch" "--manifest-path" "Cargo.toml", kill_on_drop: false }`
[INFO] running `Command { std: "docker" "create" "-v" "/var/lib/crater-agent-workspace/builds/worker-7-tc2/target:/opt/rustwide/target:rw,Z" "-v" "/var/lib/crater-agent-workspace/builds/worker-7-tc2/source:/opt/rustwide/workdir:ro,Z" "-v" "/var/lib/crater-agent-workspace/cargo-home:/opt/rustwide/cargo-home:ro,Z" "-v" "/var/lib/crater-agent-workspace/rustup-home:/opt/rustwide/rustup-home:ro,Z" "-e" "SOURCE_DIR=/opt/rustwide/workdir" "-e" "CARGO_TARGET_DIR=/opt/rustwide/target" "-e" "CARGO_HOME=/opt/rustwide/cargo-home" "-e" "RUSTUP_HOME=/opt/rustwide/rustup-home" "-w" "/opt/rustwide/workdir" "-m" "1610612736" "--user" "0:0" "--network" "none" "ghcr.io/rust-lang/crates-build-env/linux@sha256:819108c5571ea2e421544af4d832f968d213c87fbe3707a016657f43d2f853bc" "/opt/rustwide/cargo-home/bin/cargo" "+nightly-2025-01-18" "metadata" "--no-deps" "--format-version=1", kill_on_drop: false }`
[INFO] [stdout] de868af17377ae979f8a61abb43c07358de947ea4e3881460137d8f3cb44f5d2
[INFO] running `Command { std: "docker" "start" "-a" "de868af17377ae979f8a61abb43c07358de947ea4e3881460137d8f3cb44f5d2", kill_on_drop: false }`
[INFO] running `Command { std: "docker" "inspect" "de868af17377ae979f8a61abb43c07358de947ea4e3881460137d8f3cb44f5d2", kill_on_drop: false }`
[INFO] running `Command { std: "docker" "rm" "-f" "de868af17377ae979f8a61abb43c07358de947ea4e3881460137d8f3cb44f5d2", kill_on_drop: false }`
[INFO] [stdout] de868af17377ae979f8a61abb43c07358de947ea4e3881460137d8f3cb44f5d2
[INFO] running `Command { std: "docker" "create" "-v" "/var/lib/crater-agent-workspace/builds/worker-7-tc2/target:/opt/rustwide/target:rw,Z" "-v" "/var/lib/crater-agent-workspace/builds/worker-7-tc2/source:/opt/rustwide/workdir:ro,Z" "-v" "/var/lib/crater-agent-workspace/cargo-home:/opt/rustwide/cargo-home:ro,Z" "-v" "/var/lib/crater-agent-workspace/rustup-home:/opt/rustwide/rustup-home:ro,Z" "-e" "SOURCE_DIR=/opt/rustwide/workdir" "-e" "CARGO_TARGET_DIR=/opt/rustwide/target" "-e" "CARGO_INCREMENTAL=0" "-e" "RUST_BACKTRACE=full" "-e" "RUSTFLAGS=--cap-lints=forbid -Zrandomize-layout" "-e" "RUSTDOCFLAGS=--cap-lints=forbid" "-e" "CARGO_HOME=/opt/rustwide/cargo-home" "-e" "RUSTUP_HOME=/opt/rustwide/rustup-home" "-w" "/opt/rustwide/workdir" "-m" "1610612736" "--user" "0:0" "--network" "none" "ghcr.io/rust-lang/crates-build-env/linux@sha256:819108c5571ea2e421544af4d832f968d213c87fbe3707a016657f43d2f853bc" "/opt/rustwide/cargo-home/bin/cargo" "+nightly-2025-01-18" "build" "--frozen" "--message-format=json", kill_on_drop: false }`
[INFO] [stdout] 23049d8d045777ee63ef2c20b02104d26a842ded62f50caf72ef8132db317fb8
[INFO] running `Command { std: "docker" "start" "-a" "23049d8d045777ee63ef2c20b02104d26a842ded62f50caf72ef8132db317fb8", kill_on_drop: false }`
[INFO] [stderr]    Compiling autocfg v1.4.0
[INFO] [stderr]    Compiling crossbeam-utils v0.8.21
[INFO] [stderr]    Compiling proc-macro2 v1.0.93
[INFO] [stderr]    Compiling libc v0.2.169
[INFO] [stderr]    Compiling unicode-ident v1.0.14
[INFO] [stderr]    Compiling bytemuck v1.21.0
[INFO] [stderr]    Compiling rayon-core v1.12.1
[INFO] [stderr]    Compiling simd-adler32 v0.3.7
[INFO] [stderr]    Compiling either v1.13.0
[INFO] [stderr]    Compiling byteorder v1.5.0
[INFO] [stderr]    Compiling adler2 v2.0.0
[INFO] [stderr]    Compiling crc32fast v1.4.2
[INFO] [stderr]    Compiling weezl v0.1.8
[INFO] [stderr]    Compiling color_quant v1.1.0
[INFO] [stderr]    Compiling typenum v1.17.0
[INFO] [stderr]    Compiling getrandom v0.1.16
[INFO] [stderr]    Compiling paste v1.0.15
[INFO] [stderr]    Compiling utf8parse v0.2.2
[INFO] [stderr]    Compiling shlex v1.3.0
[INFO] [stderr]    Compiling anstyle-parse v0.2.6
[INFO] [stderr]    Compiling is_terminal_polyfill v1.70.1
[INFO] [stderr]    Compiling anstyle v1.0.10
[INFO] [stderr]    Compiling once_cell v1.20.2
[INFO] [stderr]    Compiling miniz_oxide v0.8.3
[INFO] [stderr]    Compiling rgb v0.8.50
[INFO] [stderr]    Compiling safe_arch v0.7.4
[INFO] [stderr]    Compiling pkg-config v0.3.31
[INFO] [stderr]    Compiling anstyle-query v1.1.2
[INFO] [stderr]    Compiling cc v1.2.10
[INFO] [stderr]    Compiling build_const v0.2.2
[INFO] [stderr]    Compiling vcpkg v0.2.15
[INFO] [stderr]    Compiling colorchoice v1.0.3
[INFO] [stderr]    Compiling anstream v0.6.18
[INFO] [stderr]    Compiling gif v0.13.1
[INFO] [stderr]    Compiling crc v1.8.1
[INFO] [stderr]    Compiling num-traits v0.2.19
[INFO] [stderr]    Compiling matrixmultiply v0.3.9
[INFO] [stderr]    Compiling fdeflate v0.3.7
[INFO] [stderr]    Compiling quote v1.0.38
[INFO] [stderr]    Compiling zune-inflate v0.2.54
[INFO] [stderr]    Compiling half v2.4.1
[INFO] [stderr]    Compiling flate2 v1.0.35
[INFO] [stderr]    Compiling strsim v0.11.1
[INFO] [stderr]    Compiling ttf-parser v0.15.2
[INFO] [stderr]    Compiling smallvec v1.13.2
[INFO] [stderr]    Compiling wide v0.7.32
[INFO] [stderr]    Compiling crossbeam-epoch v0.9.18
[INFO] [stderr]    Compiling syn v2.0.96
[INFO] [stderr]    Compiling crossbeam-channel v0.5.14
[INFO] [stderr]    Compiling memchr v2.7.4
[INFO] [stderr]    Compiling imgref v1.11.0
[INFO] [stderr]    Compiling rustix v0.38.43
[INFO] [stderr]    Compiling lebe v0.5.2
[INFO] [stderr]    Compiling clap_lex v0.7.4
[INFO] [stderr]    Compiling crossbeam-deque v0.8.6
[INFO] [stderr]    Compiling syn v1.0.109
[INFO] [stderr]    Compiling num-integer v0.1.46
[INFO] [stderr]    Compiling num-complex v0.4.6
[INFO] [stderr]    Compiling approx v0.5.1
[INFO] [stderr]    Compiling rawpointer v0.2.1
[INFO] [stderr]    Compiling bit_field v0.10.2
[INFO] [stderr]    Compiling clap_builder v4.5.26
[INFO] [stderr]    Compiling png v0.17.16
[INFO] [stderr]    Compiling thread_local v1.1.8
[INFO] [stderr]    Compiling num-bigint v0.4.6
[INFO] [stderr]    Compiling num-iter v0.1.45
[INFO] [stderr]    Compiling itertools v0.10.5
[INFO] [stderr]    Compiling qoi v0.4.1
[INFO] [stderr]    Compiling linux-raw-sys v0.4.15
[INFO] [stderr]    Compiling thiserror v1.0.69
[INFO] [stderr]    Compiling rayon v1.10.0
[INFO] [stderr]    Compiling owned_ttf_parser v0.15.2
[INFO] [stderr]    Compiling exr v1.73.0
[INFO] [stderr]    Compiling getrandom v0.2.15
[INFO] [stderr]    Compiling libz-sys v1.1.21
[INFO] [stderr]    Compiling aho-corasick v1.1.3
[INFO] [stderr]    Compiling arrayvec v0.7.6
[INFO] [stderr]    Compiling rand_core v0.6.4
[INFO] [stderr]    Compiling rand_core v0.5.1
[INFO] [stderr]    Compiling custom_derive v0.1.7
[INFO] [stderr]    Compiling regex-syntax v0.8.5
[INFO] [stderr]    Compiling ab_glyph_rasterizer v0.1.8
[INFO] [stderr]    Compiling bitflags v2.8.0
[INFO] [stderr]    Compiling conv v0.3.3
[INFO] [stderr]    Compiling lodepng v3.10.7
[INFO] [stderr]    Compiling pbr v1.1.1
[INFO] [stderr]    Compiling rusttype v0.9.3
[INFO] [stderr]    Compiling num-rational v0.4.2
[INFO] [stderr]    Compiling ordered-channel v1.1.0
[INFO] [stderr]    Compiling simba v0.7.3
[INFO] [stderr]    Compiling yuv v0.1.9
[INFO] [stderr]    Compiling gif-dispose v5.0.1
[INFO] [stderr]    Compiling loop9 v0.1.5
[INFO] [stderr]    Compiling wild v2.2.1
[INFO] [stderr]    Compiling y4m v0.8.0
[INFO] [stderr]    Compiling natord v1.0.9
[INFO] [stderr]    Compiling dunce v1.0.5
[INFO] [stderr]    Compiling quick-error v2.0.1
[INFO] [stderr]    Compiling fastrand v2.3.0
[INFO] [stderr]    Compiling gif v0.12.0
[INFO] [stderr]    Compiling dyn-clone v1.0.17
[INFO] [stderr]    Compiling lazy_static v1.5.0
[INFO] [stderr]    Compiling num v0.4.3
[INFO] [stderr]    Compiling zerocopy-derive v0.7.35
[INFO] [stderr]    Compiling thiserror-impl v1.0.69
[INFO] [stderr]    Compiling dcc-lsystem-derive v0.1.2 (/opt/rustwide/workdir/dcc-lsystem-derive)
[INFO] [stderr]    Compiling regex-automata v0.4.9
[INFO] [stderr]    Compiling jpeg-decoder v0.3.1
[INFO] [stderr]    Compiling imagequant v4.3.3
[INFO] [stderr]    Compiling resize v0.8.8
[INFO] [stderr]    Compiling zerocopy v0.7.35
[INFO] [stderr]    Compiling clap v4.5.26
[INFO] [stderr]    Compiling tempfile v3.15.0
[INFO] [stderr]    Compiling mtpng v0.3.5
[INFO] [stderr]    Compiling ppv-lite86 v0.2.20
[INFO] [stderr]    Compiling dcc-lsystem-derive v0.1.2
[INFO] [stderr]    Compiling tiff v0.9.1
[INFO] [stderr]    Compiling rand_chacha v0.2.2
[INFO] [stderr]    Compiling rand_chacha v0.3.1
[INFO] [stderr]    Compiling rand v0.7.3
[INFO] [stderr]    Compiling gifski v1.32.0
[INFO] [stderr]    Compiling rand v0.8.5
[INFO] [stderr]    Compiling regex v1.11.1
[INFO] [stderr]    Compiling image v0.24.9
[INFO] [stderr]    Compiling rand_distr v0.2.2
[INFO] [stderr]    Compiling nalgebra v0.30.1
[INFO] [stderr]    Compiling imageproc v0.23.0
[INFO] [stderr]    Compiling dcc-lsystem v0.7.0 (/opt/rustwide/workdir/dcc-lsystem)
[INFO] [stderr]     Finished `dev` profile [unoptimized + debuginfo] target(s) in 1m 00s
[INFO] running `Command { std: "docker" "inspect" "23049d8d045777ee63ef2c20b02104d26a842ded62f50caf72ef8132db317fb8", kill_on_drop: false }`
[INFO] running `Command { std: "docker" "rm" "-f" "23049d8d045777ee63ef2c20b02104d26a842ded62f50caf72ef8132db317fb8", kill_on_drop: false }`
[INFO] [stdout] 23049d8d045777ee63ef2c20b02104d26a842ded62f50caf72ef8132db317fb8
[INFO] running `Command { std: "docker" "create" "-v" "/var/lib/crater-agent-workspace/builds/worker-7-tc2/target:/opt/rustwide/target:rw,Z" "-v" "/var/lib/crater-agent-workspace/builds/worker-7-tc2/source:/opt/rustwide/workdir:ro,Z" "-v" "/var/lib/crater-agent-workspace/cargo-home:/opt/rustwide/cargo-home:ro,Z" "-v" "/var/lib/crater-agent-workspace/rustup-home:/opt/rustwide/rustup-home:ro,Z" "-e" "SOURCE_DIR=/opt/rustwide/workdir" "-e" "CARGO_TARGET_DIR=/opt/rustwide/target" "-e" "CARGO_INCREMENTAL=0" "-e" "RUST_BACKTRACE=full" "-e" "RUSTFLAGS=--cap-lints=forbid -Zrandomize-layout" "-e" "RUSTDOCFLAGS=--cap-lints=forbid" "-e" "CARGO_HOME=/opt/rustwide/cargo-home" "-e" "RUSTUP_HOME=/opt/rustwide/rustup-home" "-w" "/opt/rustwide/workdir" "-m" "1610612736" "--user" "0:0" "--network" "none" "ghcr.io/rust-lang/crates-build-env/linux@sha256:819108c5571ea2e421544af4d832f968d213c87fbe3707a016657f43d2f853bc" "/opt/rustwide/cargo-home/bin/cargo" "+nightly-2025-01-18" "test" "--frozen" "--no-run" "--message-format=json", kill_on_drop: false }`
[INFO] [stdout] b3e154229253bb3d4219d6af746793aa0fd4ab6a8d6e8bad874d81fe5c252fd4
[INFO] running `Command { std: "docker" "start" "-a" "b3e154229253bb3d4219d6af746793aa0fd4ab6a8d6e8bad874d81fe5c252fd4", kill_on_drop: false }`
[INFO] [stderr]    Compiling dcc-lsystem-derive v0.1.2 (/opt/rustwide/workdir/dcc-lsystem-derive)
[INFO] [stderr]    Compiling dcc-lsystem v0.7.0 (/opt/rustwide/workdir/dcc-lsystem)
[INFO] [stdout] warning: using `.clone()` on a double reference, which returns `&str` instead of cloning the inner type
[INFO] [stdout]   --> dcc-lsystem/examples/random_fractal_generator.rs:60:57
[INFO] [stdout]    |
[INFO] [stdout] 60 |             axiom.push(choices.choose(&mut rng).unwrap().clone());
[INFO] [stdout]    |                                                         ^^^^^^^^
[INFO] [stdout]    |
[INFO] [stdout]    = note: `#[warn(suspicious_double_ref_op)]` on by default
[INFO] [stdout] 
[INFO] [stdout] 
[INFO] [stdout] warning: call to `.clone()` on a reference in this situation does nothing
[INFO] [stdout]   --> dcc-lsystem/examples/random_fractal_generator.rs:76:27
[INFO] [stdout]    |
[INFO] [stdout] 76 |                           .0
[INFO] [stdout]    |  ___________________________^
[INFO] [stdout] 77 | |                         .clone(),
[INFO] [stdout]    | |________________________________^ help: remove this redundant call
[INFO] [stdout]    |
[INFO] [stdout]    = note: the type `str` does not implement `Clone`, so calling `clone` on `&str` copies the reference, which does not do anything and can be removed
[INFO] [stdout]    = note: `#[warn(noop_method_call)]` on by default
[INFO] [stdout] 
[INFO] [stdout] 
[INFO] [stdout] warning: call to `.clone()` on a reference in this situation does nothing
[INFO] [stdout]   --> dcc-lsystem/examples/random_fractal_generator.rs:94:27
[INFO] [stdout]    |
[INFO] [stdout] 94 |                           .0
[INFO] [stdout]    |  ___________________________^
[INFO] [stdout] 95 | |                         .clone(),
[INFO] [stdout]    | |________________________________^ help: remove this redundant call
[INFO] [stdout]    |
[INFO] [stdout]    = note: the type `str` does not implement `Clone`, so calling `clone` on `&str` copies the reference, which does not do anything and can be removed
[INFO] [stdout] 
[INFO] [stdout] 
[INFO] [stderr]     Finished `test` profile [unoptimized + debuginfo] target(s) in 12.11s
[INFO] running `Command { std: "docker" "inspect" "b3e154229253bb3d4219d6af746793aa0fd4ab6a8d6e8bad874d81fe5c252fd4", kill_on_drop: false }`
[INFO] running `Command { std: "docker" "rm" "-f" "b3e154229253bb3d4219d6af746793aa0fd4ab6a8d6e8bad874d81fe5c252fd4", kill_on_drop: false }`
[INFO] [stdout] b3e154229253bb3d4219d6af746793aa0fd4ab6a8d6e8bad874d81fe5c252fd4
[INFO] running `Command { std: "docker" "create" "-v" "/var/lib/crater-agent-workspace/builds/worker-7-tc2/target:/opt/rustwide/target:rw,Z" "-v" "/var/lib/crater-agent-workspace/builds/worker-7-tc2/source:/opt/rustwide/workdir:ro,Z" "-v" "/var/lib/crater-agent-workspace/cargo-home:/opt/rustwide/cargo-home:ro,Z" "-v" "/var/lib/crater-agent-workspace/rustup-home:/opt/rustwide/rustup-home:ro,Z" "-e" "SOURCE_DIR=/opt/rustwide/workdir" "-e" "CARGO_TARGET_DIR=/opt/rustwide/target" "-e" "CARGO_INCREMENTAL=0" "-e" "RUST_BACKTRACE=full" "-e" "RUSTFLAGS=--cap-lints=forbid -Zrandomize-layout" "-e" "RUSTDOCFLAGS=--cap-lints=forbid" "-e" "CARGO_HOME=/opt/rustwide/cargo-home" "-e" "RUSTUP_HOME=/opt/rustwide/rustup-home" "-w" "/opt/rustwide/workdir" "-m" "1610612736" "--user" "0:0" "--network" "none" "ghcr.io/rust-lang/crates-build-env/linux@sha256:819108c5571ea2e421544af4d832f968d213c87fbe3707a016657f43d2f853bc" "/opt/rustwide/cargo-home/bin/cargo" "+nightly-2025-01-18" "test" "--frozen", kill_on_drop: false }`
[INFO] [stdout] 161f47831c8eb56979222e39bb407cf1f9b5e9bd373a74902d390b3cc1a4417d
[INFO] running `Command { std: "docker" "start" "-a" "161f47831c8eb56979222e39bb407cf1f9b5e9bd373a74902d390b3cc1a4417d", kill_on_drop: false }`
[INFO] [stderr] warning: using `.clone()` on a double reference, which returns `&str` instead of cloning the inner type
[INFO] [stderr]   --> dcc-lsystem/examples/random_fractal_generator.rs:60:57
[INFO] [stderr]    |
[INFO] [stderr] 60 |             axiom.push(choices.choose(&mut rng).unwrap().clone());
[INFO] [stderr]    |                                                         ^^^^^^^^
[INFO] [stderr]    |
[INFO] [stderr]    = note: `#[warn(suspicious_double_ref_op)]` on by default
[INFO] [stderr] 
[INFO] [stderr] warning: call to `.clone()` on a reference in this situation does nothing
[INFO] [stderr]   --> dcc-lsystem/examples/random_fractal_generator.rs:76:27
[INFO] [stderr]    |
[INFO] [stderr] 76 |                           .0
[INFO] [stderr]    |  ___________________________^
[INFO] [stderr] 77 | |                         .clone(),
[INFO] [stderr]    | |________________________________^ help: remove this redundant call
[INFO] [stderr]    |
[INFO] [stderr]    = note: the type `str` does not implement `Clone`, so calling `clone` on `&str` copies the reference, which does not do anything and can be removed
[INFO] [stderr]    = note: `#[warn(noop_method_call)]` on by default
[INFO] [stderr] 
[INFO] [stderr] warning: call to `.clone()` on a reference in this situation does nothing
[INFO] [stderr]   --> dcc-lsystem/examples/random_fractal_generator.rs:94:27
[INFO] [stderr]    |
[INFO] [stderr] 94 |                           .0
[INFO] [stderr]    |  ___________________________^
[INFO] [stderr] 95 | |                         .clone(),
[INFO] [stderr]    | |________________________________^ help: remove this redundant call
[INFO] [stderr]    |
[INFO] [stderr]    = note: the type `str` does not implement `Clone`, so calling `clone` on `&str` copies the reference, which does not do anything and can be removed
[INFO] [stderr] 
[INFO] [stderr] warning: `dcc-lsystem` (example "random_fractal_generator") generated 3 warnings (run `cargo fix --example "random_fractal_generator"` to apply 2 suggestions)
[INFO] [stderr]     Finished `test` profile [unoptimized + debuginfo] target(s) in 0.19s
[INFO] [stderr]      Running unittests src/lib.rs (/opt/rustwide/target/debug/deps/dcc_lsystem-f3b5b2fc8aeebdec)
[INFO] [stdout] 
[INFO] [stdout] running 8 tests
[INFO] [stdout] test arena::tests::arena_basic ... ok
[INFO] [stdout] test arena::tests::arena_enumerate ... ok
[INFO] [stdout] test arena::tests::arena_iterator ... ok
[INFO] [stdout] test arena::tests::arena_iterator_mut ... ok
[INFO] [stdout] test builder::tests::test_builder_axiom_and_transformation_rule_errors ... ok
[INFO] [stdout] test builder::tests::test_builder_invalid_token ... ok
[INFO] [stdout] test tests::basic_algae_test ... ok
[INFO] [stdout] test tests::fractal_binary_tree ... ok
[INFO] [stdout] 
[INFO] [stdout] test result: ok. 8 passed; 0 failed; 0 ignored; 0 measured; 0 filtered out; finished in 0.00s
[INFO] [stdout] 
[INFO] [stderr]      Running unittests src/lib.rs (/opt/rustwide/target/debug/deps/dcc_lsystem_derive-6159a1eb1ba0bf9f)
[INFO] [stdout] 
[INFO] [stdout] running 0 tests
[INFO] [stdout] 
[INFO] [stdout] test result: ok. 0 passed; 0 failed; 0 ignored; 0 measured; 0 filtered out; finished in 0.00s
[INFO] [stdout] 
[INFO] [stderr]    Doc-tests dcc_lsystem
[INFO] [stdout] 
[INFO] [stdout] running 53 tests
[INFO] [stdout] test dcc-lsystem/src/arena.rs - arena::Arena (line 10) ... ok
[INFO] [stdout] test dcc-lsystem/src/arena.rs - arena::Arena<T>::as_slice (line 242) ... ok
[INFO] [stdout] test dcc-lsystem/src/arena.rs - arena::Arena<T>::is_empty (line 63) ... ok
[INFO] [stdout] test dcc-lsystem/src/arena.rs - arena::Arena<T>::enumerate (line 221) ... ok
[INFO] [stdout] test dcc-lsystem/src/arena.rs - arena::Arena<T>::is_valid (line 163) ... ok
[INFO] [stdout] test dcc-lsystem/src/arena.rs - arena::EnumerableArena (line 280) ... ok
[INFO] [stdout] test dcc-lsystem/src/arena.rs - arena::Arena<T>::push (line 203) ... ok
[INFO] [stdout] test dcc-lsystem/src/arena.rs - arena::EnumerableArena (line 261) ... ok
[INFO] [stdout] test dcc-lsystem/src/arena.rs - arena::Arena<T>::iter_mut (line 141) ... ok
[INFO] [stdout] test dcc-lsystem/src/arena.rs - arena::Arena<T>::iter (line 121) ... ok
[INFO] [stdout] test dcc-lsystem/src/arena.rs - arena::Arena<T>::get (line 82) ... ok
[INFO] [stdout] test dcc-lsystem/src/image.rs - image::fill_mut (line 10) - compile ... ok
[INFO] [stdout] test dcc-lsystem/src/lib.rs - (line 125) - compile ... ok
[INFO] [stdout] test dcc-lsystem/src/lib.rs - (line 178) ... ok
[INFO] [stdout] test dcc-lsystem/src/lib.rs - (line 83) - compile ... ok
[INFO] [stdout] test dcc-lsystem/src/system.rs - system (line 35) - compile ... ok
[INFO] [stdout] test dcc-lsystem/src/lib.rs - (line 186) ... ok
[INFO] [stdout] test dcc-lsystem/src/arena.rs - arena::Arena<T>::get_mut (line 101) ... ok
[INFO] [stdout] test dcc-lsystem/src/arena.rs - arena::Arena<T>::new (line 30) ... ok
[INFO] [stdout] test dcc-lsystem/src/arena.rs - arena::Arena<T>::is_valid_slice (line 182) ... ok
[INFO] [stdout] test dcc-lsystem/src/builder.rs - builder::LSystemBuilder::axiom (line 133) ... ok
[INFO] [stdout] test dcc-lsystem/src/builder.rs - builder::LSystemBuilder::finish (line 159) ... ok
[INFO] [stdout] test dcc-lsystem/src/arena.rs - arena::Arena<T>::len (line 45) ... ok
[INFO] [stdout] test dcc-lsystem/src/turtle.rs - turtle::BaseTurtle::bounds (line 300) ... FAILED
[INFO] [stdout] test dcc-lsystem/src/builder.rs - builder::LSystemBuilder (line 29) ... ok
[INFO] [stdout] test dcc-lsystem/src/token.rs - token::Token::name (line 38) ... FAILED
[INFO] [stdout] test dcc-lsystem/src/builder.rs - builder::LSystemBuilder::transformation_rule (line 100) ... FAILED
[INFO] [stdout] test dcc-lsystem/src/builder.rs - builder::LSystemBuilder::token (line 69) has been running for over 60 seconds
[INFO] [stdout] test dcc-lsystem/src/lib.rs - (line 34) has been running for over 60 seconds
[INFO] [stdout] test dcc-lsystem/src/system.rs - system (line 8) has been running for over 60 seconds
[INFO] [stdout] test dcc-lsystem/src/system.rs - system::LSystem::get_state (line 253) has been running for over 60 seconds
[INFO] [stdout] test dcc-lsystem/src/system.rs - system::LSystem::render (line 220) has been running for over 60 seconds
[INFO] [stdout] test dcc-lsystem/src/system.rs - system::LSystem::reset (line 99) has been running for over 60 seconds
[INFO] [stdout] test dcc-lsystem/src/system.rs - system::LSystem::step (line 130) has been running for over 60 seconds
[INFO] [stdout] test dcc-lsystem/src/system.rs - system::LSystem::step_by (line 166) has been running for over 60 seconds
[INFO] [stdout] test dcc-lsystem/src/system.rs - system::LSystem::steps (line 193) has been running for over 60 seconds
[INFO] [stdout] test dcc-lsystem/src/token.rs - token::Token::new (line 16) has been running for over 60 seconds
[INFO] [stdout] test dcc-lsystem/src/turtle.rs - turtle::BaseTurtle (line 127) has been running for over 60 seconds
[INFO] [stdout] test dcc-lsystem/src/turtle.rs - turtle::BaseTurtle::delta_move (line 263) has been running for over 60 seconds
[INFO] [stdout] test dcc-lsystem/src/turtle.rs - turtle::BaseTurtle::lines (line 220) has been running for over 60 seconds
[INFO] [stdout] test dcc-lsystem/src/turtle.rs - turtle::BaseTurtle::new (line 165) has been running for over 60 seconds
[INFO] [stdout] test dcc-lsystem/src/system.rs - system::LSystem::render (line 220) ... ok
[INFO] [stdout] test dcc-lsystem/src/token.rs - token::Token::new (line 16) ... ok
[INFO] [stdout] test dcc-lsystem/src/turtle.rs - turtle::BaseTurtle::new (line 165) ... ok
[INFO] [stdout] test dcc-lsystem/src/turtle.rs - turtle::BaseTurtle::lines (line 220) ... FAILED
[INFO] [stdout] test dcc-lsystem/src/turtle.rs - turtle::BaseTurtle::delta_move (line 263) ... FAILED
[INFO] [stdout] test dcc-lsystem/src/turtle.rs - turtle::BaseTurtle::pen_down (line 324) ... FAILED
[INFO] [stdout] test dcc-lsystem/src/turtle.rs - turtle::BaseTurtle::pen_up (line 342) ... FAILED
[INFO] [stdout] test dcc-lsystem/src/turtle.rs - turtle::BaseTurtle::set_position (line 238) ... ok
[INFO] [stdout] test dcc-lsystem/src/turtle.rs - turtle::BaseTurtle::y (line 204) ... ok
[INFO] [stdout] test dcc-lsystem/src/lib.rs - (line 34) ... ok
[INFO] [stdout] test dcc-lsystem/src/turtle.rs - turtle::TurtleContainer (line 84) ... ok
[INFO] [stdout] test dcc-lsystem/src/turtle.rs - turtle::TurtleContainer (line 70) ... ok
[INFO] [stdout] test dcc-lsystem/src/turtle.rs - turtle::MovingTurtle (line 29) ... ok
[INFO] [stdout] test dcc-lsystem/src/system.rs - system::LSystem::steps (line 193) ... ok
[INFO] [stdout] test dcc-lsystem/src/turtle.rs - turtle::Heading::right (line 394) ... ok
[INFO] [stdout] test dcc-lsystem/src/turtle.rs - turtle::Heading::left (line 376) ... ok
[INFO] [stdout] test dcc-lsystem/src/turtle.rs - turtle::Heading::dy (line 427) ... ok
[INFO] [stdout] test dcc-lsystem/src/builder.rs - builder::LSystemBuilder::token (line 69) ... ok
[INFO] [stdout] test dcc-lsystem/src/turtle.rs - turtle::Heading::dx (line 408) ... ok
[INFO] [stdout] test dcc-lsystem/src/system.rs - system::LSystem::step (line 130) ... ok
[INFO] [stdout] test dcc-lsystem/src/system.rs - system (line 8) ... ok
[INFO] [stdout] test dcc-lsystem/src/system.rs - system::LSystem::get_state (line 253) ... ok
[INFO] [stdout] test dcc-lsystem/src/system.rs - system::LSystem::reset (line 99) ... ok
[INFO] [stdout] test dcc-lsystem/src/system.rs - system::LSystem::step_by (line 166) ... ok
[INFO] [stdout] test dcc-lsystem/src/turtle.rs - turtle::BaseTurtle (line 127) ... ok
[INFO] [stdout] test dcc-lsystem/src/turtle.rs - turtle::BaseTurtle::x (line 188) ... ok
[INFO] [stdout] 
[INFO] [stdout] failures:
[INFO] [stdout] 
[INFO] [stdout] ---- dcc-lsystem/src/turtle.rs - turtle::BaseTurtle::bounds (line 300) stdout ----
[INFO] [stdout] error: linking with `cc` failed: exit status: 1
[INFO] [stdout]   |
[INFO] [stdout]   = note: LC_ALL="C" PATH="/opt/rustwide/rustup-home/toolchains/nightly-2025-01-18-x86_64-unknown-linux-gnu/lib/rustlib/x86_64-unknown-linux-gnu/bin:/opt/rustwide/rustup-home/toolchains/nightly-2025-01-18-x86_64-unknown-linux-gnu/lib/rustlib/x86_64-unknown-linux-gnu/bin/self-contained:/opt/rustwide/cargo-home/bin:/usr/local/sbin:/usr/local/bin:/usr/sbin:/usr/bin:/sbin:/bin" VSLANG="1033" "cc" "-m64" "/tmp/rustcu6IjTE/symbols.o" "<2 object files omitted>" "-Wl,--as-needed" "-Wl,-Bstatic" "/opt/rustwide/target/debug/deps/{libdcc_lsystem-da4edbef7e6ee388.rlib,libtempfile-b285914455e1c6a5.rlib,libfastrand-e26e3d1c799dca82.rlib,librustix-e058d584049ea5ad.rlib,libbitflags-e32a43762ace1a6e.rlib,liblinux_raw_sys-c2b9d46179197d06.rlib,libdyn_clone-2ac21d8be62b4dbf.rlib,liblazy_static-39176b38f763143b.rlib,libregex-86352b74f2aede62.rlib,libregex_automata-425d05e56fe5ef50.rlib,libaho_corasick-eed6cb46621ca96b.rlib,libmemchr-f0975ff4df5a503e.rlib,libregex_syntax-37ae10d86b9e0280.rlib,librand-6ed8d86273d0cdd5.rlib,librand_chacha-b8185213c5d361ee.rlib,librand_core-7603a8db73f2b88f.rlib,libgetrandom-288c5a3e2a8cf55d.rlib,libmtpng-d99871cecbee11e3.rlib,liblibz_sys-f4ea04d0f7d2fda4.rlib,libcrc-e741e5863d969ec2.rlib,libgifski-f171d21c13e471e5.rlib,liblodepng-22da7053325e313d.rlib,libresize-258e36eda7d3e65c.rlib,libgif_dispose-70262899fb2e292d.rlib,libloop9-e7303384a26188cd.rlib,libpbr-bef90e7da13143d6.rlib,libordered_channel-9766e2720d975751.rlib,libcrossbeam_channel-d966101ab69ff48b.rlib,libquick_error-06ec611f02e616ea.rlib,libimgref-2ac051a64d59bcc5.rlib,libimagequant-86dbfed1ea4d090b.rlib,libthread_local-0b7fac2bc8260d3a.rlib,libonce_cell-2bffb8f01566609a.rlib,libarrayvec-c6721d0873f24d23.rlib,librgb-c5c8ea4c9e7f26f3.rlib,libimageproc-4fa50b933c510119.rlib,librand_distr-360b6b9e47f4a7a9.rlib,librand-dcfe70042487689a.rlib,librand_chacha-21ff91b9b8b1367d.rlib,libppv_lite86-b4de48b88f182bf2.rlib,libzerocopy-04477470f4e38d49.rlib,librand_core-ac827d98de60e00b.rlib,libgetrandom-1726e22fd197ff2a.rlib,liblibc-2422173be00bcc7f.rlib,libnalgebra-d3cc4d81a7b1d27c.rlib,libmatrixmultiply-554d8a7ee46b87e2.rlib,librawpointer-fafcaa81ebd386d5.rlib,libtypenum-9f5a8c13c03f8f3d.rlib,libsimba-14d04c8319b59409.rlib,libwide-23b2e82f61c9af3b.rlib,libsafe_arch-9eef64c3c9f0ce81.rlib,libapprox-e65e4469444af5bc.rlib,librusttype-57342d4238a7087b.rlib,libab_glyph_rasterizer-4746a4c278280f41.rlib,libowned_ttf_parser-ea172abb2d96b92f.rlib,libttf_parser-380ef7e970e84f9a.rlib,libconv-6b75b24a15bc0cf0.rlib,libcustom_derive-ecefe25d17ef36d6.rlib,libnum-6b55ede427ce3bd9.rlib,libnum_iter-e6fe1d3ecf40ae70.rlib,libnum_rational-0fe3523ded4521bd.rlib,libnum_complex-bb15d8d99744d170.rlib,libnum_bigint-04fd08a4417657b7.rlib,libnum_integer-960816884305f9c8.rlib,libitertools-35e5bb3fc0b65de2.rlib,libimage-e0d84125d5d79872.rlib,libqoi-69cad032b92c0034.rlib,libbytemuck-c310864279a1eb28.rlib,libpng-026b5196ca283640.rlib,libbitflags-ffc7a65fd223a01a.rlib,libfdeflate-d5fe34a226801ecc.rlib,libexr-8aad557448c14045.rlib,libzune_inflate-2ec4e14acd633d9f.rlib,libbit_field-6a39678eae8158ee.rlib,liblebe-0837de169fb78604.rlib,libhalf-35446592b377afdd.rlib,libsmallvec-eac8be0f7215ab5a.rlib,libgif-c06804e3f804a250.rlib,libcolor_quant-a81acfc2e9401699.rlib,libbyteorder-8614b87242077c82.rlib,libnum_traits-7668c969a539722c.rlib,libtiff-2494977d497a5571.rlib,libflate2-6f88a8ef53322f06.rlib,libminiz_oxide-b7efb3fab20c67a7.rlib,libsimd_adler32-9e8223204792b6cc.rlib,libcrc32fast-0813565ed4fc4191.rlib,libcfg_if-8f0231822091c729.rlib,libweezl-deb8cdd708bf4599.rlib,libjpeg_decoder-b76c1a9e9ae3787c.rlib,librayon-d7656c9545d00094.rlib,librayon_core-fce64c3a531cc3f5.rlib,libcrossbeam_deque-212c9dee9fd6f055.rlib,libcrossbeam_epoch-d0738b58619f07e4.rlib,libcrossbeam_utils-436c9fe0f005be70.rlib,libeither-d5b0480b68084373.rlib,libthiserror-986a3212ed2514ef.rlib}" "/opt/rustwide/rustup-home/toolchains/nightly-2025-01-18-x86_64-unknown-linux-gnu/lib/rustlib/x86_64-unknown-linux-gnu/lib/{libstd-006123e2ce67e99d.rlib,libpanic_unwind-e1447e1efa6f1e57.rlib,libobject-f6963a4916fcf097.rlib,libmemchr-49a2d9af912f4524.rlib,libaddr2line-04d19aad3936869d.rlib,libgimli-483c235edb789db0.rlib,librustc_demangle-294281af50b8f748.rlib,libstd_detect-3b08295250aabc2a.rlib,libhashbrown-4472d1e05ba0dfaf.rlib,librustc_std_workspace_alloc-2ef099fac590e457.rlib,libminiz_oxide-8a51f5e848546c29.rlib,libadler2-3d3fa22b868db521.rlib,libunwind-0ffda8b08e22dbea.rlib,libcfg_if-b08f62458fdd43b9.rlib,liblibc-559675126e63b890.rlib,liballoc-fcf21c8d1c9c7b75.rlib,librustc_std_workspace_core-e0b0460135bcf21d.rlib,libcore-d4097fdcbddd3bc7.rlib,libcompiler_builtins-fea484ac1eed7881.rlib}" "-Wl,-Bdynamic" "-lz" "-lgcc_s" "-lutil" "-lrt" "-lpthread" "-lm" "-ldl" "-lc" "-B/opt/rustwide/rustup-home/toolchains/nightly-2025-01-18-x86_64-unknown-linux-gnu/lib/rustlib/x86_64-unknown-linux-gnu/bin/gcc-ld" "-fuse-ld=lld" "-Wl,--eh-frame-hdr" "-Wl,-z,noexecstack" "-L" "/opt/rustwide/rustup-home/toolchains/nightly-2025-01-18-x86_64-unknown-linux-gnu/lib/rustlib/x86_64-unknown-linux-gnu/lib" "-o" "/tmp/rustdoctestUDBcGD/rust_out" "-Wl,--gc-sections" "-pie" "-Wl,-z,relro,-z,now" "-nodefaultlibs"
[INFO] [stdout]   = note: some arguments are omitted. use `--verbose` to show all linker arguments
[INFO] [stdout]   = note: collect2: fatal error: ld terminated with signal 9 [Killed]
[INFO] [stdout]           compilation terminated.
[INFO] [stdout]           
[INFO] [stdout] 
[INFO] [stdout] error: aborting due to 1 previous error
[INFO] [stdout] 
[INFO] [stdout] Couldn't compile the test.
[INFO] [stdout] ---- dcc-lsystem/src/token.rs - token::Token::name (line 38) stdout ----
[INFO] [stdout] error: linking with `cc` failed: exit status: 1
[INFO] [stdout]   |
[INFO] [stdout]   = note: LC_ALL="C" PATH="/opt/rustwide/rustup-home/toolchains/nightly-2025-01-18-x86_64-unknown-linux-gnu/lib/rustlib/x86_64-unknown-linux-gnu/bin:/opt/rustwide/rustup-home/toolchains/nightly-2025-01-18-x86_64-unknown-linux-gnu/lib/rustlib/x86_64-unknown-linux-gnu/bin/self-contained:/opt/rustwide/cargo-home/bin:/usr/local/sbin:/usr/local/bin:/usr/sbin:/usr/bin:/sbin:/bin" VSLANG="1033" "cc" "-m64" "/tmp/rustcC3A29s/symbols.o" "<2 object files omitted>" "-Wl,--as-needed" "-Wl,-Bstatic" "/opt/rustwide/target/debug/deps/{libdcc_lsystem-da4edbef7e6ee388.rlib,libtempfile-b285914455e1c6a5.rlib,libfastrand-e26e3d1c799dca82.rlib,librustix-e058d584049ea5ad.rlib,libbitflags-e32a43762ace1a6e.rlib,liblinux_raw_sys-c2b9d46179197d06.rlib,libdyn_clone-2ac21d8be62b4dbf.rlib,liblazy_static-39176b38f763143b.rlib,libregex-86352b74f2aede62.rlib,libregex_automata-425d05e56fe5ef50.rlib,libaho_corasick-eed6cb46621ca96b.rlib,libmemchr-f0975ff4df5a503e.rlib,libregex_syntax-37ae10d86b9e0280.rlib,librand-6ed8d86273d0cdd5.rlib,librand_chacha-b8185213c5d361ee.rlib,librand_core-7603a8db73f2b88f.rlib,libgetrandom-288c5a3e2a8cf55d.rlib,libmtpng-d99871cecbee11e3.rlib,liblibz_sys-f4ea04d0f7d2fda4.rlib,libcrc-e741e5863d969ec2.rlib,libgifski-f171d21c13e471e5.rlib,liblodepng-22da7053325e313d.rlib,libresize-258e36eda7d3e65c.rlib,libgif_dispose-70262899fb2e292d.rlib,libloop9-e7303384a26188cd.rlib,libpbr-bef90e7da13143d6.rlib,libordered_channel-9766e2720d975751.rlib,libcrossbeam_channel-d966101ab69ff48b.rlib,libquick_error-06ec611f02e616ea.rlib,libimgref-2ac051a64d59bcc5.rlib,libimagequant-86dbfed1ea4d090b.rlib,libthread_local-0b7fac2bc8260d3a.rlib,libonce_cell-2bffb8f01566609a.rlib,libarrayvec-c6721d0873f24d23.rlib,librgb-c5c8ea4c9e7f26f3.rlib,libimageproc-4fa50b933c510119.rlib,librand_distr-360b6b9e47f4a7a9.rlib,librand-dcfe70042487689a.rlib,librand_chacha-21ff91b9b8b1367d.rlib,libppv_lite86-b4de48b88f182bf2.rlib,libzerocopy-04477470f4e38d49.rlib,librand_core-ac827d98de60e00b.rlib,libgetrandom-1726e22fd197ff2a.rlib,liblibc-2422173be00bcc7f.rlib,libnalgebra-d3cc4d81a7b1d27c.rlib,libmatrixmultiply-554d8a7ee46b87e2.rlib,librawpointer-fafcaa81ebd386d5.rlib,libtypenum-9f5a8c13c03f8f3d.rlib,libsimba-14d04c8319b59409.rlib,libwide-23b2e82f61c9af3b.rlib,libsafe_arch-9eef64c3c9f0ce81.rlib,libapprox-e65e4469444af5bc.rlib,librusttype-57342d4238a7087b.rlib,libab_glyph_rasterizer-4746a4c278280f41.rlib,libowned_ttf_parser-ea172abb2d96b92f.rlib,libttf_parser-380ef7e970e84f9a.rlib,libconv-6b75b24a15bc0cf0.rlib,libcustom_derive-ecefe25d17ef36d6.rlib,libnum-6b55ede427ce3bd9.rlib,libnum_iter-e6fe1d3ecf40ae70.rlib,libnum_rational-0fe3523ded4521bd.rlib,libnum_complex-bb15d8d99744d170.rlib,libnum_bigint-04fd08a4417657b7.rlib,libnum_integer-960816884305f9c8.rlib,libitertools-35e5bb3fc0b65de2.rlib,libimage-e0d84125d5d79872.rlib,libqoi-69cad032b92c0034.rlib,libbytemuck-c310864279a1eb28.rlib,libpng-026b5196ca283640.rlib,libbitflags-ffc7a65fd223a01a.rlib,libfdeflate-d5fe34a226801ecc.rlib,libexr-8aad557448c14045.rlib,libzune_inflate-2ec4e14acd633d9f.rlib,libbit_field-6a39678eae8158ee.rlib,liblebe-0837de169fb78604.rlib,libhalf-35446592b377afdd.rlib,libsmallvec-eac8be0f7215ab5a.rlib,libgif-c06804e3f804a250.rlib,libcolor_quant-a81acfc2e9401699.rlib,libbyteorder-8614b87242077c82.rlib,libnum_traits-7668c969a539722c.rlib,libtiff-2494977d497a5571.rlib,libflate2-6f88a8ef53322f06.rlib,libminiz_oxide-b7efb3fab20c67a7.rlib,libsimd_adler32-9e8223204792b6cc.rlib,libcrc32fast-0813565ed4fc4191.rlib,libcfg_if-8f0231822091c729.rlib,libweezl-deb8cdd708bf4599.rlib,libjpeg_decoder-b76c1a9e9ae3787c.rlib,librayon-d7656c9545d00094.rlib,librayon_core-fce64c3a531cc3f5.rlib,libcrossbeam_deque-212c9dee9fd6f055.rlib,libcrossbeam_epoch-d0738b58619f07e4.rlib,libcrossbeam_utils-436c9fe0f005be70.rlib,libeither-d5b0480b68084373.rlib,libthiserror-986a3212ed2514ef.rlib}" "/opt/rustwide/rustup-home/toolchains/nightly-2025-01-18-x86_64-unknown-linux-gnu/lib/rustlib/x86_64-unknown-linux-gnu/lib/{libstd-006123e2ce67e99d.rlib,libpanic_unwind-e1447e1efa6f1e57.rlib,libobject-f6963a4916fcf097.rlib,libmemchr-49a2d9af912f4524.rlib,libaddr2line-04d19aad3936869d.rlib,libgimli-483c235edb789db0.rlib,librustc_demangle-294281af50b8f748.rlib,libstd_detect-3b08295250aabc2a.rlib,libhashbrown-4472d1e05ba0dfaf.rlib,librustc_std_workspace_alloc-2ef099fac590e457.rlib,libminiz_oxide-8a51f5e848546c29.rlib,libadler2-3d3fa22b868db521.rlib,libunwind-0ffda8b08e22dbea.rlib,libcfg_if-b08f62458fdd43b9.rlib,liblibc-559675126e63b890.rlib,liballoc-fcf21c8d1c9c7b75.rlib,librustc_std_workspace_core-e0b0460135bcf21d.rlib,libcore-d4097fdcbddd3bc7.rlib,libcompiler_builtins-fea484ac1eed7881.rlib}" "-Wl,-Bdynamic" "-lz" "-lgcc_s" "-lutil" "-lrt" "-lpthread" "-lm" "-ldl" "-lc" "-B/opt/rustwide/rustup-home/toolchains/nightly-2025-01-18-x86_64-unknown-linux-gnu/lib/rustlib/x86_64-unknown-linux-gnu/bin/gcc-ld" "-fuse-ld=lld" "-Wl,--eh-frame-hdr" "-Wl,-z,noexecstack" "-L" "/opt/rustwide/rustup-home/toolchains/nightly-2025-01-18-x86_64-unknown-linux-gnu/lib/rustlib/x86_64-unknown-linux-gnu/lib" "-o" "/tmp/rustdoctest0ENXnb/rust_out" "-Wl,--gc-sections" "-pie" "-Wl,-z,relro,-z,now" "-nodefaultlibs"
[INFO] [stdout]   = note: some arguments are omitted. use `--verbose` to show all linker arguments
[INFO] [stdout]   = note: collect2: fatal error: ld terminated with signal 9 [Killed]
[INFO] [stdout]           compilation terminated.
[INFO] [stdout]           
[INFO] [stdout] 
[INFO] [stdout] error: aborting due to 1 previous error
[INFO] [stdout] 
[INFO] [stdout] Couldn't compile the test.
[INFO] [stdout] ---- dcc-lsystem/src/builder.rs - builder::LSystemBuilder::transformation_rule (line 100) stdout ----
[INFO] [stdout] error: linking with `cc` failed: exit status: 1
[INFO] [stdout]   |
[INFO] [stdout]   = note: LC_ALL="C" PATH="/opt/rustwide/rustup-home/toolchains/nightly-2025-01-18-x86_64-unknown-linux-gnu/lib/rustlib/x86_64-unknown-linux-gnu/bin:/opt/rustwide/rustup-home/toolchains/nightly-2025-01-18-x86_64-unknown-linux-gnu/lib/rustlib/x86_64-unknown-linux-gnu/bin/self-contained:/opt/rustwide/cargo-home/bin:/usr/local/sbin:/usr/local/bin:/usr/sbin:/usr/bin:/sbin:/bin" VSLANG="1033" "cc" "-m64" "/tmp/rustcNBbm54/symbols.o" "<2 object files omitted>" "-Wl,--as-needed" "-Wl,-Bstatic" "/opt/rustwide/target/debug/deps/{libdcc_lsystem-da4edbef7e6ee388.rlib,libtempfile-b285914455e1c6a5.rlib,libfastrand-e26e3d1c799dca82.rlib,librustix-e058d584049ea5ad.rlib,libbitflags-e32a43762ace1a6e.rlib,liblinux_raw_sys-c2b9d46179197d06.rlib,libdyn_clone-2ac21d8be62b4dbf.rlib,liblazy_static-39176b38f763143b.rlib,libregex-86352b74f2aede62.rlib,libregex_automata-425d05e56fe5ef50.rlib,libaho_corasick-eed6cb46621ca96b.rlib,libmemchr-f0975ff4df5a503e.rlib,libregex_syntax-37ae10d86b9e0280.rlib,librand-6ed8d86273d0cdd5.rlib,librand_chacha-b8185213c5d361ee.rlib,librand_core-7603a8db73f2b88f.rlib,libgetrandom-288c5a3e2a8cf55d.rlib,libmtpng-d99871cecbee11e3.rlib,liblibz_sys-f4ea04d0f7d2fda4.rlib,libcrc-e741e5863d969ec2.rlib,libgifski-f171d21c13e471e5.rlib,liblodepng-22da7053325e313d.rlib,libresize-258e36eda7d3e65c.rlib,libgif_dispose-70262899fb2e292d.rlib,libloop9-e7303384a26188cd.rlib,libpbr-bef90e7da13143d6.rlib,libordered_channel-9766e2720d975751.rlib,libcrossbeam_channel-d966101ab69ff48b.rlib,libquick_error-06ec611f02e616ea.rlib,libimgref-2ac051a64d59bcc5.rlib,libimagequant-86dbfed1ea4d090b.rlib,libthread_local-0b7fac2bc8260d3a.rlib,libonce_cell-2bffb8f01566609a.rlib,libarrayvec-c6721d0873f24d23.rlib,librgb-c5c8ea4c9e7f26f3.rlib,libimageproc-4fa50b933c510119.rlib,librand_distr-360b6b9e47f4a7a9.rlib,librand-dcfe70042487689a.rlib,librand_chacha-21ff91b9b8b1367d.rlib,libppv_lite86-b4de48b88f182bf2.rlib,libzerocopy-04477470f4e38d49.rlib,librand_core-ac827d98de60e00b.rlib,libgetrandom-1726e22fd197ff2a.rlib,liblibc-2422173be00bcc7f.rlib,libnalgebra-d3cc4d81a7b1d27c.rlib,libmatrixmultiply-554d8a7ee46b87e2.rlib,librawpointer-fafcaa81ebd386d5.rlib,libtypenum-9f5a8c13c03f8f3d.rlib,libsimba-14d04c8319b59409.rlib,libwide-23b2e82f61c9af3b.rlib,libsafe_arch-9eef64c3c9f0ce81.rlib,libapprox-e65e4469444af5bc.rlib,librusttype-57342d4238a7087b.rlib,libab_glyph_rasterizer-4746a4c278280f41.rlib,libowned_ttf_parser-ea172abb2d96b92f.rlib,libttf_parser-380ef7e970e84f9a.rlib,libconv-6b75b24a15bc0cf0.rlib,libcustom_derive-ecefe25d17ef36d6.rlib,libnum-6b55ede427ce3bd9.rlib,libnum_iter-e6fe1d3ecf40ae70.rlib,libnum_rational-0fe3523ded4521bd.rlib,libnum_complex-bb15d8d99744d170.rlib,libnum_bigint-04fd08a4417657b7.rlib,libnum_integer-960816884305f9c8.rlib,libitertools-35e5bb3fc0b65de2.rlib,libimage-e0d84125d5d79872.rlib,libqoi-69cad032b92c0034.rlib,libbytemuck-c310864279a1eb28.rlib,libpng-026b5196ca283640.rlib,libbitflags-ffc7a65fd223a01a.rlib,libfdeflate-d5fe34a226801ecc.rlib,libexr-8aad557448c14045.rlib,libzune_inflate-2ec4e14acd633d9f.rlib,libbit_field-6a39678eae8158ee.rlib,liblebe-0837de169fb78604.rlib,libhalf-35446592b377afdd.rlib,libsmallvec-eac8be0f7215ab5a.rlib,libgif-c06804e3f804a250.rlib,libcolor_quant-a81acfc2e9401699.rlib,libbyteorder-8614b87242077c82.rlib,libnum_traits-7668c969a539722c.rlib,libtiff-2494977d497a5571.rlib,libflate2-6f88a8ef53322f06.rlib,libminiz_oxide-b7efb3fab20c67a7.rlib,libsimd_adler32-9e8223204792b6cc.rlib,libcrc32fast-0813565ed4fc4191.rlib,libcfg_if-8f0231822091c729.rlib,libweezl-deb8cdd708bf4599.rlib,libjpeg_decoder-b76c1a9e9ae3787c.rlib,librayon-d7656c9545d00094.rlib,librayon_core-fce64c3a531cc3f5.rlib,libcrossbeam_deque-212c9dee9fd6f055.rlib,libcrossbeam_epoch-d0738b58619f07e4.rlib,libcrossbeam_utils-436c9fe0f005be70.rlib,libeither-d5b0480b68084373.rlib,libthiserror-986a3212ed2514ef.rlib}" "/opt/rustwide/rustup-home/toolchains/nightly-2025-01-18-x86_64-unknown-linux-gnu/lib/rustlib/x86_64-unknown-linux-gnu/lib/{libstd-006123e2ce67e99d.rlib,libpanic_unwind-e1447e1efa6f1e57.rlib,libobject-f6963a4916fcf097.rlib,libmemchr-49a2d9af912f4524.rlib,libaddr2line-04d19aad3936869d.rlib,libgimli-483c235edb789db0.rlib,librustc_demangle-294281af50b8f748.rlib,libstd_detect-3b08295250aabc2a.rlib,libhashbrown-4472d1e05ba0dfaf.rlib,librustc_std_workspace_alloc-2ef099fac590e457.rlib,libminiz_oxide-8a51f5e848546c29.rlib,libadler2-3d3fa22b868db521.rlib,libunwind-0ffda8b08e22dbea.rlib,libcfg_if-b08f62458fdd43b9.rlib,liblibc-559675126e63b890.rlib,liballoc-fcf21c8d1c9c7b75.rlib,librustc_std_workspace_core-e0b0460135bcf21d.rlib,libcore-d4097fdcbddd3bc7.rlib,libcompiler_builtins-fea484ac1eed7881.rlib}" "-Wl,-Bdynamic" "-lz" "-lgcc_s" "-lutil" "-lrt" "-lpthread" "-lm" "-ldl" "-lc" "-B/opt/rustwide/rustup-home/toolchains/nightly-2025-01-18-x86_64-unknown-linux-gnu/lib/rustlib/x86_64-unknown-linux-gnu/bin/gcc-ld" "-fuse-ld=lld" "-Wl,--eh-frame-hdr" "-Wl,-z,noexecstack" "-L" "/opt/rustwide/rustup-home/toolchains/nightly-2025-01-18-x86_64-unknown-linux-gnu/lib/rustlib/x86_64-unknown-linux-gnu/lib" "-o" "/tmp/rustdoctestk7n2b4/rust_out" "-Wl,--gc-sections" "-pie" "-Wl,-z,relro,-z,now" "-nodefaultlibs"
[INFO] [stdout]   = note: some arguments are omitted. use `--verbose` to show all linker arguments
[INFO] [stdout]   = note: collect2: fatal error: ld terminated with signal 9 [Killed]
[INFO] [stdout]           compilation terminated.
[INFO] [stdout]           
[INFO] [stdout] 
[INFO] [stdout] error: aborting due to 1 previous error
[INFO] [stdout] 
[INFO] [stdout] Couldn't compile the test.
[INFO] [stdout] ---- dcc-lsystem/src/turtle.rs - turtle::BaseTurtle::lines (line 220) stdout ----
[INFO] [stdout] error: linking with `cc` failed: exit status: 1
[INFO] [stdout]   |
[INFO] [stdout]   = note: LC_ALL="C" PATH="/opt/rustwide/rustup-home/toolchains/nightly-2025-01-18-x86_64-unknown-linux-gnu/lib/rustlib/x86_64-unknown-linux-gnu/bin:/opt/rustwide/rustup-home/toolchains/nightly-2025-01-18-x86_64-unknown-linux-gnu/lib/rustlib/x86_64-unknown-linux-gnu/bin/self-contained:/opt/rustwide/cargo-home/bin:/usr/local/sbin:/usr/local/bin:/usr/sbin:/usr/bin:/sbin:/bin" VSLANG="1033" "cc" "-m64" "/tmp/rustcd9rqVA/symbols.o" "<2 object files omitted>" "-Wl,--as-needed" "-Wl,-Bstatic" "/opt/rustwide/target/debug/deps/{libdcc_lsystem-da4edbef7e6ee388.rlib,libtempfile-b285914455e1c6a5.rlib,libfastrand-e26e3d1c799dca82.rlib,librustix-e058d584049ea5ad.rlib,libbitflags-e32a43762ace1a6e.rlib,liblinux_raw_sys-c2b9d46179197d06.rlib,libdyn_clone-2ac21d8be62b4dbf.rlib,liblazy_static-39176b38f763143b.rlib,libregex-86352b74f2aede62.rlib,libregex_automata-425d05e56fe5ef50.rlib,libaho_corasick-eed6cb46621ca96b.rlib,libmemchr-f0975ff4df5a503e.rlib,libregex_syntax-37ae10d86b9e0280.rlib,librand-6ed8d86273d0cdd5.rlib,librand_chacha-b8185213c5d361ee.rlib,librand_core-7603a8db73f2b88f.rlib,libgetrandom-288c5a3e2a8cf55d.rlib,libmtpng-d99871cecbee11e3.rlib,liblibz_sys-f4ea04d0f7d2fda4.rlib,libcrc-e741e5863d969ec2.rlib,libgifski-f171d21c13e471e5.rlib,liblodepng-22da7053325e313d.rlib,libresize-258e36eda7d3e65c.rlib,libgif_dispose-70262899fb2e292d.rlib,libloop9-e7303384a26188cd.rlib,libpbr-bef90e7da13143d6.rlib,libordered_channel-9766e2720d975751.rlib,libcrossbeam_channel-d966101ab69ff48b.rlib,libquick_error-06ec611f02e616ea.rlib,libimgref-2ac051a64d59bcc5.rlib,libimagequant-86dbfed1ea4d090b.rlib,libthread_local-0b7fac2bc8260d3a.rlib,libonce_cell-2bffb8f01566609a.rlib,libarrayvec-c6721d0873f24d23.rlib,librgb-c5c8ea4c9e7f26f3.rlib,libimageproc-4fa50b933c510119.rlib,librand_distr-360b6b9e47f4a7a9.rlib,librand-dcfe70042487689a.rlib,librand_chacha-21ff91b9b8b1367d.rlib,libppv_lite86-b4de48b88f182bf2.rlib,libzerocopy-04477470f4e38d49.rlib,librand_core-ac827d98de60e00b.rlib,libgetrandom-1726e22fd197ff2a.rlib,liblibc-2422173be00bcc7f.rlib,libnalgebra-d3cc4d81a7b1d27c.rlib,libmatrixmultiply-554d8a7ee46b87e2.rlib,librawpointer-fafcaa81ebd386d5.rlib,libtypenum-9f5a8c13c03f8f3d.rlib,libsimba-14d04c8319b59409.rlib,libwide-23b2e82f61c9af3b.rlib,libsafe_arch-9eef64c3c9f0ce81.rlib,libapprox-e65e4469444af5bc.rlib,librusttype-57342d4238a7087b.rlib,libab_glyph_rasterizer-4746a4c278280f41.rlib,libowned_ttf_parser-ea172abb2d96b92f.rlib,libttf_parser-380ef7e970e84f9a.rlib,libconv-6b75b24a15bc0cf0.rlib,libcustom_derive-ecefe25d17ef36d6.rlib,libnum-6b55ede427ce3bd9.rlib,libnum_iter-e6fe1d3ecf40ae70.rlib,libnum_rational-0fe3523ded4521bd.rlib,libnum_complex-bb15d8d99744d170.rlib,libnum_bigint-04fd08a4417657b7.rlib,libnum_integer-960816884305f9c8.rlib,libitertools-35e5bb3fc0b65de2.rlib,libimage-e0d84125d5d79872.rlib,libqoi-69cad032b92c0034.rlib,libbytemuck-c310864279a1eb28.rlib,libpng-026b5196ca283640.rlib,libbitflags-ffc7a65fd223a01a.rlib,libfdeflate-d5fe34a226801ecc.rlib,libexr-8aad557448c14045.rlib,libzune_inflate-2ec4e14acd633d9f.rlib,libbit_field-6a39678eae8158ee.rlib,liblebe-0837de169fb78604.rlib,libhalf-35446592b377afdd.rlib,libsmallvec-eac8be0f7215ab5a.rlib,libgif-c06804e3f804a250.rlib,libcolor_quant-a81acfc2e9401699.rlib,libbyteorder-8614b87242077c82.rlib,libnum_traits-7668c969a539722c.rlib,libtiff-2494977d497a5571.rlib,libflate2-6f88a8ef53322f06.rlib,libminiz_oxide-b7efb3fab20c67a7.rlib,libsimd_adler32-9e8223204792b6cc.rlib,libcrc32fast-0813565ed4fc4191.rlib,libcfg_if-8f0231822091c729.rlib,libweezl-deb8cdd708bf4599.rlib,libjpeg_decoder-b76c1a9e9ae3787c.rlib,librayon-d7656c9545d00094.rlib,librayon_core-fce64c3a531cc3f5.rlib,libcrossbeam_deque-212c9dee9fd6f055.rlib,libcrossbeam_epoch-d0738b58619f07e4.rlib,libcrossbeam_utils-436c9fe0f005be70.rlib,libeither-d5b0480b68084373.rlib,libthiserror-986a3212ed2514ef.rlib}" "/opt/rustwide/rustup-home/toolchains/nightly-2025-01-18-x86_64-unknown-linux-gnu/lib/rustlib/x86_64-unknown-linux-gnu/lib/{libstd-006123e2ce67e99d.rlib,libpanic_unwind-e1447e1efa6f1e57.rlib,libobject-f6963a4916fcf097.rlib,libmemchr-49a2d9af912f4524.rlib,libaddr2line-04d19aad3936869d.rlib,libgimli-483c235edb789db0.rlib,librustc_demangle-294281af50b8f748.rlib,libstd_detect-3b08295250aabc2a.rlib,libhashbrown-4472d1e05ba0dfaf.rlib,librustc_std_workspace_alloc-2ef099fac590e457.rlib,libminiz_oxide-8a51f5e848546c29.rlib,libadler2-3d3fa22b868db521.rlib,libunwind-0ffda8b08e22dbea.rlib,libcfg_if-b08f62458fdd43b9.rlib,liblibc-559675126e63b890.rlib,liballoc-fcf21c8d1c9c7b75.rlib,librustc_std_workspace_core-e0b0460135bcf21d.rlib,libcore-d4097fdcbddd3bc7.rlib,libcompiler_builtins-fea484ac1eed7881.rlib}" "-Wl,-Bdynamic" "-lz" "-lgcc_s" "-lutil" "-lrt" "-lpthread" "-lm" "-ldl" "-lc" "-B/opt/rustwide/rustup-home/toolchains/nightly-2025-01-18-x86_64-unknown-linux-gnu/lib/rustlib/x86_64-unknown-linux-gnu/bin/gcc-ld" "-fuse-ld=lld" "-Wl,--eh-frame-hdr" "-Wl,-z,noexecstack" "-L" "/opt/rustwide/rustup-home/toolchains/nightly-2025-01-18-x86_64-unknown-linux-gnu/lib/rustlib/x86_64-unknown-linux-gnu/lib" "-o" "/tmp/rustdoctest6g4w9Y/rust_out" "-Wl,--gc-sections" "-pie" "-Wl,-z,relro,-z,now" "-nodefaultlibs"
[INFO] [stdout]   = note: some arguments are omitted. use `--verbose` to show all linker arguments
[INFO] [stdout]   = note: collect2: fatal error: ld terminated with signal 9 [Killed]
[INFO] [stdout]           compilation terminated.
[INFO] [stdout]           
[INFO] [stdout] 
[INFO] [stdout] error: aborting due to 1 previous error
[INFO] [stdout] 
[INFO] [stdout] Couldn't compile the test.
[INFO] [stdout] ---- dcc-lsystem/src/turtle.rs - turtle::BaseTurtle::delta_move (line 263) stdout ----
[INFO] [stdout] error: linking with `cc` failed: exit status: 1
[INFO] [stdout]   |
[INFO] [stdout]   = note: LC_ALL="C" PATH="/opt/rustwide/rustup-home/toolchains/nightly-2025-01-18-x86_64-unknown-linux-gnu/lib/rustlib/x86_64-unknown-linux-gnu/bin:/opt/rustwide/rustup-home/toolchains/nightly-2025-01-18-x86_64-unknown-linux-gnu/lib/rustlib/x86_64-unknown-linux-gnu/bin/self-contained:/opt/rustwide/cargo-home/bin:/usr/local/sbin:/usr/local/bin:/usr/sbin:/usr/bin:/sbin:/bin" VSLANG="1033" "cc" "-m64" "/tmp/rustcMP3EMD/symbols.o" "<2 object files omitted>" "-Wl,--as-needed" "-Wl,-Bstatic" "/opt/rustwide/target/debug/deps/{libdcc_lsystem-da4edbef7e6ee388.rlib,libtempfile-b285914455e1c6a5.rlib,libfastrand-e26e3d1c799dca82.rlib,librustix-e058d584049ea5ad.rlib,libbitflags-e32a43762ace1a6e.rlib,liblinux_raw_sys-c2b9d46179197d06.rlib,libdyn_clone-2ac21d8be62b4dbf.rlib,liblazy_static-39176b38f763143b.rlib,libregex-86352b74f2aede62.rlib,libregex_automata-425d05e56fe5ef50.rlib,libaho_corasick-eed6cb46621ca96b.rlib,libmemchr-f0975ff4df5a503e.rlib,libregex_syntax-37ae10d86b9e0280.rlib,librand-6ed8d86273d0cdd5.rlib,librand_chacha-b8185213c5d361ee.rlib,librand_core-7603a8db73f2b88f.rlib,libgetrandom-288c5a3e2a8cf55d.rlib,libmtpng-d99871cecbee11e3.rlib,liblibz_sys-f4ea04d0f7d2fda4.rlib,libcrc-e741e5863d969ec2.rlib,libgifski-f171d21c13e471e5.rlib,liblodepng-22da7053325e313d.rlib,libresize-258e36eda7d3e65c.rlib,libgif_dispose-70262899fb2e292d.rlib,libloop9-e7303384a26188cd.rlib,libpbr-bef90e7da13143d6.rlib,libordered_channel-9766e2720d975751.rlib,libcrossbeam_channel-d966101ab69ff48b.rlib,libquick_error-06ec611f02e616ea.rlib,libimgref-2ac051a64d59bcc5.rlib,libimagequant-86dbfed1ea4d090b.rlib,libthread_local-0b7fac2bc8260d3a.rlib,libonce_cell-2bffb8f01566609a.rlib,libarrayvec-c6721d0873f24d23.rlib,librgb-c5c8ea4c9e7f26f3.rlib,libimageproc-4fa50b933c510119.rlib,librand_distr-360b6b9e47f4a7a9.rlib,librand-dcfe70042487689a.rlib,librand_chacha-21ff91b9b8b1367d.rlib,libppv_lite86-b4de48b88f182bf2.rlib,libzerocopy-04477470f4e38d49.rlib,librand_core-ac827d98de60e00b.rlib,libgetrandom-1726e22fd197ff2a.rlib,liblibc-2422173be00bcc7f.rlib,libnalgebra-d3cc4d81a7b1d27c.rlib,libmatrixmultiply-554d8a7ee46b87e2.rlib,librawpointer-fafcaa81ebd386d5.rlib,libtypenum-9f5a8c13c03f8f3d.rlib,libsimba-14d04c8319b59409.rlib,libwide-23b2e82f61c9af3b.rlib,libsafe_arch-9eef64c3c9f0ce81.rlib,libapprox-e65e4469444af5bc.rlib,librusttype-57342d4238a7087b.rlib,libab_glyph_rasterizer-4746a4c278280f41.rlib,libowned_ttf_parser-ea172abb2d96b92f.rlib,libttf_parser-380ef7e970e84f9a.rlib,libconv-6b75b24a15bc0cf0.rlib,libcustom_derive-ecefe25d17ef36d6.rlib,libnum-6b55ede427ce3bd9.rlib,libnum_iter-e6fe1d3ecf40ae70.rlib,libnum_rational-0fe3523ded4521bd.rlib,libnum_complex-bb15d8d99744d170.rlib,libnum_bigint-04fd08a4417657b7.rlib,libnum_integer-960816884305f9c8.rlib,libitertools-35e5bb3fc0b65de2.rlib,libimage-e0d84125d5d79872.rlib,libqoi-69cad032b92c0034.rlib,libbytemuck-c310864279a1eb28.rlib,libpng-026b5196ca283640.rlib,libbitflags-ffc7a65fd223a01a.rlib,libfdeflate-d5fe34a226801ecc.rlib,libexr-8aad557448c14045.rlib,libzune_inflate-2ec4e14acd633d9f.rlib,libbit_field-6a39678eae8158ee.rlib,liblebe-0837de169fb78604.rlib,libhalf-35446592b377afdd.rlib,libsmallvec-eac8be0f7215ab5a.rlib,libgif-c06804e3f804a250.rlib,libcolor_quant-a81acfc2e9401699.rlib,libbyteorder-8614b87242077c82.rlib,libnum_traits-7668c969a539722c.rlib,libtiff-2494977d497a5571.rlib,libflate2-6f88a8ef53322f06.rlib,libminiz_oxide-b7efb3fab20c67a7.rlib,libsimd_adler32-9e8223204792b6cc.rlib,libcrc32fast-0813565ed4fc4191.rlib,libcfg_if-8f0231822091c729.rlib,libweezl-deb8cdd708bf4599.rlib,libjpeg_decoder-b76c1a9e9ae3787c.rlib,librayon-d7656c9545d00094.rlib,librayon_core-fce64c3a531cc3f5.rlib,libcrossbeam_deque-212c9dee9fd6f055.rlib,libcrossbeam_epoch-d0738b58619f07e4.rlib,libcrossbeam_utils-436c9fe0f005be70.rlib,libeither-d5b0480b68084373.rlib,libthiserror-986a3212ed2514ef.rlib}" "/opt/rustwide/rustup-home/toolchains/nightly-2025-01-18-x86_64-unknown-linux-gnu/lib/rustlib/x86_64-unknown-linux-gnu/lib/{libstd-006123e2ce67e99d.rlib,libpanic_unwind-e1447e1efa6f1e57.rlib,libobject-f6963a4916fcf097.rlib,libmemchr-49a2d9af912f4524.rlib,libaddr2line-04d19aad3936869d.rlib,libgimli-483c235edb789db0.rlib,librustc_demangle-294281af50b8f748.rlib,libstd_detect-3b08295250aabc2a.rlib,libhashbrown-4472d1e05ba0dfaf.rlib,librustc_std_workspace_alloc-2ef099fac590e457.rlib,libminiz_oxide-8a51f5e848546c29.rlib,libadler2-3d3fa22b868db521.rlib,libunwind-0ffda8b08e22dbea.rlib,libcfg_if-b08f62458fdd43b9.rlib,liblibc-559675126e63b890.rlib,liballoc-fcf21c8d1c9c7b75.rlib,librustc_std_workspace_core-e0b0460135bcf21d.rlib,libcore-d4097fdcbddd3bc7.rlib,libcompiler_builtins-fea484ac1eed7881.rlib}" "-Wl,-Bdynamic" "-lz" "-lgcc_s" "-lutil" "-lrt" "-lpthread" "-lm" "-ldl" "-lc" "-B/opt/rustwide/rustup-home/toolchains/nightly-2025-01-18-x86_64-unknown-linux-gnu/lib/rustlib/x86_64-unknown-linux-gnu/bin/gcc-ld" "-fuse-ld=lld" "-Wl,--eh-frame-hdr" "-Wl,-z,noexecstack" "-L" "/opt/rustwide/rustup-home/toolchains/nightly-2025-01-18-x86_64-unknown-linux-gnu/lib/rustlib/x86_64-unknown-linux-gnu/lib" "-o" "/tmp/rustdoctestNsfiy5/rust_out" "-Wl,--gc-sections" "-pie" "-Wl,-z,relro,-z,now" "-nodefaultlibs"
[INFO] [stdout]   = note: some arguments are omitted. use `--verbose` to show all linker arguments
[INFO] [stdout]   = note: collect2: fatal error: ld terminated with signal 9 [Killed]
[INFO] [stdout]           compilation terminated.
[INFO] [stdout]           
[INFO] [stdout] 
[INFO] [stdout] error: aborting due to 1 previous error
[INFO] [stdout] 
[INFO] [stdout] Couldn't compile the test.
[INFO] [stdout] ---- dcc-lsystem/src/turtle.rs - turtle::BaseTurtle::pen_down (line 324) stdout ----
[INFO] [stdout] error: linking with `cc` failed: exit status: 1
[INFO] [stdout]   |
[INFO] [stdout]   = note: LC_ALL="C" PATH="/opt/rustwide/rustup-home/toolchains/nightly-2025-01-18-x86_64-unknown-linux-gnu/lib/rustlib/x86_64-unknown-linux-gnu/bin:/opt/rustwide/rustup-home/toolchains/nightly-2025-01-18-x86_64-unknown-linux-gnu/lib/rustlib/x86_64-unknown-linux-gnu/bin/self-contained:/opt/rustwide/cargo-home/bin:/usr/local/sbin:/usr/local/bin:/usr/sbin:/usr/bin:/sbin:/bin" VSLANG="1033" "cc" "-m64" "/tmp/rustcVwk43U/symbols.o" "<2 object files omitted>" "-Wl,--as-needed" "-Wl,-Bstatic" "/opt/rustwide/target/debug/deps/{libdcc_lsystem-da4edbef7e6ee388.rlib,libtempfile-b285914455e1c6a5.rlib,libfastrand-e26e3d1c799dca82.rlib,librustix-e058d584049ea5ad.rlib,libbitflags-e32a43762ace1a6e.rlib,liblinux_raw_sys-c2b9d46179197d06.rlib,libdyn_clone-2ac21d8be62b4dbf.rlib,liblazy_static-39176b38f763143b.rlib,libregex-86352b74f2aede62.rlib,libregex_automata-425d05e56fe5ef50.rlib,libaho_corasick-eed6cb46621ca96b.rlib,libmemchr-f0975ff4df5a503e.rlib,libregex_syntax-37ae10d86b9e0280.rlib,librand-6ed8d86273d0cdd5.rlib,librand_chacha-b8185213c5d361ee.rlib,librand_core-7603a8db73f2b88f.rlib,libgetrandom-288c5a3e2a8cf55d.rlib,libmtpng-d99871cecbee11e3.rlib,liblibz_sys-f4ea04d0f7d2fda4.rlib,libcrc-e741e5863d969ec2.rlib,libgifski-f171d21c13e471e5.rlib,liblodepng-22da7053325e313d.rlib,libresize-258e36eda7d3e65c.rlib,libgif_dispose-70262899fb2e292d.rlib,libloop9-e7303384a26188cd.rlib,libpbr-bef90e7da13143d6.rlib,libordered_channel-9766e2720d975751.rlib,libcrossbeam_channel-d966101ab69ff48b.rlib,libquick_error-06ec611f02e616ea.rlib,libimgref-2ac051a64d59bcc5.rlib,libimagequant-86dbfed1ea4d090b.rlib,libthread_local-0b7fac2bc8260d3a.rlib,libonce_cell-2bffb8f01566609a.rlib,libarrayvec-c6721d0873f24d23.rlib,librgb-c5c8ea4c9e7f26f3.rlib,libimageproc-4fa50b933c510119.rlib,librand_distr-360b6b9e47f4a7a9.rlib,librand-dcfe70042487689a.rlib,librand_chacha-21ff91b9b8b1367d.rlib,libppv_lite86-b4de48b88f182bf2.rlib,libzerocopy-04477470f4e38d49.rlib,librand_core-ac827d98de60e00b.rlib,libgetrandom-1726e22fd197ff2a.rlib,liblibc-2422173be00bcc7f.rlib,libnalgebra-d3cc4d81a7b1d27c.rlib,libmatrixmultiply-554d8a7ee46b87e2.rlib,librawpointer-fafcaa81ebd386d5.rlib,libtypenum-9f5a8c13c03f8f3d.rlib,libsimba-14d04c8319b59409.rlib,libwide-23b2e82f61c9af3b.rlib,libsafe_arch-9eef64c3c9f0ce81.rlib,libapprox-e65e4469444af5bc.rlib,librusttype-57342d4238a7087b.rlib,libab_glyph_rasterizer-4746a4c278280f41.rlib,libowned_ttf_parser-ea172abb2d96b92f.rlib,libttf_parser-380ef7e970e84f9a.rlib,libconv-6b75b24a15bc0cf0.rlib,libcustom_derive-ecefe25d17ef36d6.rlib,libnum-6b55ede427ce3bd9.rlib,libnum_iter-e6fe1d3ecf40ae70.rlib,libnum_rational-0fe3523ded4521bd.rlib,libnum_complex-bb15d8d99744d170.rlib,libnum_bigint-04fd08a4417657b7.rlib,libnum_integer-960816884305f9c8.rlib,libitertools-35e5bb3fc0b65de2.rlib,libimage-e0d84125d5d79872.rlib,libqoi-69cad032b92c0034.rlib,libbytemuck-c310864279a1eb28.rlib,libpng-026b5196ca283640.rlib,libbitflags-ffc7a65fd223a01a.rlib,libfdeflate-d5fe34a226801ecc.rlib,libexr-8aad557448c14045.rlib,libzune_inflate-2ec4e14acd633d9f.rlib,libbit_field-6a39678eae8158ee.rlib,liblebe-0837de169fb78604.rlib,libhalf-35446592b377afdd.rlib,libsmallvec-eac8be0f7215ab5a.rlib,libgif-c06804e3f804a250.rlib,libcolor_quant-a81acfc2e9401699.rlib,libbyteorder-8614b87242077c82.rlib,libnum_traits-7668c969a539722c.rlib,libtiff-2494977d497a5571.rlib,libflate2-6f88a8ef53322f06.rlib,libminiz_oxide-b7efb3fab20c67a7.rlib,libsimd_adler32-9e8223204792b6cc.rlib,libcrc32fast-0813565ed4fc4191.rlib,libcfg_if-8f0231822091c729.rlib,libweezl-deb8cdd708bf4599.rlib,libjpeg_decoder-b76c1a9e9ae3787c.rlib,librayon-d7656c9545d00094.rlib,librayon_core-fce64c3a531cc3f5.rlib,libcrossbeam_deque-212c9dee9fd6f055.rlib,libcrossbeam_epoch-d0738b58619f07e4.rlib,libcrossbeam_utils-436c9fe0f005be70.rlib,libeither-d5b0480b68084373.rlib,libthiserror-986a3212ed2514ef.rlib}" "/opt/rustwide/rustup-home/toolchains/nightly-2025-01-18-x86_64-unknown-linux-gnu/lib/rustlib/x86_64-unknown-linux-gnu/lib/{libstd-006123e2ce67e99d.rlib,libpanic_unwind-e1447e1efa6f1e57.rlib,libobject-f6963a4916fcf097.rlib,libmemchr-49a2d9af912f4524.rlib,libaddr2line-04d19aad3936869d.rlib,libgimli-483c235edb789db0.rlib,librustc_demangle-294281af50b8f748.rlib,libstd_detect-3b08295250aabc2a.rlib,libhashbrown-4472d1e05ba0dfaf.rlib,librustc_std_workspace_alloc-2ef099fac590e457.rlib,libminiz_oxide-8a51f5e848546c29.rlib,libadler2-3d3fa22b868db521.rlib,libunwind-0ffda8b08e22dbea.rlib,libcfg_if-b08f62458fdd43b9.rlib,liblibc-559675126e63b890.rlib,liballoc-fcf21c8d1c9c7b75.rlib,librustc_std_workspace_core-e0b0460135bcf21d.rlib,libcore-d4097fdcbddd3bc7.rlib,libcompiler_builtins-fea484ac1eed7881.rlib}" "-Wl,-Bdynamic" "-lz" "-lgcc_s" "-lutil" "-lrt" "-lpthread" "-lm" "-ldl" "-lc" "-B/opt/rustwide/rustup-home/toolchains/nightly-2025-01-18-x86_64-unknown-linux-gnu/lib/rustlib/x86_64-unknown-linux-gnu/bin/gcc-ld" "-fuse-ld=lld" "-Wl,--eh-frame-hdr" "-Wl,-z,noexecstack" "-L" "/opt/rustwide/rustup-home/toolchains/nightly-2025-01-18-x86_64-unknown-linux-gnu/lib/rustlib/x86_64-unknown-linux-gnu/lib" "-o" "/tmp/rustdoctest0BKpUp/rust_out" "-Wl,--gc-sections" "-pie" "-Wl,-z,relro,-z,now" "-nodefaultlibs"
[INFO] [stdout]   = note: some arguments are omitted. use `--verbose` to show all linker arguments
[INFO] [stdout]   = note: collect2: fatal error: ld terminated with signal 9 [Killed]
[INFO] [stdout]           compilation terminated.
[INFO] [stdout]           
[INFO] [stdout] 
[INFO] [stdout] error: aborting due to 1 previous error
[INFO] [stdout] 
[INFO] [stdout] Couldn't compile the test.
[INFO] [stdout] ---- dcc-lsystem/src/turtle.rs - turtle::BaseTurtle::pen_up (line 342) stdout ----
[INFO] [stdout] error: linking with `cc` failed: exit status: 1
[INFO] [stdout]   |
[INFO] [stdout]   = note: LC_ALL="C" PATH="/opt/rustwide/rustup-home/toolchains/nightly-2025-01-18-x86_64-unknown-linux-gnu/lib/rustlib/x86_64-unknown-linux-gnu/bin:/opt/rustwide/rustup-home/toolchains/nightly-2025-01-18-x86_64-unknown-linux-gnu/lib/rustlib/x86_64-unknown-linux-gnu/bin/self-contained:/opt/rustwide/cargo-home/bin:/usr/local/sbin:/usr/local/bin:/usr/sbin:/usr/bin:/sbin:/bin" VSLANG="1033" "cc" "-m64" "/tmp/rustct0Cx9R/symbols.o" "<2 object files omitted>" "-Wl,--as-needed" "-Wl,-Bstatic" "/opt/rustwide/target/debug/deps/{libdcc_lsystem-da4edbef7e6ee388.rlib,libtempfile-b285914455e1c6a5.rlib,libfastrand-e26e3d1c799dca82.rlib,librustix-e058d584049ea5ad.rlib,libbitflags-e32a43762ace1a6e.rlib,liblinux_raw_sys-c2b9d46179197d06.rlib,libdyn_clone-2ac21d8be62b4dbf.rlib,liblazy_static-39176b38f763143b.rlib,libregex-86352b74f2aede62.rlib,libregex_automata-425d05e56fe5ef50.rlib,libaho_corasick-eed6cb46621ca96b.rlib,libmemchr-f0975ff4df5a503e.rlib,libregex_syntax-37ae10d86b9e0280.rlib,librand-6ed8d86273d0cdd5.rlib,librand_chacha-b8185213c5d361ee.rlib,librand_core-7603a8db73f2b88f.rlib,libgetrandom-288c5a3e2a8cf55d.rlib,libmtpng-d99871cecbee11e3.rlib,liblibz_sys-f4ea04d0f7d2fda4.rlib,libcrc-e741e5863d969ec2.rlib,libgifski-f171d21c13e471e5.rlib,liblodepng-22da7053325e313d.rlib,libresize-258e36eda7d3e65c.rlib,libgif_dispose-70262899fb2e292d.rlib,libloop9-e7303384a26188cd.rlib,libpbr-bef90e7da13143d6.rlib,libordered_channel-9766e2720d975751.rlib,libcrossbeam_channel-d966101ab69ff48b.rlib,libquick_error-06ec611f02e616ea.rlib,libimgref-2ac051a64d59bcc5.rlib,libimagequant-86dbfed1ea4d090b.rlib,libthread_local-0b7fac2bc8260d3a.rlib,libonce_cell-2bffb8f01566609a.rlib,libarrayvec-c6721d0873f24d23.rlib,librgb-c5c8ea4c9e7f26f3.rlib,libimageproc-4fa50b933c510119.rlib,librand_distr-360b6b9e47f4a7a9.rlib,librand-dcfe70042487689a.rlib,librand_chacha-21ff91b9b8b1367d.rlib,libppv_lite86-b4de48b88f182bf2.rlib,libzerocopy-04477470f4e38d49.rlib,librand_core-ac827d98de60e00b.rlib,libgetrandom-1726e22fd197ff2a.rlib,liblibc-2422173be00bcc7f.rlib,libnalgebra-d3cc4d81a7b1d27c.rlib,libmatrixmultiply-554d8a7ee46b87e2.rlib,librawpointer-fafcaa81ebd386d5.rlib,libtypenum-9f5a8c13c03f8f3d.rlib,libsimba-14d04c8319b59409.rlib,libwide-23b2e82f61c9af3b.rlib,libsafe_arch-9eef64c3c9f0ce81.rlib,libapprox-e65e4469444af5bc.rlib,librusttype-57342d4238a7087b.rlib,libab_glyph_rasterizer-4746a4c278280f41.rlib,libowned_ttf_parser-ea172abb2d96b92f.rlib,libttf_parser-380ef7e970e84f9a.rlib,libconv-6b75b24a15bc0cf0.rlib,libcustom_derive-ecefe25d17ef36d6.rlib,libnum-6b55ede427ce3bd9.rlib,libnum_iter-e6fe1d3ecf40ae70.rlib,libnum_rational-0fe3523ded4521bd.rlib,libnum_complex-bb15d8d99744d170.rlib,libnum_bigint-04fd08a4417657b7.rlib,libnum_integer-960816884305f9c8.rlib,libitertools-35e5bb3fc0b65de2.rlib,libimage-e0d84125d5d79872.rlib,libqoi-69cad032b92c0034.rlib,libbytemuck-c310864279a1eb28.rlib,libpng-026b5196ca283640.rlib,libbitflags-ffc7a65fd223a01a.rlib,libfdeflate-d5fe34a226801ecc.rlib,libexr-8aad557448c14045.rlib,libzune_inflate-2ec4e14acd633d9f.rlib,libbit_field-6a39678eae8158ee.rlib,liblebe-0837de169fb78604.rlib,libhalf-35446592b377afdd.rlib,libsmallvec-eac8be0f7215ab5a.rlib,libgif-c06804e3f804a250.rlib,libcolor_quant-a81acfc2e9401699.rlib,libbyteorder-8614b87242077c82.rlib,libnum_traits-7668c969a539722c.rlib,libtiff-2494977d497a5571.rlib,libflate2-6f88a8ef53322f06.rlib,libminiz_oxide-b7efb3fab20c67a7.rlib,libsimd_adler32-9e8223204792b6cc.rlib,libcrc32fast-0813565ed4fc4191.rlib,libcfg_if-8f0231822091c729.rlib,libweezl-deb8cdd708bf4599.rlib,libjpeg_decoder-b76c1a9e9ae3787c.rlib,librayon-d7656c9545d00094.rlib,librayon_core-fce64c3a531cc3f5.rlib,libcrossbeam_deque-212c9dee9fd6f055.rlib,libcrossbeam_epoch-d0738b58619f07e4.rlib,libcrossbeam_utils-436c9fe0f005be70.rlib,libeither-d5b0480b68084373.rlib,libthiserror-986a3212ed2514ef.rlib}" "/opt/rustwide/rustup-home/toolchains/nightly-2025-01-18-x86_64-unknown-linux-gnu/lib/rustlib/x86_64-unknown-linux-gnu/lib/{libstd-006123e2ce67e99d.rlib,libpanic_unwind-e1447e1efa6f1e57.rlib,libobject-f6963a4916fcf097.rlib,libmemchr-49a2d9af912f4524.rlib,libaddr2line-04d19aad3936869d.rlib,libgimli-483c235edb789db0.rlib,librustc_demangle-294281af50b8f748.rlib,libstd_detect-3b08295250aabc2a.rlib,libhashbrown-4472d1e05ba0dfaf.rlib,librustc_std_workspace_alloc-2ef099fac590e457.rlib,libminiz_oxide-8a51f5e848546c29.rlib,libadler2-3d3fa22b868db521.rlib,libunwind-0ffda8b08e22dbea.rlib,libcfg_if-b08f62458fdd43b9.rlib,liblibc-559675126e63b890.rlib,liballoc-fcf21c8d1c9c7b75.rlib,librustc_std_workspace_core-e0b0460135bcf21d.rlib,libcore-d4097fdcbddd3bc7.rlib,libcompiler_builtins-fea484ac1eed7881.rlib}" "-Wl,-Bdynamic" "-lz" "-lgcc_s" "-lutil" "-lrt" "-lpthread" "-lm" "-ldl" "-lc" "-B/opt/rustwide/rustup-home/toolchains/nightly-2025-01-18-x86_64-unknown-linux-gnu/lib/rustlib/x86_64-unknown-linux-gnu/bin/gcc-ld" "-fuse-ld=lld" "-Wl,--eh-frame-hdr" "-Wl,-z,noexecstack" "-L" "/opt/rustwide/rustup-home/toolchains/nightly-2025-01-18-x86_64-unknown-linux-gnu/lib/rustlib/x86_64-unknown-linux-gnu/lib" "-o" "/tmp/rustdoctesttK1QkO/rust_out" "-Wl,--gc-sections" "-pie" "-Wl,-z,relro,-z,now" "-nodefaultlibs"
[INFO] [stdout]   = note: some arguments are omitted. use `--verbose` to show all linker arguments
[INFO] [stdout]   = note: collect2: fatal error: ld terminated with signal 9 [Killed]
[INFO] [stdout]           compilation terminated.
[INFO] [stdout]           
[INFO] [stdout] 
[INFO] [stdout] error: aborting due to 1 previous error
[INFO] [stdout] 
[INFO] [stdout] Couldn't compile the test.
[INFO] [stdout] 
[INFO] [stdout] failures:
[INFO] [stdout]     dcc-lsystem/src/builder.rs - builder::LSystemBuilder::transformation_rule (line 100)
[INFO] [stdout]     dcc-lsystem/src/token.rs - token::Token::name (line 38)
[INFO] [stdout]     dcc-lsystem/src/turtle.rs - turtle::BaseTurtle::bounds (line 300)
[INFO] [stdout]     dcc-lsystem/src/turtle.rs - turtle::BaseTurtle::delta_move (line 263)
[INFO] [stdout]     dcc-lsystem/src/turtle.rs - turtle::BaseTurtle::lines (line 220)
[INFO] [stdout]     dcc-lsystem/src/turtle.rs - turtle::BaseTurtle::pen_down (line 324)
[INFO] [stdout]     dcc-lsystem/src/turtle.rs - turtle::BaseTurtle::pen_up (line 342)
[INFO] [stdout] 
[INFO] [stdout] test result: FAILED. 46 passed; 7 failed; 0 ignored; 0 measured; 0 filtered out; finished in 162.54s
[INFO] [stdout] 
[INFO] [stderr] error: doctest failed, to rerun pass `-p dcc-lsystem --doc`
[INFO] running `Command { std: "docker" "inspect" "161f47831c8eb56979222e39bb407cf1f9b5e9bd373a74902d390b3cc1a4417d", kill_on_drop: false }`
[INFO] running `Command { std: "docker" "rm" "-f" "161f47831c8eb56979222e39bb407cf1f9b5e9bd373a74902d390b3cc1a4417d", kill_on_drop: false }`
[INFO] [stdout] 161f47831c8eb56979222e39bb407cf1f9b5e9bd373a74902d390b3cc1a4417d
