[INFO] cloning repository https://github.com/azin-cn/rust-note
[INFO] running `Command { std: "git" "-c" "credential.helper=" "-c" "credential.helper=/workspace/cargo-home/bin/git-credential-null" "clone" "--bare" "https://github.com/azin-cn/rust-note" "/workspace/cache/git-repos/https%3A%2F%2Fgithub.com%2Fazin-cn%2Frust-note", kill_on_drop: false }`
[INFO] [stderr] Cloning into bare repository '/workspace/cache/git-repos/https%3A%2F%2Fgithub.com%2Fazin-cn%2Frust-note'...
[INFO] running `Command { std: "git" "rev-parse" "HEAD", kill_on_drop: false }`
[INFO] [stdout] b70dfebc54334f637ef729684b98167cf639e4f1
[INFO] testing azin-cn/rust-note against nightly-2025-01-18+rustflags=-Zrandomize-layout for randomize-layout-2
[INFO] running `Command { std: "git" "clone" "/workspace/cache/git-repos/https%3A%2F%2Fgithub.com%2Fazin-cn%2Frust-note" "/workspace/builds/worker-2-tc2/source", kill_on_drop: false }`
[INFO] [stderr] Cloning into '/workspace/builds/worker-2-tc2/source'...
[INFO] [stderr] done.
[INFO] validating manifest of git repo https://github.com/azin-cn/rust-note on toolchain nightly-2025-01-18
[INFO] running `Command { std: CARGO_HOME="/workspace/cargo-home" RUSTUP_HOME="/workspace/rustup-home" "/workspace/cargo-home/bin/cargo" "+nightly-2025-01-18" "metadata" "--manifest-path" "Cargo.toml" "--no-deps", kill_on_drop: false }`
[INFO] started tweaking git repo https://github.com/azin-cn/rust-note
[INFO] removed 0 missing examples
[INFO] finished tweaking git repo https://github.com/azin-cn/rust-note
[INFO] tweaked toml for git repo https://github.com/azin-cn/rust-note written to /workspace/builds/worker-2-tc2/source/Cargo.toml
[INFO] crate git repo https://github.com/azin-cn/rust-note already has a lockfile, it will not be regenerated
[INFO] running `Command { std: CARGO_HOME="/workspace/cargo-home" RUSTUP_HOME="/workspace/rustup-home" "/workspace/cargo-home/bin/cargo" "+nightly-2025-01-18" "fetch" "--manifest-path" "Cargo.toml", kill_on_drop: false }`
[INFO] [stderr]     Blocking waiting for file lock on package cache
[INFO] running `Command { std: "docker" "create" "-v" "/var/lib/crater-agent-workspace/builds/worker-2-tc2/target:/opt/rustwide/target:rw,Z" "-v" "/var/lib/crater-agent-workspace/builds/worker-2-tc2/source:/opt/rustwide/workdir:ro,Z" "-v" "/var/lib/crater-agent-workspace/cargo-home:/opt/rustwide/cargo-home:ro,Z" "-v" "/var/lib/crater-agent-workspace/rustup-home:/opt/rustwide/rustup-home:ro,Z" "-e" "SOURCE_DIR=/opt/rustwide/workdir" "-e" "CARGO_TARGET_DIR=/opt/rustwide/target" "-e" "CARGO_HOME=/opt/rustwide/cargo-home" "-e" "RUSTUP_HOME=/opt/rustwide/rustup-home" "-w" "/opt/rustwide/workdir" "-m" "1610612736" "--user" "0:0" "--network" "none" "ghcr.io/rust-lang/crates-build-env/linux@sha256:819108c5571ea2e421544af4d832f968d213c87fbe3707a016657f43d2f853bc" "/opt/rustwide/cargo-home/bin/cargo" "+nightly-2025-01-18" "metadata" "--no-deps" "--format-version=1", kill_on_drop: false }`
[INFO] [stdout] 0dad9b7c4d31d8807d7bb2547881e127ec99ceba2bee40b176140fec8fff2144
[INFO] running `Command { std: "docker" "start" "-a" "0dad9b7c4d31d8807d7bb2547881e127ec99ceba2bee40b176140fec8fff2144", kill_on_drop: false }`
[INFO] running `Command { std: "docker" "inspect" "0dad9b7c4d31d8807d7bb2547881e127ec99ceba2bee40b176140fec8fff2144", kill_on_drop: false }`
[INFO] running `Command { std: "docker" "rm" "-f" "0dad9b7c4d31d8807d7bb2547881e127ec99ceba2bee40b176140fec8fff2144", kill_on_drop: false }`
[INFO] [stdout] 0dad9b7c4d31d8807d7bb2547881e127ec99ceba2bee40b176140fec8fff2144
[INFO] running `Command { std: "docker" "create" "-v" "/var/lib/crater-agent-workspace/builds/worker-2-tc2/target:/opt/rustwide/target:rw,Z" "-v" "/var/lib/crater-agent-workspace/builds/worker-2-tc2/source:/opt/rustwide/workdir:ro,Z" "-v" "/var/lib/crater-agent-workspace/cargo-home:/opt/rustwide/cargo-home:ro,Z" "-v" "/var/lib/crater-agent-workspace/rustup-home:/opt/rustwide/rustup-home:ro,Z" "-e" "SOURCE_DIR=/opt/rustwide/workdir" "-e" "CARGO_TARGET_DIR=/opt/rustwide/target" "-e" "CARGO_INCREMENTAL=0" "-e" "RUST_BACKTRACE=full" "-e" "RUSTFLAGS=--cap-lints=forbid -Zrandomize-layout" "-e" "RUSTDOCFLAGS=--cap-lints=forbid" "-e" "CARGO_HOME=/opt/rustwide/cargo-home" "-e" "RUSTUP_HOME=/opt/rustwide/rustup-home" "-w" "/opt/rustwide/workdir" "-m" "1610612736" "--user" "0:0" "--network" "none" "ghcr.io/rust-lang/crates-build-env/linux@sha256:819108c5571ea2e421544af4d832f968d213c87fbe3707a016657f43d2f853bc" "/opt/rustwide/cargo-home/bin/cargo" "+nightly-2025-01-18" "build" "--frozen" "--message-format=json", kill_on_drop: false }`
[INFO] [stdout] b705b5fbda735769e4fb92de4e057f1c7fb4521a8d419a71cbc935fb805e50c6
[INFO] running `Command { std: "docker" "start" "-a" "b705b5fbda735769e4fb92de4e057f1c7fb4521a8d419a71cbc935fb805e50c6", kill_on_drop: false }`
[INFO] [stderr]    Compiling autocfg v1.3.0
[INFO] [stderr]    Compiling libc v0.2.155
[INFO] [stderr]    Compiling pin-project-lite v0.2.14
[INFO] [stderr]    Compiling futures-core v0.3.30
[INFO] [stderr]    Compiling crossbeam-utils v0.8.20
[INFO] [stderr]    Compiling parking v2.2.0
[INFO] [stderr]    Compiling futures-io v0.3.30
[INFO] [stderr]    Compiling memchr v2.7.4
[INFO] [stderr]    Compiling value-bag v1.9.0
[INFO] [stderr]    Compiling syn v1.0.109
[INFO] [stderr]    Compiling fastrand v2.1.0
[INFO] [stderr]    Compiling tracing-core v0.1.32
[INFO] [stderr]    Compiling proc-macro-error-attr v1.0.4
[INFO] [stderr]    Compiling serde v1.0.204
[INFO] [stderr]    Compiling parking_lot_core v0.9.10
[INFO] [stderr]    Compiling quote v1.0.36
[INFO] [stderr]    Compiling rustix v0.38.34
[INFO] [stderr]    Compiling smallvec v1.13.2
[INFO] [stderr]    Compiling proc-macro-error v1.0.4
[INFO] [stderr]    Compiling log v0.4.22
[INFO] [stderr]    Compiling bitflags v2.6.0
[INFO] [stderr]    Compiling linux-raw-sys v0.4.14
[INFO] [stderr]    Compiling hashbrown v0.14.5
[INFO] [stderr]    Compiling equivalent v1.0.1
[INFO] [stderr]    Compiling syn v2.0.70
[INFO] [stderr]    Compiling futures-lite v2.3.0
[INFO] [stderr]    Compiling io-lifetimes v1.0.11
[INFO] [stderr]    Compiling futures-sink v0.3.30
[INFO] [stderr]    Compiling unicode-segmentation v1.11.0
[INFO] [stderr]    Compiling async-task v4.7.1
[INFO] [stderr]    Compiling toml_datetime v0.6.6
[INFO] [stderr]    Compiling num-traits v0.2.19
[INFO] [stderr]    Compiling slab v0.4.9
[INFO] [stderr]    Compiling lock_api v0.4.12
[INFO] [stderr]    Compiling polling v2.8.0
[INFO] [stderr]    Compiling indexmap v2.2.6
[INFO] [stderr]    Compiling winnow v0.5.40
[INFO] [stderr]    Compiling ansi_term v0.12.1
[INFO] [stderr]    Compiling pin-utils v0.1.0
[INFO] [stderr]    Compiling cc v1.1.0
[INFO] [stderr]    Compiling concurrent-queue v2.5.0
[INFO] [stderr]    Compiling event-listener v2.5.3
[INFO] [stderr]    Compiling lazy_static v1.5.0
[INFO] [stderr]    Compiling regex-syntax v0.6.29
[INFO] [stderr]    Compiling rustix v0.37.27
[INFO] [stderr]    Compiling unicode-width v0.1.13
[INFO] [stderr]    Compiling event-listener v5.3.1
[INFO] [stderr]    Compiling atomic-waker v1.1.2
[INFO] [stderr]    Compiling serde_json v1.0.120
[INFO] [stderr]    Compiling regex-syntax v0.8.4
[INFO] [stderr]    Compiling piper v0.2.3
[INFO] [stderr]    Compiling textwrap v0.11.0
[INFO] [stderr]    Compiling num-integer v0.1.46
[INFO] [stderr]    Compiling parking_lot v0.12.3
[INFO] [stderr]    Compiling event-listener-strategy v0.5.2
[INFO] [stderr]    Compiling socket2 v0.5.7
[INFO] [stderr]    Compiling async-channel v2.3.1
[INFO] [stderr]    Compiling async-lock v3.4.0
[INFO] [stderr]    Compiling num_cpus v1.16.0
[INFO] [stderr]    Compiling signal-hook-registry v1.4.2
[INFO] [stderr]    Compiling mio v0.8.11
[INFO] [stderr]    Compiling atty v0.2.14
[INFO] [stderr]    Compiling getrandom v0.2.15
[INFO] [stderr]    Compiling regex-automata v0.4.7
[INFO] [stderr]    Compiling heck v0.3.3
[INFO] [stderr]    Compiling async-io v1.13.0
[INFO] [stderr]    Compiling futures-channel v0.3.30
[INFO] [stderr]    Compiling strsim v0.8.0
[INFO] [stderr]    Compiling futures-task v0.3.30
[INFO] [stderr]    Compiling itoa v1.0.11
[INFO] [stderr]    Compiling adler v1.0.2
[INFO] [stderr]    Compiling vec_map v0.8.2
[INFO] [stderr]    Compiling gimli v0.29.0
[INFO] [stderr]    Compiling ryu v1.0.18
[INFO] [stderr]    Compiling iana-time-zone v0.1.60
[INFO] [stderr]    Compiling bytes v1.6.1
[INFO] [stderr]    Compiling waker-fn v1.2.0
[INFO] [stderr]    Compiling backtrace v0.3.73
[INFO] [stderr]    Compiling regex-automata v0.1.10
[INFO] [stderr]    Compiling linux-raw-sys v0.3.8
[INFO] [stderr]    Compiling fastrand v1.9.0
[INFO] [stderr]    Compiling clap v2.34.0
[INFO] [stderr]    Compiling chrono v0.4.38
[INFO] [stderr]    Compiling toml_edit v0.21.1
[INFO] [stderr]    Compiling futures-lite v1.13.0
[INFO] [stderr]    Compiling miniz_oxide v0.7.4
[INFO] [stderr]    Compiling rand_core v0.6.4
[INFO] [stderr]    Compiling tracing-serde v0.1.3
[INFO] [stderr]    Compiling matchers v0.0.1
[INFO] [stderr]    Compiling num-bigint v0.4.6
[INFO] [stderr]    Compiling blocking v1.6.1
[INFO] [stderr]    Compiling async-executor v1.13.0
[INFO] [stderr]    Compiling regex v1.10.5
[INFO] [stderr]    Compiling structopt-derive v0.4.18
[INFO] [stderr]    Compiling socket2 v0.4.10
[INFO] [stderr]    Compiling async-lock v2.8.0
[INFO] [stderr]    Compiling sharded-slab v0.1.7
[INFO] [stderr]    Compiling tracing-log v0.1.4
[INFO] [stderr]    Compiling addr2line v0.22.0
[INFO] [stderr]    Compiling object v0.36.1
[INFO] [stderr]    Compiling error-chain v0.12.4
[INFO] [stderr]    Compiling rustc-demangle v0.1.24
[INFO] [stderr]    Compiling thiserror v1.0.61
[INFO] [stderr]    Compiling anyhow v1.0.86
[INFO] [stderr]    Compiling ppv-lite86 v0.2.17
[INFO] [stderr]    Compiling proc-macro-crate v3.1.0
[INFO] [stderr]    Compiling async-attributes v1.1.2
[INFO] [stderr]    Compiling num-iter v0.1.45
[INFO] [stderr]    Compiling rand_chacha v0.3.1
[INFO] [stderr]    Compiling num-rational v0.4.2
[INFO] [stderr]    Compiling atoi v0.3.3
[INFO] [stderr]    Compiling num-complex v0.4.6
[INFO] [stderr]    Compiling async-channel v1.9.0
[INFO] [stderr]    Compiling kv-log-macro v1.0.7
[INFO] [stderr]    Compiling rand v0.8.5
[INFO] [stderr]    Compiling structopt v0.3.26
[INFO] [stderr]    Compiling num v0.4.3
[INFO] [stderr]    Compiling tracing-attributes v0.1.27
[INFO] [stderr]    Compiling pin-project-internal v1.1.5
[INFO] [stderr]    Compiling futures-macro v0.3.30
[INFO] [stderr]    Compiling tokio-macros v2.3.0
[INFO] [stderr]    Compiling async-stream-impl v0.3.5
[INFO] [stderr]    Compiling thiserror-impl v1.0.61
[INFO] [stderr]    Compiling num_enum_derive v0.7.2
[INFO] [stderr]    Compiling num-derive v0.4.2
[INFO] [stderr]    Compiling tokio v1.38.0
[INFO] [stderr]    Compiling async-stream v0.3.5
[INFO] [stderr]    Compiling futures-util v0.3.30
[INFO] [stderr]    Compiling num_enum v0.7.2
[INFO] [stderr]    Compiling pin-project v1.1.5
[INFO] [stderr]    Compiling tracing v0.1.40
[INFO] [stderr]    Compiling polling v3.7.2
[INFO] [stderr]    Compiling tracing-subscriber v0.2.25
[INFO] [stderr]    Compiling tracing-futures v0.2.5
[INFO] [stderr]    Compiling async-io v2.3.3
[INFO] [stderr]    Compiling async-global-executor v2.4.1
[INFO] [stderr]    Compiling async-std v1.12.0
[INFO] [stderr]    Compiling futures-executor v0.3.30
[INFO] [stderr]    Compiling futures v0.3.30
[INFO] [stderr]    Compiling tokio-stream v0.1.15
[INFO] [stderr]    Compiling mini-redis v0.4.1
[INFO] [stderr]    Compiling ilearn v0.1.0 (/opt/rustwide/workdir)
[INFO] [stdout] warning: unused variable: `query`
[INFO] [stdout]    --> src/lib.rs:207:19
[INFO] [stdout]     |
[INFO] [stdout] 207 | pub fn search<'a>(query: &'a str, content: &'a str) -> Vec<&'a str> {
[INFO] [stdout]     |                   ^^^^^ help: if this is intentional, prefix it with an underscore: `_query`
[INFO] [stdout]     |
[INFO] [stdout]     = note: `#[warn(unused_variables)]` on by default
[INFO] [stdout] 
[INFO] [stdout] 
[INFO] [stdout] warning: unused variable: `content`
[INFO] [stdout]    --> src/lib.rs:207:35
[INFO] [stdout]     |
[INFO] [stdout] 207 | pub fn search<'a>(query: &'a str, content: &'a str) -> Vec<&'a str> {
[INFO] [stdout]     |                                   ^^^^^^^ help: if this is intentional, prefix it with an underscore: `_content`
[INFO] [stdout] 
[INFO] [stdout] 
[INFO] [stdout] warning: unused variable: `query`
[INFO] [stdout]    --> src/lib.rs:227:41
[INFO] [stdout]     |
[INFO] [stdout] 227 | pub fn search_case_insensitive_fail<'a>(query: &'a str, content: &'a str) -> Vec<&'a str> {
[INFO] [stdout]     |                                         ^^^^^ help: if this is intentional, prefix it with an underscore: `_query`
[INFO] [stdout] 
[INFO] [stdout] 
[INFO] [stdout] warning: unused variable: `content`
[INFO] [stdout]    --> src/lib.rs:227:57
[INFO] [stdout]     |
[INFO] [stdout] 227 | pub fn search_case_insensitive_fail<'a>(query: &'a str, content: &'a str) -> Vec<&'a str> {
[INFO] [stdout]     |                                                         ^^^^^^^ help: if this is intentional, prefix it with an underscore: `_content`
[INFO] [stdout] 
[INFO] [stdout] 
[INFO] [stdout] warning: variable does not need to be mutable
[INFO] [stdout]    --> src/threadpool/mod.rs:120:14
[INFO] [stdout]     |
[INFO] [stdout] 120 |         let (mut sender, mut receiver) = mpsc::channel::<Job>();
[INFO] [stdout]     |              ----^^^^^^
[INFO] [stdout]     |              |
[INFO] [stdout]     |              help: remove this `mut`
[INFO] [stdout]     |
[INFO] [stdout]     = note: `#[warn(unused_mut)]` on by default
[INFO] [stdout] 
[INFO] [stdout] 
[INFO] [stdout] warning: variable does not need to be mutable
[INFO] [stdout]    --> src/threadpool/mod.rs:120:26
[INFO] [stdout]     |
[INFO] [stdout] 120 |         let (mut sender, mut receiver) = mpsc::channel::<Job>();
[INFO] [stdout]     |                          ----^^^^^^^^
[INFO] [stdout]     |                          |
[INFO] [stdout]     |                          help: remove this `mut`
[INFO] [stdout] 
[INFO] [stdout] 
[INFO] [stdout] warning: function `cleanTable` is never used
[INFO] [stdout]   --> src/lib.rs:10:4
[INFO] [stdout]    |
[INFO] [stdout] 10 | fn cleanTable() {}
[INFO] [stdout]    |    ^^^^^^^^^^
[INFO] [stdout]    |
[INFO] [stdout]    = note: `#[warn(dead_code)]` on by default
[INFO] [stdout] 
[INFO] [stdout] 
[INFO] [stdout] warning: function `clean` is never used
[INFO] [stdout]  --> src/front_of_house/mod.rs:3:4
[INFO] [stdout]   |
[INFO] [stdout] 3 | fn clean() {
[INFO] [stdout]   |    ^^^^^
[INFO] [stdout] 
[INFO] [stdout] 
[INFO] [stdout] warning: function `seat_at_table` is never used
[INFO] [stdout]  --> src/front_of_house/hosting.rs:3:4
[INFO] [stdout]   |
[INFO] [stdout] 3 | fn seat_at_table() {
[INFO] [stdout]   |    ^^^^^^^^^^^^^
[INFO] [stdout] 
[INFO] [stdout] 
[INFO] [stdout] warning: function `take_order` is never used
[INFO] [stdout]  --> src/front_of_house/serving.rs:4:4
[INFO] [stdout]   |
[INFO] [stdout] 4 | fn take_order() {
[INFO] [stdout]   |    ^^^^^^^^^^
[INFO] [stdout] 
[INFO] [stdout] 
[INFO] [stdout] warning: function `serve_order` is never used
[INFO] [stdout]  --> src/front_of_house/serving.rs:9:4
[INFO] [stdout]   |
[INFO] [stdout] 9 | fn serve_order() {}
[INFO] [stdout]   |    ^^^^^^^^^^^
[INFO] [stdout] 
[INFO] [stdout] 
[INFO] [stdout] warning: function `cooking` is never used
[INFO] [stdout]  --> src/back_of_house/cooking.rs:1:8
[INFO] [stdout]   |
[INFO] [stdout] 1 | pub fn cooking() {}
[INFO] [stdout]   |        ^^^^^^^
[INFO] [stdout] 
[INFO] [stdout] 
[INFO] [stdout] warning: function `cleanTable` should have a snake case name
[INFO] [stdout]   --> src/lib.rs:10:4
[INFO] [stdout]    |
[INFO] [stdout] 10 | fn cleanTable() {}
[INFO] [stdout]    |    ^^^^^^^^^^ help: convert the identifier to snake case: `clean_table`
[INFO] [stdout]    |
[INFO] [stdout]    = note: `#[warn(non_snake_case)]` on by default
[INFO] [stdout] 
[INFO] [stdout] 
[INFO] [stdout] warning: function `Foo` should have a snake case name
[INFO] [stdout]   --> src/lib.rs:87:8
[INFO] [stdout]    |
[INFO] [stdout] 87 | pub fn Foo() {}
[INFO] [stdout]    |        ^^^ help: convert the identifier to snake case (notice the capitalization): `foo`
[INFO] [stdout] 
[INFO] [stdout] 
[INFO] [stdout] warning: unused `Result` that must be used
[INFO] [stdout]    --> src/threadpool/mod.rs:143:9
[INFO] [stdout]     |
[INFO] [stdout] 143 |         self.sender.as_ref().unwrap().send(box_f);
[INFO] [stdout]     |         ^^^^^^^^^^^^^^^^^^^^^^^^^^^^^^^^^^^^^^^^^
[INFO] [stdout]     |
[INFO] [stdout]     = note: this `Result` may be an `Err` variant, which should be handled
[INFO] [stdout]     = note: `#[warn(unused_must_use)]` on by default
[INFO] [stdout] help: use `let _ = ...` to ignore the resulting value
[INFO] [stdout]     |
[INFO] [stdout] 143 |         let _ = self.sender.as_ref().unwrap().send(box_f);
[INFO] [stdout]     |         +++++++
[INFO] [stdout] 
[INFO] [stdout] 
[INFO] [stdout] warning: unused import: `self`
[INFO] [stdout]   --> src/main.rs:14:12
[INFO] [stdout]    |
[INFO] [stdout] 14 |     task::{self, ArcWake},
[INFO] [stdout]    |            ^^^^
[INFO] [stdout]    |
[INFO] [stdout]    = note: `#[warn(unused_imports)]` on by default
[INFO] [stdout] 
[INFO] [stdout] 
[INFO] [stdout] warning: variant `init` should have an upper camel case name
[INFO] [stdout]    --> src/main.rs:727:9
[INFO] [stdout]     |
[INFO] [stdout] 727 |         init,
[INFO] [stdout]     |         ^^^^ help: convert the identifier to upper camel case (notice the capitalization): `Init`
[INFO] [stdout]     |
[INFO] [stdout]     = note: `#[warn(non_camel_case_types)]` on by default
[INFO] [stdout] 
[INFO] [stdout] 
[INFO] [stdout] warning: variant `pending` should have an upper camel case name
[INFO] [stdout]    --> src/main.rs:728:9
[INFO] [stdout]     |
[INFO] [stdout] 728 |         pending,
[INFO] [stdout]     |         ^^^^^^^ help: convert the identifier to upper camel case: `Pending`
[INFO] [stdout] 
[INFO] [stdout] 
[INFO] [stdout] warning: variant `completed` should have an upper camel case name
[INFO] [stdout]    --> src/main.rs:729:9
[INFO] [stdout]     |
[INFO] [stdout] 729 |         completed,
[INFO] [stdout]     |         ^^^^^^^^^ help: convert the identifier to upper camel case (notice the capitalization): `Completed`
[INFO] [stdout] 
[INFO] [stdout] 
[INFO] [stdout] warning: enum `Poll` is never used
[INFO] [stdout]    --> src/main.rs:654:10
[INFO] [stdout]     |
[INFO] [stdout] 654 |     enum Poll<T> {
[INFO] [stdout]     |          ^^^^
[INFO] [stdout]     |
[INFO] [stdout]     = note: `#[warn(dead_code)]` on by default
[INFO] [stdout] 
[INFO] [stdout] 
[INFO] [stdout] warning: trait `SimpleFuture` is never used
[INFO] [stdout]    --> src/main.rs:658:11
[INFO] [stdout]     |
[INFO] [stdout] 658 |     trait SimpleFuture {
[INFO] [stdout]     |           ^^^^^^^^^^^^
[INFO] [stdout] 
[INFO] [stdout] 
[INFO] [stdout] warning: struct `Join` is never constructed
[INFO] [stdout]    --> src/main.rs:688:16
[INFO] [stdout]     |
[INFO] [stdout] 688 |     pub struct Join<FutureA, FutureB> {
[INFO] [stdout]     |                ^^^^
[INFO] [stdout] 
[INFO] [stdout] 
[INFO] [stdout] warning: unused variable: `addr`
[INFO] [stdout]   --> bin/server.rs:18:22
[INFO] [stdout]    |
[INFO] [stdout] 18 |         let (stream, addr) = listener.accept().await?;
[INFO] [stdout]    |                      ^^^^ help: if this is intentional, prefix it with an underscore: `_addr`
[INFO] [stdout]    |
[INFO] [stdout]    = note: `#[warn(unused_variables)]` on by default
[INFO] [stdout] 
[INFO] [stdout] 
[INFO] [stderr]     Finished `dev` profile [unoptimized + debuginfo] target(s) in 54.02s
[INFO] running `Command { std: "docker" "inspect" "b705b5fbda735769e4fb92de4e057f1c7fb4521a8d419a71cbc935fb805e50c6", kill_on_drop: false }`
[INFO] running `Command { std: "docker" "rm" "-f" "b705b5fbda735769e4fb92de4e057f1c7fb4521a8d419a71cbc935fb805e50c6", kill_on_drop: false }`
[INFO] [stdout] b705b5fbda735769e4fb92de4e057f1c7fb4521a8d419a71cbc935fb805e50c6
[INFO] running `Command { std: "docker" "create" "-v" "/var/lib/crater-agent-workspace/builds/worker-2-tc2/target:/opt/rustwide/target:rw,Z" "-v" "/var/lib/crater-agent-workspace/builds/worker-2-tc2/source:/opt/rustwide/workdir:ro,Z" "-v" "/var/lib/crater-agent-workspace/cargo-home:/opt/rustwide/cargo-home:ro,Z" "-v" "/var/lib/crater-agent-workspace/rustup-home:/opt/rustwide/rustup-home:ro,Z" "-e" "SOURCE_DIR=/opt/rustwide/workdir" "-e" "CARGO_TARGET_DIR=/opt/rustwide/target" "-e" "CARGO_INCREMENTAL=0" "-e" "RUST_BACKTRACE=full" "-e" "RUSTFLAGS=--cap-lints=forbid -Zrandomize-layout" "-e" "RUSTDOCFLAGS=--cap-lints=forbid" "-e" "CARGO_HOME=/opt/rustwide/cargo-home" "-e" "RUSTUP_HOME=/opt/rustwide/rustup-home" "-w" "/opt/rustwide/workdir" "-m" "1610612736" "--user" "0:0" "--network" "none" "ghcr.io/rust-lang/crates-build-env/linux@sha256:819108c5571ea2e421544af4d832f968d213c87fbe3707a016657f43d2f853bc" "/opt/rustwide/cargo-home/bin/cargo" "+nightly-2025-01-18" "test" "--frozen" "--no-run" "--message-format=json", kill_on_drop: false }`
[INFO] [stdout] 2e0c9faca4ccf858ba81f8ae6cdd0cd4640c66c7314c51ce06f9c2d448f01073
[INFO] running `Command { std: "docker" "start" "-a" "2e0c9faca4ccf858ba81f8ae6cdd0cd4640c66c7314c51ce06f9c2d448f01073", kill_on_drop: false }`
[INFO] [stdout] warning: unused variable: `query`
[INFO] [stdout]    --> src/lib.rs:207:19
[INFO] [stdout]     |
[INFO] [stdout] 207 | pub fn search<'a>(query: &'a str, content: &'a str) -> Vec<&'a str> {
[INFO] [stdout]     |                   ^^^^^ help: if this is intentional, prefix it with an underscore: `_query`
[INFO] [stdout]     |
[INFO] [stdout]     = note: `#[warn(unused_variables)]` on by default
[INFO] [stdout] 
[INFO] [stdout] 
[INFO] [stderr]    Compiling ilearn v0.1.0 (/opt/rustwide/workdir)
[INFO] [stdout] warning: unused variable: `content`
[INFO] [stdout]    --> src/lib.rs:207:35
[INFO] [stdout]     |
[INFO] [stdout] 207 | pub fn search<'a>(query: &'a str, content: &'a str) -> Vec<&'a str> {
[INFO] [stdout]     |                                   ^^^^^^^ help: if this is intentional, prefix it with an underscore: `_content`
[INFO] [stdout] 
[INFO] [stdout] 
[INFO] [stdout] warning: unused variable: `query`
[INFO] [stdout]    --> src/lib.rs:227:41
[INFO] [stdout]     |
[INFO] [stdout] 227 | pub fn search_case_insensitive_fail<'a>(query: &'a str, content: &'a str) -> Vec<&'a str> {
[INFO] [stdout]     |                                         ^^^^^ help: if this is intentional, prefix it with an underscore: `_query`
[INFO] [stdout] 
[INFO] [stdout] 
[INFO] [stdout] warning: unused variable: `content`
[INFO] [stdout]    --> src/lib.rs:227:57
[INFO] [stdout]     |
[INFO] [stdout] 227 | pub fn search_case_insensitive_fail<'a>(query: &'a str, content: &'a str) -> Vec<&'a str> {
[INFO] [stdout]     |                                                         ^^^^^^^ help: if this is intentional, prefix it with an underscore: `_content`
[INFO] [stdout] 
[INFO] [stdout] 
[INFO] [stdout] warning: variable does not need to be mutable
[INFO] [stdout]    --> src/threadpool/mod.rs:120:14
[INFO] [stdout]     |
[INFO] [stdout] 120 |         let (mut sender, mut receiver) = mpsc::channel::<Job>();
[INFO] [stdout]     |              ----^^^^^^
[INFO] [stdout]     |              |
[INFO] [stdout]     |              help: remove this `mut`
[INFO] [stdout]     |
[INFO] [stdout]     = note: `#[warn(unused_mut)]` on by default
[INFO] [stdout] 
[INFO] [stdout] 
[INFO] [stdout] warning: variable does not need to be mutable
[INFO] [stdout]    --> src/threadpool/mod.rs:120:26
[INFO] [stdout]     |
[INFO] [stdout] 120 |         let (mut sender, mut receiver) = mpsc::channel::<Job>();
[INFO] [stdout]     |                          ----^^^^^^^^
[INFO] [stdout]     |                          |
[INFO] [stdout]     |                          help: remove this `mut`
[INFO] [stdout] 
[INFO] [stdout] 
[INFO] [stdout] warning: function `cleanTable` is never used
[INFO] [stdout]   --> src/lib.rs:10:4
[INFO] [stdout]    |
[INFO] [stdout] 10 | fn cleanTable() {}
[INFO] [stdout]    |    ^^^^^^^^^^
[INFO] [stdout]    |
[INFO] [stdout]    = note: `#[warn(dead_code)]` on by default
[INFO] [stdout] 
[INFO] [stdout] 
[INFO] [stdout] warning: function `clean` is never used
[INFO] [stdout]  --> src/front_of_house/mod.rs:3:4
[INFO] [stdout]   |
[INFO] [stdout] 3 | fn clean() {
[INFO] [stdout]   |    ^^^^^
[INFO] [stdout] 
[INFO] [stdout] 
[INFO] [stdout] warning: function `seat_at_table` is never used
[INFO] [stdout]  --> src/front_of_house/hosting.rs:3:4
[INFO] [stdout]   |
[INFO] [stdout] 3 | fn seat_at_table() {
[INFO] [stdout]   |    ^^^^^^^^^^^^^
[INFO] [stdout] 
[INFO] [stdout] 
[INFO] [stdout] warning: function `take_order` is never used
[INFO] [stdout]  --> src/front_of_house/serving.rs:4:4
[INFO] [stdout]   |
[INFO] [stdout] 4 | fn take_order() {
[INFO] [stdout]   |    ^^^^^^^^^^
[INFO] [stdout] 
[INFO] [stdout] 
[INFO] [stdout] warning: function `serve_order` is never used
[INFO] [stdout]  --> src/front_of_house/serving.rs:9:4
[INFO] [stdout]   |
[INFO] [stdout] 9 | fn serve_order() {}
[INFO] [stdout]   |    ^^^^^^^^^^^
[INFO] [stdout] 
[INFO] [stdout] 
[INFO] [stdout] warning: function `cooking` is never used
[INFO] [stdout]  --> src/back_of_house/cooking.rs:1:8
[INFO] [stdout]   |
[INFO] [stdout] 1 | pub fn cooking() {}
[INFO] [stdout]   |        ^^^^^^^
[INFO] [stdout] 
[INFO] [stdout] 
[INFO] [stdout] warning: function `cleanTable` should have a snake case name
[INFO] [stdout]   --> src/lib.rs:10:4
[INFO] [stdout]    |
[INFO] [stdout] 10 | fn cleanTable() {}
[INFO] [stdout]    |    ^^^^^^^^^^ help: convert the identifier to snake case: `clean_table`
[INFO] [stdout]    |
[INFO] [stdout]    = note: `#[warn(non_snake_case)]` on by default
[INFO] [stdout] 
[INFO] [stdout] 
[INFO] [stdout] warning: function `Foo` should have a snake case name
[INFO] [stdout]   --> src/lib.rs:87:8
[INFO] [stdout]    |
[INFO] [stdout] 87 | pub fn Foo() {}
[INFO] [stdout]    |        ^^^ help: convert the identifier to snake case (notice the capitalization): `foo`
[INFO] [stdout] 
[INFO] [stdout] 
[INFO] [stdout] warning: unused `Result` that must be used
[INFO] [stdout]    --> src/threadpool/mod.rs:143:9
[INFO] [stdout]     |
[INFO] [stdout] 143 |         self.sender.as_ref().unwrap().send(box_f);
[INFO] [stdout]     |         ^^^^^^^^^^^^^^^^^^^^^^^^^^^^^^^^^^^^^^^^^
[INFO] [stdout]     |
[INFO] [stdout]     = note: this `Result` may be an `Err` variant, which should be handled
[INFO] [stdout]     = note: `#[warn(unused_must_use)]` on by default
[INFO] [stdout] help: use `let _ = ...` to ignore the resulting value
[INFO] [stdout]     |
[INFO] [stdout] 143 |         let _ = self.sender.as_ref().unwrap().send(box_f);
[INFO] [stdout]     |         +++++++
[INFO] [stdout] 
[INFO] [stdout] 
[INFO] [stdout] warning: unused variable: `query`
[INFO] [stdout]    --> src/lib.rs:207:19
[INFO] [stdout]     |
[INFO] [stdout] 207 | pub fn search<'a>(query: &'a str, content: &'a str) -> Vec<&'a str> {
[INFO] [stdout]     |                   ^^^^^ help: if this is intentional, prefix it with an underscore: `_query`
[INFO] [stdout]     |
[INFO] [stdout]     = note: `#[warn(unused_variables)]` on by default
[INFO] [stdout] 
[INFO] [stdout] 
[INFO] [stdout] warning: unused variable: `content`
[INFO] [stdout]    --> src/lib.rs:207:35
[INFO] [stdout]     |
[INFO] [stdout] 207 | pub fn search<'a>(query: &'a str, content: &'a str) -> Vec<&'a str> {
[INFO] [stdout]     |                                   ^^^^^^^ help: if this is intentional, prefix it with an underscore: `_content`
[INFO] [stdout] 
[INFO] [stdout] 
[INFO] [stdout] warning: unused variable: `query`
[INFO] [stdout]    --> src/lib.rs:227:41
[INFO] [stdout]     |
[INFO] [stdout] 227 | pub fn search_case_insensitive_fail<'a>(query: &'a str, content: &'a str) -> Vec<&'a str> {
[INFO] [stdout]     |                                         ^^^^^ help: if this is intentional, prefix it with an underscore: `_query`
[INFO] [stdout] 
[INFO] [stdout] 
[INFO] [stdout] warning: unused variable: `content`
[INFO] [stdout]    --> src/lib.rs:227:57
[INFO] [stdout]     |
[INFO] [stdout] 227 | pub fn search_case_insensitive_fail<'a>(query: &'a str, content: &'a str) -> Vec<&'a str> {
[INFO] [stdout]     |                                                         ^^^^^^^ help: if this is intentional, prefix it with an underscore: `_content`
[INFO] [stdout] 
[INFO] [stdout] 
[INFO] [stdout] warning: variable does not need to be mutable
[INFO] [stdout]    --> src/threadpool/mod.rs:120:14
[INFO] [stdout]     |
[INFO] [stdout] 120 |         let (mut sender, mut receiver) = mpsc::channel::<Job>();
[INFO] [stdout]     |              ----^^^^^^
[INFO] [stdout]     |              |
[INFO] [stdout]     |              help: remove this `mut`
[INFO] [stdout]     |
[INFO] [stdout]     = note: `#[warn(unused_mut)]` on by default
[INFO] [stdout] 
[INFO] [stdout] 
[INFO] [stdout] warning: variable does not need to be mutable
[INFO] [stdout]    --> src/threadpool/mod.rs:120:26
[INFO] [stdout]     |
[INFO] [stdout] 120 |         let (mut sender, mut receiver) = mpsc::channel::<Job>();
[INFO] [stdout]     |                          ----^^^^^^^^
[INFO] [stdout]     |                          |
[INFO] [stdout]     |                          help: remove this `mut`
[INFO] [stdout] 
[INFO] [stdout] 
[INFO] [stdout] warning: function `cleanTable` is never used
[INFO] [stdout]   --> src/lib.rs:10:4
[INFO] [stdout]    |
[INFO] [stdout] 10 | fn cleanTable() {}
[INFO] [stdout]    |    ^^^^^^^^^^
[INFO] [stdout]    |
[INFO] [stdout]    = note: `#[warn(dead_code)]` on by default
[INFO] [stdout] 
[INFO] [stdout] 
[INFO] [stdout] warning: function `clean` is never used
[INFO] [stdout]  --> src/front_of_house/mod.rs:3:4
[INFO] [stdout]   |
[INFO] [stdout] 3 | fn clean() {
[INFO] [stdout]   |    ^^^^^
[INFO] [stdout] 
[INFO] [stdout] 
[INFO] [stdout] warning: function `seat_at_table` is never used
[INFO] [stdout]  --> src/front_of_house/hosting.rs:3:4
[INFO] [stdout]   |
[INFO] [stdout] 3 | fn seat_at_table() {
[INFO] [stdout]   |    ^^^^^^^^^^^^^
[INFO] [stdout] 
[INFO] [stdout] 
[INFO] [stdout] warning: function `take_order` is never used
[INFO] [stdout]  --> src/front_of_house/serving.rs:4:4
[INFO] [stdout]   |
[INFO] [stdout] 4 | fn take_order() {
[INFO] [stdout]   |    ^^^^^^^^^^
[INFO] [stdout] 
[INFO] [stdout] 
[INFO] [stdout] warning: function `serve_order` is never used
[INFO] [stdout]  --> src/front_of_house/serving.rs:9:4
[INFO] [stdout]   |
[INFO] [stdout] 9 | fn serve_order() {}
[INFO] [stdout]   |    ^^^^^^^^^^^
[INFO] [stdout] 
[INFO] [stdout] 
[INFO] [stdout] warning: function `cooking` is never used
[INFO] [stdout]  --> src/back_of_house/cooking.rs:1:8
[INFO] [stdout]   |
[INFO] [stdout] 1 | pub fn cooking() {}
[INFO] [stdout]   |        ^^^^^^^
[INFO] [stdout] 
[INFO] [stdout] 
[INFO] [stdout] warning: function `cleanTable` should have a snake case name
[INFO] [stdout]   --> src/lib.rs:10:4
[INFO] [stdout]    |
[INFO] [stdout] 10 | fn cleanTable() {}
[INFO] [stdout]    |    ^^^^^^^^^^ help: convert the identifier to snake case: `clean_table`
[INFO] [stdout]    |
[INFO] [stdout]    = note: `#[warn(non_snake_case)]` on by default
[INFO] [stdout] 
[INFO] [stdout] 
[INFO] [stdout] warning: function `Foo` should have a snake case name
[INFO] [stdout]   --> src/lib.rs:87:8
[INFO] [stdout]    |
[INFO] [stdout] 87 | pub fn Foo() {}
[INFO] [stdout]    |        ^^^ help: convert the identifier to snake case (notice the capitalization): `foo`
[INFO] [stdout] 
[INFO] [stdout] 
[INFO] [stdout] warning: unused import: `self`
[INFO] [stdout]   --> src/main.rs:14:12
[INFO] [stdout]    |
[INFO] [stdout] 14 |     task::{self, ArcWake},
[INFO] [stdout]    |            ^^^^
[INFO] [stdout]    |
[INFO] [stdout]    = note: `#[warn(unused_imports)]` on by default
[INFO] [stdout] 
[INFO] [stdout] 
[INFO] [stdout] warning: variant `init` should have an upper camel case name
[INFO] [stdout]    --> src/main.rs:727:9
[INFO] [stdout]     |
[INFO] [stdout] 727 |         init,
[INFO] [stdout]     |         ^^^^ help: convert the identifier to upper camel case (notice the capitalization): `Init`
[INFO] [stdout]     |
[INFO] [stdout]     = note: `#[warn(non_camel_case_types)]` on by default
[INFO] [stdout] 
[INFO] [stdout] 
[INFO] [stdout] warning: variant `pending` should have an upper camel case name
[INFO] [stdout]    --> src/main.rs:728:9
[INFO] [stdout]     |
[INFO] [stdout] 728 |         pending,
[INFO] [stdout]     |         ^^^^^^^ help: convert the identifier to upper camel case: `Pending`
[INFO] [stdout] 
[INFO] [stdout] 
[INFO] [stdout] warning: variant `completed` should have an upper camel case name
[INFO] [stdout]    --> src/main.rs:729:9
[INFO] [stdout]     |
[INFO] [stdout] 729 |         completed,
[INFO] [stdout]     |         ^^^^^^^^^ help: convert the identifier to upper camel case (notice the capitalization): `Completed`
[INFO] [stdout] 
[INFO] [stdout] 
[INFO] [stdout] warning: unused `Result` that must be used
[INFO] [stdout]    --> src/threadpool/mod.rs:143:9
[INFO] [stdout]     |
[INFO] [stdout] 143 |         self.sender.as_ref().unwrap().send(box_f);
[INFO] [stdout]     |         ^^^^^^^^^^^^^^^^^^^^^^^^^^^^^^^^^^^^^^^^^
[INFO] [stdout]     |
[INFO] [stdout]     = note: this `Result` may be an `Err` variant, which should be handled
[INFO] [stdout]     = note: `#[warn(unused_must_use)]` on by default
[INFO] [stdout] help: use `let _ = ...` to ignore the resulting value
[INFO] [stdout]     |
[INFO] [stdout] 143 |         let _ = self.sender.as_ref().unwrap().send(box_f);
[INFO] [stdout]     |         +++++++
[INFO] [stdout] 
[INFO] [stdout] 
[INFO] [stdout] warning: unused variable: `addr`
[INFO] [stdout]   --> bin/server.rs:18:22
[INFO] [stdout]    |
[INFO] [stdout] 18 |         let (stream, addr) = listener.accept().await?;
[INFO] [stdout]    |                      ^^^^ help: if this is intentional, prefix it with an underscore: `_addr`
[INFO] [stdout]    |
[INFO] [stdout]    = note: `#[warn(unused_variables)]` on by default
[INFO] [stdout] 
[INFO] [stdout] 
[INFO] [stderr]     Finished `test` profile [unoptimized + debuginfo] target(s) in 1.07s
[INFO] running `Command { std: "docker" "inspect" "2e0c9faca4ccf858ba81f8ae6cdd0cd4640c66c7314c51ce06f9c2d448f01073", kill_on_drop: false }`
[INFO] running `Command { std: "docker" "rm" "-f" "2e0c9faca4ccf858ba81f8ae6cdd0cd4640c66c7314c51ce06f9c2d448f01073", kill_on_drop: false }`
[INFO] [stdout] 2e0c9faca4ccf858ba81f8ae6cdd0cd4640c66c7314c51ce06f9c2d448f01073
[INFO] running `Command { std: "docker" "create" "-v" "/var/lib/crater-agent-workspace/builds/worker-2-tc2/target:/opt/rustwide/target:rw,Z" "-v" "/var/lib/crater-agent-workspace/builds/worker-2-tc2/source:/opt/rustwide/workdir:ro,Z" "-v" "/var/lib/crater-agent-workspace/cargo-home:/opt/rustwide/cargo-home:ro,Z" "-v" "/var/lib/crater-agent-workspace/rustup-home:/opt/rustwide/rustup-home:ro,Z" "-e" "SOURCE_DIR=/opt/rustwide/workdir" "-e" "CARGO_TARGET_DIR=/opt/rustwide/target" "-e" "CARGO_INCREMENTAL=0" "-e" "RUST_BACKTRACE=full" "-e" "RUSTFLAGS=--cap-lints=forbid -Zrandomize-layout" "-e" "RUSTDOCFLAGS=--cap-lints=forbid" "-e" "CARGO_HOME=/opt/rustwide/cargo-home" "-e" "RUSTUP_HOME=/opt/rustwide/rustup-home" "-w" "/opt/rustwide/workdir" "-m" "1610612736" "--user" "0:0" "--network" "none" "ghcr.io/rust-lang/crates-build-env/linux@sha256:819108c5571ea2e421544af4d832f968d213c87fbe3707a016657f43d2f853bc" "/opt/rustwide/cargo-home/bin/cargo" "+nightly-2025-01-18" "test" "--frozen", kill_on_drop: false }`
[INFO] [stdout] 47416844671d3f5a055c4f18bc4849cf97d70629542c739f2ba3f301a8df2211
[INFO] running `Command { std: "docker" "start" "-a" "47416844671d3f5a055c4f18bc4849cf97d70629542c739f2ba3f301a8df2211", kill_on_drop: false }`
[INFO] [stderr] warning: unused variable: `query`
[INFO] [stderr]    --> src/lib.rs:207:19
[INFO] [stderr]     |
[INFO] [stderr] 207 | pub fn search<'a>(query: &'a str, content: &'a str) -> Vec<&'a str> {
[INFO] [stderr]     |                   ^^^^^ help: if this is intentional, prefix it with an underscore: `_query`
[INFO] [stderr]     |
[INFO] [stderr]     = note: `#[warn(unused_variables)]` on by default
[INFO] [stderr] 
[INFO] [stderr] warning: unused variable: `content`
[INFO] [stderr]    --> src/lib.rs:207:35
[INFO] [stderr]     |
[INFO] [stderr] 207 | pub fn search<'a>(query: &'a str, content: &'a str) -> Vec<&'a str> {
[INFO] [stderr]     |                                   ^^^^^^^ help: if this is intentional, prefix it with an underscore: `_content`
[INFO] [stderr] 
[INFO] [stderr] warning: unused variable: `query`
[INFO] [stderr]    --> src/lib.rs:227:41
[INFO] [stderr]     |
[INFO] [stderr] 227 | pub fn search_case_insensitive_fail<'a>(query: &'a str, content: &'a str) -> Vec<&'a str> {
[INFO] [stderr]     |                                         ^^^^^ help: if this is intentional, prefix it with an underscore: `_query`
[INFO] [stderr] 
[INFO] [stderr] warning: unused variable: `content`
[INFO] [stderr]    --> src/lib.rs:227:57
[INFO] [stderr]     |
[INFO] [stderr] 227 | pub fn search_case_insensitive_fail<'a>(query: &'a str, content: &'a str) -> Vec<&'a str> {
[INFO] [stderr]     |                                                         ^^^^^^^ help: if this is intentional, prefix it with an underscore: `_content`
[INFO] [stderr] 
[INFO] [stderr] warning: variable does not need to be mutable
[INFO] [stderr]    --> src/threadpool/mod.rs:120:14
[INFO] [stderr]     |
[INFO] [stderr] 120 |         let (mut sender, mut receiver) = mpsc::channel::<Job>();
[INFO] [stderr]     |              ----^^^^^^
[INFO] [stderr]     |              |
[INFO] [stderr]     |              help: remove this `mut`
[INFO] [stderr]     |
[INFO] [stderr]     = note: `#[warn(unused_mut)]` on by default
[INFO] [stderr] 
[INFO] [stderr] warning: variable does not need to be mutable
[INFO] [stderr]    --> src/threadpool/mod.rs:120:26
[INFO] [stderr]     |
[INFO] [stderr] 120 |         let (mut sender, mut receiver) = mpsc::channel::<Job>();
[INFO] [stderr]     |                          ----^^^^^^^^
[INFO] [stderr]     |                          |
[INFO] [stderr]     |                          help: remove this `mut`
[INFO] [stderr] 
[INFO] [stderr] warning: function `cleanTable` is never used
[INFO] [stderr]   --> src/lib.rs:10:4
[INFO] [stderr]    |
[INFO] [stderr] 10 | fn cleanTable() {}
[INFO] [stderr]    |    ^^^^^^^^^^
[INFO] [stderr]    |
[INFO] [stderr]    = note: `#[warn(dead_code)]` on by default
[INFO] [stderr] 
[INFO] [stderr] warning: function `clean` is never used
[INFO] [stderr]  --> src/front_of_house/mod.rs:3:4
[INFO] [stderr]   |
[INFO] [stderr] 3 | fn clean() {
[INFO] [stderr]   |    ^^^^^
[INFO] [stderr] 
[INFO] [stderr] warning: function `seat_at_table` is never used
[INFO] [stderr]  --> src/front_of_house/hosting.rs:3:4
[INFO] [stderr]   |
[INFO] [stderr] 3 | fn seat_at_table() {
[INFO] [stderr]   |    ^^^^^^^^^^^^^
[INFO] [stderr] 
[INFO] [stderr] warning: function `take_order` is never used
[INFO] [stderr]  --> src/front_of_house/serving.rs:4:4
[INFO] [stderr]   |
[INFO] [stderr] 4 | fn take_order() {
[INFO] [stderr]   |    ^^^^^^^^^^
[INFO] [stderr] 
[INFO] [stderr] warning: function `serve_order` is never used
[INFO] [stderr]  --> src/front_of_house/serving.rs:9:4
[INFO] [stderr]   |
[INFO] [stderr] 9 | fn serve_order() {}
[INFO] [stderr]   |    ^^^^^^^^^^^
[INFO] [stderr] 
[INFO] [stderr] warning: function `cooking` is never used
[INFO] [stderr]  --> src/back_of_house/cooking.rs:1:8
[INFO] [stderr]   |
[INFO] [stderr] 1 | pub fn cooking() {}
[INFO] [stderr]   |        ^^^^^^^
[INFO] [stderr] 
[INFO] [stderr] warning: function `cleanTable` should have a snake case name
[INFO] [stderr]   --> src/lib.rs:10:4
[INFO] [stderr]    |
[INFO] [stderr] 10 | fn cleanTable() {}
[INFO] [stderr]    |    ^^^^^^^^^^ help: convert the identifier to snake case: `clean_table`
[INFO] [stderr]    |
[INFO] [stderr]    = note: `#[warn(non_snake_case)]` on by default
[INFO] [stderr] 
[INFO] [stderr] warning: function `Foo` should have a snake case name
[INFO] [stderr]   --> src/lib.rs:87:8
[INFO] [stderr]    |
[INFO] [stderr] 87 | pub fn Foo() {}
[INFO] [stderr]    |        ^^^ help: convert the identifier to snake case (notice the capitalization): `foo`
[INFO] [stderr] 
[INFO] [stderr] warning: unused `Result` that must be used
[INFO] [stderr]    --> src/threadpool/mod.rs:143:9
[INFO] [stderr]     |
[INFO] [stderr] 143 |         self.sender.as_ref().unwrap().send(box_f);
[INFO] [stderr]     |         ^^^^^^^^^^^^^^^^^^^^^^^^^^^^^^^^^^^^^^^^^
[INFO] [stderr]     |
[INFO] [stderr]     = note: this `Result` may be an `Err` variant, which should be handled
[INFO] [stderr]     = note: `#[warn(unused_must_use)]` on by default
[INFO] [stderr] help: use `let _ = ...` to ignore the resulting value
[INFO] [stderr]     |
[INFO] [stderr] 143 |         let _ = self.sender.as_ref().unwrap().send(box_f);
[INFO] [stderr]     |         +++++++
[INFO] [stderr] 
[INFO] [stderr] warning: `ilearn` (lib) generated 15 warnings (run `cargo fix --lib -p ilearn` to apply 2 suggestions)
[INFO] [stderr] warning: `ilearn` (lib test) generated 15 warnings (15 duplicates)
[INFO] [stderr] warning: unused variable: `addr`
[INFO] [stderr]   --> bin/server.rs:18:22
[INFO] [stderr]    |
[INFO] [stderr] 18 |         let (stream, addr) = listener.accept().await?;
[INFO] [stderr]    |                      ^^^^ help: if this is intentional, prefix it with an underscore: `_addr`
[INFO] [stderr]    |
[INFO] [stderr]    = note: `#[warn(unused_variables)]` on by default
[INFO] [stderr] 
[INFO] [stderr] warning: unused import: `self`
[INFO] [stderr]   --> src/main.rs:14:12
[INFO] [stderr]    |
[INFO] [stderr] 14 |     task::{self, ArcWake},
[INFO] [stderr]    |            ^^^^
[INFO] [stderr]    |
[INFO] [stderr]    = note: `#[warn(unused_imports)]` on by default
[INFO] [stderr] 
[INFO] [stderr] warning: variant `init` should have an upper camel case name
[INFO] [stderr]    --> src/main.rs:727:9
[INFO] [stderr]     |
[INFO] [stderr] 727 |         init,
[INFO] [stderr]     |         ^^^^ help: convert the identifier to upper camel case (notice the capitalization): `Init`
[INFO] [stderr]     |
[INFO] [stderr]     = note: `#[warn(non_camel_case_types)]` on by default
[INFO] [stderr] 
[INFO] [stderr] warning: variant `pending` should have an upper camel case name
[INFO] [stderr]    --> src/main.rs:728:9
[INFO] [stderr]     |
[INFO] [stderr] 728 |         pending,
[INFO] [stderr]     |         ^^^^^^^ help: convert the identifier to upper camel case: `Pending`
[INFO] [stderr] 
[INFO] [stderr] warning: variant `completed` should have an upper camel case name
[INFO] [stderr]    --> src/main.rs:729:9
[INFO] [stderr]     |
[INFO] [stderr] 729 |         completed,
[INFO] [stderr]     |         ^^^^^^^^^ help: convert the identifier to upper camel case (notice the capitalization): `Completed`
[INFO] [stderr] 
[INFO] [stderr] warning: `ilearn` (bin "server" test) generated 1 warning
[INFO] [stderr] warning: `ilearn` (bin "ilearn" test) generated 4 warnings (run `cargo fix --bin "ilearn" --tests` to apply 1 suggestion)
[INFO] [stderr]     Finished `test` profile [unoptimized + debuginfo] target(s) in 0.18s
[INFO] [stderr]      Running unittests src/lib.rs (/opt/rustwide/target/debug/deps/ilearn-e46aa606e9923438)
[INFO] [stdout] 
[INFO] [stdout] running 4 tests
[INFO] [stdout] test tests::case_right_result ... ok
[INFO] [stdout] test tests::case_fail_result ... FAILED
[INFO] [stdout] test tests::fail_result ... FAILED
[INFO] [stdout] test tests::right_result ... FAILED
[INFO] [stdout] 
[INFO] [stdout] failures:
[INFO] [stdout] 
[INFO] [stderr] error: test failed, to rerun pass `--lib`
[INFO] [stdout] ---- tests::case_fail_result stdout ----
[INFO] [stdout] 
[INFO] [stdout] thread 'tests::case_fail_result' panicked at src/lib.rs:185:9:
[INFO] [stdout] assertion `left == right` failed
[INFO] [stdout]   left: ["safe, fast, productive."]
[INFO] [stdout]  right: []
[INFO] [stdout] stack backtrace:
[INFO] [stdout]    0:     0x64231bbbc9da - std::backtrace_rs::backtrace::libunwind::trace::hb059275cfc8d6126
[INFO] [stdout]                                at /rustc/6067b36314ab5eb2eb47cecc464545ba58e1ad24/library/std/src/../../backtrace/src/backtrace/libunwind.rs:116:5
[INFO] [stdout]    1:     0x64231bbbc9da - std::backtrace_rs::backtrace::trace_unsynchronized::h2da071e4327ce3ee
[INFO] [stdout]                                at /rustc/6067b36314ab5eb2eb47cecc464545ba58e1ad24/library/std/src/../../backtrace/src/backtrace/mod.rs:66:5
[INFO] [stdout]    2:     0x64231bbbc9da - std::sys::backtrace::_print_fmt::h842a1474e6f8d23f
[INFO] [stdout]                                at /rustc/6067b36314ab5eb2eb47cecc464545ba58e1ad24/library/std/src/sys/backtrace.rs:66:9
[INFO] [stdout]    3:     0x64231bbbc9da - <std::sys::backtrace::BacktraceLock::print::DisplayBacktrace as core::fmt::Display>::fmt::h71a62eb3b9696b12
[INFO] [stdout]                                at /rustc/6067b36314ab5eb2eb47cecc464545ba58e1ad24/library/std/src/sys/backtrace.rs:39:26
[INFO] [stdout]    4:     0x64231bbe4cc3 - core::fmt::rt::Argument::fmt::hdb6b616786b41dc1
[INFO] [stdout]                                at /rustc/6067b36314ab5eb2eb47cecc464545ba58e1ad24/library/core/src/fmt/rt.rs:177:76
[INFO] [stdout]    5:     0x64231bbe4cc3 - core::fmt::write::h2cc1698af7e2d686
[INFO] [stdout]                                at /rustc/6067b36314ab5eb2eb47cecc464545ba58e1ad24/library/core/src/fmt/mod.rs:1440:21
[INFO] [stdout]    6:     0x64231bbb9533 - std::io::Write::write_fmt::hab1b4cd059a79022
[INFO] [stdout]                                at /rustc/6067b36314ab5eb2eb47cecc464545ba58e1ad24/library/std/src/io/mod.rs:1887:15
[INFO] [stdout]    7:     0x64231bbbc822 - std::sys::backtrace::BacktraceLock::print::h147fe35b4ea13b08
[INFO] [stdout]                                at /rustc/6067b36314ab5eb2eb47cecc464545ba58e1ad24/library/std/src/sys/backtrace.rs:42:9
[INFO] [stdout]    8:     0x64231bbbddff - std::panicking::default_hook::{{closure}}::hbd44223dbdc0d208
[INFO] [stdout]                                at /rustc/6067b36314ab5eb2eb47cecc464545ba58e1ad24/library/std/src/panicking.rs:298:22
[INFO] [stdout]    9:     0x64231bbbdc18 - std::panicking::default_hook::h20f81eb0576efcec
[INFO] [stdout]                                at /rustc/6067b36314ab5eb2eb47cecc464545ba58e1ad24/library/std/src/panicking.rs:322:9
[INFO] [stdout]   10:     0x64231bb86a33 - <alloc::boxed::Box<F,A> as core::ops::function::Fn<Args>>::call::hdb53814c496a4d34
[INFO] [stdout]                                at /rustc/6067b36314ab5eb2eb47cecc464545ba58e1ad24/library/alloc/src/boxed.rs:2027:9
[INFO] [stdout]   11:     0x64231bb86a33 - test::test_main::{{closure}}::hc0a4963c59427c24
[INFO] [stdout]                                at /rustc/6067b36314ab5eb2eb47cecc464545ba58e1ad24/library/test/src/lib.rs:134:21
[INFO] [stdout]   12:     0x64231bbbe8f3 - <alloc::boxed::Box<F,A> as core::ops::function::Fn<Args>>::call::h591b2225413a77e9
[INFO] [stdout]                                at /rustc/6067b36314ab5eb2eb47cecc464545ba58e1ad24/library/alloc/src/boxed.rs:2027:9
[INFO] [stdout]   13:     0x64231bbbe8f3 - std::panicking::rust_panic_with_hook::h625eea43051b2edc
[INFO] [stdout]                                at /rustc/6067b36314ab5eb2eb47cecc464545ba58e1ad24/library/std/src/panicking.rs:839:13
[INFO] [stdout]   14:     0x64231bbbe5aa - std::panicking::begin_panic_handler::{{closure}}::h4f9159cfbc3f6bd3
[INFO] [stdout]                                at /rustc/6067b36314ab5eb2eb47cecc464545ba58e1ad24/library/std/src/panicking.rs:704:13
[INFO] [stdout]   15:     0x64231bbbced9 - std::sys::backtrace::__rust_end_short_backtrace::h0390abce48353151
[INFO] [stdout]                                at /rustc/6067b36314ab5eb2eb47cecc464545ba58e1ad24/library/std/src/sys/backtrace.rs:168:18
[INFO] [stdout]   16:     0x64231bbbe23d - rust_begin_unwind
[INFO] [stdout]                                at /rustc/6067b36314ab5eb2eb47cecc464545ba58e1ad24/library/std/src/panicking.rs:695:5
[INFO] [stdout]   17:     0x64231bbe36d0 - core::panicking::panic_fmt::h9e7c637e9e5f29c9
[INFO] [stdout]                                at /rustc/6067b36314ab5eb2eb47cecc464545ba58e1ad24/library/core/src/panicking.rs:75:14
[INFO] [stdout]   18:     0x64231bbe3a92 - core::panicking::assert_failed_inner::h538bec7c1374cd9c
[INFO] [stdout]   19:     0x64231bb47830 - core::panicking::assert_failed::h4591a4c8cf64992b
[INFO] [stdout]                                at /rustc/6067b36314ab5eb2eb47cecc464545ba58e1ad24/library/core/src/panicking.rs:364:5
[INFO] [stdout]   20:     0x64231bb499c1 - ilearn::tests::case_fail_result::h397a6ff88053a391
[INFO] [stdout]                                at /opt/rustwide/workdir/src/lib.rs:185:9
[INFO] [stdout]   21:     0x64231bb49847 - ilearn::tests::case_fail_result::{{closure}}::hc4fb602d6888ddd8
[INFO] [stdout]                                at /opt/rustwide/workdir/src/lib.rs:178:26
[INFO] [stdout]   22:     0x64231bb459d6 - core::ops::function::FnOnce::call_once::h622dbfbaf7ba0caf
[INFO] [stdout]                                at /rustc/6067b36314ab5eb2eb47cecc464545ba58e1ad24/library/core/src/ops/function.rs:250:5
[INFO] [stdout]   23:     0x64231bb8c18b - core::ops::function::FnOnce::call_once::he27718dfdd183f43
[INFO] [stdout]                                at /rustc/6067b36314ab5eb2eb47cecc464545ba58e1ad24/library/core/src/ops/function.rs:250:5
[INFO] [stdout]   24:     0x64231bb8c18b - test::__rust_begin_short_backtrace::h4e84902998457a5d
[INFO] [stdout]                                at /rustc/6067b36314ab5eb2eb47cecc464545ba58e1ad24/library/test/src/lib.rs:632:18
[INFO] [stdout]   25:     0x64231bb8b0c3 - test::run_test_in_process::{{closure}}::h7176fd18fc1feca0
[INFO] [stdout]                                at /rustc/6067b36314ab5eb2eb47cecc464545ba58e1ad24/library/test/src/lib.rs:655:60
[INFO] [stdout]   26:     0x64231bb8b0c3 - <core::panic::unwind_safe::AssertUnwindSafe<F> as core::ops::function::FnOnce<()>>::call_once::hf79cff2a624d8cf7
[INFO] [stdout]                                at /rustc/6067b36314ab5eb2eb47cecc464545ba58e1ad24/library/core/src/panic/unwind_safe.rs:272:9
[INFO] [stdout]   27:     0x64231bb8b0c3 - std::panicking::try::do_call::h3da0561d9ab99c25
[INFO] [stdout]                                at /rustc/6067b36314ab5eb2eb47cecc464545ba58e1ad24/library/std/src/panicking.rs:587:40
[INFO] [stdout]   28:     0x64231bb8b0c3 - std::panicking::try::h41c9fa508bc61df6
[INFO] [stdout]                                at /rustc/6067b36314ab5eb2eb47cecc464545ba58e1ad24/library/std/src/panicking.rs:550:19
[INFO] [stdout]   29:     0x64231bb8b0c3 - std::panic::catch_unwind::h6b3ff07bb5afad93
[INFO] [stdout]                                at /rustc/6067b36314ab5eb2eb47cecc464545ba58e1ad24/library/std/src/panic.rs:358:14
[INFO] [stdout]   30:     0x64231bb8b0c3 - test::run_test_in_process::hc7253dd11b39b9f4
[INFO] [stdout]                                at /rustc/6067b36314ab5eb2eb47cecc464545ba58e1ad24/library/test/src/lib.rs:655:27
[INFO] [stdout]   31:     0x64231bb8b0c3 - test::run_test::{{closure}}::hfb2007f8649c30bb
[INFO] [stdout]                                at /rustc/6067b36314ab5eb2eb47cecc464545ba58e1ad24/library/test/src/lib.rs:576:43
[INFO] [stdout]   32:     0x64231bb4e1a5 - test::run_test::{{closure}}::h56a17aa7a282a9f4
[INFO] [stdout]                                at /rustc/6067b36314ab5eb2eb47cecc464545ba58e1ad24/library/test/src/lib.rs:606:41
[INFO] [stdout]   33:     0x64231bb4e1a5 - std::sys::backtrace::__rust_begin_short_backtrace::hd2d2d2fb8e8c6aac
[INFO] [stdout]                                at /rustc/6067b36314ab5eb2eb47cecc464545ba58e1ad24/library/std/src/sys/backtrace.rs:152:18
[INFO] [stdout]   34:     0x64231bb51a8a - std::thread::Builder::spawn_unchecked_::{{closure}}::{{closure}}::h4faa3f9db6133423
[INFO] [stdout]                                at /rustc/6067b36314ab5eb2eb47cecc464545ba58e1ad24/library/std/src/thread/mod.rs:559:17
[INFO] [stdout]   35:     0x64231bb51a8a - <core::panic::unwind_safe::AssertUnwindSafe<F> as core::ops::function::FnOnce<()>>::call_once::hf2e855a36a4ea846
[INFO] [stdout]                                at /rustc/6067b36314ab5eb2eb47cecc464545ba58e1ad24/library/core/src/panic/unwind_safe.rs:272:9
[INFO] [stdout]   36:     0x64231bb51a8a - std::panicking::try::do_call::h2f73af3616c35465
[INFO] [stdout]                                at /rustc/6067b36314ab5eb2eb47cecc464545ba58e1ad24/library/std/src/panicking.rs:587:40
[INFO] [stdout]   37:     0x64231bb51a8a - std::panicking::try::hd1660ce9efadef5a
[INFO] [stdout]                                at /rustc/6067b36314ab5eb2eb47cecc464545ba58e1ad24/library/std/src/panicking.rs:550:19
[INFO] [stdout]   38:     0x64231bb51a8a - std::panic::catch_unwind::h5ee8d7823b8ca744
[INFO] [stdout]                                at /rustc/6067b36314ab5eb2eb47cecc464545ba58e1ad24/library/std/src/panic.rs:358:14
[INFO] [stdout]   39:     0x64231bb51a8a - std::thread::Builder::spawn_unchecked_::{{closure}}::h53c3a1894dce8407
[INFO] [stdout]                                at /rustc/6067b36314ab5eb2eb47cecc464545ba58e1ad24/library/std/src/thread/mod.rs:557:30
[INFO] [stdout]   40:     0x64231bb51a8a - core::ops::function::FnOnce::call_once{{vtable.shim}}::h048ce291ad4f62bf
[INFO] [stdout]                                at /rustc/6067b36314ab5eb2eb47cecc464545ba58e1ad24/library/core/src/ops/function.rs:250:5
[INFO] [stdout]   41:     0x64231bbc282b - <alloc::boxed::Box<F,A> as core::ops::function::FnOnce<Args>>::call_once::ha52bedf99a3b4981
[INFO] [stdout]                                at /rustc/6067b36314ab5eb2eb47cecc464545ba58e1ad24/library/alloc/src/boxed.rs:2013:9
[INFO] [stdout]   42:     0x64231bbc282b - <alloc::boxed::Box<F,A> as core::ops::function::FnOnce<Args>>::call_once::h567748934d80ccf8
[INFO] [stdout]                                at /rustc/6067b36314ab5eb2eb47cecc464545ba58e1ad24/library/alloc/src/boxed.rs:2013:9
[INFO] [stdout]   43:     0x64231bbc282b - std::sys::pal::unix::thread::Thread::new::thread_start::h2d970728ae887adc
[INFO] [stdout]                                at /rustc/6067b36314ab5eb2eb47cecc464545ba58e1ad24/library/std/src/sys/pal/unix/thread.rs:106:17
[INFO] [stdout]   44:     0x7a45a15fdac3 - <unknown>
[INFO] [stdout]   45:     0x7a45a168ea04 - clone
[INFO] [stdout]   46:                0x0 - <unknown>
[INFO] [stdout] 
[INFO] [stdout] ---- tests::fail_result stdout ----
[INFO] [stdout] 
[INFO] [stdout] thread 'tests::fail_result' panicked at src/lib.rs:163:9:
[INFO] [stdout] assertion `left == right` failed
[INFO] [stdout]   left: ["safe, fast, productive."]
[INFO] [stdout]  right: []
[INFO] [stdout] stack backtrace:
[INFO] [stdout]    0:     0x64231bbbc9da - std::backtrace_rs::backtrace::libunwind::trace::hb059275cfc8d6126
[INFO] [stdout]                                at /rustc/6067b36314ab5eb2eb47cecc464545ba58e1ad24/library/std/src/../../backtrace/src/backtrace/libunwind.rs:116:5
[INFO] [stdout]    1:     0x64231bbbc9da - std::backtrace_rs::backtrace::trace_unsynchronized::h2da071e4327ce3ee
[INFO] [stdout]                                at /rustc/6067b36314ab5eb2eb47cecc464545ba58e1ad24/library/std/src/../../backtrace/src/backtrace/mod.rs:66:5
[INFO] [stdout]    2:     0x64231bbbc9da - std::sys::backtrace::_print_fmt::h842a1474e6f8d23f
[INFO] [stdout]                                at /rustc/6067b36314ab5eb2eb47cecc464545ba58e1ad24/library/std/src/sys/backtrace.rs:66:9
[INFO] [stdout]    3:     0x64231bbbc9da - <std::sys::backtrace::BacktraceLock::print::DisplayBacktrace as core::fmt::Display>::fmt::h71a62eb3b9696b12
[INFO] [stdout]                                at /rustc/6067b36314ab5eb2eb47cecc464545ba58e1ad24/library/std/src/sys/backtrace.rs:39:26
[INFO] [stdout]    4:     0x64231bbe4cc3 - core::fmt::rt::Argument::fmt::hdb6b616786b41dc1
[INFO] [stdout]                                at /rustc/6067b36314ab5eb2eb47cecc464545ba58e1ad24/library/core/src/fmt/rt.rs:177:76
[INFO] [stdout]    5:     0x64231bbe4cc3 - core::fmt::write::h2cc1698af7e2d686
[INFO] [stdout]                                at /rustc/6067b36314ab5eb2eb47cecc464545ba58e1ad24/library/core/src/fmt/mod.rs:1440:21
[INFO] [stdout]    6:     0x64231bbb9533 - std::io::Write::write_fmt::hab1b4cd059a79022
[INFO] [stdout]                                at /rustc/6067b36314ab5eb2eb47cecc464545ba58e1ad24/library/std/src/io/mod.rs:1887:15
[INFO] [stdout]    7:     0x64231bbbc822 - std::sys::backtrace::BacktraceLock::print::h147fe35b4ea13b08
[INFO] [stdout]                                at /rustc/6067b36314ab5eb2eb47cecc464545ba58e1ad24/library/std/src/sys/backtrace.rs:42:9
[INFO] [stdout]    8:     0x64231bbbddff - std::panicking::default_hook::{{closure}}::hbd44223dbdc0d208
[INFO] [stdout]                                at /rustc/6067b36314ab5eb2eb47cecc464545ba58e1ad24/library/std/src/panicking.rs:298:22
[INFO] [stdout]    9:     0x64231bbbdc18 - std::panicking::default_hook::h20f81eb0576efcec
[INFO] [stdout]                                at /rustc/6067b36314ab5eb2eb47cecc464545ba58e1ad24/library/std/src/panicking.rs:322:9
[INFO] [stdout]   10:     0x64231bb86a33 - <alloc::boxed::Box<F,A> as core::ops::function::Fn<Args>>::call::hdb53814c496a4d34
[INFO] [stdout]                                at /rustc/6067b36314ab5eb2eb47cecc464545ba58e1ad24/library/alloc/src/boxed.rs:2027:9
[INFO] [stdout]   11:     0x64231bb86a33 - test::test_main::{{closure}}::hc0a4963c59427c24
[INFO] [stdout]                                at /rustc/6067b36314ab5eb2eb47cecc464545ba58e1ad24/library/test/src/lib.rs:134:21
[INFO] [stdout]   12:     0x64231bbbe8f3 - <alloc::boxed::Box<F,A> as core::ops::function::Fn<Args>>::call::h591b2225413a77e9
[INFO] [stdout]                                at /rustc/6067b36314ab5eb2eb47cecc464545ba58e1ad24/library/alloc/src/boxed.rs:2027:9
[INFO] [stdout]   13:     0x64231bbbe8f3 - std::panicking::rust_panic_with_hook::h625eea43051b2edc
[INFO] [stdout]                                at /rustc/6067b36314ab5eb2eb47cecc464545ba58e1ad24/library/std/src/panicking.rs:839:13
[INFO] [stdout]   14:     0x64231bbbe5aa - std::panicking::begin_panic_handler::{{closure}}::h4f9159cfbc3f6bd3
[INFO] [stdout]                                at /rustc/6067b36314ab5eb2eb47cecc464545ba58e1ad24/library/std/src/panicking.rs:704:13
[INFO] [stdout]   15:     0x64231bbbced9 - std::sys::backtrace::__rust_end_short_backtrace::h0390abce48353151
[INFO] [stdout]                                at /rustc/6067b36314ab5eb2eb47cecc464545ba58e1ad24/library/std/src/sys/backtrace.rs:168:18
[INFO] [stdout]   16:     0x64231bbbe23d - rust_begin_unwind
[INFO] [stdout]                                at /rustc/6067b36314ab5eb2eb47cecc464545ba58e1ad24/library/std/src/panicking.rs:695:5
[INFO] [stdout]   17:     0x64231bbe36d0 - core::panicking::panic_fmt::h9e7c637e9e5f29c9
[INFO] [stdout]                                at /rustc/6067b36314ab5eb2eb47cecc464545ba58e1ad24/library/core/src/panicking.rs:75:14
[INFO] [stdout]   18:     0x64231bbe3a92 - core::panicking::assert_failed_inner::h538bec7c1374cd9c
[INFO] [stdout]   19:     0x64231bb47830 - core::panicking::assert_failed::h4591a4c8cf64992b
[INFO] [stdout]                                at /rustc/6067b36314ab5eb2eb47cecc464545ba58e1ad24/library/core/src/panicking.rs:364:5
[INFO] [stdout]   20:     0x64231bb49621 - ilearn::tests::fail_result::h8a768e593faad517
[INFO] [stdout]                                at /opt/rustwide/workdir/src/lib.rs:163:9
[INFO] [stdout]   21:     0x64231bb494a7 - ilearn::tests::fail_result::{{closure}}::h7882cb73e4e46fa6
[INFO] [stdout]                                at /opt/rustwide/workdir/src/lib.rs:156:21
[INFO] [stdout]   22:     0x64231bb45996 - core::ops::function::FnOnce::call_once::h4ab56c776d3811cb
[INFO] [stdout]                                at /rustc/6067b36314ab5eb2eb47cecc464545ba58e1ad24/library/core/src/ops/function.rs:250:5
[INFO] [stdout]   23:     0x64231bb8c18b - core::ops::function::FnOnce::call_once::he27718dfdd183f43
[INFO] [stdout]                                at /rustc/6067b36314ab5eb2eb47cecc464545ba58e1ad24/library/core/src/ops/function.rs:250:5
[INFO] [stdout]   24:     0x64231bb8c18b - test::__rust_begin_short_backtrace::h4e84902998457a5d
[INFO] [stdout]                                at /rustc/6067b36314ab5eb2eb47cecc464545ba58e1ad24/library/test/src/lib.rs:632:18
[INFO] [stdout]   25:     0x64231bb8b0c3 - test::run_test_in_process::{{closure}}::h7176fd18fc1feca0
[INFO] [stdout]                                at /rustc/6067b36314ab5eb2eb47cecc464545ba58e1ad24/library/test/src/lib.rs:655:60
[INFO] [stdout]   26:     0x64231bb8b0c3 - <core::panic::unwind_safe::AssertUnwindSafe<F> as core::ops::function::FnOnce<()>>::call_once::hf79cff2a624d8cf7
[INFO] [stdout]                                at /rustc/6067b36314ab5eb2eb47cecc464545ba58e1ad24/library/core/src/panic/unwind_safe.rs:272:9
[INFO] [stdout]   27:     0x64231bb8b0c3 - std::panicking::try::do_call::h3da0561d9ab99c25
[INFO] [stdout]                                at /rustc/6067b36314ab5eb2eb47cecc464545ba58e1ad24/library/std/src/panicking.rs:587:40
[INFO] [stdout]   28:     0x64231bb8b0c3 - std::panicking::try::h41c9fa508bc61df6
[INFO] [stdout]                                at /rustc/6067b36314ab5eb2eb47cecc464545ba58e1ad24/library/std/src/panicking.rs:550:19
[INFO] [stdout]   29:     0x64231bb8b0c3 - std::panic::catch_unwind::h6b3ff07bb5afad93
[INFO] [stdout]                                at /rustc/6067b36314ab5eb2eb47cecc464545ba58e1ad24/library/std/src/panic.rs:358:14
[INFO] [stdout]   30:     0x64231bb8b0c3 - test::run_test_in_process::hc7253dd11b39b9f4
[INFO] [stdout]                                at /rustc/6067b36314ab5eb2eb47cecc464545ba58e1ad24/library/test/src/lib.rs:655:27
[INFO] [stdout]   31:     0x64231bb8b0c3 - test::run_test::{{closure}}::hfb2007f8649c30bb
[INFO] [stdout]                                at /rustc/6067b36314ab5eb2eb47cecc464545ba58e1ad24/library/test/src/lib.rs:576:43
[INFO] [stdout]   32:     0x64231bb4e1a5 - test::run_test::{{closure}}::h56a17aa7a282a9f4
[INFO] [stdout]                                at /rustc/6067b36314ab5eb2eb47cecc464545ba58e1ad24/library/test/src/lib.rs:606:41
[INFO] [stdout]   33:     0x64231bb4e1a5 - std::sys::backtrace::__rust_begin_short_backtrace::hd2d2d2fb8e8c6aac
[INFO] [stdout]                                at /rustc/6067b36314ab5eb2eb47cecc464545ba58e1ad24/library/std/src/sys/backtrace.rs:152:18
[INFO] [stdout]   34:     0x64231bb51a8a - std::thread::Builder::spawn_unchecked_::{{closure}}::{{closure}}::h4faa3f9db6133423
[INFO] [stdout]                                at /rustc/6067b36314ab5eb2eb47cecc464545ba58e1ad24/library/std/src/thread/mod.rs:559:17
[INFO] [stdout]   35:     0x64231bb51a8a - <core::panic::unwind_safe::AssertUnwindSafe<F> as core::ops::function::FnOnce<()>>::call_once::hf2e855a36a4ea846
[INFO] [stdout]                                at /rustc/6067b36314ab5eb2eb47cecc464545ba58e1ad24/library/core/src/panic/unwind_safe.rs:272:9
[INFO] [stdout]   36:     0x64231bb51a8a - std::panicking::try::do_call::h2f73af3616c35465
[INFO] [stdout]                                at /rustc/6067b36314ab5eb2eb47cecc464545ba58e1ad24/library/std/src/panicking.rs:587:40
[INFO] [stdout]   37:     0x64231bb51a8a - std::panicking::try::hd1660ce9efadef5a
[INFO] [stdout]                                at /rustc/6067b36314ab5eb2eb47cecc464545ba58e1ad24/library/std/src/panicking.rs:550:19
[INFO] [stdout]   38:     0x64231bb51a8a - std::panic::catch_unwind::h5ee8d7823b8ca744
[INFO] [stdout]                                at /rustc/6067b36314ab5eb2eb47cecc464545ba58e1ad24/library/std/src/panic.rs:358:14
[INFO] [stdout]   39:     0x64231bb51a8a - std::thread::Builder::spawn_unchecked_::{{closure}}::h53c3a1894dce8407
[INFO] [stdout]                                at /rustc/6067b36314ab5eb2eb47cecc464545ba58e1ad24/library/std/src/thread/mod.rs:557:30
[INFO] [stdout]   40:     0x64231bb51a8a - core::ops::function::FnOnce::call_once{{vtable.shim}}::h048ce291ad4f62bf
[INFO] [stdout]                                at /rustc/6067b36314ab5eb2eb47cecc464545ba58e1ad24/library/core/src/ops/function.rs:250:5
[INFO] [stdout]   41:     0x64231bbc282b - <alloc::boxed::Box<F,A> as core::ops::function::FnOnce<Args>>::call_once::ha52bedf99a3b4981
[INFO] [stdout]                                at /rustc/6067b36314ab5eb2eb47cecc464545ba58e1ad24/library/alloc/src/boxed.rs:2013:9
[INFO] [stdout]   42:     0x64231bbc282b - <alloc::boxed::Box<F,A> as core::ops::function::FnOnce<Args>>::call_once::h567748934d80ccf8
[INFO] [stdout]                                at /rustc/6067b36314ab5eb2eb47cecc464545ba58e1ad24/library/alloc/src/boxed.rs:2013:9
[INFO] [stdout]   43:     0x64231bbc282b - std::sys::pal::unix::thread::Thread::new::thread_start::h2d970728ae887adc
[INFO] [stdout]                                at /rustc/6067b36314ab5eb2eb47cecc464545ba58e1ad24/library/std/src/sys/pal/unix/thread.rs:106:17
[INFO] [stdout]   44:     0x7a45a15fdac3 - <unknown>
[INFO] [stdout]   45:     0x7a45a168ea04 - clone
[INFO] [stdout]   46:                0x0 - <unknown>
[INFO] [stdout] 
[INFO] [stdout] ---- tests::right_result stdout ----
[INFO] [stdout] 
[INFO] [stdout] thread 'tests::right_result' panicked at src/lib.rs:174:9:
[INFO] [stdout] assertion `left == right` failed
[INFO] [stdout]   left: ["Rust:"]
[INFO] [stdout]  right: []
[INFO] [stdout] stack backtrace:
[INFO] [stdout]    0:     0x64231bbbc9da - std::backtrace_rs::backtrace::libunwind::trace::hb059275cfc8d6126
[INFO] [stdout]                                at /rustc/6067b36314ab5eb2eb47cecc464545ba58e1ad24/library/std/src/../../backtrace/src/backtrace/libunwind.rs:116:5
[INFO] [stdout]    1:     0x64231bbbc9da - std::backtrace_rs::backtrace::trace_unsynchronized::h2da071e4327ce3ee
[INFO] [stdout]                                at /rustc/6067b36314ab5eb2eb47cecc464545ba58e1ad24/library/std/src/../../backtrace/src/backtrace/mod.rs:66:5
[INFO] [stdout]    2:     0x64231bbbc9da - std::sys::backtrace::_print_fmt::h842a1474e6f8d23f
[INFO] [stdout]                                at /rustc/6067b36314ab5eb2eb47cecc464545ba58e1ad24/library/std/src/sys/backtrace.rs:66:9
[INFO] [stdout]    3:     0x64231bbbc9da - <std::sys::backtrace::BacktraceLock::print::DisplayBacktrace as core::fmt::Display>::fmt::h71a62eb3b9696b12
[INFO] [stdout]                                at /rustc/6067b36314ab5eb2eb47cecc464545ba58e1ad24/library/std/src/sys/backtrace.rs:39:26
[INFO] [stdout]    4:     0x64231bbe4cc3 - core::fmt::rt::Argument::fmt::hdb6b616786b41dc1
[INFO] [stdout]                                at /rustc/6067b36314ab5eb2eb47cecc464545ba58e1ad24/library/core/src/fmt/rt.rs:177:76
[INFO] [stdout]    5:     0x64231bbe4cc3 - core::fmt::write::h2cc1698af7e2d686
[INFO] [stdout]                                at /rustc/6067b36314ab5eb2eb47cecc464545ba58e1ad24/library/core/src/fmt/mod.rs:1440:21
[INFO] [stdout]    6:     0x64231bbb9533 - std::io::Write::write_fmt::hab1b4cd059a79022
[INFO] [stdout]                                at /rustc/6067b36314ab5eb2eb47cecc464545ba58e1ad24/library/std/src/io/mod.rs:1887:15
[INFO] [stdout]    7:     0x64231bbbc822 - std::sys::backtrace::BacktraceLock::print::h147fe35b4ea13b08
[INFO] [stdout]                                at /rustc/6067b36314ab5eb2eb47cecc464545ba58e1ad24/library/std/src/sys/backtrace.rs:42:9
[INFO] [stdout]    8:     0x64231bbbddff - std::panicking::default_hook::{{closure}}::hbd44223dbdc0d208
[INFO] [stdout]                                at /rustc/6067b36314ab5eb2eb47cecc464545ba58e1ad24/library/std/src/panicking.rs:298:22
[INFO] [stdout]    9:     0x64231bbbdc18 - std::panicking::default_hook::h20f81eb0576efcec
[INFO] [stdout]                                at /rustc/6067b36314ab5eb2eb47cecc464545ba58e1ad24/library/std/src/panicking.rs:322:9
[INFO] [stdout]   10:     0x64231bb86a33 - <alloc::boxed::Box<F,A> as core::ops::function::Fn<Args>>::call::hdb53814c496a4d34
[INFO] [stdout]                                at /rustc/6067b36314ab5eb2eb47cecc464545ba58e1ad24/library/alloc/src/boxed.rs:2027:9
[INFO] [stdout]   11:     0x64231bb86a33 - test::test_main::{{closure}}::hc0a4963c59427c24
[INFO] [stdout]                                at /rustc/6067b36314ab5eb2eb47cecc464545ba58e1ad24/library/test/src/lib.rs:134:21
[INFO] [stdout]   12:     0x64231bbbe8f3 - <alloc::boxed::Box<F,A> as core::ops::function::Fn<Args>>::call::h591b2225413a77e9
[INFO] [stdout]                                at /rustc/6067b36314ab5eb2eb47cecc464545ba58e1ad24/library/alloc/src/boxed.rs:2027:9
[INFO] [stdout]   13:     0x64231bbbe8f3 - std::panicking::rust_panic_with_hook::h625eea43051b2edc
[INFO] [stdout]                                at /rustc/6067b36314ab5eb2eb47cecc464545ba58e1ad24/library/std/src/panicking.rs:839:13
[INFO] [stdout]   14:     0x64231bbbe5aa - std::panicking::begin_panic_handler::{{closure}}::h4f9159cfbc3f6bd3
[INFO] [stdout]                                at /rustc/6067b36314ab5eb2eb47cecc464545ba58e1ad24/library/std/src/panicking.rs:704:13
[INFO] [stdout]   15:     0x64231bbbced9 - std::sys::backtrace::__rust_end_short_backtrace::h0390abce48353151
[INFO] [stdout]                                at /rustc/6067b36314ab5eb2eb47cecc464545ba58e1ad24/library/std/src/sys/backtrace.rs:168:18
[INFO] [stdout]   16:     0x64231bbbe23d - rust_begin_unwind
[INFO] [stdout]                                at /rustc/6067b36314ab5eb2eb47cecc464545ba58e1ad24/library/std/src/panicking.rs:695:5
[INFO] [stdout]   17:     0x64231bbe36d0 - core::panicking::panic_fmt::h9e7c637e9e5f29c9
[INFO] [stdout]                                at /rustc/6067b36314ab5eb2eb47cecc464545ba58e1ad24/library/core/src/panicking.rs:75:14
[INFO] [stdout]   18:     0x64231bbe3a92 - core::panicking::assert_failed_inner::h538bec7c1374cd9c
[INFO] [stdout]   19:     0x64231bb47830 - core::panicking::assert_failed::h4591a4c8cf64992b
[INFO] [stdout]                                at /rustc/6067b36314ab5eb2eb47cecc464545ba58e1ad24/library/core/src/panicking.rs:364:5
[INFO] [stdout]   20:     0x64231bb497f1 - ilearn::tests::right_result::h2925a3fb80c496c7
[INFO] [stdout]                                at /opt/rustwide/workdir/src/lib.rs:174:9
[INFO] [stdout]   21:     0x64231bb49677 - ilearn::tests::right_result::{{closure}}::hc32995cadf73fb2e
[INFO] [stdout]                                at /opt/rustwide/workdir/src/lib.rs:167:22
[INFO] [stdout]   22:     0x64231bb45956 - core::ops::function::FnOnce::call_once::h3982f8dcf51d2972
[INFO] [stdout]                                at /rustc/6067b36314ab5eb2eb47cecc464545ba58e1ad24/library/core/src/ops/function.rs:250:5
[INFO] [stdout]   23:     0x64231bb8c18b - core::ops::function::FnOnce::call_once::he27718dfdd183f43
[INFO] [stdout]                                at /rustc/6067b36314ab5eb2eb47cecc464545ba58e1ad24/library/core/src/ops/function.rs:250:5
[INFO] [stdout]   24:     0x64231bb8c18b - test::__rust_begin_short_backtrace::h4e84902998457a5d
[INFO] [stdout]                                at /rustc/6067b36314ab5eb2eb47cecc464545ba58e1ad24/library/test/src/lib.rs:632:18
[INFO] [stdout]   25:     0x64231bb8b0c3 - test::run_test_in_process::{{closure}}::h7176fd18fc1feca0
[INFO] [stdout]                                at /rustc/6067b36314ab5eb2eb47cecc464545ba58e1ad24/library/test/src/lib.rs:655:60
[INFO] [stdout]   26:     0x64231bb8b0c3 - <core::panic::unwind_safe::AssertUnwindSafe<F> as core::ops::function::FnOnce<()>>::call_once::hf79cff2a624d8cf7
[INFO] [stdout]                                at /rustc/6067b36314ab5eb2eb47cecc464545ba58e1ad24/library/core/src/panic/unwind_safe.rs:272:9
[INFO] [stdout]   27:     0x64231bb8b0c3 - std::panicking::try::do_call::h3da0561d9ab99c25
[INFO] [stdout]                                at /rustc/6067b36314ab5eb2eb47cecc464545ba58e1ad24/library/std/src/panicking.rs:587:40
[INFO] [stdout]   28:     0x64231bb8b0c3 - std::panicking::try::h41c9fa508bc61df6
[INFO] [stdout]                                at /rustc/6067b36314ab5eb2eb47cecc464545ba58e1ad24/library/std/src/panicking.rs:550:19
[INFO] [stdout]   29:     0x64231bb8b0c3 - std::panic::catch_unwind::h6b3ff07bb5afad93
[INFO] [stdout]                                at /rustc/6067b36314ab5eb2eb47cecc464545ba58e1ad24/library/std/src/panic.rs:358:14
[INFO] [stdout]   30:     0x64231bb8b0c3 - test::run_test_in_process::hc7253dd11b39b9f4
[INFO] [stdout]                                at /rustc/6067b36314ab5eb2eb47cecc464545ba58e1ad24/library/test/src/lib.rs:655:27
[INFO] [stdout]   31:     0x64231bb8b0c3 - test::run_test::{{closure}}::hfb2007f8649c30bb
[INFO] [stdout]                                at /rustc/6067b36314ab5eb2eb47cecc464545ba58e1ad24/library/test/src/lib.rs:576:43
[INFO] [stdout]   32:     0x64231bb4e1a5 - test::run_test::{{closure}}::h56a17aa7a282a9f4
[INFO] [stdout]                                at /rustc/6067b36314ab5eb2eb47cecc464545ba58e1ad24/library/test/src/lib.rs:606:41
[INFO] [stdout]   33:     0x64231bb4e1a5 - std::sys::backtrace::__rust_begin_short_backtrace::hd2d2d2fb8e8c6aac
[INFO] [stdout]                                at /rustc/6067b36314ab5eb2eb47cecc464545ba58e1ad24/library/std/src/sys/backtrace.rs:152:18
[INFO] [stdout]   34:     0x64231bb51a8a - std::thread::Builder::spawn_unchecked_::{{closure}}::{{closure}}::h4faa3f9db6133423
[INFO] [stdout]                                at /rustc/6067b36314ab5eb2eb47cecc464545ba58e1ad24/library/std/src/thread/mod.rs:559:17
[INFO] [stdout]   35:     0x64231bb51a8a - <core::panic::unwind_safe::AssertUnwindSafe<F> as core::ops::function::FnOnce<()>>::call_once::hf2e855a36a4ea846
[INFO] [stdout]                                at /rustc/6067b36314ab5eb2eb47cecc464545ba58e1ad24/library/core/src/panic/unwind_safe.rs:272:9
[INFO] [stdout]   36:     0x64231bb51a8a - std::panicking::try::do_call::h2f73af3616c35465
[INFO] [stdout]                                at /rustc/6067b36314ab5eb2eb47cecc464545ba58e1ad24/library/std/src/panicking.rs:587:40
[INFO] [stdout]   37:     0x64231bb51a8a - std::panicking::try::hd1660ce9efadef5a
[INFO] [stdout]                                at /rustc/6067b36314ab5eb2eb47cecc464545ba58e1ad24/library/std/src/panicking.rs:550:19
[INFO] [stdout]   38:     0x64231bb51a8a - std::panic::catch_unwind::h5ee8d7823b8ca744
[INFO] [stdout]                                at /rustc/6067b36314ab5eb2eb47cecc464545ba58e1ad24/library/std/src/panic.rs:358:14
[INFO] [stdout]   39:     0x64231bb51a8a - std::thread::Builder::spawn_unchecked_::{{closure}}::h53c3a1894dce8407
[INFO] [stdout]                                at /rustc/6067b36314ab5eb2eb47cecc464545ba58e1ad24/library/std/src/thread/mod.rs:557:30
[INFO] [stdout]   40:     0x64231bb51a8a - core::ops::function::FnOnce::call_once{{vtable.shim}}::h048ce291ad4f62bf
[INFO] [stdout]                                at /rustc/6067b36314ab5eb2eb47cecc464545ba58e1ad24/library/core/src/ops/function.rs:250:5
[INFO] [stdout]   41:     0x64231bbc282b - <alloc::boxed::Box<F,A> as core::ops::function::FnOnce<Args>>::call_once::ha52bedf99a3b4981
[INFO] [stdout]                                at /rustc/6067b36314ab5eb2eb47cecc464545ba58e1ad24/library/alloc/src/boxed.rs:2013:9
[INFO] [stdout]   42:     0x64231bbc282b - <alloc::boxed::Box<F,A> as core::ops::function::FnOnce<Args>>::call_once::h567748934d80ccf8
[INFO] [stdout]                                at /rustc/6067b36314ab5eb2eb47cecc464545ba58e1ad24/library/alloc/src/boxed.rs:2013:9
[INFO] [stdout]   43:     0x64231bbc282b - std::sys::pal::unix::thread::Thread::new::thread_start::h2d970728ae887adc
[INFO] [stdout]                                at /rustc/6067b36314ab5eb2eb47cecc464545ba58e1ad24/library/std/src/sys/pal/unix/thread.rs:106:17
[INFO] [stdout]   44:     0x7a45a15fdac3 - <unknown>
[INFO] [stdout]   45:     0x7a45a168ea04 - clone
[INFO] [stdout]   46:                0x0 - <unknown>
[INFO] [stdout] 
[INFO] [stdout] 
[INFO] [stdout] failures:
[INFO] [stdout]     tests::case_fail_result
[INFO] [stdout]     tests::fail_result
[INFO] [stdout]     tests::right_result
[INFO] [stdout] 
[INFO] [stdout] test result: FAILED. 1 passed; 3 failed; 0 ignored; 0 measured; 0 filtered out; finished in 0.03s
[INFO] [stdout] 
[INFO] running `Command { std: "docker" "inspect" "47416844671d3f5a055c4f18bc4849cf97d70629542c739f2ba3f301a8df2211", kill_on_drop: false }`
[INFO] running `Command { std: "docker" "rm" "-f" "47416844671d3f5a055c4f18bc4849cf97d70629542c739f2ba3f301a8df2211", kill_on_drop: false }`
[INFO] [stdout] 47416844671d3f5a055c4f18bc4849cf97d70629542c739f2ba3f301a8df2211
