[INFO] cloning repository https://github.com/William-Metz/rustylisa
[INFO] running `Command { std: "git" "-c" "credential.helper=" "-c" "credential.helper=/workspace/cargo-home/bin/git-credential-null" "clone" "--bare" "https://github.com/William-Metz/rustylisa" "/workspace/cache/git-repos/https%3A%2F%2Fgithub.com%2FWilliam-Metz%2Frustylisa", kill_on_drop: false }`
[INFO] [stderr] Cloning into bare repository '/workspace/cache/git-repos/https%3A%2F%2Fgithub.com%2FWilliam-Metz%2Frustylisa'...
[INFO] running `Command { std: "git" "rev-parse" "HEAD", kill_on_drop: false }`
[INFO] [stdout] 3c66dce62d582fd5657baf619194a9a1c8dfc300
[INFO] testing William-Metz/rustylisa against nightly-2025-01-18+rustflags=-Zrandomize-layout for randomize-layout-2
[INFO] running `Command { std: "git" "clone" "/workspace/cache/git-repos/https%3A%2F%2Fgithub.com%2FWilliam-Metz%2Frustylisa" "/workspace/builds/worker-3-tc2/source", kill_on_drop: false }`
[INFO] [stderr] Cloning into '/workspace/builds/worker-3-tc2/source'...
[INFO] [stderr] done.
[INFO] validating manifest of git repo https://github.com/William-Metz/rustylisa on toolchain nightly-2025-01-18
[INFO] running `Command { std: CARGO_HOME="/workspace/cargo-home" RUSTUP_HOME="/workspace/rustup-home" "/workspace/cargo-home/bin/cargo" "+nightly-2025-01-18" "metadata" "--manifest-path" "Cargo.toml" "--no-deps", kill_on_drop: false }`
[INFO] started tweaking git repo https://github.com/William-Metz/rustylisa
[INFO] finished tweaking git repo https://github.com/William-Metz/rustylisa
[INFO] tweaked toml for git repo https://github.com/William-Metz/rustylisa written to /workspace/builds/worker-3-tc2/source/Cargo.toml
[INFO] crate git repo https://github.com/William-Metz/rustylisa already has a lockfile, it will not be regenerated
[INFO] running `Command { std: CARGO_HOME="/workspace/cargo-home" RUSTUP_HOME="/workspace/rustup-home" "/workspace/cargo-home/bin/cargo" "+nightly-2025-01-18" "fetch" "--manifest-path" "Cargo.toml", kill_on_drop: false }`
[INFO] running `Command { std: "docker" "create" "-v" "/var/lib/crater-agent-workspace/builds/worker-3-tc2/target:/opt/rustwide/target:rw,Z" "-v" "/var/lib/crater-agent-workspace/builds/worker-3-tc2/source:/opt/rustwide/workdir:ro,Z" "-v" "/var/lib/crater-agent-workspace/cargo-home:/opt/rustwide/cargo-home:ro,Z" "-v" "/var/lib/crater-agent-workspace/rustup-home:/opt/rustwide/rustup-home:ro,Z" "-e" "SOURCE_DIR=/opt/rustwide/workdir" "-e" "CARGO_TARGET_DIR=/opt/rustwide/target" "-e" "CARGO_HOME=/opt/rustwide/cargo-home" "-e" "RUSTUP_HOME=/opt/rustwide/rustup-home" "-w" "/opt/rustwide/workdir" "-m" "1610612736" "--user" "0:0" "--network" "none" "ghcr.io/rust-lang/crates-build-env/linux@sha256:819108c5571ea2e421544af4d832f968d213c87fbe3707a016657f43d2f853bc" "/opt/rustwide/cargo-home/bin/cargo" "+nightly-2025-01-18" "metadata" "--no-deps" "--format-version=1", kill_on_drop: false }`
[INFO] [stdout] fba3c873ff3e66bfad9efdcff0234aed4e5f83de55a1e8a70ad72768bf139d13
[INFO] running `Command { std: "docker" "start" "-a" "fba3c873ff3e66bfad9efdcff0234aed4e5f83de55a1e8a70ad72768bf139d13", kill_on_drop: false }`
[INFO] running `Command { std: "docker" "inspect" "fba3c873ff3e66bfad9efdcff0234aed4e5f83de55a1e8a70ad72768bf139d13", kill_on_drop: false }`
[INFO] running `Command { std: "docker" "rm" "-f" "fba3c873ff3e66bfad9efdcff0234aed4e5f83de55a1e8a70ad72768bf139d13", kill_on_drop: false }`
[INFO] [stdout] fba3c873ff3e66bfad9efdcff0234aed4e5f83de55a1e8a70ad72768bf139d13
[INFO] running `Command { std: "docker" "create" "-v" "/var/lib/crater-agent-workspace/builds/worker-3-tc2/target:/opt/rustwide/target:rw,Z" "-v" "/var/lib/crater-agent-workspace/builds/worker-3-tc2/source:/opt/rustwide/workdir:ro,Z" "-v" "/var/lib/crater-agent-workspace/cargo-home:/opt/rustwide/cargo-home:ro,Z" "-v" "/var/lib/crater-agent-workspace/rustup-home:/opt/rustwide/rustup-home:ro,Z" "-e" "SOURCE_DIR=/opt/rustwide/workdir" "-e" "CARGO_TARGET_DIR=/opt/rustwide/target" "-e" "CARGO_INCREMENTAL=0" "-e" "RUST_BACKTRACE=full" "-e" "RUSTFLAGS=--cap-lints=forbid -Zrandomize-layout" "-e" "RUSTDOCFLAGS=--cap-lints=forbid" "-e" "CARGO_HOME=/opt/rustwide/cargo-home" "-e" "RUSTUP_HOME=/opt/rustwide/rustup-home" "-w" "/opt/rustwide/workdir" "-m" "1610612736" "--user" "0:0" "--network" "none" "ghcr.io/rust-lang/crates-build-env/linux@sha256:819108c5571ea2e421544af4d832f968d213c87fbe3707a016657f43d2f853bc" "/opt/rustwide/cargo-home/bin/cargo" "+nightly-2025-01-18" "build" "--frozen" "--message-format=json", kill_on_drop: false }`
[INFO] [stdout] 499d570665ee669a9857e73ea7eb5c82e0341bb9d6396d11fb3e1779673a9008
[INFO] running `Command { std: "docker" "start" "-a" "499d570665ee669a9857e73ea7eb5c82e0341bb9d6396d11fb3e1779673a9008", kill_on_drop: false }`
[INFO] [stderr]    Compiling proc-macro2 v1.0.89
[INFO] [stderr]    Compiling unicode-ident v1.0.13
[INFO] [stderr]    Compiling libc v0.2.161
[INFO] [stderr]    Compiling pkg-config v0.3.31
[INFO] [stderr]    Compiling autocfg v1.4.0
[INFO] [stderr]    Compiling smallvec v1.13.2
[INFO] [stderr]    Compiling serde v1.0.214
[INFO] [stderr]    Compiling cfg-if v1.0.0
[INFO] [stderr]    Compiling equivalent v1.0.1
[INFO] [stderr]    Compiling hashbrown v0.15.0
[INFO] [stderr]    Compiling target-lexicon v0.12.16
[INFO] [stderr]    Compiling winnow v0.6.20
[INFO] [stderr]    Compiling heck v0.5.0
[INFO] [stderr]    Compiling once_cell v1.20.2
[INFO] [stderr]    Compiling version-compare v0.2.0
[INFO] [stderr]    Compiling version_check v0.9.5
[INFO] [stderr]    Compiling xml-rs v0.8.22
[INFO] [stderr]    Compiling bitflags v1.3.2
[INFO] [stderr]    Compiling log v0.4.22
[INFO] [stderr]    Compiling byteorder v1.5.0
[INFO] [stderr]    Compiling pin-project-lite v0.2.15
[INFO] [stderr]    Compiling crossbeam-utils v0.8.20
[INFO] [stderr]    Compiling futures-core v0.3.31
[INFO] [stderr]    Compiling libloading v0.8.5
[INFO] [stderr]    Compiling syn v1.0.109
[INFO] [stderr]    Compiling lazy_static v1.5.0
[INFO] [stderr]    Compiling dlib v0.5.2
[INFO] [stderr]    Compiling memchr v2.7.4
[INFO] [stderr]    Compiling parking v2.2.1
[INFO] [stderr]    Compiling typenum v1.17.0
[INFO] [stderr]    Compiling generic-array v0.14.7
[INFO] [stderr]    Compiling winnow v0.5.40
[INFO] [stderr]    Compiling khronos_api v3.1.0
[INFO] [stderr]    Compiling indexmap v2.6.0
[INFO] [stderr]    Compiling memoffset v0.6.5
[INFO] [stderr]    Compiling wayland-sys v0.29.5
[INFO] [stderr]    Compiling cfg_aliases v0.1.1
[INFO] [stderr]    Compiling simd-adler32 v0.3.7
[INFO] [stderr]    Compiling ttf-parser v0.25.0
[INFO] [stderr]    Compiling cfg-expr v0.15.8
[INFO] [stderr]    Compiling quote v1.0.37
[INFO] [stderr]    Compiling concurrent-queue v2.5.0
[INFO] [stderr]    Compiling futures-io v0.3.31
[INFO] [stderr]    Compiling lock_api v0.4.12
[INFO] [stderr]    Compiling slab v0.4.9
[INFO] [stderr]    Compiling slotmap v1.0.7
[INFO] [stderr]    Compiling thiserror v1.0.65
[INFO] [stderr]    Compiling scoped-tls v1.0.1
[INFO] [stderr]    Compiling adler2 v2.0.0
[INFO] [stderr]    Compiling ab_glyph_rasterizer v0.1.8
[INFO] [stderr]    Compiling syn v2.0.85
[INFO] [stderr]    Compiling wayland-scanner v0.29.5
[INFO] [stderr]    Compiling parking_lot_core v0.9.10
[INFO] [stderr]    Compiling event-listener v2.5.3
[INFO] [stderr]    Compiling downcast-rs v1.2.1
[INFO] [stderr]    Compiling miniz_oxide v0.8.0
[INFO] [stderr]    Compiling event-listener v5.3.1
[INFO] [stderr]    Compiling crc32fast v1.4.2
[INFO] [stderr]    Compiling io-lifetimes v1.0.11
[INFO] [stderr]    Compiling fastrand v2.1.1
[INFO] [stderr]    Compiling scopeguard v1.2.0
[INFO] [stderr]    Compiling gl_generator v0.14.0
[INFO] [stderr]    Compiling flate2 v1.0.34
[INFO] [stderr]    Compiling event-listener-strategy v0.5.2
[INFO] [stderr]    Compiling fdeflate v0.3.6
[INFO] [stderr]    Compiling smithay-client-toolkit v0.16.1
[INFO] [stderr]    Compiling x11-dl v2.21.0
[INFO] [stderr]    Compiling polling v2.8.0
[INFO] [stderr]    Compiling memoffset v0.7.1
[INFO] [stderr]    Compiling aho-corasick v1.1.3
[INFO] [stderr]    Compiling futures-lite v2.4.0
[INFO] [stderr]    Compiling rustix v0.37.27
[INFO] [stderr]    Compiling fastrand v1.9.0
[INFO] [stderr]    Compiling atomic-waker v1.1.2
[INFO] [stderr]    Compiling nix v0.24.3
[INFO] [stderr]    Compiling getrandom v0.2.15
[INFO] [stderr]    Compiling nix v0.25.1
[INFO] [stderr]    Compiling rand_core v0.6.4
[INFO] [stderr]    Compiling waker-fn v1.2.0
[INFO] [stderr]    Compiling vec_map v0.8.2
[INFO] [stderr]    Compiling async-task v4.7.1
[INFO] [stderr]    Compiling wayland-client v0.29.5
[INFO] [stderr]    Compiling wayland-protocols v0.29.5
[INFO] [stderr]    Compiling xcursor v0.3.8
[INFO] [stderr]    Compiling regex-syntax v0.8.5
[INFO] [stderr]    Compiling parking_lot v0.12.3
[INFO] [stderr]    Compiling futures-lite v1.13.0
[INFO] [stderr]    Compiling png v0.17.14
[INFO] [stderr]    Compiling piper v0.2.4
[INFO] [stderr]    Compiling memmap2 v0.5.10
[INFO] [stderr]    Compiling owned_ttf_parser v0.25.0
[INFO] [stderr]    Compiling ab_glyph v0.2.29
[INFO] [stderr]    Compiling crypto-common v0.1.6
[INFO] [stderr]    Compiling block-buffer v0.10.4
[INFO] [stderr]    Compiling async-channel v2.3.1
[INFO] [stderr]    Compiling async-lock v2.8.0
[INFO] [stderr]    Compiling async-io v1.13.0
[INFO] [stderr]    Compiling async-fs v1.6.0
[INFO] [stderr]    Compiling ahash v0.8.11
[INFO] [stderr]    Compiling arrayref v0.3.9
[INFO] [stderr]    Compiling accesskit v0.11.2
[INFO] [stderr]    Compiling percent-encoding v2.3.1
[INFO] [stderr]    Compiling static_assertions v1.1.0
[INFO] [stderr]    Compiling strict-num v0.1.1
[INFO] [stderr]    Compiling linux-raw-sys v0.3.8
[INFO] [stderr]    Compiling blocking v1.6.1
[INFO] [stderr]    Compiling digest v0.10.7
[INFO] [stderr]    Compiling toml_datetime v0.6.8
[INFO] [stderr]    Compiling serde_spanned v0.6.8
[INFO] [stderr]    Compiling wayland-commons v0.29.5
[INFO] [stderr]    Compiling toml_edit v0.22.22
[INFO] [stderr]    Compiling toml_edit v0.19.15
[INFO] [stderr]    Compiling socket2 v0.4.10
[INFO] [stderr]    Compiling tracing-core v0.1.32
[INFO] [stderr]    Compiling futures-task v0.3.31
[INFO] [stderr]    Compiling tinyvec_macros v0.1.1
[INFO] [stderr]    Compiling cpufeatures v0.2.14
[INFO] [stderr]    Compiling pin-utils v0.1.0
[INFO] [stderr]    Compiling futures-sink v0.3.31
[INFO] [stderr]    Compiling arrayvec v0.7.6
[INFO] [stderr]    Compiling zvariant_utils v1.0.1
[INFO] [stderr]    Compiling regex-automata v0.4.8
[INFO] [stderr]    Compiling raw-window-handle v0.5.2
[INFO] [stderr]    Compiling futures-util v0.3.31
[INFO] [stderr]    Compiling sha1 v0.10.6
[INFO] [stderr]    Compiling tinyvec v1.8.0
[INFO] [stderr]    Compiling nix v0.26.4
[INFO] [stderr]    Compiling async-executor v1.13.1
[INFO] [stderr]    Compiling winit v0.28.7
[INFO] [stderr]    Compiling xdg-home v1.3.0
[INFO] [stderr]    Compiling async-broadcast v0.5.1
[INFO] [stderr]    Compiling wayland-cursor v0.29.5
[INFO] [stderr]    Compiling ordered-stream v0.2.0
[INFO] [stderr]    Compiling libm v0.2.8
[INFO] [stderr]    Compiling hex v0.4.3
[INFO] [stderr]    Compiling proc-macro-crate v1.3.1
[INFO] [stderr]    Compiling rustix v0.38.38
[INFO] [stderr]    Compiling toml v0.8.19
[INFO] [stderr]    Compiling nohash-hasher v0.2.0
[INFO] [stderr]    Compiling unicode-normalization v0.1.24
[INFO] [stderr]    Compiling glutin_egl_sys v0.5.1
[INFO] [stderr]    Compiling glutin_glx_sys v0.4.0
[INFO] [stderr]    Compiling mio v0.8.11
[INFO] [stderr]    Compiling system-deps v6.2.2
[INFO] [stderr]    Compiling wayland-sys v0.30.1
[INFO] [stderr]    Compiling num-traits v0.2.19
[INFO] [stderr]    Compiling derivative v2.2.0
[INFO] [stderr]    Compiling atspi-macros v0.2.0
[INFO] [stderr]    Compiling instant v0.1.13
[INFO] [stderr]    Compiling unicode-bidi v0.3.17
[INFO] [stderr]    Compiling linux-raw-sys v0.4.14
[INFO] [stderr]    Compiling bitflags v2.6.0
[INFO] [stderr]    Compiling bytemuck_derive v1.8.0
[INFO] [stderr]    Compiling zerocopy-derive v0.7.35
[INFO] [stderr]    Compiling serde_derive v1.0.214
[INFO] [stderr]    Compiling thiserror-impl v1.0.65
[INFO] [stderr]    Compiling enumflags2_derive v0.7.10
[INFO] [stderr]    Compiling zvariant_derive v3.15.2
[INFO] [stderr]    Compiling glib-sys v0.18.1
[INFO] [stderr]    Compiling gobject-sys v0.18.0
[INFO] [stderr]    Compiling regex v1.11.1
[INFO] [stderr]    Compiling tracing-attributes v0.1.27
[INFO] [stderr]    Compiling atk-sys v0.18.0
[INFO] [stderr]    Compiling gdk-sys v0.18.0
[INFO] [stderr]    Compiling gio-sys v0.18.1
[INFO] [stderr]    Compiling async-trait v0.1.83
[INFO] [stderr]    Compiling serde_repr v0.1.19
[INFO] [stderr]    Compiling async-recursion v1.1.1
[INFO] [stderr]    Compiling zerocopy v0.7.35
[INFO] [stderr]    Compiling gdk-pixbuf-sys v0.18.0
[INFO] [stderr]    Compiling cairo-sys-rs v0.18.2
[INFO] [stderr]    Compiling pango-sys v0.18.0
[INFO] [stderr]    Compiling bytemuck v1.19.0
[INFO] [stderr]    Compiling gtk-sys v0.18.0
[INFO] [stderr]    Compiling zbus_macros v3.15.2
[INFO] [stderr]    Compiling idna v0.5.0
[INFO] [stderr]    Compiling calloop v0.10.6
[INFO] [stderr]    Compiling accesskit_consumer v0.15.2
[INFO] [stderr]    Compiling form_urlencoded v1.2.1
[INFO] [stderr]    Compiling tiny-skia-path v0.8.4
[INFO] [stderr]    Compiling ecolor v0.23.0
[INFO] [stderr]    Compiling emath v0.23.0
[INFO] [stderr]    Compiling async-channel v1.9.0
[INFO] [stderr]    Compiling glutin v0.30.10
[INFO] [stderr]    Compiling ppv-lite86 v0.2.20
[INFO] [stderr]    Compiling tiny-skia v0.8.4
[INFO] [stderr]    Compiling tracing v0.1.40
[INFO] [stderr]    Compiling x11rb-protocol v0.13.1
[INFO] [stderr]    Compiling rand_chacha v0.3.1
[INFO] [stderr]    Compiling epaint v0.23.0
[INFO] [stderr]    Compiling url v2.5.2
[INFO] [stderr]    Compiling rand v0.8.5
[INFO] [stderr]    Compiling glutin-winit v0.3.0
[INFO] [stderr]    Compiling libloading v0.7.4
[INFO] [stderr]    Compiling home v0.5.9
[INFO] [stderr]    Compiling color_quant v1.1.0
[INFO] [stderr]    Compiling glow v0.12.3
[INFO] [stderr]    Compiling webbrowser v0.8.15
[INFO] [stderr]    Compiling itoa v1.0.11
[INFO] [stderr]    Compiling web-time v0.2.4
[INFO] [stderr]    Compiling egui v0.23.0
[INFO] [stderr]    Compiling serde_json v1.0.133
[INFO] [stderr]    Compiling rfd v0.12.1
[INFO] [stderr]    Compiling ryu v1.0.18
[INFO] [stderr]    Compiling image v0.24.9
[INFO] [stderr]    Compiling tokio-macros v2.4.0
[INFO] [stderr]    Compiling socket2 v0.5.7
[INFO] [stderr]    Compiling signal-hook-registry v1.4.2
[INFO] [stderr]    Compiling mio v1.0.2
[INFO] [stderr]    Compiling csv-core v0.1.11
[INFO] [stderr]    Compiling bytes v1.8.0
[INFO] [stderr]    Compiling rand_distr v0.4.3
[INFO] [stderr]    Compiling tokio v1.41.0
[INFO] [stderr]    Compiling enumflags2 v0.7.10
[INFO] [stderr]    Compiling csv v1.3.0
[INFO] [stderr]    Compiling zvariant v3.15.2
[INFO] [stderr]    Compiling egui_glow v0.23.0
[INFO] [stderr]    Compiling egui_plot v0.23.0
[INFO] [stderr]    Compiling x11rb v0.13.1
[INFO] [stderr]    Compiling zbus_names v2.6.1
[INFO] [stderr]    Compiling arboard v3.4.1
[INFO] [stderr]    Compiling zbus v3.15.2
[INFO] [stderr]    Compiling atspi v0.10.1
[INFO] [stderr]    Compiling accesskit_unix v0.5.2
[INFO] [stderr]    Compiling sctk-adwaita v0.5.4
[INFO] [stderr]    Compiling smithay-clipboard v0.6.6
[INFO] [stderr]    Compiling accesskit_winit v0.14.4
[INFO] [stderr]    Compiling egui-winit v0.23.0
[INFO] [stderr]    Compiling eframe v0.23.0
[INFO] [stderr]    Compiling rustylisa v0.1.0 (/opt/rustwide/workdir)
[INFO] [stdout] warning: variable `log_M` should have a snake case name
[INFO] [stdout]   --> src/gen_tests.rs:55:13
[INFO] [stdout]    |
[INFO] [stdout] 55 |         let log_M = log_mass_dist.sample(&mut rng);
[INFO] [stdout]    |             ^^^^^ help: convert the identifier to snake case: `log_m`
[INFO] [stdout]    |
[INFO] [stdout]    = note: `#[warn(non_snake_case)]` on by default
[INFO] [stdout] 
[INFO] [stdout] 
[INFO] [stdout] warning: variable `M` should have a snake case name
[INFO] [stdout]   --> src/gen_tests.rs:56:13
[INFO] [stdout]    |
[INFO] [stdout] 56 |         let M = log_M.exp();
[INFO] [stdout]    |             ^ help: convert the identifier to snake case: `m`
[INFO] [stdout] 
[INFO] [stdout] 
[INFO] [stdout] warning: variable `R` should have a snake case name
[INFO] [stdout]   --> src/gen_tests.rs:59:13
[INFO] [stdout]    |
[INFO] [stdout] 59 |         let R = r_dist.sample(&mut rng);
[INFO] [stdout]    |             ^ help: convert the identifier to snake case: `r`
[INFO] [stdout] 
[INFO] [stdout] 
[INFO] [stdout] warning: structure field `M` should have a snake case name
[INFO] [stdout]   --> src/test_case/test_case.rs:17:9
[INFO] [stdout]    |
[INFO] [stdout] 17 |     pub M: f64,  // Mass of the system in solar masses
[INFO] [stdout]    |         ^ help: convert the identifier to snake case: `m`
[INFO] [stdout] 
[INFO] [stdout] 
[INFO] [stdout] warning: structure field `GM` should have a snake case name
[INFO] [stdout]   --> src/test_case/test_case.rs:18:9
[INFO] [stdout]    |
[INFO] [stdout] 18 |     pub GM: f64, // Gravitational constant * mass
[INFO] [stdout]    |         ^^ help: convert the identifier to snake case: `gm`
[INFO] [stdout] 
[INFO] [stdout] 
[INFO] [stdout] warning: structure field `R` should have a snake case name
[INFO] [stdout]   --> src/test_case/test_case.rs:25:9
[INFO] [stdout]    |
[INFO] [stdout] 25 |     pub R: f64,
[INFO] [stdout]    |         ^ help: convert the identifier to snake case: `r`
[INFO] [stdout] 
[INFO] [stdout] 
[INFO] [stdout] warning: variable `M` should have a snake case name
[INFO] [stdout]  --> src/test_case/test_case_new.rs:8:9
[INFO] [stdout]   |
[INFO] [stdout] 8 |         M: f64,
[INFO] [stdout]   |         ^ help: convert the identifier to snake case: `m`
[INFO] [stdout] 
[INFO] [stdout] 
[INFO] [stdout] warning: variable `R` should have a snake case name
[INFO] [stdout]   --> src/test_case/test_case_new.rs:11:9
[INFO] [stdout]    |
[INFO] [stdout] 11 |         R: f64,
[INFO] [stdout]    |         ^ help: convert the identifier to snake case: `r`
[INFO] [stdout] 
[INFO] [stdout] 
[INFO] [stdout] warning: variable `M` should have a snake case name
[INFO] [stdout]    --> src/wave_generator_app/ui.rs:136:60
[INFO] [stdout]     |
[INFO] [stdout] 136 | ...                   Ok(M),
[INFO] [stdout]     |                          ^ help: convert the identifier to snake case: `m`
[INFO] [stdout] 
[INFO] [stdout] 
[INFO] [stdout] warning: variable `R` should have a snake case name
[INFO] [stdout]    --> src/wave_generator_app/ui.rs:139:60
[INFO] [stdout]     |
[INFO] [stdout] 139 | ...                   Ok(R),
[INFO] [stdout]     |                          ^ help: convert the identifier to snake case: `r`
[INFO] [stdout] 
[INFO] [stdout] 
[INFO] [stderr]     Finished `dev` profile [unoptimized + debuginfo] target(s) in 2m 14s
[INFO] running `Command { std: "docker" "inspect" "499d570665ee669a9857e73ea7eb5c82e0341bb9d6396d11fb3e1779673a9008", kill_on_drop: false }`
[INFO] running `Command { std: "docker" "rm" "-f" "499d570665ee669a9857e73ea7eb5c82e0341bb9d6396d11fb3e1779673a9008", kill_on_drop: false }`
[INFO] [stdout] 499d570665ee669a9857e73ea7eb5c82e0341bb9d6396d11fb3e1779673a9008
[INFO] running `Command { std: "docker" "create" "-v" "/var/lib/crater-agent-workspace/builds/worker-3-tc2/target:/opt/rustwide/target:rw,Z" "-v" "/var/lib/crater-agent-workspace/builds/worker-3-tc2/source:/opt/rustwide/workdir:ro,Z" "-v" "/var/lib/crater-agent-workspace/cargo-home:/opt/rustwide/cargo-home:ro,Z" "-v" "/var/lib/crater-agent-workspace/rustup-home:/opt/rustwide/rustup-home:ro,Z" "-e" "SOURCE_DIR=/opt/rustwide/workdir" "-e" "CARGO_TARGET_DIR=/opt/rustwide/target" "-e" "CARGO_INCREMENTAL=0" "-e" "RUST_BACKTRACE=full" "-e" "RUSTFLAGS=--cap-lints=forbid -Zrandomize-layout" "-e" "RUSTDOCFLAGS=--cap-lints=forbid" "-e" "CARGO_HOME=/opt/rustwide/cargo-home" "-e" "RUSTUP_HOME=/opt/rustwide/rustup-home" "-w" "/opt/rustwide/workdir" "-m" "1610612736" "--user" "0:0" "--network" "none" "ghcr.io/rust-lang/crates-build-env/linux@sha256:819108c5571ea2e421544af4d832f968d213c87fbe3707a016657f43d2f853bc" "/opt/rustwide/cargo-home/bin/cargo" "+nightly-2025-01-18" "test" "--frozen" "--no-run" "--message-format=json", kill_on_drop: false }`
[INFO] [stdout] 1028825dbe4fb7905df7d62ed70afb1dd7dbf3523ab6a0d7c52e561ed56ac1ca
[INFO] running `Command { std: "docker" "start" "-a" "1028825dbe4fb7905df7d62ed70afb1dd7dbf3523ab6a0d7c52e561ed56ac1ca", kill_on_drop: false }`
[INFO] [stdout] warning: variable `log_M` should have a snake case name
[INFO] [stdout]   --> src/gen_tests.rs:55:13
[INFO] [stdout]    |
[INFO] [stdout] 55 |         let log_M = log_mass_dist.sample(&mut rng);
[INFO] [stdout]    |             ^^^^^ help: convert the identifier to snake case: `log_m`
[INFO] [stdout]    |
[INFO] [stdout]    = note: `#[warn(non_snake_case)]` on by default
[INFO] [stdout] 
[INFO] [stdout] 
[INFO] [stdout] warning: variable `M` should have a snake case name
[INFO] [stdout]   --> src/gen_tests.rs:56:13
[INFO] [stdout]    |
[INFO] [stdout] 56 |         let M = log_M.exp();
[INFO] [stdout]    |             ^ help: convert the identifier to snake case: `m`
[INFO] [stdout] 
[INFO] [stdout] 
[INFO] [stdout] warning: variable `R` should have a snake case name
[INFO] [stdout]   --> src/gen_tests.rs:59:13
[INFO] [stdout]    |
[INFO] [stdout] 59 |         let R = r_dist.sample(&mut rng);
[INFO] [stdout]    |             ^ help: convert the identifier to snake case: `r`
[INFO] [stdout] 
[INFO] [stdout] 
[INFO] [stdout] warning: structure field `M` should have a snake case name
[INFO] [stdout]   --> src/test_case/test_case.rs:17:9
[INFO] [stdout]    |
[INFO] [stdout] 17 |     pub M: f64,  // Mass of the system in solar masses
[INFO] [stdout]    |         ^ help: convert the identifier to snake case: `m`
[INFO] [stdout] 
[INFO] [stdout] 
[INFO] [stdout] warning: structure field `GM` should have a snake case name
[INFO] [stdout]   --> src/test_case/test_case.rs:18:9
[INFO] [stdout]    |
[INFO] [stdout] 18 |     pub GM: f64, // Gravitational constant * mass
[INFO] [stdout]    |         ^^ help: convert the identifier to snake case: `gm`
[INFO] [stdout] 
[INFO] [stdout] 
[INFO] [stdout] warning: structure field `R` should have a snake case name
[INFO] [stdout]   --> src/test_case/test_case.rs:25:9
[INFO] [stdout]    |
[INFO] [stdout] 25 |     pub R: f64,
[INFO] [stdout]    |         ^ help: convert the identifier to snake case: `r`
[INFO] [stdout] 
[INFO] [stdout] 
[INFO] [stdout] warning: variable `M` should have a snake case name
[INFO] [stdout]  --> src/test_case/test_case_new.rs:8:9
[INFO] [stdout]   |
[INFO] [stdout] 8 |         M: f64,
[INFO] [stdout]   |         ^ help: convert the identifier to snake case: `m`
[INFO] [stdout] 
[INFO] [stdout] 
[INFO] [stdout] warning: variable `R` should have a snake case name
[INFO] [stdout]   --> src/test_case/test_case_new.rs:11:9
[INFO] [stdout]    |
[INFO] [stdout] 11 |         R: f64,
[INFO] [stdout]    |         ^ help: convert the identifier to snake case: `r`
[INFO] [stdout] 
[INFO] [stdout] 
[INFO] [stdout] warning: variable `M` should have a snake case name
[INFO] [stdout]    --> src/wave_generator_app/ui.rs:136:60
[INFO] [stdout]     |
[INFO] [stdout] 136 | ...                   Ok(M),
[INFO] [stdout]     |                          ^ help: convert the identifier to snake case: `m`
[INFO] [stdout] 
[INFO] [stdout] 
[INFO] [stdout] warning: variable `R` should have a snake case name
[INFO] [stdout]    --> src/wave_generator_app/ui.rs:139:60
[INFO] [stdout]     |
[INFO] [stdout] 139 | ...                   Ok(R),
[INFO] [stdout]     |                          ^ help: convert the identifier to snake case: `r`
[INFO] [stdout] 
[INFO] [stdout] 
[INFO] [stderr]    Compiling rustylisa v0.1.0 (/opt/rustwide/workdir)
[INFO] [stdout] warning: unused import: `rustylisa::simulation_runner::simulation_runner::SimulationRunner`
[INFO] [stdout]  --> tests/regression_test.rs:5:5
[INFO] [stdout]   |
[INFO] [stdout] 5 | use rustylisa::simulation_runner::simulation_runner::SimulationRunner;
[INFO] [stdout]   |     ^^^^^^^^^^^^^^^^^^^^^^^^^^^^^^^^^^^^^^^^^^^^^^^^^^^^^^^^^^^^^^^^^
[INFO] [stdout]   |
[INFO] [stdout]   = note: `#[warn(unused_imports)]` on by default
[INFO] [stdout] 
[INFO] [stdout] 
[INFO] [stdout] warning: unused import: `rand_distr::num_traits::Float`
[INFO] [stdout]  --> tests/regression_test.rs:2:5
[INFO] [stdout]   |
[INFO] [stdout] 2 | use rand_distr::num_traits::Float;
[INFO] [stdout]   |     ^^^^^^^^^^^^^^^^^^^^^^^^^^^^^
[INFO] [stdout] 
[INFO] [stdout] 
[INFO] [stdout] warning: unused import: `rand_distr::num_traits::float::FloatCore`
[INFO] [stdout]  --> tests/regression_test.rs:1:5
[INFO] [stdout]   |
[INFO] [stdout] 1 | use rand_distr::num_traits::float::FloatCore;
[INFO] [stdout]   |     ^^^^^^^^^^^^^^^^^^^^^^^^^^^^^^^^^^^^^^^^
[INFO] [stdout] 
[INFO] [stdout] 
[INFO] [stdout] warning: variable `log_M` should have a snake case name
[INFO] [stdout]   --> src/gen_tests.rs:55:13
[INFO] [stdout]    |
[INFO] [stdout] 55 |         let log_M = log_mass_dist.sample(&mut rng);
[INFO] [stdout]    |             ^^^^^ help: convert the identifier to snake case: `log_m`
[INFO] [stdout]    |
[INFO] [stdout]    = note: `#[warn(non_snake_case)]` on by default
[INFO] [stdout] 
[INFO] [stdout] 
[INFO] [stdout] warning: variable `M` should have a snake case name
[INFO] [stdout]   --> src/gen_tests.rs:56:13
[INFO] [stdout]    |
[INFO] [stdout] 56 |         let M = log_M.exp();
[INFO] [stdout]    |             ^ help: convert the identifier to snake case: `m`
[INFO] [stdout] 
[INFO] [stdout] 
[INFO] [stdout] warning: variable `R` should have a snake case name
[INFO] [stdout]   --> src/gen_tests.rs:59:13
[INFO] [stdout]    |
[INFO] [stdout] 59 |         let R = r_dist.sample(&mut rng);
[INFO] [stdout]    |             ^ help: convert the identifier to snake case: `r`
[INFO] [stdout] 
[INFO] [stdout] 
[INFO] [stdout] warning: structure field `M` should have a snake case name
[INFO] [stdout]   --> src/test_case/test_case.rs:17:9
[INFO] [stdout]    |
[INFO] [stdout] 17 |     pub M: f64,  // Mass of the system in solar masses
[INFO] [stdout]    |         ^ help: convert the identifier to snake case: `m`
[INFO] [stdout] 
[INFO] [stdout] 
[INFO] [stdout] warning: structure field `GM` should have a snake case name
[INFO] [stdout]   --> src/test_case/test_case.rs:18:9
[INFO] [stdout]    |
[INFO] [stdout] 18 |     pub GM: f64, // Gravitational constant * mass
[INFO] [stdout]    |         ^^ help: convert the identifier to snake case: `gm`
[INFO] [stdout] 
[INFO] [stdout] 
[INFO] [stdout] warning: structure field `R` should have a snake case name
[INFO] [stdout]   --> src/test_case/test_case.rs:25:9
[INFO] [stdout]    |
[INFO] [stdout] 25 |     pub R: f64,
[INFO] [stdout]    |         ^ help: convert the identifier to snake case: `r`
[INFO] [stdout] 
[INFO] [stdout] 
[INFO] [stdout] warning: variable `M` should have a snake case name
[INFO] [stdout]  --> src/test_case/test_case_new.rs:8:9
[INFO] [stdout]   |
[INFO] [stdout] 8 |         M: f64,
[INFO] [stdout]   |         ^ help: convert the identifier to snake case: `m`
[INFO] [stdout] 
[INFO] [stdout] 
[INFO] [stdout] warning: variable `R` should have a snake case name
[INFO] [stdout]   --> src/test_case/test_case_new.rs:11:9
[INFO] [stdout]    |
[INFO] [stdout] 11 |         R: f64,
[INFO] [stdout]    |         ^ help: convert the identifier to snake case: `r`
[INFO] [stdout] 
[INFO] [stdout] 
[INFO] [stdout] warning: variable `M` should have a snake case name
[INFO] [stdout]    --> src/wave_generator_app/ui.rs:136:60
[INFO] [stdout]     |
[INFO] [stdout] 136 | ...                   Ok(M),
[INFO] [stdout]     |                          ^ help: convert the identifier to snake case: `m`
[INFO] [stdout] 
[INFO] [stdout] 
[INFO] [stdout] warning: variable `R` should have a snake case name
[INFO] [stdout]    --> src/wave_generator_app/ui.rs:139:60
[INFO] [stdout]     |
[INFO] [stdout] 139 | ...                   Ok(R),
[INFO] [stdout]     |                          ^ help: convert the identifier to snake case: `r`
[INFO] [stdout] 
[INFO] [stdout] 
[INFO] [stderr]     Finished `test` profile [unoptimized + debuginfo] target(s) in 3.26s
[INFO] running `Command { std: "docker" "inspect" "1028825dbe4fb7905df7d62ed70afb1dd7dbf3523ab6a0d7c52e561ed56ac1ca", kill_on_drop: false }`
[INFO] running `Command { std: "docker" "rm" "-f" "1028825dbe4fb7905df7d62ed70afb1dd7dbf3523ab6a0d7c52e561ed56ac1ca", kill_on_drop: false }`
[INFO] [stdout] 1028825dbe4fb7905df7d62ed70afb1dd7dbf3523ab6a0d7c52e561ed56ac1ca
[INFO] running `Command { std: "docker" "create" "-v" "/var/lib/crater-agent-workspace/builds/worker-3-tc2/target:/opt/rustwide/target:rw,Z" "-v" "/var/lib/crater-agent-workspace/builds/worker-3-tc2/source:/opt/rustwide/workdir:ro,Z" "-v" "/var/lib/crater-agent-workspace/cargo-home:/opt/rustwide/cargo-home:ro,Z" "-v" "/var/lib/crater-agent-workspace/rustup-home:/opt/rustwide/rustup-home:ro,Z" "-e" "SOURCE_DIR=/opt/rustwide/workdir" "-e" "CARGO_TARGET_DIR=/opt/rustwide/target" "-e" "CARGO_INCREMENTAL=0" "-e" "RUST_BACKTRACE=full" "-e" "RUSTFLAGS=--cap-lints=forbid -Zrandomize-layout" "-e" "RUSTDOCFLAGS=--cap-lints=forbid" "-e" "CARGO_HOME=/opt/rustwide/cargo-home" "-e" "RUSTUP_HOME=/opt/rustwide/rustup-home" "-w" "/opt/rustwide/workdir" "-m" "1610612736" "--user" "0:0" "--network" "none" "ghcr.io/rust-lang/crates-build-env/linux@sha256:819108c5571ea2e421544af4d832f968d213c87fbe3707a016657f43d2f853bc" "/opt/rustwide/cargo-home/bin/cargo" "+nightly-2025-01-18" "test" "--frozen", kill_on_drop: false }`
[INFO] [stdout] 44caa29d00a07c752de46dedaf69c9460e4ea5d89384f49f5c6552bc641d05b4
[INFO] running `Command { std: "docker" "start" "-a" "44caa29d00a07c752de46dedaf69c9460e4ea5d89384f49f5c6552bc641d05b4", kill_on_drop: false }`
[INFO] [stderr] warning: variable `log_M` should have a snake case name
[INFO] [stderr]   --> src/gen_tests.rs:55:13
[INFO] [stderr]    |
[INFO] [stderr] 55 |         let log_M = log_mass_dist.sample(&mut rng);
[INFO] [stderr]    |             ^^^^^ help: convert the identifier to snake case: `log_m`
[INFO] [stderr]    |
[INFO] [stderr]    = note: `#[warn(non_snake_case)]` on by default
[INFO] [stderr] 
[INFO] [stderr] warning: variable `M` should have a snake case name
[INFO] [stderr]   --> src/gen_tests.rs:56:13
[INFO] [stderr]    |
[INFO] [stderr] 56 |         let M = log_M.exp();
[INFO] [stderr]    |             ^ help: convert the identifier to snake case: `m`
[INFO] [stderr] 
[INFO] [stderr] warning: variable `R` should have a snake case name
[INFO] [stderr]   --> src/gen_tests.rs:59:13
[INFO] [stderr]    |
[INFO] [stderr] 59 |         let R = r_dist.sample(&mut rng);
[INFO] [stderr]    |             ^ help: convert the identifier to snake case: `r`
[INFO] [stderr] 
[INFO] [stderr] warning: structure field `M` should have a snake case name
[INFO] [stderr]   --> src/test_case/test_case.rs:17:9
[INFO] [stderr]    |
[INFO] [stderr] 17 |     pub M: f64,  // Mass of the system in solar masses
[INFO] [stderr]    |         ^ help: convert the identifier to snake case: `m`
[INFO] [stderr] 
[INFO] [stderr] warning: structure field `GM` should have a snake case name
[INFO] [stderr]   --> src/test_case/test_case.rs:18:9
[INFO] [stderr]    |
[INFO] [stderr] 18 |     pub GM: f64, // Gravitational constant * mass
[INFO] [stderr]    |         ^^ help: convert the identifier to snake case: `gm`
[INFO] [stderr] 
[INFO] [stderr] warning: structure field `R` should have a snake case name
[INFO] [stderr]   --> src/test_case/test_case.rs:25:9
[INFO] [stderr]    |
[INFO] [stderr] 25 |     pub R: f64,
[INFO] [stderr]    |         ^ help: convert the identifier to snake case: `r`
[INFO] [stderr] 
[INFO] [stderr] warning: variable `M` should have a snake case name
[INFO] [stderr]  --> src/test_case/test_case_new.rs:8:9
[INFO] [stderr]   |
[INFO] [stderr] 8 |         M: f64,
[INFO] [stderr]   |         ^ help: convert the identifier to snake case: `m`
[INFO] [stderr] 
[INFO] [stderr] warning: variable `R` should have a snake case name
[INFO] [stderr]   --> src/test_case/test_case_new.rs:11:9
[INFO] [stderr]    |
[INFO] [stderr] 11 |         R: f64,
[INFO] [stderr]    |         ^ help: convert the identifier to snake case: `r`
[INFO] [stderr] 
[INFO] [stderr] warning: variable `M` should have a snake case name
[INFO] [stderr]    --> src/wave_generator_app/ui.rs:136:60
[INFO] [stderr]     |
[INFO] [stderr] 136 | ...                   Ok(M),
[INFO] [stderr]     |                          ^ help: convert the identifier to snake case: `m`
[INFO] [stderr] 
[INFO] [stderr] warning: variable `R` should have a snake case name
[INFO] [stderr]    --> src/wave_generator_app/ui.rs:139:60
[INFO] [stderr]     |
[INFO] [stderr] 139 | ...                   Ok(R),
[INFO] [stderr]     |                          ^ help: convert the identifier to snake case: `r`
[INFO] [stderr] 
[INFO] [stderr] warning: `rustylisa` (lib) generated 10 warnings
[INFO] [stderr] warning: `rustylisa` (lib test) generated 10 warnings (10 duplicates)
[INFO] [stderr] warning: unused import: `rustylisa::simulation_runner::simulation_runner::SimulationRunner`
[INFO] [stderr]  --> tests/regression_test.rs:5:5
[INFO] [stderr]   |
[INFO] [stderr] 5 | use rustylisa::simulation_runner::simulation_runner::SimulationRunner;
[INFO] [stderr]   |     ^^^^^^^^^^^^^^^^^^^^^^^^^^^^^^^^^^^^^^^^^^^^^^^^^^^^^^^^^^^^^^^^^
[INFO] [stderr]   |
[INFO] [stderr]   = note: `#[warn(unused_imports)]` on by default
[INFO] [stderr] 
[INFO] [stderr] warning: unused import: `rand_distr::num_traits::Float`
[INFO] [stderr]  --> tests/regression_test.rs:2:5
[INFO] [stderr]   |
[INFO] [stderr] 2 | use rand_distr::num_traits::Float;
[INFO] [stderr]   |     ^^^^^^^^^^^^^^^^^^^^^^^^^^^^^
[INFO] [stderr] 
[INFO] [stderr] warning: unused import: `rand_distr::num_traits::float::FloatCore`
[INFO] [stderr]  --> tests/regression_test.rs:1:5
[INFO] [stderr]   |
[INFO] [stderr] 1 | use rand_distr::num_traits::float::FloatCore;
[INFO] [stderr]   |     ^^^^^^^^^^^^^^^^^^^^^^^^^^^^^^^^^^^^^^^^
[INFO] [stderr] 
[INFO] [stderr] warning: `rustylisa` (test "regression_test") generated 3 warnings (run `cargo fix --test "regression_test"` to apply 1 suggestion)
[INFO] [stderr]     Finished `test` profile [unoptimized + debuginfo] target(s) in 0.33s
[INFO] [stderr]      Running unittests src/lib.rs (/opt/rustwide/target/debug/deps/rustylisa-5b6b15ecfb0256db)
[INFO] [stdout] 
[INFO] [stdout] running 0 tests
[INFO] [stdout] 
[INFO] [stdout] test result: ok. 0 passed; 0 failed; 0 ignored; 0 measured; 0 filtered out; finished in 0.00s
[INFO] [stdout] 
[INFO] [stderr]      Running unittests src/main.rs (/opt/rustwide/target/debug/deps/rustylisa-ba5af9afbbcf3dde)
[INFO] [stdout] 
[INFO] [stdout] running 0 tests
[INFO] [stdout] 
[INFO] [stdout] test result: ok. 0 passed; 0 failed; 0 ignored; 0 measured; 0 filtered out; finished in 0.00s
[INFO] [stdout] 
[INFO] [stderr]      Running tests/regression_test.rs (/opt/rustwide/target/debug/deps/regression_test-bd1403b5cea5cdbd)
[INFO] [stdout] 
[INFO] [stdout] running 1 test
[INFO] [stdout] test regression_test ... FAILED
[INFO] [stdout] 
[INFO] [stdout] failures:
[INFO] [stdout] 
[INFO] [stdout] ---- regression_test stdout ----
[INFO] [stdout] Starting regression tests...
[INFO] [stdout] 
[INFO] [stdout] thread 'regression_test' panicked at tests/regression_test.rs:63:30:
[INFO] [stdout] Failed to parse CSV record: Error(Deserialize { pos: Some(Position { byte: 43, line: 2, record: 1 }), err: DeserializeError { field: None, kind: Message("missing field `time`") } })
[INFO] [stdout] stack backtrace:
[INFO] [stdout]    0:     0x57dc0d23c79a - std::backtrace_rs::backtrace::libunwind::trace::hb059275cfc8d6126
[INFO] [stdout]                                at /rustc/6067b36314ab5eb2eb47cecc464545ba58e1ad24/library/std/src/../../backtrace/src/backtrace/libunwind.rs:116:5
[INFO] [stdout]    1:     0x57dc0d23c79a - std::backtrace_rs::backtrace::trace_unsynchronized::h2da071e4327ce3ee
[INFO] [stdout]                                at /rustc/6067b36314ab5eb2eb47cecc464545ba58e1ad24/library/std/src/../../backtrace/src/backtrace/mod.rs:66:5
[INFO] [stdout]    2:     0x57dc0d23c79a - std::sys::backtrace::_print_fmt::h842a1474e6f8d23f
[INFO] [stdout]                                at /rustc/6067b36314ab5eb2eb47cecc464545ba58e1ad24/library/std/src/sys/backtrace.rs:66:9
[INFO] [stdout]    3:     0x57dc0d23c79a - <std::sys::backtrace::BacktraceLock::print::DisplayBacktrace as core::fmt::Display>::fmt::h71a62eb3b9696b12
[INFO] [stdout]                                at /rustc/6067b36314ab5eb2eb47cecc464545ba58e1ad24/library/std/src/sys/backtrace.rs:39:26
[INFO] [stdout]    4:     0x57dc0d265653 - core::fmt::rt::Argument::fmt::hdb6b616786b41dc1
[INFO] [stdout]                                at /rustc/6067b36314ab5eb2eb47cecc464545ba58e1ad24/library/core/src/fmt/rt.rs:177:76
[INFO] [stdout]    5:     0x57dc0d265653 - core::fmt::write::h2cc1698af7e2d686
[INFO] [stdout]                                at /rustc/6067b36314ab5eb2eb47cecc464545ba58e1ad24/library/core/src/fmt/mod.rs:1440:21
[INFO] [stdout]    6:     0x57dc0d2390c3 - std::io::Write::write_fmt::hab1b4cd059a79022
[INFO] [stdout]                                at /rustc/6067b36314ab5eb2eb47cecc464545ba58e1ad24/library/std/src/io/mod.rs:1887:15
[INFO] [stdout]    7:     0x57dc0d23c5e2 - std::sys::backtrace::BacktraceLock::print::h147fe35b4ea13b08
[INFO] [stdout]                                at /rustc/6067b36314ab5eb2eb47cecc464545ba58e1ad24/library/std/src/sys/backtrace.rs:42:9
[INFO] [stdout]    8:     0x57dc0d23dbbf - std::panicking::default_hook::{{closure}}::hbd44223dbdc0d208
[INFO] [stdout]                                at /rustc/6067b36314ab5eb2eb47cecc464545ba58e1ad24/library/std/src/panicking.rs:298:22
[INFO] [stdout]    9:     0x57dc0d23d9d8 - std::panicking::default_hook::h20f81eb0576efcec
[INFO] [stdout]                                at /rustc/6067b36314ab5eb2eb47cecc464545ba58e1ad24/library/std/src/panicking.rs:322:9
[INFO] [stdout]   10:     0x57dc0d1c6ae3 - <alloc::boxed::Box<F,A> as core::ops::function::Fn<Args>>::call::hdb53814c496a4d34
[INFO] [stdout]                                at /rustc/6067b36314ab5eb2eb47cecc464545ba58e1ad24/library/alloc/src/boxed.rs:2027:9
[INFO] [stdout]   11:     0x57dc0d1c6ae3 - test::test_main::{{closure}}::hc0a4963c59427c24
[INFO] [stdout]                                at /rustc/6067b36314ab5eb2eb47cecc464545ba58e1ad24/library/test/src/lib.rs:134:21
[INFO] [stdout]   12:     0x57dc0d23e6b3 - <alloc::boxed::Box<F,A> as core::ops::function::Fn<Args>>::call::h591b2225413a77e9
[INFO] [stdout]                                at /rustc/6067b36314ab5eb2eb47cecc464545ba58e1ad24/library/alloc/src/boxed.rs:2027:9
[INFO] [stdout]   13:     0x57dc0d23e6b3 - std::panicking::rust_panic_with_hook::h625eea43051b2edc
[INFO] [stdout]                                at /rustc/6067b36314ab5eb2eb47cecc464545ba58e1ad24/library/std/src/panicking.rs:839:13
[INFO] [stdout]   14:     0x57dc0d23e36a - std::panicking::begin_panic_handler::{{closure}}::h4f9159cfbc3f6bd3
[INFO] [stdout]                                at /rustc/6067b36314ab5eb2eb47cecc464545ba58e1ad24/library/std/src/panicking.rs:704:13
[INFO] [stdout]   15:     0x57dc0d23cc99 - std::sys::backtrace::__rust_end_short_backtrace::h0390abce48353151
[INFO] [stdout]                                at /rustc/6067b36314ab5eb2eb47cecc464545ba58e1ad24/library/std/src/sys/backtrace.rs:168:18
[INFO] [stdout]   16:     0x57dc0d23dffd - rust_begin_unwind
[INFO] [stdout]                                at /rustc/6067b36314ab5eb2eb47cecc464545ba58e1ad24/library/std/src/panicking.rs:695:5
[INFO] [stdout]   17:     0x57dc0d263c80 - core::panicking::panic_fmt::h9e7c637e9e5f29c9
[INFO] [stdout]                                at /rustc/6067b36314ab5eb2eb47cecc464545ba58e1ad24/library/core/src/panicking.rs:75:14
[INFO] [stdout]   18:     0x57dc0d2640f6 - core::result::unwrap_failed::h7979f09313fe1849
[INFO] [stdout]                                at /rustc/6067b36314ab5eb2eb47cecc464545ba58e1ad24/library/core/src/result.rs:1704:5
[INFO] [stdout]   19:     0x57dc0d1802d4 - core::result::Result<T,E>::expect::ha771edcb2388a636
[INFO] [stdout]                                at /rustc/6067b36314ab5eb2eb47cecc464545ba58e1ad24/library/core/src/result.rs:1061:23
[INFO] [stdout]   20:     0x57dc0d179c84 - regression_test::load_csv::{{closure}}::hd0be625fe966fca7
[INFO] [stdout]                                at /opt/rustwide/workdir/tests/regression_test.rs:63:23
[INFO] [stdout]   21:     0x57dc0d176a96 - core::ops::function::impls::<impl core::ops::function::FnOnce<A> for &mut F>::call_once::hf26a935290947d61
[INFO] [stdout]                                at /rustc/6067b36314ab5eb2eb47cecc464545ba58e1ad24/library/core/src/ops/function.rs:305:13
[INFO] [stdout]   22:     0x57dc0d16f626 - core::option::Option<T>::map::h174f9744f6446f08
[INFO] [stdout]                                at /rustc/6067b36314ab5eb2eb47cecc464545ba58e1ad24/library/core/src/option.rs:1119:29
[INFO] [stdout]   23:     0x57dc0d16f626 - <core::iter::adapters::map::Map<I,F> as core::iter::traits::iterator::Iterator>::next::h9f1d9bcafe343aba
[INFO] [stdout]                                at /rustc/6067b36314ab5eb2eb47cecc464545ba58e1ad24/library/core/src/iter/adapters/map.rs:107:26
[INFO] [stdout]   24:     0x57dc0d18acdd - <alloc::vec::Vec<T> as alloc::vec::spec_from_iter_nested::SpecFromIterNested<T,I>>::from_iter::h7309bcd6d5ae6feb
[INFO] [stdout]                                at /rustc/6067b36314ab5eb2eb47cecc464545ba58e1ad24/library/alloc/src/vec/spec_from_iter_nested.rs:25:32
[INFO] [stdout]   25:     0x57dc0d18c9ed - <alloc::vec::Vec<T> as alloc::vec::spec_from_iter::SpecFromIter<T,I>>::from_iter::ha519ddc4d43f23d7
[INFO] [stdout]                                at /rustc/6067b36314ab5eb2eb47cecc464545ba58e1ad24/library/alloc/src/vec/spec_from_iter.rs:34:9
[INFO] [stdout]   26:     0x57dc0d18c981 - <alloc::vec::Vec<T> as core::iter::traits::collect::FromIterator<T>>::from_iter::hbe282c77f43aa19c
[INFO] [stdout]                                at /rustc/6067b36314ab5eb2eb47cecc464545ba58e1ad24/library/alloc/src/vec/mod.rs:3427:9
[INFO] [stdout]   27:     0x57dc0d176d24 - core::iter::traits::iterator::Iterator::collect::h7672e06893026fc6
[INFO] [stdout]                                at /rustc/6067b36314ab5eb2eb47cecc464545ba58e1ad24/library/core/src/iter/traits/iterator.rs:1971:9
[INFO] [stdout]   28:     0x57dc0d179bdf - regression_test::load_csv::h209ca10eb1a648fe
[INFO] [stdout]                                at /opt/rustwide/workdir/tests/regression_test.rs:61:5
[INFO] [stdout]   29:     0x57dc0d17a5e4 - regression_test::regression_test::h2cfb78f7a667d1a3
[INFO] [stdout]                                at /opt/rustwide/workdir/tests/regression_test.rs:39:45
[INFO] [stdout]   30:     0x57dc0d17a157 - regression_test::regression_test::{{closure}}::h676690b0bdec334d
[INFO] [stdout]                                at /opt/rustwide/workdir/tests/regression_test.rs:14:21
[INFO] [stdout]   31:     0x57dc0d17efe6 - core::ops::function::FnOnce::call_once::hdd08cb2bf3a90688
[INFO] [stdout]                                at /rustc/6067b36314ab5eb2eb47cecc464545ba58e1ad24/library/core/src/ops/function.rs:250:5
[INFO] [stdout]   32:     0x57dc0d1cc23b - core::ops::function::FnOnce::call_once::he27718dfdd183f43
[INFO] [stdout]                                at /rustc/6067b36314ab5eb2eb47cecc464545ba58e1ad24/library/core/src/ops/function.rs:250:5
[INFO] [stdout]   33:     0x57dc0d1cc23b - test::__rust_begin_short_backtrace::h4e84902998457a5d
[INFO] [stdout]                                at /rustc/6067b36314ab5eb2eb47cecc464545ba58e1ad24/library/test/src/lib.rs:632:18
[INFO] [stdout]   34:     0x57dc0d1cb173 - test::run_test_in_process::{{closure}}::h7176fd18fc1feca0
[INFO] [stdout]                                at /rustc/6067b36314ab5eb2eb47cecc464545ba58e1ad24/library/test/src/lib.rs:655:60
[INFO] [stdout]   35:     0x57dc0d1cb173 - <core::panic::unwind_safe::AssertUnwindSafe<F> as core::ops::function::FnOnce<()>>::call_once::hf79cff2a624d8cf7
[INFO] [stdout]                                at /rustc/6067b36314ab5eb2eb47cecc464545ba58e1ad24/library/core/src/panic/unwind_safe.rs:272:9
[INFO] [stdout]   36:     0x57dc0d1cb173 - std::panicking::try::do_call::h3da0561d9ab99c25
[INFO] [stdout]                                at /rustc/6067b36314ab5eb2eb47cecc464545ba58e1ad24/library/std/src/panicking.rs:587:40
[INFO] [stdout]   37:     0x57dc0d1cb173 - std::panicking::try::h41c9fa508bc61df6
[INFO] [stdout]                                at /rustc/6067b36314ab5eb2eb47cecc464545ba58e1ad24/library/std/src/panicking.rs:550:19
[INFO] [stdout]   38:     0x57dc0d1cb173 - std::panic::catch_unwind::h6b3ff07bb5afad93
[INFO] [stdout]                                at /rustc/6067b36314ab5eb2eb47cecc464545ba58e1ad24/library/std/src/panic.rs:358:14
[INFO] [stdout]   39:     0x57dc0d1cb173 - test::run_test_in_process::hc7253dd11b39b9f4
[INFO] [stdout]                                at /rustc/6067b36314ab5eb2eb47cecc464545ba58e1ad24/library/test/src/lib.rs:655:27
[INFO] [stdout]   40:     0x57dc0d1cb173 - test::run_test::{{closure}}::hfb2007f8649c30bb
[INFO] [stdout]                                at /rustc/6067b36314ab5eb2eb47cecc464545ba58e1ad24/library/test/src/lib.rs:576:43
[INFO] [stdout]   41:     0x57dc0d18e255 - test::run_test::{{closure}}::h56a17aa7a282a9f4
[INFO] [stdout]                                at /rustc/6067b36314ab5eb2eb47cecc464545ba58e1ad24/library/test/src/lib.rs:606:41
[INFO] [stdout]   42:     0x57dc0d18e255 - std::sys::backtrace::__rust_begin_short_backtrace::hd2d2d2fb8e8c6aac
[INFO] [stdout]                                at /rustc/6067b36314ab5eb2eb47cecc464545ba58e1ad24/library/std/src/sys/backtrace.rs:152:18
[INFO] [stdout]   43:     0x57dc0d191b3a - std::thread::Builder::spawn_unchecked_::{{closure}}::{{closure}}::h4faa3f9db6133423
[INFO] [stdout]                                at /rustc/6067b36314ab5eb2eb47cecc464545ba58e1ad24/library/std/src/thread/mod.rs:559:17
[INFO] [stdout]   44:     0x57dc0d191b3a - <core::panic::unwind_safe::AssertUnwindSafe<F> as core::ops::function::FnOnce<()>>::call_once::hf2e855a36a4ea846
[INFO] [stdout]                                at /rustc/6067b36314ab5eb2eb47cecc464545ba58e1ad24/library/core/src/panic/unwind_safe.rs:272:9
[INFO] [stdout]   45:     0x57dc0d191b3a - std::panicking::try::do_call::h2f73af3616c35465
[INFO] [stdout]                                at /rustc/6067b36314ab5eb2eb47cecc464545ba58e1ad24/library/std/src/panicking.rs:587:40
[INFO] [stdout]   46:     0x57dc0d191b3a - std::panicking::try::hd1660ce9efadef5a
[INFO] [stdout]                                at /rustc/6067b36314ab5eb2eb47cecc464545ba58e1ad24/library/std/src/panicking.rs:550:19
[INFO] [stdout]   47:     0x57dc0d191b3a - std::panic::catch_unwind::h5ee8d7823b8ca744
[INFO] [stdout]                                at /rustc/6067b36314ab5eb2eb47cecc464545ba58e1ad24/library/std/src/panic.rs:358:14
[INFO] [stdout]   48:     0x57dc0d191b3a - std::thread::Builder::spawn_unchecked_::{{closure}}::h53c3a1894dce8407
[INFO] [stdout]                                at /rustc/6067b36314ab5eb2eb47cecc464545ba58e1ad24/library/std/src/thread/mod.rs:557:30
[INFO] [stdout]   49:     0x57dc0d191b3a - core::ops::function::FnOnce::call_once{{vtable.shim}}::h048ce291ad4f62bf
[INFO] [stdout]                                at /rustc/6067b36314ab5eb2eb47cecc464545ba58e1ad24/library/core/src/ops/function.rs:250:5
[INFO] [stdout]   50:     0x57dc0d242a4b - <alloc::boxed::Box<F,A> as core::ops::function::FnOnce<Args>>::call_once::ha52bedf99a3b4981
[INFO] [stdout]                                at /rustc/6067b36314ab5eb2eb47cecc464545ba58e1ad24/library/alloc/src/boxed.rs:2013:9
[INFO] [stdout]   51:     0x57dc0d242a4b - <alloc::boxed::Box<F,A> as core::ops::function::FnOnce<Args>>::call_once::h567748934d80ccf8
[INFO] [stdout]                                at /rustc/6067b36314ab5eb2eb47cecc464545ba58e1ad24/library/alloc/src/boxed.rs:2013:9
[INFO] [stdout]   52:     0x57dc0d242a4b - std::sys::pal::unix::thread::Thread::new::thread_start::h2d970728ae887adc
[INFO] [stdout]                                at /rustc/6067b36314ab5eb2eb47cecc464545ba58e1ad24/library/std/src/sys/pal/unix/thread.rs:106:17
[INFO] [stdout]   53:     0x724450681ac3 - <unknown>
[INFO] [stdout]   54:     0x724450712a04 - clone
[INFO] [stdout]   55:                0x0 - <unknown>
[INFO] [stdout] 
[INFO] [stdout] 
[INFO] [stdout] failures:
[INFO] [stdout]     regression_test
[INFO] [stdout] 
[INFO] [stdout] test result: FAILED. 0 passed; 1 failed; 0 ignored; 0 measured; 0 filtered out; finished in 0.86s
[INFO] [stdout] 
[INFO] [stderr] error: test failed, to rerun pass `--test regression_test`
[INFO] running `Command { std: "docker" "inspect" "44caa29d00a07c752de46dedaf69c9460e4ea5d89384f49f5c6552bc641d05b4", kill_on_drop: false }`
[INFO] running `Command { std: "docker" "rm" "-f" "44caa29d00a07c752de46dedaf69c9460e4ea5d89384f49f5c6552bc641d05b4", kill_on_drop: false }`
[INFO] [stdout] 44caa29d00a07c752de46dedaf69c9460e4ea5d89384f49f5c6552bc641d05b4
