[INFO] cloning repository https://github.com/Pr3c10us/copy-sol-cat
[INFO] running `Command { std: "git" "-c" "credential.helper=" "-c" "credential.helper=/workspace/cargo-home/bin/git-credential-null" "clone" "--bare" "https://github.com/Pr3c10us/copy-sol-cat" "/workspace/cache/git-repos/https%3A%2F%2Fgithub.com%2FPr3c10us%2Fcopy-sol-cat", kill_on_drop: false }`
[INFO] [stderr] Cloning into bare repository '/workspace/cache/git-repos/https%3A%2F%2Fgithub.com%2FPr3c10us%2Fcopy-sol-cat'...
[INFO] running `Command { std: "git" "rev-parse" "HEAD", kill_on_drop: false }`
[INFO] [stdout] 007dbe7a2911833152c518350cf018b2d5d74b02
[INFO] testing Pr3c10us/copy-sol-cat against nightly-2025-01-18+rustflags=-Zrandomize-layout for randomize-layout-2
[INFO] running `Command { std: "git" "clone" "/workspace/cache/git-repos/https%3A%2F%2Fgithub.com%2FPr3c10us%2Fcopy-sol-cat" "/workspace/builds/worker-6-tc2/source", kill_on_drop: false }`
[INFO] [stderr] Cloning into '/workspace/builds/worker-6-tc2/source'...
[INFO] [stderr] done.
[INFO] validating manifest of git repo https://github.com/Pr3c10us/copy-sol-cat on toolchain nightly-2025-01-18
[INFO] running `Command { std: CARGO_HOME="/workspace/cargo-home" RUSTUP_HOME="/workspace/rustup-home" "/workspace/cargo-home/bin/cargo" "+nightly-2025-01-18" "metadata" "--manifest-path" "Cargo.toml" "--no-deps", kill_on_drop: false }`
[INFO] started tweaking git repo https://github.com/Pr3c10us/copy-sol-cat
[INFO] finished tweaking git repo https://github.com/Pr3c10us/copy-sol-cat
[INFO] tweaked toml for git repo https://github.com/Pr3c10us/copy-sol-cat written to /workspace/builds/worker-6-tc2/source/Cargo.toml
[INFO] crate git repo https://github.com/Pr3c10us/copy-sol-cat already has a lockfile, it will not be regenerated
[INFO] running `Command { std: CARGO_HOME="/workspace/cargo-home" RUSTUP_HOME="/workspace/rustup-home" "/workspace/cargo-home/bin/cargo" "+nightly-2025-01-18" "fetch" "--manifest-path" "Cargo.toml", kill_on_drop: false }`
[INFO] [stderr] warning: virtual workspace defaulting to `resolver = "1"` despite one or more workspace members being on edition 2021 which implies `resolver = "2"`
[INFO] [stderr] note: to keep the current resolver, specify `workspace.resolver = "1"` in the workspace root's manifest
[INFO] [stderr] note: to use the edition 2021 resolver, specify `workspace.resolver = "2"` in the workspace root's manifest
[INFO] [stderr] note: for more details see https://doc.rust-lang.org/cargo/reference/resolver.html#resolver-versions
[INFO] running `Command { std: "docker" "create" "-v" "/var/lib/crater-agent-workspace/builds/worker-6-tc2/target:/opt/rustwide/target:rw,Z" "-v" "/var/lib/crater-agent-workspace/builds/worker-6-tc2/source:/opt/rustwide/workdir:ro,Z" "-v" "/var/lib/crater-agent-workspace/cargo-home:/opt/rustwide/cargo-home:ro,Z" "-v" "/var/lib/crater-agent-workspace/rustup-home:/opt/rustwide/rustup-home:ro,Z" "-e" "SOURCE_DIR=/opt/rustwide/workdir" "-e" "CARGO_TARGET_DIR=/opt/rustwide/target" "-e" "CARGO_HOME=/opt/rustwide/cargo-home" "-e" "RUSTUP_HOME=/opt/rustwide/rustup-home" "-w" "/opt/rustwide/workdir" "-m" "1610612736" "--user" "0:0" "--network" "none" "ghcr.io/rust-lang/crates-build-env/linux@sha256:819108c5571ea2e421544af4d832f968d213c87fbe3707a016657f43d2f853bc" "/opt/rustwide/cargo-home/bin/cargo" "+nightly-2025-01-18" "metadata" "--no-deps" "--format-version=1", kill_on_drop: false }`
[INFO] [stdout] 743d5e9233bf53599d1b0e1bbf55277c5c91e60cb1a18e99319d940e0cff4d5b
[INFO] running `Command { std: "docker" "start" "-a" "743d5e9233bf53599d1b0e1bbf55277c5c91e60cb1a18e99319d940e0cff4d5b", kill_on_drop: false }`
[INFO] running `Command { std: "docker" "inspect" "743d5e9233bf53599d1b0e1bbf55277c5c91e60cb1a18e99319d940e0cff4d5b", kill_on_drop: false }`
[INFO] running `Command { std: "docker" "rm" "-f" "743d5e9233bf53599d1b0e1bbf55277c5c91e60cb1a18e99319d940e0cff4d5b", kill_on_drop: false }`
[INFO] [stdout] 743d5e9233bf53599d1b0e1bbf55277c5c91e60cb1a18e99319d940e0cff4d5b
[INFO] running `Command { std: "docker" "create" "-v" "/var/lib/crater-agent-workspace/builds/worker-6-tc2/target:/opt/rustwide/target:rw,Z" "-v" "/var/lib/crater-agent-workspace/builds/worker-6-tc2/source:/opt/rustwide/workdir:ro,Z" "-v" "/var/lib/crater-agent-workspace/cargo-home:/opt/rustwide/cargo-home:ro,Z" "-v" "/var/lib/crater-agent-workspace/rustup-home:/opt/rustwide/rustup-home:ro,Z" "-e" "SOURCE_DIR=/opt/rustwide/workdir" "-e" "CARGO_TARGET_DIR=/opt/rustwide/target" "-e" "CARGO_INCREMENTAL=0" "-e" "RUST_BACKTRACE=full" "-e" "RUSTFLAGS=--cap-lints=forbid -Zrandomize-layout" "-e" "RUSTDOCFLAGS=--cap-lints=forbid" "-e" "CARGO_HOME=/opt/rustwide/cargo-home" "-e" "RUSTUP_HOME=/opt/rustwide/rustup-home" "-w" "/opt/rustwide/workdir" "-m" "1610612736" "--user" "0:0" "--network" "none" "ghcr.io/rust-lang/crates-build-env/linux@sha256:819108c5571ea2e421544af4d832f968d213c87fbe3707a016657f43d2f853bc" "/opt/rustwide/cargo-home/bin/cargo" "+nightly-2025-01-18" "build" "--frozen" "--message-format=json", kill_on_drop: false }`
[INFO] [stdout] 9e789349642b40b21f047e8c467a20f2b31c5e63e4b1774d8b3594c2915e6cbb
[INFO] running `Command { std: "docker" "start" "-a" "9e789349642b40b21f047e8c467a20f2b31c5e63e4b1774d8b3594c2915e6cbb", kill_on_drop: false }`
[INFO] [stderr] warning: virtual workspace defaulting to `resolver = "1"` despite one or more workspace members being on edition 2021 which implies `resolver = "2"`
[INFO] [stderr] note: to keep the current resolver, specify `workspace.resolver = "1"` in the workspace root's manifest
[INFO] [stderr] note: to use the edition 2021 resolver, specify `workspace.resolver = "2"` in the workspace root's manifest
[INFO] [stderr] note: for more details see https://doc.rust-lang.org/cargo/reference/resolver.html#resolver-versions
[INFO] [stderr]    Compiling proc-macro2 v1.0.92
[INFO] [stderr]    Compiling unicode-ident v1.0.14
[INFO] [stderr]    Compiling libc v0.2.169
[INFO] [stderr]    Compiling serde v1.0.217
[INFO] [stderr]    Compiling autocfg v1.4.0
[INFO] [stderr]    Compiling version_check v0.9.5
[INFO] [stderr]    Compiling typenum v1.17.0
[INFO] [stderr]    Compiling subtle v2.6.1
[INFO] [stderr]    Compiling once_cell v1.20.2
[INFO] [stderr]    Compiling byteorder v1.5.0
[INFO] [stderr]    Compiling syn v1.0.109
[INFO] [stderr]    Compiling equivalent v1.0.1
[INFO] [stderr]    Compiling hashbrown v0.15.2
[INFO] [stderr]    Compiling shlex v1.3.0
[INFO] [stderr]    Compiling cpufeatures v0.2.16
[INFO] [stderr]    Compiling cfg_aliases v0.2.1
[INFO] [stderr]    Compiling toml_datetime v0.6.8
[INFO] [stderr]    Compiling winnow v0.6.24
[INFO] [stderr]    Compiling semver v1.0.24
[INFO] [stderr]    Compiling borsh v1.5.3
[INFO] [stderr]    Compiling bs58 v0.5.1
[INFO] [stderr]    Compiling solana-sanitize v2.1.7
[INFO] [stderr]    Compiling log v0.4.22
[INFO] [stderr]    Compiling solana-atomic-u64 v2.1.7
[INFO] [stderr]    Compiling memchr v2.7.4
[INFO] [stderr]    Compiling generic-array v0.14.7
[INFO] [stderr]    Compiling ahash v0.8.11
[INFO] [stderr]    Compiling five8_core v0.1.1
[INFO] [stderr]    Compiling itoa v1.0.14
[INFO] [stderr]    Compiling fnv v1.0.7
[INFO] [stderr]    Compiling thiserror v1.0.69
[INFO] [stderr]    Compiling getrandom v0.1.16
[INFO] [stderr]    Compiling five8_const v0.1.3
[INFO] [stderr]    Compiling pkg-config v0.3.31
[INFO] [stderr]    Compiling pin-project-lite v0.2.16
[INFO] [stderr]    Compiling lazy_static v1.5.0
[INFO] [stderr]    Compiling crunchy v0.2.2
[INFO] [stderr]    Compiling num-traits v0.2.19
[INFO] [stderr]    Compiling opaque-debug v0.3.1
[INFO] [stderr]    Compiling smallvec v1.13.2
[INFO] [stderr]    Compiling solana-msg v2.1.7
[INFO] [stderr]    Compiling feature-probe v0.1.1
[INFO] [stderr]    Compiling bytes v1.9.0
[INFO] [stderr]    Compiling memoffset v0.9.1
[INFO] [stderr]    Compiling indexmap v2.7.0
[INFO] [stderr]    Compiling rustc_version v0.4.1
[INFO] [stderr]    Compiling lock_api v0.4.12
[INFO] [stderr]    Compiling vcpkg v0.2.15
[INFO] [stderr]    Compiling bv v0.11.1
[INFO] [stderr]    Compiling arrayref v0.3.9
[INFO] [stderr]    Compiling base64 v0.12.3
[INFO] [stderr]    Compiling percent-encoding v2.3.1
[INFO] [stderr]    Compiling keccak v0.1.5
[INFO] [stderr]    Compiling either v1.13.0
[INFO] [stderr]    Compiling curve25519-dalek v4.1.3
[INFO] [stderr]    Compiling parking_lot_core v0.9.10
[INFO] [stderr]    Compiling scopeguard v1.2.0
[INFO] [stderr]    Compiling quote v1.0.38
[INFO] [stderr]    Compiling arrayvec v0.7.6
[INFO] [stderr]    Compiling base64 v0.22.1
[INFO] [stderr]    Compiling constant_time_eq v0.3.1
[INFO] [stderr]    Compiling solana-native-token v2.1.7
[INFO] [stderr]    Compiling futures-core v0.3.31
[INFO] [stderr]    Compiling solana-program-option v2.1.7
[INFO] [stderr]    Compiling slab v0.4.9
[INFO] [stderr]    Compiling foreign-types-shared v0.1.1
[INFO] [stderr]    Compiling paste v1.0.15
[INFO] [stderr]    Compiling openssl v0.10.68
[INFO] [stderr]    Compiling serde_json v1.0.135
[INFO] [stderr]    Compiling ryu v1.0.18
[INFO] [stderr]    Compiling syn v2.0.95
[INFO] [stderr]    Compiling getrandom v0.2.15
[INFO] [stderr]    Compiling jobserver v0.1.32
[INFO] [stderr]    Compiling socket2 v0.5.8
[INFO] [stderr]    Compiling foreign-types v0.3.2
[INFO] [stderr]    Compiling strsim v0.11.1
[INFO] [stderr]    Compiling ident_case v1.0.1
[INFO] [stderr]    Compiling signal-hook-registry v1.4.2
[INFO] [stderr]    Compiling rand_core v0.5.1
[INFO] [stderr]    Compiling rand_core v0.6.4
[INFO] [stderr]    Compiling mio v1.0.3
[INFO] [stderr]    Compiling parking_lot v0.12.3
[INFO] [stderr]    Compiling itertools v0.10.5
[INFO] [stderr]    Compiling cc v1.2.7
[INFO] [stderr]    Compiling futures-sink v0.3.31
[INFO] [stderr]    Compiling stable_deref_trait v1.2.0
[INFO] [stderr]    Compiling signature v1.6.4
[INFO] [stderr]    Compiling futures-task v0.3.31
[INFO] [stderr]    Compiling solana-decode-error v2.1.7
[INFO] [stderr]    Compiling num-integer v0.1.46
[INFO] [stderr]    Compiling solana-program-memory v2.1.7
[INFO] [stderr]    Compiling ed25519 v1.5.3
[INFO] [stderr]    Compiling toml_edit v0.22.22
[INFO] [stderr]    Compiling futures-channel v0.3.31
[INFO] [stderr]    Compiling derivation-path v0.2.0
[INFO] [stderr]    Compiling untrusted v0.9.0
[INFO] [stderr]    Compiling spin v0.9.8
[INFO] [stderr]    Compiling futures-io v0.3.31
[INFO] [stderr]    Compiling solana-precompile-error v2.1.7
[INFO] [stderr]    Compiling qstring v0.7.2
[INFO] [stderr]    Compiling uriparse v0.6.4
[INFO] [stderr]    Compiling num-bigint v0.4.6
[INFO] [stderr]    Compiling iana-time-zone v0.1.61
[INFO] [stderr]    Compiling memmap2 v0.5.10
[INFO] [stderr]    Compiling itertools v0.12.1
[INFO] [stderr]    Compiling tracing-core v0.1.33
[INFO] [stderr]    Compiling siphasher v0.3.11
[INFO] [stderr]    Compiling writeable v0.5.5
[INFO] [stderr]    Compiling crossbeam-utils v0.8.21
[INFO] [stderr]    Compiling litemap v0.7.4
[INFO] [stderr]    Compiling icu_locid_transform_data v1.5.0
[INFO] [stderr]    Compiling httparse v1.9.5
[INFO] [stderr]    Compiling icu_properties_data v1.5.0
[INFO] [stderr]    Compiling utf16_iter v1.0.5
[INFO] [stderr]    Compiling write16 v1.0.0
[INFO] [stderr]    Compiling tracing v0.1.41
[INFO] [stderr]    Compiling utf8_iter v1.0.4
[INFO] [stderr]    Compiling icu_normalizer_data v1.5.0
[INFO] [stderr]    Compiling try-lock v0.2.5
[INFO] [stderr]    Compiling http v0.2.12
[INFO] [stderr]    Compiling want v0.3.1
[INFO] [stderr]    Compiling form_urlencoded v1.2.1
[INFO] [stderr]    Compiling rustls v0.21.12
[INFO] [stderr]    Compiling tower-service v0.3.3
[INFO] [stderr]    Compiling alloc-no-stdlib v2.0.4
[INFO] [stderr]    Compiling unicase v2.8.1
[INFO] [stderr]    Compiling adler2 v2.0.0
[INFO] [stderr]    Compiling solana-derivation-path v2.1.7
[INFO] [stderr]    Compiling alloc-stdlib v0.2.2
[INFO] [stderr]    Compiling miniz_oxide v0.8.2
[INFO] [stderr]    Compiling crc32fast v1.4.2
[INFO] [stderr]    Compiling brotli-decompressor v4.0.1
[INFO] [stderr]    Compiling mime_guess v2.0.5
[INFO] [stderr]    Compiling mime v0.3.17
[INFO] [stderr]    Compiling httpdate v1.0.3
[INFO] [stderr]    Compiling encoding_rs v0.8.35
[INFO] [stderr]    Compiling base64 v0.21.7
[INFO] [stderr]    Compiling ipnet v2.10.1
[INFO] [stderr]    Compiling sync_wrapper v0.1.2
[INFO] [stderr]    Compiling webpki-roots v0.25.4
[INFO] [stderr]    Compiling num-bigint v0.2.6
[INFO] [stderr]    Compiling openssl-src v300.4.1+3.4.0
[INFO] [stderr]    Compiling num-complex v0.2.4
[INFO] [stderr]    Compiling rustls-pemfile v1.0.4
[INFO] [stderr]    Compiling num-rational v0.2.4
[INFO] [stderr]    Compiling flate2 v1.0.35
[INFO] [stderr]    Compiling http-body v0.4.6
[INFO] [stderr]    Compiling brotli v7.0.0
[INFO] [stderr]    Compiling crossbeam-channel v0.5.14
[INFO] [stderr]    Compiling void v1.0.2
[INFO] [stderr]    Compiling unreachable v1.0.0
[INFO] [stderr]    Compiling num-iter v0.1.45
[INFO] [stderr]    Compiling gethostname v0.2.3
[INFO] [stderr]    Compiling ascii v0.9.3
[INFO] [stderr]    Compiling hash32 v0.2.1
[INFO] [stderr]    Compiling eager v0.1.0
[INFO] [stderr]    Compiling scroll v0.11.0
[INFO] [stderr]    Compiling rustc-demangle v0.1.24
[INFO] [stderr]    Compiling solana-measure v2.1.7
[INFO] [stderr]    Compiling solana-log-collector v2.1.7
[INFO] [stderr]    Compiling combine v3.8.1
[INFO] [stderr]    Compiling zstd-safe v7.2.1
[INFO] [stderr]    Compiling crossbeam-epoch v0.9.18
[INFO] [stderr]    Compiling proc-macro-crate v3.2.0
[INFO] [stderr]    Compiling rayon-core v1.12.1
[INFO] [stderr]    Compiling openssl-probe v0.1.5
[INFO] [stderr]    Compiling rustls-pki-types v1.10.1
[INFO] [stderr]    Compiling portable-atomic v1.10.0
[INFO] [stderr]    Compiling openssl-sys v0.9.104
[INFO] [stderr]    Compiling blake3 v1.5.5
[INFO] [stderr]    Compiling borsh-derive-internal v0.10.4
[INFO] [stderr]    Compiling borsh-schema-derive-internal v0.10.4
[INFO] [stderr]    Compiling ring v0.17.8
[INFO] [stderr]    Compiling zstd-sys v2.0.13+zstd.1.5.6
[INFO] [stderr]    Compiling crossbeam-deque v0.8.6
[INFO] [stderr]    Compiling anyhow v1.0.95
[INFO] [stderr]    Compiling num-conv v0.1.0
[INFO] [stderr]    Compiling time-core v0.1.2
[INFO] [stderr]    Compiling powerfmt v0.2.0
[INFO] [stderr]    Compiling num v0.2.1
[INFO] [stderr]    Compiling percentage v0.1.0
[INFO] [stderr]    Compiling unicode-xid v0.2.6
[INFO] [stderr]    Compiling minimal-lexical v0.2.1
[INFO] [stderr]    Compiling synstructure v0.12.6
[INFO] [stderr]    Compiling deranged v0.3.11
[INFO] [stderr]    Compiling nom v7.1.3
[INFO] [stderr]    Compiling time-macros v0.2.19
[INFO] [stderr]    Compiling rustls-pemfile v2.2.0
[INFO] [stderr]    Compiling rayon v1.10.0
[INFO] [stderr]    Compiling task-local-extensions v0.1.4
[INFO] [stderr]    Compiling nix v0.29.0
[INFO] [stderr]    Compiling data-encoding v2.6.0
[INFO] [stderr]    Compiling rustls v0.23.21
[INFO] [stderr]    Compiling concurrent-queue v2.5.0
[INFO] [stderr]    Compiling synstructure v0.13.1
[INFO] [stderr]    Compiling darling_core v0.20.10
[INFO] [stderr]    Compiling thiserror v2.0.11
[INFO] [stderr]    Compiling rustls-native-certs v0.7.3
[INFO] [stderr]    Compiling num_cpus v1.16.0
[INFO] [stderr]    Compiling http v1.2.0
[INFO] [stderr]    Compiling aho-corasick v1.1.3
[INFO] [stderr]    Compiling ark-serialize-derive v0.4.2
[INFO] [stderr]    Compiling derivative v2.2.0
[INFO] [stderr]    Compiling ark-ff-macros v0.4.2
[INFO] [stderr]    Compiling ark-ff-asm v0.4.2
[INFO] [stderr]    Compiling time v0.3.37
[INFO] [stderr]    Compiling asn1-rs-derive v0.4.0
[INFO] [stderr]    Compiling rusticata-macros v4.1.0
[INFO] [stderr]    Compiling asn1-rs-impl v0.1.0
[INFO] [stderr]    Compiling quinn-udp v0.5.9
[INFO] [stderr]    Compiling oid-registry v0.6.1
[INFO] [stderr]    Compiling tinyvec_macros v0.1.1
[INFO] [stderr]    Compiling solana-perf v2.1.7
[INFO] [stderr]    Compiling unicode-width v0.2.0
[INFO] [stderr]    Compiling tinyvec v1.8.1
[INFO] [stderr]    Compiling regex-automata v0.4.9
[INFO] [stderr]    Compiling solana-rayon-threadlimit v2.1.7
[INFO] [stderr]    Compiling rustc-hash v2.1.0
[INFO] [stderr]    Compiling number_prefix v0.4.0
[INFO] [stderr]    Compiling hashbrown v0.14.5
[INFO] [stderr]    Compiling base64 v0.13.1
[INFO] [stderr]    Compiling http-body v1.0.1
[INFO] [stderr]    Compiling console v0.15.10
[INFO] [stderr]    Compiling spinning_top v0.3.0
[INFO] [stderr]    Compiling event-listener v2.5.3
[INFO] [stderr]    Compiling native-tls v0.2.12
[INFO] [stderr]    Compiling solana-security-txt v1.1.1
[INFO] [stderr]    Compiling serde_derive v1.0.217
[INFO] [stderr]    Compiling zerocopy-derive v0.7.35
[INFO] [stderr]    Compiling zeroize_derive v1.4.2
[INFO] [stderr]    Compiling borsh-derive v1.5.3
[INFO] [stderr]    Compiling bytemuck_derive v1.8.1
[INFO] [stderr]    Compiling curve25519-dalek-derive v0.1.1
[INFO] [stderr]    Compiling thiserror-impl v1.0.69
[INFO] [stderr]    Compiling solana-sdk-macro v2.1.7
[INFO] [stderr]    Compiling num-derive v0.4.2
[INFO] [stderr]    Compiling zeroize v1.8.1
[INFO] [stderr]    Compiling openssl-macros v0.1.1
[INFO] [stderr]    Compiling displaydoc v0.2.5
[INFO] [stderr]    Compiling zerofrom-derive v0.1.5
[INFO] [stderr]    Compiling tokio-macros v2.4.0
[INFO] [stderr]    Compiling zerocopy v0.7.35
[INFO] [stderr]    Compiling yoke-derive v0.7.5
[INFO] [stderr]    Compiling darling_macro v0.20.10
[INFO] [stderr]    Compiling zerovec-derive v0.10.3
[INFO] [stderr]    Compiling darling v0.20.10
[INFO] [stderr]    Compiling serde_with_macros v3.12.0
[INFO] [stderr]    Compiling num_enum_derive v0.7.3
[INFO] [stderr]    Compiling futures-macro v0.3.31
[INFO] [stderr]    Compiling bytemuck v1.21.0
[INFO] [stderr]    Compiling tokio v1.42.0
[INFO] [stderr]    Compiling ppv-lite86 v0.2.20
[INFO] [stderr]    Compiling cfg_eval v0.1.2
[INFO] [stderr]    Compiling hashbrown v0.13.2
[INFO] [stderr]    Compiling icu_provider_macros v1.5.0
[INFO] [stderr]    Compiling enum-iterator-derive v1.4.0
[INFO] [stderr]    Compiling rand_chacha v0.3.1
[INFO] [stderr]    Compiling rand v0.8.5
[INFO] [stderr]    Compiling rand_chacha v0.2.2
[INFO] [stderr]    Compiling zerofrom v0.1.5
[INFO] [stderr]    Compiling yoke v0.7.5
[INFO] [stderr]    Compiling rand v0.7.3
[INFO] [stderr]    Compiling futures-util v0.3.31
[INFO] [stderr]    Compiling num_enum v0.7.3
[INFO] [stderr]    Compiling zerovec v0.10.4
[INFO] [stderr]    Compiling merlin v3.0.0
[INFO] [stderr]    Compiling async-trait v0.1.85
[INFO] [stderr]    Compiling asn1-rs v0.5.2
[INFO] [stderr]    Compiling dlopen2_derive v0.3.0
[INFO] [stderr]    Compiling enum-iterator v1.5.0
[INFO] [stderr]    Compiling thiserror-impl v2.0.11
[INFO] [stderr]    Compiling ark-std v0.4.0
[INFO] [stderr]    Compiling solana_rbpf v0.8.5
[INFO] [stderr]    Compiling solana-type-overrides v2.1.7
[INFO] [stderr]    Compiling dlopen2 v0.5.0
[INFO] [stderr]    Compiling rustls-webpki v0.101.7
[INFO] [stderr]    Compiling sct v0.7.1
[INFO] [stderr]    Compiling rustls-webpki v0.102.8
[INFO] [stderr]    Compiling caps v0.5.5
[INFO] [stderr]    Compiling regex v1.11.1
[INFO] [stderr]    Compiling tinystr v0.7.6
[INFO] [stderr]    Compiling icu_collections v1.5.0
[INFO] [stderr]    Compiling webpki-roots v0.24.0
[INFO] [stderr]    Compiling icu_locid v1.5.0
[INFO] [stderr]    Compiling der-parser v8.2.0
[INFO] [stderr]    Compiling dashmap v5.5.3
[INFO] [stderr]    Compiling indicatif v0.17.9
[INFO] [stderr]    Compiling nonzero_ext v0.3.0
[INFO] [stderr]    Compiling parking v2.2.1
[INFO] [stderr]    Compiling utf-8 v0.7.6
[INFO] [stderr]    Compiling no-std-compat v0.4.1
[INFO] [stderr]    Compiling futures-timer v3.0.3
[INFO] [stderr]    Compiling atomic-waker v1.1.2
[INFO] [stderr]    Compiling event-listener v5.4.0
[INFO] [stderr]    Compiling Inflector v0.11.4
[INFO] [stderr]    Compiling x509-parser v0.14.0
[INFO] [stderr]    Compiling icu_provider v1.5.0
[INFO] [stderr]    Compiling pem v1.1.1
[INFO] [stderr]    Compiling async-channel v1.9.0
[INFO] [stderr]    Compiling histogram v0.6.9
[INFO] [stderr]    Compiling event-listener-strategy v0.5.3
[INFO] [stderr]    Compiling signature v2.3.0-pre.4
[INFO] [stderr]    Compiling icu_locid_transform v1.5.0
[INFO] [stderr]    Compiling async-lock v3.4.0
[INFO] [stderr]    Compiling dotenv v0.15.0
[INFO] [stderr]    Compiling futures-executor v0.3.31
[INFO] [stderr]    Compiling http-body-util v0.1.2
[INFO] [stderr]    Compiling tokio-util v0.7.13
[INFO] [stderr]    Compiling async-compression v0.4.18
[INFO] [stderr]    Compiling futures v0.3.31
[INFO] [stderr]    Compiling tokio-stream v0.1.17
[INFO] [stderr]    Compiling h2 v0.3.26
[INFO] [stderr]    Compiling icu_properties v1.5.1
[INFO] [stderr]    Compiling tokio-rustls v0.24.1
[INFO] [stderr]    Compiling toml v0.5.11
[INFO] [stderr]    Compiling solana-hash v2.1.7
[INFO] [stderr]    Compiling bincode v1.3.3
[INFO] [stderr]    Compiling bitflags v2.6.0
[INFO] [stderr]    Compiling solana-serde-varint v2.1.7
[INFO] [stderr]    Compiling serde_bytes v0.11.15
[INFO] [stderr]    Compiling solana-fee-calculator v2.1.7
[INFO] [stderr]    Compiling solana-short-vec v2.1.7
[INFO] [stderr]    Compiling serde_with v3.12.0
[INFO] [stderr]    Compiling solana-inflation v2.1.7
[INFO] [stderr]    Compiling chrono v0.4.39
[INFO] [stderr]    Compiling serde_urlencoded v0.7.1
[INFO] [stderr]    Compiling crypto-common v0.1.6
[INFO] [stderr]    Compiling block-buffer v0.10.4
[INFO] [stderr]    Compiling digest v0.9.0
[INFO] [stderr]    Compiling digest v0.10.7
[INFO] [stderr]    Compiling libsecp256k1-core v0.2.2
[INFO] [stderr]    Compiling block-buffer v0.9.0
[INFO] [stderr]    Compiling sha2 v0.9.9
[INFO] [stderr]    Compiling crypto-mac v0.8.0
[INFO] [stderr]    Compiling sha2 v0.10.8
[INFO] [stderr]    Compiling proc-macro-crate v0.1.5
[INFO] [stderr]    Compiling hmac v0.8.1
[INFO] [stderr]    Compiling hmac-drbg v0.3.0
[INFO] [stderr]    Compiling sha3 v0.10.8
[INFO] [stderr]    Compiling libsecp256k1-gen-genmult v0.2.1
[INFO] [stderr]    Compiling solana-sha256-hasher v2.1.7
[INFO] [stderr]    Compiling libsecp256k1-gen-ecmult v0.2.1
[INFO] [stderr]    Compiling ark-serialize v0.4.2
[INFO] [stderr]    Compiling curve25519-dalek v3.2.0
[INFO] [stderr]    Compiling hmac v0.12.1
[INFO] [stderr]    Compiling pbkdf2 v0.11.0
[INFO] [stderr]    Compiling solana-packet v2.1.7
[INFO] [stderr]    Compiling borsh-derive v0.10.4
[INFO] [stderr]    Compiling inout v0.1.3
[INFO] [stderr]    Compiling libsecp256k1 v0.6.0
[INFO] [stderr]    Compiling cipher v0.4.4
[INFO] [stderr]    Compiling ark-ff v0.4.2
[INFO] [stderr]    Compiling universal-hash v0.5.1
[INFO] [stderr]    Compiling borsh v0.10.4
[INFO] [stderr]    Compiling ctr v0.9.2
[INFO] [stderr]    Compiling polyval v0.6.2
[INFO] [stderr]    Compiling aes v0.8.4
[INFO] [stderr]    Compiling aead v0.5.2
[INFO] [stderr]    Compiling ed25519-dalek v1.0.1
[INFO] [stderr]    Compiling icu_normalizer v1.5.0
[INFO] [stderr]    Compiling aes-gcm-siv v0.11.1
[INFO] [stderr]    Compiling spl-program-error-derive v0.4.1
[INFO] [stderr]    Compiling spl-discriminator-syn v0.2.0
[INFO] [stderr]    Compiling solana-pubkey v2.1.7
[INFO] [stderr]    Compiling solana-borsh v2.1.7
[INFO] [stderr]    Compiling ed25519-dalek-bip32 v0.2.0
[INFO] [stderr]    Compiling solana-signature v2.1.7
[INFO] [stderr]    Compiling solana-curve25519 v2.1.7
[INFO] [stderr]    Compiling spl-discriminator-derive v0.2.0
[INFO] [stderr]    Compiling idna_adapter v1.2.0
[INFO] [stderr]    Compiling solana-instruction v2.1.7
[INFO] [stderr]    Compiling solana-sysvar-id v2.1.7
[INFO] [stderr]    Compiling solana-clock v2.1.7
[INFO] [stderr]    Compiling solana-epoch-schedule v2.1.7
[INFO] [stderr]    Compiling solana-last-restart-slot v2.1.7
[INFO] [stderr]    Compiling solana-slot-history v2.1.7
[INFO] [stderr]    Compiling solana-slot-hashes v2.1.7
[INFO] [stderr]    Compiling solana-program-error v2.1.7
[INFO] [stderr]    Compiling solana-bincode v2.1.7
[INFO] [stderr]    Compiling solana-transaction-error v2.1.7
[INFO] [stderr]    Compiling solana-serialize-utils v2.1.7
[INFO] [stderr]    Compiling solana-stable-layout v2.1.7
[INFO] [stderr]    Compiling solana-rent v2.1.7
[INFO] [stderr]    Compiling solana-account-info v2.1.7
[INFO] [stderr]    Compiling solana-program-pack v2.1.7
[INFO] [stderr]    Compiling solana-feature-set v2.1.7
[INFO] [stderr]    Compiling idna v1.0.3
[INFO] [stderr]    Compiling zstd v0.13.2
[INFO] [stderr]    Compiling solana-inline-spl v2.1.7
[INFO] [stderr]    Compiling jsonrpc-core v18.0.0
[INFO] [stderr]    Compiling raw-cpuid v11.2.0
[INFO] [stderr]    Compiling sha1 v0.10.6
[INFO] [stderr]    Compiling solana-program-entrypoint v2.1.7
[INFO] [stderr]    Compiling solana-cpi v2.1.7
[INFO] [stderr]    Compiling h2 v0.4.7
[INFO] [stderr]    Compiling url v2.5.4
[INFO] [stderr]    Compiling rustls-platform-verifier v0.4.0
[INFO] [stderr]    Compiling solana-version v2.1.7
[INFO] [stderr]    Compiling tungstenite v0.20.1
[INFO] [stderr]    Compiling hyper v0.14.32
[INFO] [stderr]    Compiling quinn-proto v0.11.9
[INFO] [stderr]    Compiling tokio-tungstenite v0.20.1
[INFO] [stderr]    Compiling quanta v0.12.5
[INFO] [stderr]    Compiling governor v0.6.3
[INFO] [stderr]    Compiling solana-secp256k1-recover v2.1.7
[INFO] [stderr]    Compiling hyper-rustls v0.24.2
[INFO] [stderr]    Compiling hyper v1.5.2
[INFO] [stderr]    Compiling solana-program v2.1.7
[INFO] [stderr]    Compiling reqwest v0.11.27
[INFO] [stderr]    Compiling quinn v0.11.6
[INFO] [stderr]    Compiling hyper-util v0.1.10
[INFO] [stderr]    Compiling ark-poly v0.4.2
[INFO] [stderr]    Compiling reqwest-middleware v0.2.5
[INFO] [stderr]    Compiling ark-ec v0.4.2
[INFO] [stderr]    Compiling ark-bn254 v0.4.0
[INFO] [stderr]    Compiling solana-account v2.1.7
[INFO] [stderr]    Compiling solana-bn254 v2.1.7
[INFO] [stderr]    Compiling spl-program-error v0.5.0
[INFO] [stderr]    Compiling spl-discriminator v0.3.0
[INFO] [stderr]    Compiling spl-token v6.0.0
[INFO] [stderr]    Compiling spl-memo v5.0.0
[INFO] [stderr]    Compiling solana-account-decoder-client-types v2.1.7
[INFO] [stderr]    Compiling solana-secp256r1-program v2.1.7
[INFO] [stderr]    Compiling tokio-native-tls v0.3.1
[INFO] [stderr]    Compiling hyper-tls v0.6.0
[INFO] [stderr]    Compiling solana-sdk v2.1.7
[INFO] [stderr]    Compiling reqwest v0.12.4
[INFO] [stderr]    Compiling solana-metrics v2.1.7
[INFO] [stderr]    Compiling solana-compute-budget v2.1.7
[INFO] [stderr]    Compiling solana-timings v2.1.7
[INFO] [stderr]    Compiling solana-vote v2.1.7
[INFO] [stderr]    Compiling solana-zk-token-sdk v2.1.7
[INFO] [stderr]    Compiling solana-transaction-status-client-types v2.1.7
[INFO] [stderr]    Compiling solana-net-utils v2.1.7
[INFO] [stderr]    Compiling solana-program-runtime v2.1.7
[INFO] [stderr]    Compiling solana-connection-cache v2.1.7
[INFO] [stderr]    Compiling solana-rpc-client-api v2.1.7
[INFO] [stderr]    Compiling solana-vote-program v2.1.7
[INFO] [stderr]    Compiling solana-config-program v2.1.7
[INFO] [stderr]    Compiling solana-transaction-metrics-tracker v2.1.7
[INFO] [stderr]    Compiling solana-streamer v2.1.7
[INFO] [stderr]    Compiling solana-rpc-client v2.1.7
[INFO] [stderr]    Compiling spl-pod v0.3.1
[INFO] [stderr]    Compiling solana-quic-client v2.1.7
[INFO] [stderr]    Compiling solana-udp-client v2.1.7
[INFO] [stderr]    Compiling spl-type-length-value v0.5.0
[INFO] [stderr]    Compiling spl-token-group-interface v0.3.0
[INFO] [stderr]    Compiling spl-tlv-account-resolution v0.7.0
[INFO] [stderr]    Compiling spl-token-metadata-interface v0.4.0
[INFO] [stderr]    Compiling spl-transfer-hook-interface v0.7.0
[INFO] [stderr]    Compiling spl-token-2022 v4.0.0
[INFO] [stderr]    Compiling solana-thin-client v2.1.7
[INFO] [stderr]    Compiling solana-rpc-client-nonce-utils v2.1.7
[INFO] [stderr]    Compiling solana-account-decoder v2.1.7
[INFO] [stderr]    Compiling solana-pubsub-client v2.1.7
[INFO] [stderr]    Compiling solana-tpu-client v2.1.7
[INFO] [stderr]    Compiling solana-client v2.1.7
[INFO] [stderr]    Compiling jupiter_dex v0.1.0 (/opt/rustwide/workdir/jupiter_dex)
[INFO] [stderr]     Finished `dev` profile [unoptimized + debuginfo] target(s) in 3m 52s
[INFO] running `Command { std: "docker" "inspect" "9e789349642b40b21f047e8c467a20f2b31c5e63e4b1774d8b3594c2915e6cbb", kill_on_drop: false }`
[INFO] running `Command { std: "docker" "rm" "-f" "9e789349642b40b21f047e8c467a20f2b31c5e63e4b1774d8b3594c2915e6cbb", kill_on_drop: false }`
[INFO] [stdout] 9e789349642b40b21f047e8c467a20f2b31c5e63e4b1774d8b3594c2915e6cbb
[INFO] running `Command { std: "docker" "create" "-v" "/var/lib/crater-agent-workspace/builds/worker-6-tc2/target:/opt/rustwide/target:rw,Z" "-v" "/var/lib/crater-agent-workspace/builds/worker-6-tc2/source:/opt/rustwide/workdir:ro,Z" "-v" "/var/lib/crater-agent-workspace/cargo-home:/opt/rustwide/cargo-home:ro,Z" "-v" "/var/lib/crater-agent-workspace/rustup-home:/opt/rustwide/rustup-home:ro,Z" "-e" "SOURCE_DIR=/opt/rustwide/workdir" "-e" "CARGO_TARGET_DIR=/opt/rustwide/target" "-e" "CARGO_INCREMENTAL=0" "-e" "RUST_BACKTRACE=full" "-e" "RUSTFLAGS=--cap-lints=forbid -Zrandomize-layout" "-e" "RUSTDOCFLAGS=--cap-lints=forbid" "-e" "CARGO_HOME=/opt/rustwide/cargo-home" "-e" "RUSTUP_HOME=/opt/rustwide/rustup-home" "-w" "/opt/rustwide/workdir" "-m" "1610612736" "--user" "0:0" "--network" "none" "ghcr.io/rust-lang/crates-build-env/linux@sha256:819108c5571ea2e421544af4d832f968d213c87fbe3707a016657f43d2f853bc" "/opt/rustwide/cargo-home/bin/cargo" "+nightly-2025-01-18" "test" "--frozen" "--no-run" "--message-format=json", kill_on_drop: false }`
[INFO] [stdout] 1aedd0f09e78628cd53c5a5d9167853ae607385cde2d63d3d32deb7aa5f3de06
[INFO] running `Command { std: "docker" "start" "-a" "1aedd0f09e78628cd53c5a5d9167853ae607385cde2d63d3d32deb7aa5f3de06", kill_on_drop: false }`
[INFO] [stderr] warning: virtual workspace defaulting to `resolver = "1"` despite one or more workspace members being on edition 2021 which implies `resolver = "2"`
[INFO] [stderr] note: to keep the current resolver, specify `workspace.resolver = "1"` in the workspace root's manifest
[INFO] [stderr] note: to use the edition 2021 resolver, specify `workspace.resolver = "2"` in the workspace root's manifest
[INFO] [stderr] note: for more details see https://doc.rust-lang.org/cargo/reference/resolver.html#resolver-versions
[INFO] [stderr]    Compiling jupiter_dex v0.1.0 (/opt/rustwide/workdir/jupiter_dex)
[INFO] [stderr]     Finished `test` profile [unoptimized + debuginfo] target(s) in 10.28s
[INFO] running `Command { std: "docker" "inspect" "1aedd0f09e78628cd53c5a5d9167853ae607385cde2d63d3d32deb7aa5f3de06", kill_on_drop: false }`
[INFO] running `Command { std: "docker" "rm" "-f" "1aedd0f09e78628cd53c5a5d9167853ae607385cde2d63d3d32deb7aa5f3de06", kill_on_drop: false }`
[INFO] [stdout] 1aedd0f09e78628cd53c5a5d9167853ae607385cde2d63d3d32deb7aa5f3de06
[INFO] running `Command { std: "docker" "create" "-v" "/var/lib/crater-agent-workspace/builds/worker-6-tc2/target:/opt/rustwide/target:rw,Z" "-v" "/var/lib/crater-agent-workspace/builds/worker-6-tc2/source:/opt/rustwide/workdir:ro,Z" "-v" "/var/lib/crater-agent-workspace/cargo-home:/opt/rustwide/cargo-home:ro,Z" "-v" "/var/lib/crater-agent-workspace/rustup-home:/opt/rustwide/rustup-home:ro,Z" "-e" "SOURCE_DIR=/opt/rustwide/workdir" "-e" "CARGO_TARGET_DIR=/opt/rustwide/target" "-e" "CARGO_INCREMENTAL=0" "-e" "RUST_BACKTRACE=full" "-e" "RUSTFLAGS=--cap-lints=forbid -Zrandomize-layout" "-e" "RUSTDOCFLAGS=--cap-lints=forbid" "-e" "CARGO_HOME=/opt/rustwide/cargo-home" "-e" "RUSTUP_HOME=/opt/rustwide/rustup-home" "-w" "/opt/rustwide/workdir" "-m" "1610612736" "--user" "0:0" "--network" "none" "ghcr.io/rust-lang/crates-build-env/linux@sha256:819108c5571ea2e421544af4d832f968d213c87fbe3707a016657f43d2f853bc" "/opt/rustwide/cargo-home/bin/cargo" "+nightly-2025-01-18" "test" "--frozen", kill_on_drop: false }`
[INFO] [stdout] 6c373f0c3e9d10d3b6bb441b494f70ab9acbaa5f7253e06be766551bfab13f34
[INFO] running `Command { std: "docker" "start" "-a" "6c373f0c3e9d10d3b6bb441b494f70ab9acbaa5f7253e06be766551bfab13f34", kill_on_drop: false }`
[INFO] [stderr] warning: virtual workspace defaulting to `resolver = "1"` despite one or more workspace members being on edition 2021 which implies `resolver = "2"`
[INFO] [stderr] note: to keep the current resolver, specify `workspace.resolver = "1"` in the workspace root's manifest
[INFO] [stderr] note: to use the edition 2021 resolver, specify `workspace.resolver = "2"` in the workspace root's manifest
[INFO] [stderr] note: for more details see https://doc.rust-lang.org/cargo/reference/resolver.html#resolver-versions
[INFO] [stderr]     Finished `test` profile [unoptimized + debuginfo] target(s) in 0.59s
[INFO] [stderr]      Running unittests src/lib.rs (/opt/rustwide/target/debug/deps/jupiter_dex-c335a92f2cb32363)
[INFO] [stdout] 
[INFO] [stdout] running 1 test
[INFO] [stdout] test tests::it_works ... FAILED
[INFO] [stdout] 
[INFO] [stdout] failures:
[INFO] [stdout] 
[INFO] [stdout] ---- tests::it_works stdout ----
[INFO] [stdout] 
[INFO] [stdout] thread 'tests::it_works' panicked at jupiter_dex/src/lib.rs:61:54:
[INFO] [stdout] PUBLIC_KEY must be set.: NotPresent
[INFO] [stdout] stack backtrace:
[INFO] [stdout]    0:     0x5c9f474f5c5a - std::backtrace_rs::backtrace::libunwind::trace::hb059275cfc8d6126
[INFO] [stdout]                                at /rustc/6067b36314ab5eb2eb47cecc464545ba58e1ad24/library/std/src/../../backtrace/src/backtrace/libunwind.rs:116:5
[INFO] [stdout]    1:     0x5c9f474f5c5a - std::backtrace_rs::backtrace::trace_unsynchronized::h2da071e4327ce3ee
[INFO] [stdout]                                at /rustc/6067b36314ab5eb2eb47cecc464545ba58e1ad24/library/std/src/../../backtrace/src/backtrace/mod.rs:66:5
[INFO] [stdout]    2:     0x5c9f474f5c5a - std::sys::backtrace::_print_fmt::h842a1474e6f8d23f
[INFO] [stdout]                                at /rustc/6067b36314ab5eb2eb47cecc464545ba58e1ad24/library/std/src/sys/backtrace.rs:66:9
[INFO] [stdout]    3:     0x5c9f474f5c5a - <std::sys::backtrace::BacktraceLock::print::DisplayBacktrace as core::fmt::Display>::fmt::h71a62eb3b9696b12
[INFO] [stdout]                                at /rustc/6067b36314ab5eb2eb47cecc464545ba58e1ad24/library/std/src/sys/backtrace.rs:39:26
[INFO] [stdout]    4:     0x5c9f475215d3 - core::fmt::rt::Argument::fmt::hdb6b616786b41dc1
[INFO] [stdout]                                at /rustc/6067b36314ab5eb2eb47cecc464545ba58e1ad24/library/core/src/fmt/rt.rs:177:76
[INFO] [stdout]    5:     0x5c9f475215d3 - core::fmt::write::h2cc1698af7e2d686
[INFO] [stdout]                                at /rustc/6067b36314ab5eb2eb47cecc464545ba58e1ad24/library/core/src/fmt/mod.rs:1440:21
[INFO] [stdout]    6:     0x5c9f474f1a03 - std::io::Write::write_fmt::hab1b4cd059a79022
[INFO] [stdout]                                at /rustc/6067b36314ab5eb2eb47cecc464545ba58e1ad24/library/std/src/io/mod.rs:1887:15
[INFO] [stdout]    7:     0x5c9f474f5aa2 - std::sys::backtrace::BacktraceLock::print::h147fe35b4ea13b08
[INFO] [stdout]                                at /rustc/6067b36314ab5eb2eb47cecc464545ba58e1ad24/library/std/src/sys/backtrace.rs:42:9
[INFO] [stdout]    8:     0x5c9f474f707f - std::panicking::default_hook::{{closure}}::hbd44223dbdc0d208
[INFO] [stdout]                                at /rustc/6067b36314ab5eb2eb47cecc464545ba58e1ad24/library/std/src/panicking.rs:298:22
[INFO] [stdout]    9:     0x5c9f474f6e98 - std::panicking::default_hook::h20f81eb0576efcec
[INFO] [stdout]                                at /rustc/6067b36314ab5eb2eb47cecc464545ba58e1ad24/library/std/src/panicking.rs:322:9
[INFO] [stdout]   10:     0x5c9f4674c613 - <alloc::boxed::Box<F,A> as core::ops::function::Fn<Args>>::call::hdb53814c496a4d34
[INFO] [stdout]                                at /rustc/6067b36314ab5eb2eb47cecc464545ba58e1ad24/library/alloc/src/boxed.rs:2027:9
[INFO] [stdout]   11:     0x5c9f4674c613 - test::test_main::{{closure}}::hc0a4963c59427c24
[INFO] [stdout]                                at /rustc/6067b36314ab5eb2eb47cecc464545ba58e1ad24/library/test/src/lib.rs:134:21
[INFO] [stdout]   12:     0x5c9f474f7b73 - <alloc::boxed::Box<F,A> as core::ops::function::Fn<Args>>::call::h591b2225413a77e9
[INFO] [stdout]                                at /rustc/6067b36314ab5eb2eb47cecc464545ba58e1ad24/library/alloc/src/boxed.rs:2027:9
[INFO] [stdout]   13:     0x5c9f474f7b73 - std::panicking::rust_panic_with_hook::h625eea43051b2edc
[INFO] [stdout]                                at /rustc/6067b36314ab5eb2eb47cecc464545ba58e1ad24/library/std/src/panicking.rs:839:13
[INFO] [stdout]   14:     0x5c9f474f782a - std::panicking::begin_panic_handler::{{closure}}::h4f9159cfbc3f6bd3
[INFO] [stdout]                                at /rustc/6067b36314ab5eb2eb47cecc464545ba58e1ad24/library/std/src/panicking.rs:704:13
[INFO] [stdout]   15:     0x5c9f474f6159 - std::sys::backtrace::__rust_end_short_backtrace::h0390abce48353151
[INFO] [stdout]                                at /rustc/6067b36314ab5eb2eb47cecc464545ba58e1ad24/library/std/src/sys/backtrace.rs:168:18
[INFO] [stdout]   16:     0x5c9f474f74bd - rust_begin_unwind
[INFO] [stdout]                                at /rustc/6067b36314ab5eb2eb47cecc464545ba58e1ad24/library/std/src/panicking.rs:695:5
[INFO] [stdout]   17:     0x5c9f4751eec0 - core::panicking::panic_fmt::h9e7c637e9e5f29c9
[INFO] [stdout]                                at /rustc/6067b36314ab5eb2eb47cecc464545ba58e1ad24/library/core/src/panicking.rs:75:14
[INFO] [stdout]   18:     0x5c9f4751f396 - core::result::unwrap_failed::h7979f09313fe1849
[INFO] [stdout]                                at /rustc/6067b36314ab5eb2eb47cecc464545ba58e1ad24/library/core/src/result.rs:1704:5
[INFO] [stdout]   19:     0x5c9f4670aa36 - core::result::Result<T,E>::expect::h0b7e10df8a2c9fbe
[INFO] [stdout]                                at /rustc/6067b36314ab5eb2eb47cecc464545ba58e1ad24/library/core/src/result.rs:1061:23
[INFO] [stdout]   20:     0x5c9f46708df5 - jupiter_dex::tests::it_works::{{closure}}::h557ca008af3b4c95
[INFO] [stdout]                                at /opt/rustwide/workdir/jupiter_dex/src/lib.rs:61:26
[INFO] [stdout]   21:     0x5c9f46705012 - <core::pin::Pin<P> as core::future::future::Future>::poll::h895ee4aedb522a34
[INFO] [stdout]                                at /rustc/6067b36314ab5eb2eb47cecc464545ba58e1ad24/library/core/src/future/future.rs:124:9
[INFO] [stdout]   22:     0x5c9f4670508d - <core::pin::Pin<P> as core::future::future::Future>::poll::hd33c1f9d0028025a
[INFO] [stdout]                                at /rustc/6067b36314ab5eb2eb47cecc464545ba58e1ad24/library/core/src/future/future.rs:124:9
[INFO] [stdout]   23:     0x5c9f466f3d1f - tokio::runtime::scheduler::current_thread::CoreGuard::block_on::{{closure}}::{{closure}}::{{closure}}::hb73037b6b05f247c
[INFO] [stdout]                                at /opt/rustwide/cargo-home/registry/src/index.crates.io-1949cf8c6b5b557f/tokio-1.42.0/src/runtime/scheduler/current_thread/mod.rs:729:57
[INFO] [stdout]   24:     0x5c9f466f3c55 - tokio::runtime::coop::with_budget::h21879b76df8ded9a
[INFO] [stdout]                                at /opt/rustwide/cargo-home/registry/src/index.crates.io-1949cf8c6b5b557f/tokio-1.42.0/src/runtime/coop.rs:107:5
[INFO] [stdout]   25:     0x5c9f466f3c55 - tokio::runtime::coop::budget::hff3ddd0050bccdc2
[INFO] [stdout]                                at /opt/rustwide/cargo-home/registry/src/index.crates.io-1949cf8c6b5b557f/tokio-1.42.0/src/runtime/coop.rs:73:5
[INFO] [stdout]   26:     0x5c9f466f3c55 - tokio::runtime::scheduler::current_thread::CoreGuard::block_on::{{closure}}::{{closure}}::hada7dc04ff56a6a7
[INFO] [stdout]                                at /opt/rustwide/cargo-home/registry/src/index.crates.io-1949cf8c6b5b557f/tokio-1.42.0/src/runtime/scheduler/current_thread/mod.rs:729:25
[INFO] [stdout]   27:     0x5c9f466f18ec - tokio::runtime::scheduler::current_thread::Context::enter::hf7ee2b0a6dd61b2b
[INFO] [stdout]                                at /opt/rustwide/cargo-home/registry/src/index.crates.io-1949cf8c6b5b557f/tokio-1.42.0/src/runtime/scheduler/current_thread/mod.rs:428:19
[INFO] [stdout]   28:     0x5c9f466f2a9b - tokio::runtime::scheduler::current_thread::CoreGuard::block_on::{{closure}}::h807f826b6aafff97
[INFO] [stdout]                                at /opt/rustwide/cargo-home/registry/src/index.crates.io-1949cf8c6b5b557f/tokio-1.42.0/src/runtime/scheduler/current_thread/mod.rs:728:36
[INFO] [stdout]   29:     0x5c9f466f27a4 - tokio::runtime::scheduler::current_thread::CoreGuard::enter::{{closure}}::h7c3f04cc6377248b
[INFO] [stdout]                                at /opt/rustwide/cargo-home/registry/src/index.crates.io-1949cf8c6b5b557f/tokio-1.42.0/src/runtime/scheduler/current_thread/mod.rs:807:68
[INFO] [stdout]   30:     0x5c9f46711a8b - tokio::runtime::context::scoped::Scoped<T>::set::hf915db6f35dcb278
[INFO] [stdout]                                at /opt/rustwide/cargo-home/registry/src/index.crates.io-1949cf8c6b5b557f/tokio-1.42.0/src/runtime/context/scoped.rs:40:9
[INFO] [stdout]   31:     0x5c9f466f8469 - tokio::runtime::context::set_scheduler::{{closure}}::hc1c75c28959ca4a0
[INFO] [stdout]                                at /opt/rustwide/cargo-home/registry/src/index.crates.io-1949cf8c6b5b557f/tokio-1.42.0/src/runtime/context.rs:180:26
[INFO] [stdout]   32:     0x5c9f46710742 - std::thread::local::LocalKey<T>::try_with::ha78335b133861b12
[INFO] [stdout]                                at /rustc/6067b36314ab5eb2eb47cecc464545ba58e1ad24/library/std/src/thread/local.rs:308:12
[INFO] [stdout]   33:     0x5c9f4670fb8a - std::thread::local::LocalKey<T>::with::h044731f810211051
[INFO] [stdout]                                at /rustc/6067b36314ab5eb2eb47cecc464545ba58e1ad24/library/std/src/thread/local.rs:272:9
[INFO] [stdout]   34:     0x5c9f466f841d - tokio::runtime::context::set_scheduler::hb5831258b05f70ee
[INFO] [stdout]                                at /opt/rustwide/cargo-home/registry/src/index.crates.io-1949cf8c6b5b557f/tokio-1.42.0/src/runtime/context.rs:180:9
[INFO] [stdout]   35:     0x5c9f466f253c - tokio::runtime::scheduler::current_thread::CoreGuard::enter::hb053c2b0c1cbe5f6
[INFO] [stdout]                                at /opt/rustwide/cargo-home/registry/src/index.crates.io-1949cf8c6b5b557f/tokio-1.42.0/src/runtime/scheduler/current_thread/mod.rs:807:27
[INFO] [stdout]   36:     0x5c9f466f2823 - tokio::runtime::scheduler::current_thread::CoreGuard::block_on::hfa638bd8ae518722
[INFO] [stdout]                                at /opt/rustwide/cargo-home/registry/src/index.crates.io-1949cf8c6b5b557f/tokio-1.42.0/src/runtime/scheduler/current_thread/mod.rs:716:19
[INFO] [stdout]   37:     0x5c9f466f05ca - tokio::runtime::scheduler::current_thread::CurrentThread::block_on::{{closure}}::h02c3cc7d68c36c79
[INFO] [stdout]                                at /opt/rustwide/cargo-home/registry/src/index.crates.io-1949cf8c6b5b557f/tokio-1.42.0/src/runtime/scheduler/current_thread/mod.rs:196:28
[INFO] [stdout]   38:     0x5c9f466fcd96 - tokio::runtime::context::runtime::enter_runtime::h109eb93f1c4e760a
[INFO] [stdout]                                at /opt/rustwide/cargo-home/registry/src/index.crates.io-1949cf8c6b5b557f/tokio-1.42.0/src/runtime/context/runtime.rs:65:16
[INFO] [stdout]   39:     0x5c9f466f02d1 - tokio::runtime::scheduler::current_thread::CurrentThread::block_on::h3570747c50cbbbed
[INFO] [stdout]                                at /opt/rustwide/cargo-home/registry/src/index.crates.io-1949cf8c6b5b557f/tokio-1.42.0/src/runtime/scheduler/current_thread/mod.rs:184:9
[INFO] [stdout]   40:     0x5c9f466f8963 - tokio::runtime::runtime::Runtime::block_on_inner::h4ced81274f5c6e05
[INFO] [stdout]                                at /opt/rustwide/cargo-home/registry/src/index.crates.io-1949cf8c6b5b557f/tokio-1.42.0/src/runtime/runtime.rs:368:47
[INFO] [stdout]   41:     0x5c9f466f8c67 - tokio::runtime::runtime::Runtime::block_on::ha6eaaa74ce395122
[INFO] [stdout]                                at /opt/rustwide/cargo-home/registry/src/index.crates.io-1949cf8c6b5b557f/tokio-1.42.0/src/runtime/runtime.rs:342:13
[INFO] [stdout]   42:     0x5c9f46708c46 - jupiter_dex::tests::it_works::h0c65478ee006132c
[INFO] [stdout]                                at /opt/rustwide/workdir/jupiter_dex/src/lib.rs:76:9
[INFO] [stdout]   43:     0x5c9f46708ad7 - jupiter_dex::tests::it_works::{{closure}}::h1a7a4e1c9063c4c4
[INFO] [stdout]                                at /opt/rustwide/workdir/jupiter_dex/src/lib.rs:58:24
[INFO] [stdout]   44:     0x5c9f466ee5e6 - core::ops::function::FnOnce::call_once::h196500e71b7b1902
[INFO] [stdout]                                at /rustc/6067b36314ab5eb2eb47cecc464545ba58e1ad24/library/core/src/ops/function.rs:250:5
[INFO] [stdout]   45:     0x5c9f46751d6b - core::ops::function::FnOnce::call_once::he27718dfdd183f43
[INFO] [stdout]                                at /rustc/6067b36314ab5eb2eb47cecc464545ba58e1ad24/library/core/src/ops/function.rs:250:5
[INFO] [stdout]   46:     0x5c9f46751d6b - test::__rust_begin_short_backtrace::h4e84902998457a5d
[INFO] [stdout]                                at /rustc/6067b36314ab5eb2eb47cecc464545ba58e1ad24/library/test/src/lib.rs:632:18
[INFO] [stdout]   47:     0x5c9f46750ca3 - test::run_test_in_process::{{closure}}::h7176fd18fc1feca0
[INFO] [stdout]                                at /rustc/6067b36314ab5eb2eb47cecc464545ba58e1ad24/library/test/src/lib.rs:655:60
[INFO] [stdout]   48:     0x5c9f46750ca3 - <core::panic::unwind_safe::AssertUnwindSafe<F> as core::ops::function::FnOnce<()>>::call_once::hf79cff2a624d8cf7
[INFO] [stdout]                                at /rustc/6067b36314ab5eb2eb47cecc464545ba58e1ad24/library/core/src/panic/unwind_safe.rs:272:9
[INFO] [stdout]   49:     0x5c9f46750ca3 - std::panicking::try::do_call::h3da0561d9ab99c25
[INFO] [stdout]                                at /rustc/6067b36314ab5eb2eb47cecc464545ba58e1ad24/library/std/src/panicking.rs:587:40
[INFO] [stdout]   50:     0x5c9f46750ca3 - std::panicking::try::h41c9fa508bc61df6
[INFO] [stdout]                                at /rustc/6067b36314ab5eb2eb47cecc464545ba58e1ad24/library/std/src/panicking.rs:550:19
[INFO] [stdout]   51:     0x5c9f46750ca3 - std::panic::catch_unwind::h6b3ff07bb5afad93
[INFO] [stdout]                                at /rustc/6067b36314ab5eb2eb47cecc464545ba58e1ad24/library/std/src/panic.rs:358:14
[INFO] [stdout]   52:     0x5c9f46750ca3 - test::run_test_in_process::hc7253dd11b39b9f4
[INFO] [stdout]                                at /rustc/6067b36314ab5eb2eb47cecc464545ba58e1ad24/library/test/src/lib.rs:655:27
[INFO] [stdout]   53:     0x5c9f46750ca3 - test::run_test::{{closure}}::hfb2007f8649c30bb
[INFO] [stdout]                                at /rustc/6067b36314ab5eb2eb47cecc464545ba58e1ad24/library/test/src/lib.rs:576:43
[INFO] [stdout]   54:     0x5c9f46713d85 - test::run_test::{{closure}}::h56a17aa7a282a9f4
[INFO] [stdout]                                at /rustc/6067b36314ab5eb2eb47cecc464545ba58e1ad24/library/test/src/lib.rs:606:41
[INFO] [stdout]   55:     0x5c9f46713d85 - std::sys::backtrace::__rust_begin_short_backtrace::hd2d2d2fb8e8c6aac
[INFO] [stdout]                                at /rustc/6067b36314ab5eb2eb47cecc464545ba58e1ad24/library/std/src/sys/backtrace.rs:152:18
[INFO] [stdout]   56:     0x5c9f4671766a - std::thread::Builder::spawn_unchecked_::{{closure}}::{{closure}}::h4faa3f9db6133423
[INFO] [stdout]                                at /rustc/6067b36314ab5eb2eb47cecc464545ba58e1ad24/library/std/src/thread/mod.rs:559:17
[INFO] [stdout]   57:     0x5c9f4671766a - <core::panic::unwind_safe::AssertUnwindSafe<F> as core::ops::function::FnOnce<()>>::call_once::hf2e855a36a4ea846
[INFO] [stdout]                                at /rustc/6067b36314ab5eb2eb47cecc464545ba58e1ad24/library/core/src/panic/unwind_safe.rs:272:9
[INFO] [stdout]   58:     0x5c9f4671766a - std::panicking::try::do_call::h2f73af3616c35465
[INFO] [stdout]                                at /rustc/6067b36314ab5eb2eb47cecc464545ba58e1ad24/library/std/src/panicking.rs:587:40
[INFO] [stdout]   59:     0x5c9f4671766a - std::panicking::try::hd1660ce9efadef5a
[INFO] [stdout]                                at /rustc/6067b36314ab5eb2eb47cecc464545ba58e1ad24/library/std/src/panicking.rs:550:19
[INFO] [stdout]   60:     0x5c9f4671766a - std::panic::catch_unwind::h5ee8d7823b8ca744
[INFO] [stdout]                                at /rustc/6067b36314ab5eb2eb47cecc464545ba58e1ad24/library/std/src/panic.rs:358:14
[INFO] [stdout]   61:     0x5c9f4671766a - std::thread::Builder::spawn_unchecked_::{{closure}}::h53c3a1894dce8407
[INFO] [stdout]                                at /rustc/6067b36314ab5eb2eb47cecc464545ba58e1ad24/library/std/src/thread/mod.rs:557:30
[INFO] [stdout]   62:     0x5c9f4671766a - core::ops::function::FnOnce::call_once{{vtable.shim}}::h048ce291ad4f62bf
[INFO] [stdout]                                at /rustc/6067b36314ab5eb2eb47cecc464545ba58e1ad24/library/core/src/ops/function.rs:250:5
[INFO] [stdout]   63:     0x5c9f474fc01b - <alloc::boxed::Box<F,A> as core::ops::function::FnOnce<Args>>::call_once::ha52bedf99a3b4981
[INFO] [stdout]                                at /rustc/6067b36314ab5eb2eb47cecc464545ba58e1ad24/library/alloc/src/boxed.rs:2013:9
[INFO] [stdout]   64:     0x5c9f474fc01b - <alloc::boxed::Box<F,A> as core::ops::function::FnOnce<Args>>::call_once::h567748934d80ccf8
[INFO] [stdout]                                at /rustc/6067b36314ab5eb2eb47cecc464545ba58e1ad24/library/alloc/src/boxed.rs:2013:9
[INFO] [stdout]   65:     0x5c9f474fc01b - std::sys::pal::unix::thread::Thread::new::thread_start::h2d970728ae887adc
[INFO] [stdout]                                at /rustc/6067b36314ab5eb2eb47cecc464545ba58e1ad24/library/std/src/sys/pal/unix/thread.rs:106:17
[INFO] [stdout]   66:     0x7928610e0ac3 - <unknown>
[INFO] [stdout]   67:     0x792861171a04 - clone
[INFO] [stdout]   68:                0x0 - <unknown>
[INFO] [stdout] 
[INFO] [stdout] 
[INFO] [stdout] failures:
[INFO] [stdout]     tests::it_works
[INFO] [stdout] 
[INFO] [stdout] test result: FAILED. 0 passed; 1 failed; 0 ignored; 0 measured; 0 filtered out; finished in 0.36s
[INFO] [stdout] 
[INFO] [stderr] error: test failed, to rerun pass `--lib`
[INFO] running `Command { std: "docker" "inspect" "6c373f0c3e9d10d3b6bb441b494f70ab9acbaa5f7253e06be766551bfab13f34", kill_on_drop: false }`
[INFO] running `Command { std: "docker" "rm" "-f" "6c373f0c3e9d10d3b6bb441b494f70ab9acbaa5f7253e06be766551bfab13f34", kill_on_drop: false }`
[INFO] [stdout] 6c373f0c3e9d10d3b6bb441b494f70ab9acbaa5f7253e06be766551bfab13f34
