[INFO] cloning repository https://github.com/LightHero/lightspeed
[INFO] running `Command { std: "git" "-c" "credential.helper=" "-c" "credential.helper=/workspace/cargo-home/bin/git-credential-null" "clone" "--bare" "https://github.com/LightHero/lightspeed" "/workspace/cache/git-repos/https%3A%2F%2Fgithub.com%2FLightHero%2Flightspeed", kill_on_drop: false }`
[INFO] [stderr] Cloning into bare repository '/workspace/cache/git-repos/https%3A%2F%2Fgithub.com%2FLightHero%2Flightspeed'...
[INFO] running `Command { std: "git" "rev-parse" "HEAD", kill_on_drop: false }`
[INFO] [stdout] 5a4ae2f3920c838b7169c9f96a8aae3054c10ab9
[INFO] testing LightHero/lightspeed against nightly-2025-01-18+rustflags=-Zrandomize-layout for randomize-layout-2
[INFO] running `Command { std: "git" "clone" "/workspace/cache/git-repos/https%3A%2F%2Fgithub.com%2FLightHero%2Flightspeed" "/workspace/builds/worker-7-tc2/source", kill_on_drop: false }`
[INFO] [stderr] Cloning into '/workspace/builds/worker-7-tc2/source'...
[INFO] [stderr] done.
[INFO] validating manifest of git repo https://github.com/LightHero/lightspeed on toolchain nightly-2025-01-18
[INFO] running `Command { std: CARGO_HOME="/workspace/cargo-home" RUSTUP_HOME="/workspace/rustup-home" "/workspace/cargo-home/bin/cargo" "+nightly-2025-01-18" "metadata" "--manifest-path" "Cargo.toml" "--no-deps", kill_on_drop: false }`
[INFO] started tweaking git repo https://github.com/LightHero/lightspeed
[INFO] finished tweaking git repo https://github.com/LightHero/lightspeed
[INFO] tweaked toml for git repo https://github.com/LightHero/lightspeed written to /workspace/builds/worker-7-tc2/source/Cargo.toml
[INFO] running `Command { std: CARGO_HOME="/workspace/cargo-home" RUSTUP_HOME="/workspace/rustup-home" "/workspace/cargo-home/bin/cargo" "+nightly-2025-01-18" "generate-lockfile" "--manifest-path" "Cargo.toml", kill_on_drop: false }`
[INFO] [stderr]     Updating crates.io index
[INFO] [stderr]      Locking 417 packages to latest compatible versions
[INFO] [stderr]       Adding cron v0.14.0 (available: v0.15.0)
[INFO] [stderr]       Adding matchit v0.8.4 (available: v0.8.6)
[INFO] running `Command { std: CARGO_HOME="/workspace/cargo-home" RUSTUP_HOME="/workspace/rustup-home" "/workspace/cargo-home/bin/cargo" "+nightly-2025-01-18" "fetch" "--manifest-path" "Cargo.toml", kill_on_drop: false }`
[INFO] running `Command { std: "docker" "create" "-v" "/var/lib/crater-agent-workspace/builds/worker-7-tc2/target:/opt/rustwide/target:rw,Z" "-v" "/var/lib/crater-agent-workspace/builds/worker-7-tc2/source:/opt/rustwide/workdir:ro,Z" "-v" "/var/lib/crater-agent-workspace/cargo-home:/opt/rustwide/cargo-home:ro,Z" "-v" "/var/lib/crater-agent-workspace/rustup-home:/opt/rustwide/rustup-home:ro,Z" "-e" "SOURCE_DIR=/opt/rustwide/workdir" "-e" "CARGO_TARGET_DIR=/opt/rustwide/target" "-e" "CARGO_HOME=/opt/rustwide/cargo-home" "-e" "RUSTUP_HOME=/opt/rustwide/rustup-home" "-w" "/opt/rustwide/workdir" "-m" "1610612736" "--user" "0:0" "--network" "none" "ghcr.io/rust-lang/crates-build-env/linux@sha256:819108c5571ea2e421544af4d832f968d213c87fbe3707a016657f43d2f853bc" "/opt/rustwide/cargo-home/bin/cargo" "+nightly-2025-01-18" "metadata" "--no-deps" "--format-version=1", kill_on_drop: false }`
[INFO] [stdout] 9f3bdbb0436893947507fcb606bc9bdf381a9674a39afaf02a56a5695daa99e1
[INFO] running `Command { std: "docker" "start" "-a" "9f3bdbb0436893947507fcb606bc9bdf381a9674a39afaf02a56a5695daa99e1", kill_on_drop: false }`
[INFO] running `Command { std: "docker" "inspect" "9f3bdbb0436893947507fcb606bc9bdf381a9674a39afaf02a56a5695daa99e1", kill_on_drop: false }`
[INFO] running `Command { std: "docker" "rm" "-f" "9f3bdbb0436893947507fcb606bc9bdf381a9674a39afaf02a56a5695daa99e1", kill_on_drop: false }`
[INFO] [stdout] 9f3bdbb0436893947507fcb606bc9bdf381a9674a39afaf02a56a5695daa99e1
[INFO] running `Command { std: "docker" "create" "-v" "/var/lib/crater-agent-workspace/builds/worker-7-tc2/target:/opt/rustwide/target:rw,Z" "-v" "/var/lib/crater-agent-workspace/builds/worker-7-tc2/source:/opt/rustwide/workdir:ro,Z" "-v" "/var/lib/crater-agent-workspace/cargo-home:/opt/rustwide/cargo-home:ro,Z" "-v" "/var/lib/crater-agent-workspace/rustup-home:/opt/rustwide/rustup-home:ro,Z" "-e" "SOURCE_DIR=/opt/rustwide/workdir" "-e" "CARGO_TARGET_DIR=/opt/rustwide/target" "-e" "CARGO_INCREMENTAL=0" "-e" "RUST_BACKTRACE=full" "-e" "RUSTFLAGS=--cap-lints=forbid -Zrandomize-layout" "-e" "RUSTDOCFLAGS=--cap-lints=forbid" "-e" "CARGO_HOME=/opt/rustwide/cargo-home" "-e" "RUSTUP_HOME=/opt/rustwide/rustup-home" "-w" "/opt/rustwide/workdir" "-m" "1610612736" "--user" "0:0" "--network" "none" "ghcr.io/rust-lang/crates-build-env/linux@sha256:819108c5571ea2e421544af4d832f968d213c87fbe3707a016657f43d2f853bc" "/opt/rustwide/cargo-home/bin/cargo" "+nightly-2025-01-18" "build" "--frozen" "--message-format=json", kill_on_drop: false }`
[INFO] [stdout] a2ba50fb07bcde5cdd33ccd02cb57e0cf2f5caa2e1c0e8a3c55d50a666aa4604
[INFO] running `Command { std: "docker" "start" "-a" "a2ba50fb07bcde5cdd33ccd02cb57e0cf2f5caa2e1c0e8a3c55d50a666aa4604", kill_on_drop: false }`
[INFO] [stderr]    Compiling proc-macro2 v1.0.93
[INFO] [stderr]    Compiling unicode-ident v1.0.14
[INFO] [stderr]    Compiling libc v0.2.169
[INFO] [stderr]    Compiling autocfg v1.4.0
[INFO] [stderr]    Compiling cfg-if v1.0.0
[INFO] [stderr]    Compiling once_cell v1.20.2
[INFO] [stderr]    Compiling stable_deref_trait v1.2.0
[INFO] [stderr]    Compiling pin-project-lite v0.2.16
[INFO] [stderr]    Compiling memchr v2.7.4
[INFO] [stderr]    Compiling version_check v0.9.5
[INFO] [stderr]    Compiling writeable v0.5.5
[INFO] [stderr]    Compiling litemap v0.7.4
[INFO] [stderr]    Compiling bytes v1.9.0
[INFO] [stderr]    Compiling itoa v1.0.14
[INFO] [stderr]    Compiling serde v1.0.217
[INFO] [stderr]    Compiling icu_locid_transform_data v1.5.0
[INFO] [stderr]    Compiling icu_properties_data v1.5.0
[INFO] [stderr]    Compiling shlex v1.3.0
[INFO] [stderr]    Compiling icu_normalizer_data v1.5.0
[INFO] [stderr]    Compiling utf8_iter v1.0.4
[INFO] [stderr]    Compiling log v0.4.25
[INFO] [stderr]    Compiling utf16_iter v1.0.5
[INFO] [stderr]    Compiling write16 v1.0.0
[INFO] [stderr]    Compiling quote v1.0.38
[INFO] [stderr]    Compiling cc v1.2.10
[INFO] [stderr]    Compiling typenum v1.17.0
[INFO] [stderr]    Compiling smallvec v1.13.2
[INFO] [stderr]    Compiling slab v0.4.9
[INFO] [stderr]    Compiling syn v2.0.96
[INFO] [stderr]    Compiling generic-array v0.14.7
[INFO] [stderr]    Compiling percent-encoding v2.3.1
[INFO] [stderr]    Compiling getrandom v0.2.15
[INFO] [stderr]    Compiling num-traits v0.2.19
[INFO] [stderr]    Compiling futures-core v0.3.31
[INFO] [stderr]    Compiling futures-io v0.3.31
[INFO] [stderr]    Compiling pin-utils v0.1.0
[INFO] [stderr]    Compiling futures-task v0.3.31
[INFO] [stderr]    Compiling thiserror v2.0.11
[INFO] [stderr]    Compiling ryu v1.0.18
[INFO] [stderr]    Compiling byteorder v1.5.0
[INFO] [stderr]    Compiling serde_json v1.0.137
[INFO] [stderr]    Compiling futures-sink v0.3.31
[INFO] [stderr]    Compiling form_urlencoded v1.2.1
[INFO] [stderr]    Compiling futures-channel v0.3.31
[INFO] [stderr]    Compiling mio v1.0.3
[INFO] [stderr]    Compiling socket2 v0.5.8
[INFO] [stderr]    Compiling crossbeam-utils v0.8.21
[INFO] [stderr]    Compiling parking_lot_core v0.9.10
[INFO] [stderr]    Compiling tokio v1.43.0
[INFO] [stderr]    Compiling lock_api v0.4.12
[INFO] [stderr]    Compiling tracing-core v0.1.33
[INFO] [stderr]    Compiling base64 v0.22.1
[INFO] [stderr]    Compiling fnv v1.0.7
[INFO] [stderr]    Compiling allocator-api2 v0.2.21
[INFO] [stderr]    Compiling http v1.2.0
[INFO] [stderr]    Compiling crypto-common v0.1.6
[INFO] [stderr]    Compiling block-buffer v0.10.4
[INFO] [stderr]    Compiling scopeguard v1.2.0
[INFO] [stderr]    Compiling powerfmt v0.2.0
[INFO] [stderr]    Compiling synstructure v0.13.1
[INFO] [stderr]    Compiling num-conv v0.1.0
[INFO] [stderr]    Compiling untrusted v0.9.0
[INFO] [stderr]    Compiling spin v0.9.8
[INFO] [stderr]    Compiling iana-time-zone v0.1.61
[INFO] [stderr]    Compiling time-core v0.1.2
[INFO] [stderr]    Compiling chrono v0.4.39
[INFO] [stderr]    Compiling time-macros v0.2.19
[INFO] [stderr]    Compiling deranged v0.3.11
[INFO] [stderr]    Compiling digest v0.10.7
[INFO] [stderr]    Compiling heck v0.5.0
[INFO] [stderr]    Compiling siphasher v1.0.1
[INFO] [stderr]    Compiling fastrand v2.3.0
[INFO] [stderr]    Compiling rustversion v1.0.19
[INFO] [stderr]    Compiling num-integer v0.1.46
[INFO] [stderr]    Compiling ring v0.17.8
[INFO] [stderr]    Compiling rand_core v0.6.4
[INFO] [stderr]    Compiling equivalent v1.0.1
[INFO] [stderr]    Compiling foldhash v0.1.4
[INFO] [stderr]    Compiling regex-syntax v0.8.5
[INFO] [stderr]    Compiling hashbrown v0.15.2
[INFO] [stderr]    Compiling num-bigint v0.4.6
[INFO] [stderr]    Compiling regex-automata v0.4.9
[INFO] [stderr]    Compiling time v0.3.37
[INFO] [stderr]    Compiling cpufeatures v0.2.16
[INFO] [stderr]    Compiling rand v0.8.5
[INFO] [stderr]    Compiling regex v1.11.1
[INFO] [stderr]    Compiling sha2 v0.10.8
[INFO] [stderr]    Compiling phf_shared v0.11.3
[INFO] [stderr]    Compiling concurrent-queue v2.5.0
[INFO] [stderr]    Compiling pem v3.0.4
[INFO] [stderr]    Compiling httparse v1.9.5
[INFO] [stderr]    Compiling base64 v0.21.7
[INFO] [stderr]    Compiling rustls-pki-types v1.10.1
[INFO] [stderr]    Compiling rustix v0.38.43
[INFO] [stderr]    Compiling crc-catalog v2.4.0
[INFO] [stderr]    Compiling parking v2.2.1
[INFO] [stderr]    Compiling crc v3.2.1
[INFO] [stderr]    Compiling event-listener v5.4.0
[INFO] [stderr]    Compiling parking_lot v0.12.3
[INFO] [stderr]    Compiling phf_generator v0.11.3
[INFO] [stderr]    Compiling indexmap v2.7.1
[INFO] [stderr]    Compiling hashlink v0.10.0
[INFO] [stderr]    Compiling psm v0.1.24
[INFO] [stderr]    Compiling crossbeam-queue v0.3.12
[INFO] [stderr]    Compiling http-body v1.0.1
[INFO] [stderr]    Compiling ahash v0.8.11
[INFO] [stderr]    Compiling linux-raw-sys v0.4.15
[INFO] [stderr]    Compiling subtle v2.6.1
[INFO] [stderr]    Compiling bitflags v2.8.0
[INFO] [stderr]    Compiling try-lock v0.2.5
[INFO] [stderr]    Compiling zeroize v1.8.1
[INFO] [stderr]    Compiling want v0.3.1
[INFO] [stderr]    Compiling futures-util v0.3.31
[INFO] [stderr]    Compiling parse-zoneinfo v0.3.1
[INFO] [stderr]    Compiling phf_codegen v0.11.3
[INFO] [stderr]    Compiling futures-intrusive v0.5.0
[INFO] [stderr]    Compiling stacker v0.1.17
[INFO] [stderr]    Compiling mime v0.3.17
[INFO] [stderr]    Compiling tower-service v0.3.3
[INFO] [stderr]    Compiling rustls v0.23.21
[INFO] [stderr]    Compiling chrono-tz-build v0.4.0
[INFO] [stderr]    Compiling rustls-webpki v0.102.8
[INFO] [stderr]    Compiling inout v0.1.3
[INFO] [stderr]    Compiling sync_wrapper v1.0.2
[INFO] [stderr]    Compiling anyhow v1.0.95
[INFO] [stderr]    Compiling tempfile v3.15.0
[INFO] [stderr]    Compiling overload v0.1.1
[INFO] [stderr]    Compiling tower-layer v0.3.3
[INFO] [stderr]    Compiling dotenvy v0.15.7
[INFO] [stderr]    Compiling lazy_static v1.5.0
[INFO] [stderr]    Compiling thiserror v1.0.69
[INFO] [stderr]    Compiling hex v0.4.3
[INFO] [stderr]    Compiling sharded-slab v0.1.7
[INFO] [stderr]    Compiling nu-ansi-term v0.46.0
[INFO] [stderr]    Compiling chrono-tz v0.10.1
[INFO] [stderr]    Compiling cipher v0.4.4
[INFO] [stderr]    Compiling tokio-util v0.7.13
[INFO] [stderr]    Compiling tracing-log v0.2.0
[INFO] [stderr]    Compiling thread_local v1.1.8
[INFO] [stderr]    Compiling minimal-lexical v0.2.1
[INFO] [stderr]    Compiling ipnet v2.11.0
[INFO] [stderr]    Compiling nom v7.1.3
[INFO] [stderr]    Compiling tracing-subscriber v0.3.19
[INFO] [stderr]    Compiling phf v0.11.3
[INFO] [stderr]    Compiling blowfish v0.9.1
[INFO] [stderr]    Compiling webpki-roots v0.26.7
[INFO] [stderr]    Compiling rustls-pemfile v2.2.0
[INFO] [stderr]    Compiling backon v1.3.0
[INFO] [stderr]    Compiling md-5 v0.10.6
[INFO] [stderr]    Compiling crossbeam-channel v0.5.14
[INFO] [stderr]    Compiling email-encoding v0.3.1
[INFO] [stderr]    Compiling hostname v0.4.0
[INFO] [stderr]    Compiling quoted_printable v0.5.1
[INFO] [stderr]    Compiling email_address v0.2.9
[INFO] [stderr]    Compiling httpdate v1.0.3
[INFO] [stderr]    Compiling winnow v0.6.24
[INFO] [stderr]    Compiling bcrypt v0.16.0
[INFO] [stderr]    Compiling arc-swap v1.7.1
[INFO] [stderr]    Compiling lightspeed_cache v0.60.1 (/opt/rustwide/workdir/cache)
[INFO] [stderr]    Compiling tokio-rustls v0.26.1
[INFO] [stderr]    Compiling cron v0.14.0
[INFO] [stderr]    Compiling zerofrom-derive v0.1.5
[INFO] [stderr]    Compiling yoke-derive v0.7.5
[INFO] [stderr]    Compiling zerovec-derive v0.10.3
[INFO] [stderr]    Compiling displaydoc v0.2.5
[INFO] [stderr]    Compiling icu_provider_macros v1.5.0
[INFO] [stderr]    Compiling serde_derive v1.0.217
[INFO] [stderr]    Compiling thiserror-impl v2.0.11
[INFO] [stderr]    Compiling zerocopy-derive v0.7.35
[INFO] [stderr]    Compiling futures-macro v0.3.31
[INFO] [stderr]    Compiling tracing-attributes v0.1.28
[INFO] [stderr]    Compiling strum_macros v0.26.4
[INFO] [stderr]    Compiling async-trait v0.1.85
[INFO] [stderr]    Compiling zerofrom v0.1.5
[INFO] [stderr]    Compiling yoke v0.7.5
[INFO] [stderr]    Compiling zerovec v0.10.4
[INFO] [stderr]    Compiling tinystr v0.7.6
[INFO] [stderr]    Compiling icu_locid v1.5.0
[INFO] [stderr]    Compiling icu_provider v1.5.0
[INFO] [stderr]    Compiling icu_locid_transform v1.5.0
[INFO] [stderr]    Compiling icu_collections v1.5.0
[INFO] [stderr]    Compiling icu_properties v1.5.1
[INFO] [stderr]    Compiling zerocopy v0.7.35
[INFO] [stderr]    Compiling ppv-lite86 v0.2.20
[INFO] [stderr]    Compiling icu_normalizer v1.5.0
[INFO] [stderr]    Compiling idna_adapter v1.2.0
[INFO] [stderr]    Compiling idna v1.0.3
[INFO] [stderr]    Compiling url v2.5.4
[INFO] [stderr]    Compiling tracing v0.1.41
[INFO] [stderr]    Compiling rand_chacha v0.3.1
[INFO] [stderr]    Compiling simple_asn1 v0.6.3
[INFO] [stderr]    Compiling hyper v1.5.2
[INFO] [stderr]    Compiling strum v0.26.3
[INFO] [stderr]    Compiling tower v0.5.2
[INFO] [stderr]    Compiling hashbrown v0.14.5
[INFO] [stderr]    Compiling http-body-util v0.1.2
[INFO] [stderr]    Compiling hyper-util v0.1.10
[INFO] [stderr]    Compiling thiserror-impl v1.0.69
[INFO] [stderr]    Compiling pin-project-internal v1.1.8
[INFO] [stderr]    Compiling chumsky v0.9.3
[INFO] [stderr]    Compiling futures v0.3.31
[INFO] [stderr]    Compiling lightspeed_scheduler v0.60.1 (/opt/rustwide/workdir/scheduler)
[INFO] [stderr]    Compiling uuid v1.12.0
[INFO] [stderr]    Compiling either v1.13.0
[INFO] [stderr]    Compiling serde_urlencoded v0.7.1
[INFO] [stderr]    Compiling sqlx-core v0.8.3
[INFO] [stderr]    Compiling reqwest v0.12.12
[INFO] [stderr]    Compiling quick-xml v0.36.2
[INFO] [stderr]    Compiling c3p0_common v0.71.3
[INFO] [stderr]    Compiling c3p0 v0.71.3
[INFO] [stderr]    Compiling jsonwebtoken v9.3.0
[INFO] [stderr]    Compiling validator v0.19.0
[INFO] [stderr]    Compiling lightspeed_core v0.60.1 (/opt/rustwide/workdir/core)
[INFO] [stderr]    Compiling sqlx-macros-core v0.8.3
[INFO] [stderr]    Compiling opendal v0.51.1
[INFO] [stderr]    Compiling lettre v0.11.11
[INFO] [stderr]    Compiling lightspeed_hash v0.60.1 (/opt/rustwide/workdir/hash)
[INFO] [stderr]    Compiling tracing-appender v0.2.3
[INFO] [stderr]    Compiling lightspeed v0.60.1 (/opt/rustwide/workdir/lightspeed)
[INFO] [stderr]    Compiling pin-project v1.1.8
[INFO] [stderr]    Compiling tracing-futures v0.2.5
[INFO] [stderr]    Compiling lightspeed_logger v0.60.1 (/opt/rustwide/workdir/logger)
[INFO] [stderr]    Compiling lightspeed_email v0.60.1 (/opt/rustwide/workdir/email)
[INFO] [stderr]    Compiling sqlx-macros v0.8.3
[INFO] [stderr]    Compiling lightspeed_persistence v0.60.1 (/opt/rustwide/workdir/persistence)
[INFO] [stderr]    Compiling sqlx v0.8.3
[INFO] [stderr]    Compiling lightspeed_auth v0.60.1 (/opt/rustwide/workdir/auth)
[INFO] [stderr]     Finished `dev` profile [unoptimized] target(s) in 7m 08s
[INFO] running `Command { std: "docker" "inspect" "a2ba50fb07bcde5cdd33ccd02cb57e0cf2f5caa2e1c0e8a3c55d50a666aa4604", kill_on_drop: false }`
[INFO] running `Command { std: "docker" "rm" "-f" "a2ba50fb07bcde5cdd33ccd02cb57e0cf2f5caa2e1c0e8a3c55d50a666aa4604", kill_on_drop: false }`
[INFO] [stdout] a2ba50fb07bcde5cdd33ccd02cb57e0cf2f5caa2e1c0e8a3c55d50a666aa4604
[INFO] running `Command { std: "docker" "create" "-v" "/var/lib/crater-agent-workspace/builds/worker-7-tc2/target:/opt/rustwide/target:rw,Z" "-v" "/var/lib/crater-agent-workspace/builds/worker-7-tc2/source:/opt/rustwide/workdir:ro,Z" "-v" "/var/lib/crater-agent-workspace/cargo-home:/opt/rustwide/cargo-home:ro,Z" "-v" "/var/lib/crater-agent-workspace/rustup-home:/opt/rustwide/rustup-home:ro,Z" "-e" "SOURCE_DIR=/opt/rustwide/workdir" "-e" "CARGO_TARGET_DIR=/opt/rustwide/target" "-e" "CARGO_INCREMENTAL=0" "-e" "RUST_BACKTRACE=full" "-e" "RUSTFLAGS=--cap-lints=forbid -Zrandomize-layout" "-e" "RUSTDOCFLAGS=--cap-lints=forbid" "-e" "CARGO_HOME=/opt/rustwide/cargo-home" "-e" "RUSTUP_HOME=/opt/rustwide/rustup-home" "-w" "/opt/rustwide/workdir" "-m" "1610612736" "--user" "0:0" "--network" "none" "ghcr.io/rust-lang/crates-build-env/linux@sha256:819108c5571ea2e421544af4d832f968d213c87fbe3707a016657f43d2f853bc" "/opt/rustwide/cargo-home/bin/cargo" "+nightly-2025-01-18" "test" "--frozen" "--no-run" "--message-format=json", kill_on_drop: false }`
[INFO] [stdout] b0bd88856e760a4c6f4cfea8f11a112685cd8753fb6f8e8861722cf000fdbae5
[INFO] running `Command { std: "docker" "start" "-a" "b0bd88856e760a4c6f4cfea8f11a112685cd8753fb6f8e8861722cf000fdbae5", kill_on_drop: false }`
[INFO] [stderr]    Compiling libc v0.2.169
[INFO] [stderr]    Compiling serde v1.0.217
[INFO] [stderr]    Compiling tokio-macros v2.5.0
[INFO] [stderr]    Compiling subtle v2.6.1
[INFO] [stderr]    Compiling num-traits v0.2.19
[INFO] [stderr]    Compiling aho-corasick v1.1.3
[INFO] [stderr]    Compiling regex-syntax v0.8.5
[INFO] [stderr]    Compiling spin v0.9.8
[INFO] [stderr]    Compiling futures-util v0.3.31
[INFO] [stderr]    Compiling time v0.3.37
[INFO] [stderr]    Compiling chrono v0.4.39
[INFO] [stderr]    Compiling getrandom v0.2.15
[INFO] [stderr]    Compiling rand_core v0.6.4
[INFO] [stderr]    Compiling mio v1.0.3
[INFO] [stderr]    Compiling socket2 v0.5.8
[INFO] [stderr]    Compiling regex-automata v0.4.9
[INFO] [stderr]    Compiling serde_json v1.0.137
[INFO] [stderr]    Compiling crypto-common v0.1.6
[INFO] [stderr]    Compiling ring v0.17.8
[INFO] [stderr]    Compiling rand_chacha v0.3.1
[INFO] [stderr]    Compiling tokio v1.43.0
[INFO] [stderr]    Compiling url v2.5.4
[INFO] [stderr]    Compiling rand v0.8.5
[INFO] [stderr]    Compiling regex v1.11.1
[INFO] [stderr]    Compiling digest v0.10.7
[INFO] [stderr]    Compiling bitflags v2.8.0
[INFO] [stderr]    Compiling num-integer v0.1.46
[INFO] [stderr]    Compiling num-bigint v0.4.6
[INFO] [stderr]    Compiling atomic-waker v1.1.2
[INFO] [stderr]    Compiling c3p0_common v0.71.3
[INFO] [stderr]    Compiling uuid v1.12.0
[INFO] [stderr]    Compiling linux-raw-sys v0.4.15
[INFO] [stderr]    Compiling c3p0 v0.71.3
[INFO] [stderr]    Compiling validator v0.19.0
[INFO] [stderr]    Compiling crunchy v0.2.2
[INFO] [stderr]    Compiling rustix v0.38.43
[INFO] [stderr]    Compiling http-body-util v0.1.2
[INFO] [stderr]    Compiling futures-executor v0.3.31
[INFO] [stderr]    Compiling tiny-keccak v2.0.2
[INFO] [stderr]    Compiling simple_asn1 v0.6.3
[INFO] [stderr]    Compiling futures v0.3.31
[INFO] [stderr]    Compiling serde_urlencoded v0.7.1
[INFO] [stderr]    Compiling ident_case v1.0.1
[INFO] [stderr]    Compiling tokio-util v0.7.13
[INFO] [stderr]    Compiling jsonwebtoken v9.3.0
[INFO] [stderr]    Compiling h2 v0.4.7
[INFO] [stderr]    Compiling strsim v0.11.1
[INFO] [stderr]    Compiling lightspeed_core v0.60.1 (/opt/rustwide/workdir/core)
[INFO] [stderr]    Compiling darling_core v0.20.10
[INFO] [stderr]    Compiling rustls-webpki v0.102.8
[INFO] [stderr]    Compiling ucd-trie v0.1.7
[INFO] [stderr]    Compiling pest v2.7.15
[INFO] [stderr]    Compiling rustls v0.23.21
[INFO] [stderr]    Compiling const-random-macro v0.1.16
[INFO] [stderr]    Compiling parking_lot_core v0.9.10
[INFO] [stderr]    Compiling hyper v1.5.2
[INFO] [stderr]    Compiling encoding_rs v0.8.35
[INFO] [stderr]    Compiling tracing-appender v0.2.3
[INFO] [stderr]    Compiling hyper-util v0.1.10
[INFO] [stderr]    Compiling tokio-rustls v0.26.1
[INFO] [stderr]    Compiling const-random v0.1.18
[INFO] [stderr]    Compiling parking_lot v0.12.3
[INFO] [stderr]    Compiling pest_meta v2.7.15
[INFO] [stderr]    Compiling dlv-list v0.5.2
[INFO] [stderr]    Compiling sha2 v0.10.8
[INFO] [stderr]    Compiling serde_spanned v0.6.8
[INFO] [stderr]    Compiling toml_datetime v0.6.8
[INFO] [stderr]    Compiling cipher v0.4.4
[INFO] [stderr]    Compiling pest_generator v2.7.15
[INFO] [stderr]    Compiling toml_edit v0.22.22
[INFO] [stderr]    Compiling ordered-multimap v0.7.3
[INFO] [stderr]    Compiling lightspeed_logger v0.60.1 (/opt/rustwide/workdir/logger)
[INFO] [stderr]    Compiling hashlink v0.9.1
[INFO] [stderr]    Compiling arraydeque v0.5.1
[INFO] [stderr]    Compiling trim-in-place v0.1.7
[INFO] [stderr]    Compiling unicode-segmentation v1.12.0
[INFO] [stderr]    Compiling rust-ini v0.21.1
[INFO] [stderr]    Compiling convert_case v0.6.0
[INFO] [stderr]    Compiling toml v0.8.19
[INFO] [stderr]    Compiling yaml-rust2 v0.9.0
[INFO] [stderr]    Compiling hyper-rustls v0.27.5
[INFO] [stderr]    Compiling tokio-stream v0.1.17
[INFO] [stderr]    Compiling ron v0.8.1
[INFO] [stderr]    Compiling pathdiff v0.2.3
[INFO] [stderr]    Compiling tempfile v3.15.0
[INFO] [stderr]    Compiling either v1.13.0
[INFO] [stderr]    Compiling structmeta-derive v0.3.0
[INFO] [stderr]    Compiling serde_repr v0.1.19
[INFO] [stderr]    Compiling home v0.5.11
[INFO] [stderr]    Compiling syn v1.0.109
[INFO] [stderr]    Compiling pest_derive v2.7.15
[INFO] [stderr]    Compiling openssl-probe v0.1.5
[INFO] [stderr]    Compiling hyperlocal v0.9.1
[INFO] [stderr]    Compiling json5 v0.4.1
[INFO] [stderr]    Compiling rustls-native-certs v0.7.3
[INFO] [stderr]    Compiling darling_macro v0.20.10
[INFO] [stderr]    Compiling xattr v1.4.0
[INFO] [stderr]    Compiling config v0.15.6
[INFO] [stderr]    Compiling quick-xml v0.36.2
[INFO] [stderr]    Compiling filetime v0.2.25
[INFO] [stderr]    Compiling pin-project-internal v0.4.30
[INFO] [stderr]    Compiling darling v0.20.10
[INFO] [stderr]    Compiling serde_with_macros v3.12.0
[INFO] [stderr]    Compiling tower v0.5.2
[INFO] [stderr]    Compiling tokio-tar v0.3.1
[INFO] [stderr]    Compiling structmeta v0.3.0
[INFO] [stderr]    Compiling parse-display-derive v0.9.1
[INFO] [stderr]    Compiling etcetera v0.8.0
[INFO] [stderr]    Compiling docker_credential v1.3.1
[INFO] [stderr]    Compiling universal-hash v0.5.1
[INFO] [stderr]    Compiling opaque-debug v0.3.1
[INFO] [stderr]    Compiling polyval v0.6.2
[INFO] [stderr]    Compiling uncased v0.9.10
[INFO] [stderr]    Compiling cfg_aliases v0.2.1
[INFO] [stderr]    Compiling nix v0.29.0
[INFO] [stderr]    Compiling ghash v0.5.1
[INFO] [stderr]    Compiling ctr v0.9.2
[INFO] [stderr]    Compiling aes v0.8.4
[INFO] [stderr]    Compiling futures-intrusive v0.5.0
[INFO] [stderr]    Compiling hmac v0.12.1
[INFO] [stderr]    Compiling aead v0.5.2
[INFO] [stderr]    Compiling cookie v0.18.1
[INFO] [stderr]    Compiling multer v3.1.0
[INFO] [stderr]    Compiling bytes v0.5.6
[INFO] [stderr]    Compiling hkdf v0.12.4
[INFO] [stderr]    Compiling proc-macro-crate v3.2.0
[INFO] [stderr]    Compiling sqlx-core v0.8.3
[INFO] [stderr]    Compiling aes-gcm v0.10.3
[INFO] [stderr]    Compiling blowfish v0.9.1
[INFO] [stderr]    Compiling sha1 v0.10.6
[INFO] [stderr]    Compiling parse-zoneinfo v0.3.1
[INFO] [stderr]    Compiling headers-core v0.3.0
[INFO] [stderr]    Compiling unsafe-libyaml v0.2.11
[INFO] [stderr]    Compiling serde_with v3.12.0
[INFO] [stderr]    Compiling unicode-xid v0.2.6
[INFO] [stderr]    Compiling derive_more-impl v1.0.0
[INFO] [stderr]    Compiling bollard-stubs v1.45.0-rc.26.0.1
[INFO] [stderr]    Compiling sqlx v0.8.3
[INFO] [stderr]    Compiling serde_yaml v0.9.34+deprecated
[INFO] [stderr]    Compiling chrono-tz-build v0.4.0
[INFO] [stderr]    Compiling headers v0.4.0
[INFO] [stderr]    Compiling bcrypt v0.16.0
[INFO] [stderr]    Compiling parse-display v0.9.1
[INFO] [stderr]    Compiling rfc7239 v0.1.3
[INFO] [stderr]    Compiling stacker v0.1.17
[INFO] [stderr]    Compiling wildmatch v2.4.0
[INFO] [stderr]    Compiling reqwest v0.12.12
[INFO] [stderr]    Compiling chumsky v0.9.3
[INFO] [stderr]    Compiling chrono-tz v0.10.1
[INFO] [stderr]    Compiling maybe-single v0.16.1
[INFO] [stderr]    Compiling backon v1.3.0
[INFO] [stderr]    Compiling md-5 v0.10.6
[INFO] [stderr]    Compiling hostname v0.4.0
[INFO] [stderr]    Compiling derive_more v1.0.0
[INFO] [stderr]    Compiling lightspeed_auth v0.60.1 (/opt/rustwide/workdir/auth)
[INFO] [stderr]    Compiling cron v0.14.0
[INFO] [stderr]    Compiling poem-derive v3.1.4
[INFO] [stderr]    Compiling poem-openapi-derive v5.1.4
[INFO] [stderr]    Compiling lettre v0.11.11
[INFO] [stderr]    Compiling bollard v0.17.1
[INFO] [stderr]    Compiling opendal v0.51.1
[INFO] [stderr]    Compiling lightspeed_email v0.60.1 (/opt/rustwide/workdir/email)
[INFO] [stderr]    Compiling lightspeed_hash v0.60.1 (/opt/rustwide/workdir/hash)
[INFO] [stderr]    Compiling lightspeed v0.60.1 (/opt/rustwide/workdir/lightspeed)
[INFO] [stderr]    Compiling lightspeed_cache v0.60.1 (/opt/rustwide/workdir/cache)
[INFO] [stderr]    Compiling lightspeed_scheduler v0.60.1 (/opt/rustwide/workdir/scheduler)
[INFO] [stderr]    Compiling testcontainers v0.23.1
[INFO] [stderr]    Compiling testcontainers-modules v0.11.5
[INFO] [stderr]    Compiling lightspeed_persistence v0.60.1 (/opt/rustwide/workdir/persistence)
[INFO] [stderr]    Compiling pin-project v0.4.30
[INFO] [stderr]    Compiling futures_codec v0.4.1
[INFO] [stderr]    Compiling sse-codec v0.3.2
[INFO] [stderr]    Compiling poem v3.1.6
[INFO] [stderr]    Compiling poem-openapi v5.1.5
[INFO] [stderr]     Finished `test` profile [unoptimized] target(s) in 5m 34s
[INFO] running `Command { std: "docker" "inspect" "b0bd88856e760a4c6f4cfea8f11a112685cd8753fb6f8e8861722cf000fdbae5", kill_on_drop: false }`
[INFO] running `Command { std: "docker" "rm" "-f" "b0bd88856e760a4c6f4cfea8f11a112685cd8753fb6f8e8861722cf000fdbae5", kill_on_drop: false }`
[INFO] [stdout] b0bd88856e760a4c6f4cfea8f11a112685cd8753fb6f8e8861722cf000fdbae5
[INFO] running `Command { std: "docker" "create" "-v" "/var/lib/crater-agent-workspace/builds/worker-7-tc2/target:/opt/rustwide/target:rw,Z" "-v" "/var/lib/crater-agent-workspace/builds/worker-7-tc2/source:/opt/rustwide/workdir:ro,Z" "-v" "/var/lib/crater-agent-workspace/cargo-home:/opt/rustwide/cargo-home:ro,Z" "-v" "/var/lib/crater-agent-workspace/rustup-home:/opt/rustwide/rustup-home:ro,Z" "-e" "SOURCE_DIR=/opt/rustwide/workdir" "-e" "CARGO_TARGET_DIR=/opt/rustwide/target" "-e" "CARGO_INCREMENTAL=0" "-e" "RUST_BACKTRACE=full" "-e" "RUSTFLAGS=--cap-lints=forbid -Zrandomize-layout" "-e" "RUSTDOCFLAGS=--cap-lints=forbid" "-e" "CARGO_HOME=/opt/rustwide/cargo-home" "-e" "RUSTUP_HOME=/opt/rustwide/rustup-home" "-w" "/opt/rustwide/workdir" "-m" "1610612736" "--user" "0:0" "--network" "none" "ghcr.io/rust-lang/crates-build-env/linux@sha256:819108c5571ea2e421544af4d832f968d213c87fbe3707a016657f43d2f853bc" "/opt/rustwide/cargo-home/bin/cargo" "+nightly-2025-01-18" "test" "--frozen", kill_on_drop: false }`
[INFO] [stdout] a9bfbb39ac789fc751b101ffa4293405e6a53b4fcafcb067e59b5773ef6453a5
[INFO] running `Command { std: "docker" "start" "-a" "a9bfbb39ac789fc751b101ffa4293405e6a53b4fcafcb067e59b5773ef6453a5", kill_on_drop: false }`
[INFO] [stderr]     Finished `test` profile [unoptimized] target(s) in 0.62s
[INFO] [stderr]      Running unittests src/lib.rs (/opt/rustwide/target/debug/deps/lightspeed-b7dbe22d70959a3d)
[INFO] [stdout] 
[INFO] [stdout] running 0 tests
[INFO] [stdout] 
[INFO] [stdout] test result: ok. 0 passed; 0 failed; 0 ignored; 0 measured; 0 filtered out; finished in 0.00s
[INFO] [stdout] 
[INFO] [stderr]      Running unittests src/lib.rs (/opt/rustwide/target/debug/deps/lightspeed_auth-208249f57c99f2d9)
[INFO] [stdout] 
[INFO] [stdout] running 5 tests
[INFO] [stdout] test config::test::should_build_config ... ok
[INFO] [stdout] test model::token::test::token_not_expired_should_be_valid ... ok
[INFO] [stdout] test model::token::test::token_expired_should_not_be_valid ... ok
[INFO] [stdout] test service::password_codec::test::should_encrypt_and_decrypt ... ok
[INFO] [stdout] test service::password_codec::test::should_decrypt_admin ... ok
[INFO] [stdout] 
[INFO] [stdout] test result: ok. 5 passed; 0 failed; 0 ignored; 0 measured; 0 filtered out; finished in 0.06s
[INFO] [stdout] 
[INFO] [stderr]      Running tests/auth_test_mysql.rs (/opt/rustwide/target/debug/deps/auth_test_mysql-f29f674eb7efbd7c)
[INFO] [stdout] 
[INFO] [stdout] running 0 tests
[INFO] [stdout] 
[INFO] [stdout] test result: ok. 0 passed; 0 failed; 0 ignored; 0 measured; 0 filtered out; finished in 0.00s
[INFO] [stdout] 
[INFO] [stderr]      Running tests/auth_test_pg.rs (/opt/rustwide/target/debug/deps/auth_test_pg-7f93b9b5cd0ff6b1)
[INFO] [stdout] 
[INFO] [stdout] running 0 tests
[INFO] [stdout] 
[INFO] [stdout] test result: ok. 0 passed; 0 failed; 0 ignored; 0 measured; 0 filtered out; finished in 0.00s
[INFO] [stdout] 
[INFO] [stderr]      Running tests/auth_test_sqlite.rs (/opt/rustwide/target/debug/deps/auth_test_sqlite-28eba00b8a720a2d)
[INFO] [stdout] 
[INFO] [stdout] running 0 tests
[INFO] [stdout] 
[INFO] [stdout] test result: ok. 0 passed; 0 failed; 0 ignored; 0 measured; 0 filtered out; finished in 0.00s
[INFO] [stdout] 
[INFO] [stderr]      Running unittests src/lib.rs (/opt/rustwide/target/debug/deps/lightspeed_cache-e59a9f23e2e5a981)
[INFO] [stdout] 
[INFO] [stdout] running 12 tests
[INFO] [stdout] test tokio::test::clone_should_link_to_same_map ... ok
[INFO] [stdout] test tokio::test::should_insert_on_get_if_not_present ... ok
[INFO] [stdout] test tokio::test::should_not_insert_if_exists_on_get ... ok
[INFO] [stdout] test tokio::test::should_not_overflow_when_ttl_is_max ... ok
[INFO] [stdout] test tokio::test::should_not_try_insert_if_exists_on_get ... ok
[INFO] [stdout] test tokio::test::should_remove_entry ... ok
[INFO] [stdout] test tokio::test::should_try_insert_and_return_error ... ok
[INFO] [stdout] test tokio::test::should_return_entry_not_expired ... ok
[INFO] [stdout] test tokio::test::should_try_insert_on_get_if_not_present ... ok
[INFO] [stdout] test tokio::test::should_insert_on_get_if_expired ... ok
[INFO] [stdout] test tokio::test::should_not_return_expired_entry ... ok
[INFO] [stdout] test tokio::test::should_try_insert_on_get_if_expired ... ok
[INFO] [stdout] 
[INFO] [stdout] test result: ok. 12 passed; 0 failed; 0 ignored; 0 measured; 0 filtered out; finished in 0.00s
[INFO] [stdout] 
[INFO] [stderr]      Running unittests src/lib.rs (/opt/rustwide/target/debug/deps/lightspeed_core-36c47b1a5c19b128)
[INFO] [stdout] 
[INFO] [stdout] running 95 tests
[INFO] [stdout] test config::test::should_build_config ... ok
[INFO] [stdout] test error::test::error_details_should_add_entries ... ok
[INFO] [stdout] test error::test::error_details_should_have_scoped_children ... ok
[INFO] [stdout] test service::auth::test::new_auth_should_generate_session_id ... ok
[INFO] [stdout] test service::auth::test::service_should_be_send_and_sync ... ok
[INFO] [stdout] test service::auth::test::should_be_allowed_if_not_the_owner_but_has_permission ... ok
[INFO] [stdout] test service::auth::test::should_be_allowed_if_not_the_owner_but_has_role ... ok
[INFO] [stdout] test service::auth::test::should_be_allowed_if_the_owner_but_not_has_permission ... ok
[INFO] [stdout] test service::auth::test::should_be_allowed_if_the_owner_but_not_has_role ... ok
[INFO] [stdout] test service::auth::test::should_be_authenticated ... ok
[INFO] [stdout] test service::auth::test::should_be_not_authenticated_even_if_has_permission ... ok
[INFO] [stdout] test service::auth::test::should_be_not_authenticated_if_expired ... ok
[INFO] [stdout] test service::auth::test::should_be_not_authenticated_even_if_has_role ... ok
[INFO] [stdout] test service::auth::test::should_be_not_authenticated_if_no_username ... ok
[INFO] [stdout] test service::auth::test::should_have_all_permissions ... ok
[INFO] [stdout] test service::auth::test::should_have_all_roles ... ok
[INFO] [stdout] test service::auth::test::should_have_any_role ... ok
[INFO] [stdout] test service::auth::test::should_have_permission_2 ... ok
[INFO] [stdout] test service::auth::test::should_have_permission ... ok
[INFO] [stdout] test service::auth::test::should_have_any_permission ... ok
[INFO] [stdout] test service::auth::test::should_be_the_owner ... ok
[INFO] [stdout] test service::auth::test::should_have_role_2 ... ok
[INFO] [stdout] test service::auth::test::should_have_role ... ok
[INFO] [stdout] test service::auth::test::should_have_role_chained ... ok
[INFO] [stdout] test service::auth::test::should_not_be_allowed_if_not_the_owner_and_not_has_permission ... ok
[INFO] [stdout] test service::auth::test::should_not_be_the_owner ... ok
[INFO] [stdout] test service::auth::test::should_not_be_allowed_if_not_the_owner_and_not_has_role ... ok
[INFO] [stdout] test service::auth::test::should_not_have_all_roles ... ok
[INFO] [stdout] test service::auth::test::should_not_have_all_permissions ... ok
[INFO] [stdout] test service::auth::test::should_not_have_any_permission ... ok
[INFO] [stdout] test service::auth::test::should_not_have_permission ... ok
[INFO] [stdout] test service::auth::test::should_not_have_role ... ok
[INFO] [stdout] test service::auth::test::should_return_true_if_all_matches ... ok
[INFO] [stdout] test service::auth::test::should_return_true_if_any_matches ... ok
[INFO] [stdout] test service::auth::test::should_not_have_any_role ... ok
[INFO] [stdout] test service::jwt::test::service_should_be_send_and_sync ... ok
[INFO] [stdout] test service::jwt::test::should_create_jwt_string_from_payload ... ok
[INFO] [stdout] test service::jwt::test::should_create_jwt_string_from_token ... ok
[INFO] [stdout] test service::jwt::test::should_fail_parsing_expired_token ... ok
[INFO] [stdout] test service::jwt::test::should_not_build_if_secret_key_empty ... ok
[INFO] [stdout] test service::jwt::test::should_fail_parsing_tampered_token ... ok
[INFO] [stdout] test service::jwt::test::should_parse_the_token ... ok
[INFO] [stdout] test service::jwt::test::should_parse_the_expiration_date ... ok
[INFO] [stdout] test service::validator::boolean::tests::should_validate_is_false_and_return_errors ... ok
[INFO] [stdout] test service::random::test::should_generate_a_random_number_of_6_digits ... ok
[INFO] [stdout] test service::validator::boolean::tests::should_validate_is_true_and_return_errors ... ok
[INFO] [stdout] test service::random::test::should_return_a_random_string ... ok
[INFO] [stdout] test service::validator::boolean::tests::should_validate_is_false_and_return_no_errors ... ok
[INFO] [stdout] test service::validator::boolean::tests::should_validate_is_true_and_return_no_errors ... ok
[INFO] [stdout] test service::validator::contains::tests::should_validate_and_return_errors ... ok
[INFO] [stdout] test service::validator::email::tests::should_validate_and_return_errors ... ok
[INFO] [stdout] test service::validator::contains::tests::should_validate_and_return_no_errors ... ok
[INFO] [stdout] test service::validator::ip::tests::should_validate_generic_ip_v6_and_return_no_errors ... ok
[INFO] [stdout] test service::validator::ip::tests::should_validate_generic_ip_v4_and_return_no_errors ... ok
[INFO] [stdout] test service::validator::ip::tests::should_validate_ip4_and_return_errors ... ok
[INFO] [stdout] test service::validator::ip::tests::should_validate_ip4_and_return_no_errors ... ok
[INFO] [stdout] test service::validator::ip::tests::should_validate_ip6_and_return_errors ... ok
[INFO] [stdout] test service::validator::ip::tests::should_validate_ip_and_return_errors ... ok
[INFO] [stdout] test service::validator::must_match::tests::should_validate_and_return_errors ... ok
[INFO] [stdout] test service::validator::must_match::tests::should_validate_and_return_no_errors ... ok
[INFO] [stdout] test service::validator::order::tests::ge_should_not_validate_number_less ... ok
[INFO] [stdout] test service::validator::ip::tests::should_validate_ip6_and_return_no_errors ... ok
[INFO] [stdout] test service::validator::email::tests::should_validate_and_return_no_errors ... ok
[INFO] [stdout] test service::validator::order::tests::ge_should_validate_number_equal ... ok
[INFO] [stdout] test service::validator::order::tests::ge_should_validate_number_greater ... ok
[INFO] [stdout] test service::validator::order::tests::gt_should_not_validate_number_equal ... ok
[INFO] [stdout] test service::validator::order::tests::gt_should_not_validate_number_less ... ok
[INFO] [stdout] test service::validator::order::tests::gt_should_validate_number_greater ... ok
[INFO] [stdout] test service::validator::order::tests::le_should_not_validate_number_greater ... ok
[INFO] [stdout] test service::validator::order::tests::le_should_validate_number_equal ... ok
[INFO] [stdout] test service::validator::order::tests::le_should_validate_number_less ... ok
[INFO] [stdout] test service::validator::order::tests::lt_should_not_validate_number_equal ... ok
[INFO] [stdout] test service::validator::ownership::tests::should_fail_validate_ownership ... ok
[INFO] [stdout] test service::validator::ownership::tests::should_fail_validate_ownership_id_and_version_if_bad_owner ... ok
[INFO] [stdout] test service::validator::order::tests::lt_should_validate_number_less ... ok
[INFO] [stdout] test service::validator::ownership::tests::should_fail_validate_id_and_version ... ok
[INFO] [stdout] test service::validator::ownership::tests::should_fail_validate_ownership_id_and_version_if_bad_id ... ok
[INFO] [stdout] test service::validator::ownership::tests::should_fail_validate_ownership_id_and_version_if_bad_version ... ok
[INFO] [stdout] test service::validator::order::tests::lt_should_not_validate_number_greated ... ok
[INFO] [stdout] test service::validator::ownership::tests::should_validate_ownership_1 ... ok
[INFO] [stdout] test service::validator::ownership::tests::should_validate_ownership_2 ... ok
[INFO] [stdout] test service::validator::test::validator_should_accept_closures ... ok
[INFO] [stdout] test service::validator::ownership::tests::should_validate_ownership_id_and_version ... ok
[INFO] [stdout] test service::validator::test::validator_should_accept_validable ... ok
[INFO] [stdout] test service::validator::test::validator_should_accept_validable_with_errors ... ok
[INFO] [stdout] test service::validator::test::validator_should_accept_pair_with_closures ... ok
[INFO] [stdout] test service::validator::test::validator_should_accept_validables ... ok
[INFO] [stdout] test service::validator::ownership::tests::should_validate_id_and_version ... ok
[INFO] [stdout] test service::validator::test::validator_should_aggregate_errors ... ok
[INFO] [stdout] test service::validator::test::validator_should_accept_pair ... ok
[INFO] [stdout] test service::validator::test::validator_should_return_error_from_closure_if_error_details ... ok
[INFO] [stdout] test service::validator::test::validator_should_return_validable_internal_error ... ok
[INFO] [stdout] test service::validator::urls::tests::should_validate_and_return_errors ... ok
[INFO] [stdout] test service::validator::urls::tests::should_validate_and_return_no_errors ... ok
[INFO] [stdout] test service::random::test::should_generate_a_random_number_of_fixed_digits ... ok
[INFO] [stdout] 
[INFO] [stdout] test result: ok. 95 passed; 0 failed; 0 ignored; 0 measured; 0 filtered out; finished in 0.01s
[INFO] [stdout] 
[INFO] [stderr]      Running tests/spike_ioc.rs (/opt/rustwide/target/debug/deps/spike_ioc-5499449c7436dc67)
[INFO] [stdout] 
[INFO] [stdout] running 1 test
[INFO] [stdout] test start ... ok
[INFO] [stdout] 
[INFO] [stdout] test result: ok. 1 passed; 0 failed; 0 ignored; 0 measured; 0 filtered out; finished in 0.00s
[INFO] [stdout] 
[INFO] [stderr]      Running tests/spike_ioc_typemap.rs (/opt/rustwide/target/debug/deps/spike_ioc_typemap-919087ad44f13c83)
[INFO] [stdout] 
[INFO] [stdout] running 1 test
[INFO] [stdout] test start ... ok
[INFO] [stdout] 
[INFO] [stdout] test result: ok. 1 passed; 0 failed; 0 ignored; 0 measured; 0 filtered out; finished in 0.00s
[INFO] [stdout] 
[INFO] [stderr]      Running unittests src/lib.rs (/opt/rustwide/target/debug/deps/lightspeed_email-4862d58d05744e52)
[INFO] [stdout] 
[INFO] [stdout] running 15 tests
[INFO] [stdout] test config::test::should_build_config ... ok
[INFO] [stdout] test repository::email::test::should_build_fixed_recipient_client ... ok
[INFO] [stdout] test repository::email::test::should_build_in_memory_client ... ok
[INFO] [stdout] test repository::email::test::should_fail_if_fixed_recipient_empty ... ok
[INFO] [stdout] test repository::fixed_recipient_email::test::should_add_original_recipients_info_to_the_email_html_if_present ... ok
[INFO] [stdout] test repository::fixed_recipient_email::test::should_add_original_recipients_info_to_the_email_text_if_no_text_or_html_is_present ... ok
[INFO] [stdout] test repository::fixed_recipient_email::test::should_add_original_recipients_info_to_the_email_text_if_present ... ok
[INFO] [stdout] test repository::fixed_recipient_email::test::should_add_original_to_info_to_the_email_subject_even_if_not_present ... ok
[INFO] [stdout] test repository::fixed_recipient_email::test::should_build_data_from_recipients ... ok
[INFO] [stdout] test repository::fixed_recipient_email::test::should_build_subject_from_recipients ... ok
[INFO] [stdout] test repository::fixed_recipient_email::test::should_add_original_to_info_to_the_email_subject_if_present ... ok
[INFO] [stdout] test repository::in_memory_email::test::should_clear_emails ... ok
[INFO] [stdout] test repository::full_email::test::should_parse_address ... ok
[INFO] [stdout] test repository::in_memory_email::test::should_keep_emails_in_memory ... ok
[INFO] [stdout] test repository::fixed_recipient_email::test::should_replace_recipients ... ok
[INFO] [stdout] 
[INFO] [stdout] test result: ok. 15 passed; 0 failed; 0 ignored; 0 measured; 0 filtered out; finished in 0.00s
[INFO] [stdout] 
[INFO] [stderr]      Running tests/email_test.rs (/opt/rustwide/target/debug/deps/email_test-ff0063afebc21edc)
[INFO] [stdout] 
[INFO] [stdout] running 3 tests
[INFO] [stdout] test full_client_should_use_gmail ... ignored
[INFO] [stdout] test full_client_should_use_gmail2 ... ignored
[INFO] [stdout] test should_start_the_mailserver ... FAILED
[INFO] [stdout] 
[INFO] [stdout] failures:
[INFO] [stdout] 
[INFO] [stdout] ---- should_start_the_mailserver stdout ----
[INFO] [stdout] 
[INFO] [stdout] thread 'should_start_the_mailserver' panicked at email/tests/email_test.rs:15:10:
[INFO] [stdout] called `Result::unwrap()` on an `Err` value: Client(Init(SocketNotFoundError("/var/run/docker.sock")))
[INFO] [stdout] stack backtrace:
[INFO] [stdout]    0:     0x651a7ac65fea - <std::sys::backtrace::BacktraceLock::print::DisplayBacktrace as core::fmt::Display>::fmt::h71a62eb3b9696b12
[INFO] [stdout]    1:     0x651a7ac92523 - core::fmt::write::h2cc1698af7e2d686
[INFO] [stdout]    2:     0x651a7ac613f3 - std::io::Write::write_fmt::hab1b4cd059a79022
[INFO] [stdout]    3:     0x651a7ac65e32 - std::sys::backtrace::BacktraceLock::print::h147fe35b4ea13b08
[INFO] [stdout]    4:     0x651a7ac6740f - std::panicking::default_hook::{{closure}}::hbd44223dbdc0d208
[INFO] [stdout]    5:     0x651a7ac67228 - std::panicking::default_hook::h20f81eb0576efcec
[INFO] [stdout]    6:     0x651a7a760ab3 - test::test_main::{{closure}}::hc0a4963c59427c24
[INFO] [stdout]    7:     0x651a7ac67f03 - std::panicking::rust_panic_with_hook::h625eea43051b2edc
[INFO] [stdout]    8:     0x651a7ac67bba - std::panicking::begin_panic_handler::{{closure}}::h4f9159cfbc3f6bd3
[INFO] [stdout]    9:     0x651a7ac664e9 - std::sys::backtrace::__rust_end_short_backtrace::h0390abce48353151
[INFO] [stdout]   10:     0x651a7ac6784d - rust_begin_unwind
[INFO] [stdout]   11:     0x651a7ac8fdd0 - core::panicking::panic_fmt::h9e7c637e9e5f29c9
[INFO] [stdout]   12:     0x651a7ac902a6 - core::result::unwrap_failed::h7979f09313fe1849
[INFO] [stdout]   13:     0x651a7a683b84 - email_test::new_mail_server::{{closure}}::h6f7f3f0c7e3b0d4d
[INFO] [stdout]   14:     0x651a7a684305 - email_test::should_start_the_mailserver::{{closure}}::hb8eb6fbdfadbe571
[INFO] [stdout]   15:     0x651a7a6c6d74 - <core::pin::Pin<P> as core::future::future::Future>::poll::hba092844ffb80fa6
[INFO] [stdout]   16:     0x651a7a6c6ca6 - <core::pin::Pin<P> as core::future::future::Future>::poll::h2bf21bb628826ac8
[INFO] [stdout]   17:     0x651a7a6c5546 - tokio::runtime::scheduler::current_thread::CoreGuard::block_on::{{closure}}::{{closure}}::{{closure}}::h295dd7adabdfa660
[INFO] [stdout]   18:     0x651a7a6c5386 - tokio::runtime::scheduler::current_thread::CoreGuard::block_on::{{closure}}::{{closure}}::ha972f6434c671d40
[INFO] [stdout]   19:     0x651a7a6c33b8 - tokio::runtime::scheduler::current_thread::Context::enter::ha9de1e9fefc49f81
[INFO] [stdout]   20:     0x651a7a6c453f - tokio::runtime::scheduler::current_thread::CoreGuard::block_on::{{closure}}::h25c13ab9e02b6af0
[INFO] [stdout]   21:     0x651a7a6c4284 - tokio::runtime::scheduler::current_thread::CoreGuard::enter::{{closure}}::h700c02e08bedb635
[INFO] [stdout]   22:     0x651a7a6c0f94 - tokio::runtime::context::scoped::Scoped<T>::set::hb76244bd1c58e764
[INFO] [stdout]   23:     0x651a7a721cc4 - tokio::runtime::context::set_scheduler::{{closure}}::hf93664b92b040894
[INFO] [stdout]   24:     0x651a7a68c01a - std::thread::local::LocalKey<T>::try_with::hb298785fd808b666
[INFO] [stdout]   25:     0x651a7a68ae16 - std::thread::local::LocalKey<T>::with::hf163e6c4b1289c85
[INFO] [stdout]   26:     0x651a7a721c1b - tokio::runtime::context::set_scheduler::h91874e1ebf001e54
[INFO] [stdout]   27:     0x651a7a6c3d84 - tokio::runtime::scheduler::current_thread::CoreGuard::enter::ha613ebe24bc562d7
[INFO] [stdout]   28:     0x651a7a6c431e - tokio::runtime::scheduler::current_thread::CoreGuard::block_on::h8b4664c652bb8fa9
[INFO] [stdout]   29:     0x651a7a6c146a - tokio::runtime::scheduler::current_thread::CurrentThread::block_on::{{closure}}::h52721a504c9a5052
[INFO] [stdout]   30:     0x651a7a68e53e - tokio::runtime::context::runtime::enter_runtime::h99b8f36faffb79dd
[INFO] [stdout]   31:     0x651a7a6c11c8 - tokio::runtime::scheduler::current_thread::CurrentThread::block_on::h044968166eec9a67
[INFO] [stdout]   32:     0x651a7a62d5f7 - tokio::runtime::runtime::Runtime::block_on_inner::hf2ccbeb1b9f9ed63
[INFO] [stdout]   33:     0x651a7a62d853 - tokio::runtime::runtime::Runtime::block_on::h1343340151303cfc
[INFO] [stdout]   34:     0x651a7a684094 - email_test::should_start_the_mailserver::he126a3cc1ce96216
[INFO] [stdout]   35:     0x651a7a683f63 - email_test::should_start_the_mailserver::{{closure}}::h3b0b7ba76b266146
[INFO] [stdout]   36:     0x651a7a607b16 - core::ops::function::FnOnce::call_once::h1dc8b559a6013518
[INFO] [stdout]   37:     0x651a7a76620b - test::__rust_begin_short_backtrace::h4e84902998457a5d
[INFO] [stdout]   38:     0x651a7a765143 - test::run_test::{{closure}}::hfb2007f8649c30bb
[INFO] [stdout]   39:     0x651a7a728225 - std::sys::backtrace::__rust_begin_short_backtrace::hd2d2d2fb8e8c6aac
[INFO] [stdout]   40:     0x651a7a72bb0a - core::ops::function::FnOnce::call_once{{vtable.shim}}::h048ce291ad4f62bf
[INFO] [stdout]   41:     0x651a7ac6c9db - std::sys::pal::unix::thread::Thread::new::thread_start::h2d970728ae887adc
[INFO] [stdout]   42:     0x7125c5c66ac3 - <unknown>
[INFO] [stdout]   43:     0x7125c5cf7a04 - clone
[INFO] [stdout]   44:                0x0 - <unknown>
[INFO] [stdout] 
[INFO] [stdout] 
[INFO] [stdout] failures:
[INFO] [stdout]     should_start_the_mailserver
[INFO] [stdout] 
[INFO] [stdout] test result: FAILED. 0 passed; 1 failed; 2 ignored; 0 measured; 0 filtered out; finished in 0.00s
[INFO] [stdout] 
[INFO] [stderr] error: test failed, to rerun pass `-p lightspeed_email --test email_test`
[INFO] running `Command { std: "docker" "inspect" "a9bfbb39ac789fc751b101ffa4293405e6a53b4fcafcb067e59b5773ef6453a5", kill_on_drop: false }`
[INFO] running `Command { std: "docker" "rm" "-f" "a9bfbb39ac789fc751b101ffa4293405e6a53b4fcafcb067e59b5773ef6453a5", kill_on_drop: false }`
[INFO] [stdout] a9bfbb39ac789fc751b101ffa4293405e6a53b4fcafcb067e59b5773ef6453a5
