[INFO] cloning repository https://github.com/AOSC-Dev/aoscdk-rs
[INFO] running `Command { std: "git" "-c" "credential.helper=" "-c" "credential.helper=/workspace/cargo-home/bin/git-credential-null" "clone" "--bare" "https://github.com/AOSC-Dev/aoscdk-rs" "/workspace/cache/git-repos/https%3A%2F%2Fgithub.com%2FAOSC-Dev%2Faoscdk-rs", kill_on_drop: false }`
[INFO] [stderr] Cloning into bare repository '/workspace/cache/git-repos/https%3A%2F%2Fgithub.com%2FAOSC-Dev%2Faoscdk-rs'...
[INFO] running `Command { std: "git" "rev-parse" "HEAD", kill_on_drop: false }`
[INFO] [stdout] f38b3d594136adc8c765e07a7af63c473d66a669
[INFO] testing AOSC-Dev/aoscdk-rs against nightly-2025-01-18+rustflags=-Zrandomize-layout for randomize-layout-2
[INFO] running `Command { std: "git" "clone" "/workspace/cache/git-repos/https%3A%2F%2Fgithub.com%2FAOSC-Dev%2Faoscdk-rs" "/workspace/builds/worker-4-tc2/source", kill_on_drop: false }`
[INFO] [stderr] Cloning into '/workspace/builds/worker-4-tc2/source'...
[INFO] [stderr] done.
[INFO] validating manifest of git repo https://github.com/AOSC-Dev/aoscdk-rs on toolchain nightly-2025-01-18
[INFO] running `Command { std: CARGO_HOME="/workspace/cargo-home" RUSTUP_HOME="/workspace/rustup-home" "/workspace/cargo-home/bin/cargo" "+nightly-2025-01-18" "metadata" "--manifest-path" "Cargo.toml" "--no-deps", kill_on_drop: false }`
[INFO] started tweaking git repo https://github.com/AOSC-Dev/aoscdk-rs
[INFO] finished tweaking git repo https://github.com/AOSC-Dev/aoscdk-rs
[INFO] tweaked toml for git repo https://github.com/AOSC-Dev/aoscdk-rs written to /workspace/builds/worker-4-tc2/source/Cargo.toml
[INFO] crate git repo https://github.com/AOSC-Dev/aoscdk-rs already has a lockfile, it will not be regenerated
[INFO] running `Command { std: CARGO_HOME="/workspace/cargo-home" RUSTUP_HOME="/workspace/rustup-home" "/workspace/cargo-home/bin/cargo" "+nightly-2025-01-18" "fetch" "--manifest-path" "Cargo.toml", kill_on_drop: false }`
[INFO] running `Command { std: "docker" "create" "-v" "/var/lib/crater-agent-workspace/builds/worker-4-tc2/target:/opt/rustwide/target:rw,Z" "-v" "/var/lib/crater-agent-workspace/builds/worker-4-tc2/source:/opt/rustwide/workdir:ro,Z" "-v" "/var/lib/crater-agent-workspace/cargo-home:/opt/rustwide/cargo-home:ro,Z" "-v" "/var/lib/crater-agent-workspace/rustup-home:/opt/rustwide/rustup-home:ro,Z" "-e" "SOURCE_DIR=/opt/rustwide/workdir" "-e" "CARGO_TARGET_DIR=/opt/rustwide/target" "-e" "CARGO_HOME=/opt/rustwide/cargo-home" "-e" "RUSTUP_HOME=/opt/rustwide/rustup-home" "-w" "/opt/rustwide/workdir" "-m" "1610612736" "--user" "0:0" "--network" "none" "ghcr.io/rust-lang/crates-build-env/linux@sha256:819108c5571ea2e421544af4d832f968d213c87fbe3707a016657f43d2f853bc" "/opt/rustwide/cargo-home/bin/cargo" "+nightly-2025-01-18" "metadata" "--no-deps" "--format-version=1", kill_on_drop: false }`
[INFO] [stdout] 4b3959812bdb290533c3154011eb2f7f50bee2ac12c8a440a4817d76954406aa
[INFO] running `Command { std: "docker" "start" "-a" "4b3959812bdb290533c3154011eb2f7f50bee2ac12c8a440a4817d76954406aa", kill_on_drop: false }`
[INFO] running `Command { std: "docker" "inspect" "4b3959812bdb290533c3154011eb2f7f50bee2ac12c8a440a4817d76954406aa", kill_on_drop: false }`
[INFO] running `Command { std: "docker" "rm" "-f" "4b3959812bdb290533c3154011eb2f7f50bee2ac12c8a440a4817d76954406aa", kill_on_drop: false }`
[INFO] [stdout] 4b3959812bdb290533c3154011eb2f7f50bee2ac12c8a440a4817d76954406aa
[INFO] running `Command { std: "docker" "create" "-v" "/var/lib/crater-agent-workspace/builds/worker-4-tc2/target:/opt/rustwide/target:rw,Z" "-v" "/var/lib/crater-agent-workspace/builds/worker-4-tc2/source:/opt/rustwide/workdir:ro,Z" "-v" "/var/lib/crater-agent-workspace/cargo-home:/opt/rustwide/cargo-home:ro,Z" "-v" "/var/lib/crater-agent-workspace/rustup-home:/opt/rustwide/rustup-home:ro,Z" "-e" "SOURCE_DIR=/opt/rustwide/workdir" "-e" "CARGO_TARGET_DIR=/opt/rustwide/target" "-e" "CARGO_INCREMENTAL=0" "-e" "RUST_BACKTRACE=full" "-e" "RUSTFLAGS=--cap-lints=forbid -Zrandomize-layout" "-e" "RUSTDOCFLAGS=--cap-lints=forbid" "-e" "CARGO_HOME=/opt/rustwide/cargo-home" "-e" "RUSTUP_HOME=/opt/rustwide/rustup-home" "-w" "/opt/rustwide/workdir" "-m" "1610612736" "--user" "0:0" "--network" "none" "ghcr.io/rust-lang/crates-build-env/linux@sha256:819108c5571ea2e421544af4d832f968d213c87fbe3707a016657f43d2f853bc" "/opt/rustwide/cargo-home/bin/cargo" "+nightly-2025-01-18" "build" "--frozen" "--message-format=json", kill_on_drop: false }`
[INFO] [stdout] 1e6ed0c2b7b07b2dbd37775a896ae550e3cf014457e0db5f840ec15d42c9729e
[INFO] running `Command { std: "docker" "start" "-a" "1e6ed0c2b7b07b2dbd37775a896ae550e3cf014457e0db5f840ec15d42c9729e", kill_on_drop: false }`
[INFO] [stderr]    Compiling proc-macro2 v1.0.81
[INFO] [stderr]    Compiling libc v0.2.154
[INFO] [stderr]    Compiling bitflags v2.5.0
[INFO] [stderr]    Compiling log v0.4.21
[INFO] [stderr]    Compiling glob v0.3.1
[INFO] [stderr]    Compiling cc v1.0.96
[INFO] [stderr]    Compiling fnv v1.0.7
[INFO] [stderr]    Compiling regex-syntax v0.8.3
[INFO] [stderr]    Compiling num-traits v0.2.19
[INFO] [stderr]    Compiling syn v1.0.109
[INFO] [stderr]    Compiling memchr v2.7.2
[INFO] [stderr]    Compiling libloading v0.8.3
[INFO] [stderr]    Compiling rustc-hash v1.1.0
[INFO] [stderr]    Compiling peeking_take_while v0.1.2
[INFO] [stderr]    Compiling lazycell v1.3.0
[INFO] [stderr]    Compiling shlex v1.3.0
[INFO] [stderr]    Compiling vcpkg v0.2.15
[INFO] [stderr]    Compiling rustix v0.38.34
[INFO] [stderr]    Compiling prettyplease v0.2.19
[INFO] [stderr]    Compiling futures-channel v0.3.30
[INFO] [stderr]    Compiling ident_case v1.0.1
[INFO] [stderr]    Compiling rustversion v1.0.15
[INFO] [stderr]    Compiling bindgen v0.66.1
[INFO] [stderr]    Compiling clang-sys v1.7.0
[INFO] [stderr]    Compiling linux-raw-sys v0.4.13
[INFO] [stderr]    Compiling proc-macro-error-attr v1.0.4
[INFO] [stderr]    Compiling num-bigint v0.4.4
[INFO] [stderr]    Compiling bindgen v0.65.1
[INFO] [stderr]    Compiling http v1.1.0
[INFO] [stderr]    Compiling proc-macro-error v1.0.4
[INFO] [stderr]    Compiling num-rational v0.4.1
[INFO] [stderr]    Compiling quote v1.0.36
[INFO] [stderr]    Compiling thiserror v1.0.59
[INFO] [stderr]    Compiling nom v7.1.3
[INFO] [stderr]    Compiling syn v2.0.60
[INFO] [stderr]    Compiling num-integer v0.1.46
[INFO] [stderr]    Compiling standback v0.2.17
[INFO] [stderr]    Compiling proc-macro-hack v0.5.20+deprecated
[INFO] [stderr]    Compiling httparse v1.8.0
[INFO] [stderr]    Compiling err-derive v0.2.4
[INFO] [stderr]    Compiling unicode-xid v0.2.4
[INFO] [stderr]    Compiling openssl v0.10.64
[INFO] [stderr]    Compiling hashbrown v0.14.5
[INFO] [stderr]    Compiling powerfmt v0.2.0
[INFO] [stderr]    Compiling foreign-types-shared v0.1.1
[INFO] [stderr]    Compiling foreign-types v0.3.2
[INFO] [stderr]    Compiling deranged v0.3.11
[INFO] [stderr]    Compiling num-iter v0.1.45
[INFO] [stderr]    Compiling num-complex v0.4.5
[INFO] [stderr]    Compiling openssl-sys v0.9.102
[INFO] [stderr]    Compiling time-core v0.1.2
[INFO] [stderr]    Compiling native-tls v0.2.11
[INFO] [stderr]    Compiling serde v1.0.200
[INFO] [stderr]    Compiling try-lock v0.2.5
[INFO] [stderr]    Compiling regex-automata v0.4.6
[INFO] [stderr]    Compiling stable_deref_trait v1.2.0
[INFO] [stderr]    Compiling http-body v1.0.0
[INFO] [stderr]    Compiling num-conv v0.1.0
[INFO] [stderr]    Compiling zerocopy v0.7.33
[INFO] [stderr]    Compiling num_threads v0.1.7
[INFO] [stderr]    Compiling owning_ref v0.4.1
[INFO] [stderr]    Compiling want v0.3.1
[INFO] [stderr]    Compiling mio v0.8.11
[INFO] [stderr]    Compiling num_cpus v1.16.0
[INFO] [stderr]    Compiling socket2 v0.5.7
[INFO] [stderr]    Compiling getrandom v0.2.14
[INFO] [stderr]    Compiling indexmap v2.2.6
[INFO] [stderr]    Compiling errno v0.2.8
[INFO] [stderr]    Compiling ahash v0.8.11
[INFO] [stderr]    Compiling tokio v1.37.0
[INFO] [stderr]    Compiling num v0.4.2
[INFO] [stderr]    Compiling time v0.3.36
[INFO] [stderr]    Compiling rand v0.4.6
[INFO] [stderr]    Compiling which v4.4.2
[INFO] [stderr]    Compiling cexpr v0.6.0
[INFO] [stderr]    Compiling tower-layer v0.3.2
[INFO] [stderr]    Compiling smallvec v1.13.2
[INFO] [stderr]    Compiling const_fn v0.4.10
[INFO] [stderr]    Compiling xi-unicode v0.3.0
[INFO] [stderr]    Compiling regex v1.10.4
[INFO] [stderr]    Compiling tower-service v0.3.2
[INFO] [stderr]    Compiling openssl-probe v0.1.5
[INFO] [stderr]    Compiling cfg_aliases v0.1.1
[INFO] [stderr]    Compiling remove_dir_all v0.5.3
[INFO] [stderr]    Compiling nix v0.28.0
[INFO] [stderr]    Compiling tempdir v0.3.7
[INFO] [stderr]    Compiling rand_core v0.6.4
[INFO] [stderr]    Compiling ncurses v5.101.0
[INFO] [stderr]    Compiling lzma-sys v0.1.20
[INFO] [stderr]    Compiling time v0.2.27
[INFO] [stderr]    Compiling os-release v0.1.0
[INFO] [stderr]    Compiling serde_json v1.0.116
[INFO] [stderr]    Compiling portable-atomic v1.6.0
[INFO] [stderr]    Compiling crunchy v0.2.2
[INFO] [stderr]    Compiling numtoa v0.2.4
[INFO] [stderr]    Compiling ryu v1.0.17
[INFO] [stderr]    Compiling chrono v0.4.38
[INFO] [stderr]    Compiling sysfs-class v0.1.3
[INFO] [stderr]    Compiling rand_chacha v0.3.1
[INFO] [stderr]    Compiling signal-hook-registry v1.4.2
[INFO] [stderr]    Compiling http-body-util v0.1.1
[INFO] [stderr]    Compiling bit-vec v0.6.3
[INFO] [stderr]    Compiling anyhow v1.0.82
[INFO] [stderr]    Compiling rustls-pki-types v1.5.0
[INFO] [stderr]    Compiling rand v0.8.5
[INFO] [stderr]    Compiling signal-hook v0.3.17
[INFO] [stderr]    Compiling bit-set v0.5.3
[INFO] [stderr]    Compiling synstructure v0.12.6
[INFO] [stderr]    Compiling rustls-pemfile v2.1.2
[INFO] [stderr]    Compiling digest v0.10.7
[INFO] [stderr]    Compiling xattr v1.3.1
[INFO] [stderr]    Compiling which v6.0.1
[INFO] [stderr]    Compiling filetime v0.2.23
[INFO] [stderr]    Compiling term_size v0.3.2
[INFO] [stderr]    Compiling console v0.15.8
[INFO] [stderr]    Compiling encoding_rs v0.8.34
[INFO] [stderr]    Compiling ipnet v2.9.0
[INFO] [stderr]    Compiling number_prefix v0.4.0
[INFO] [stderr]    Compiling send_wrapper v0.5.0
[INFO] [stderr]    Compiling maplit v1.0.2
[INFO] [stderr]    Compiling interpolation v0.2.0
[INFO] [stderr]    Compiling sync_wrapper v0.1.2
[INFO] [stderr]    Compiling mime v0.3.17
[INFO] [stderr]    Compiling sha2 v0.10.8
[INFO] [stderr]    Compiling tar v0.4.40
[INFO] [stderr]    Compiling tempfile v3.10.1
[INFO] [stderr]    Compiling indicatif v0.17.8
[INFO] [stderr]    Compiling darling_core v0.20.8
[INFO] [stderr]    Compiling clock-core v0.0.7
[INFO] [stderr]    Compiling xz2 v0.1.7
[INFO] [stderr]    Compiling sysinfo v0.30.12
[INFO] [stderr]    Compiling tokio-util v0.7.11
[INFO] [stderr]    Compiling fern v0.6.2
[INFO] [stderr]    Compiling ctrlc v3.4.4
[INFO] [stderr]    Compiling smart-default v0.6.0
[INFO] [stderr]    Compiling time-macros-impl v0.1.2
[INFO] [stderr]    Compiling send_wrapper v0.6.0
[INFO] [stderr]    Compiling partition-identity v0.2.8
[INFO] [stderr]    Compiling time-macros v0.1.1
[INFO] [stderr]    Compiling tracing-attributes v0.1.27
[INFO] [stderr]    Compiling futures-macro v0.3.30
[INFO] [stderr]    Compiling thiserror-impl v1.0.59
[INFO] [stderr]    Compiling pin-project-internal v1.1.5
[INFO] [stderr]    Compiling enum-map-derive v0.17.0
[INFO] [stderr]    Compiling openssl-macros v0.1.1
[INFO] [stderr]    Compiling serde_derive v1.0.200
[INFO] [stderr]    Compiling darling_macro v0.20.8
[INFO] [stderr]    Compiling clap_derive v4.5.4
[INFO] [stderr]    Compiling enum-map v2.7.3
[INFO] [stderr]    Compiling darling v0.20.8
[INFO] [stderr]    Compiling enumset_derive v0.8.1
[INFO] [stderr]    Compiling fancy-regex v0.13.0
[INFO] [stderr]    Compiling futures-util v0.3.30
[INFO] [stderr]    Compiling tracing v0.1.40
[INFO] [stderr]    Compiling hhmmss v0.1.0
[INFO] [stderr]    Compiling unsquashfs-wrapper v0.2.1
[INFO] [stderr]    Compiling pin-project v1.1.5
[INFO] [stderr]    Compiling sudoku v0.8.0
[INFO] [stderr]    Compiling enumset v1.1.3
[INFO] [stderr]    Compiling cursive_core v0.3.7
[INFO] [stderr]    Compiling clap v4.5.4
[INFO] [stderr]    Compiling tokio-native-tls v0.3.1
[INFO] [stderr]    Compiling libparted-sys v0.3.2
[INFO] [stderr]    Compiling h2 v0.4.4
[INFO] [stderr]    Compiling tower v0.4.13
[INFO] [stderr]    Compiling futures-executor v0.3.30
[INFO] [stderr]    Compiling loopdev v0.4.0 (https://github.com/eatradish/loopdev?rev=0dde43a15320cf84148e57fed8aec6683755c04f#0dde43a1)
[INFO] [stderr]    Compiling futures v0.3.30
[INFO] [stderr]    Compiling cursive-async-view v0.6.0
[INFO] [stderr]    Compiling cursive v0.20.0
[INFO] [stderr]    Compiling cursive_table_view v0.14.0
[INFO] [stderr]    Compiling sys-mount v1.5.1
[INFO] [stderr]    Compiling serde_urlencoded v0.7.1
[INFO] [stderr]    Compiling os-detect v0.2.2
[INFO] [stderr]    Compiling libparted v0.1.5
[INFO] [stderr]    Compiling disk-types v0.1.5
[INFO] [stderr]    Compiling fstab-generate v0.1.2
[INFO] [stderr]    Compiling hyper v1.3.1
[INFO] [stderr]    Compiling hyper-util v0.1.3
[INFO] [stderr]    Compiling hyper-tls v0.6.0
[INFO] [stderr]    Compiling reqwest v0.12.4
[INFO] [stderr]    Compiling aoscdk-rs v1.0.4 (/opt/rustwide/workdir)
[INFO] [stdout] warning: fields `arch`, `date`, `download_size`, `inst_size`, `path`, and `sha256sum` are never read
[INFO] [stdout]   --> src/network.rs:36:9
[INFO] [stdout]    |
[INFO] [stdout] 35 | pub struct Tarball {
[INFO] [stdout]    |            ------- fields in this struct
[INFO] [stdout] 36 |     pub arch: String,
[INFO] [stdout]    |         ^^^^
[INFO] [stdout] 37 |     pub date: String,
[INFO] [stdout]    |         ^^^^
[INFO] [stdout] 38 |     #[serde(rename = "downloadSize")]
[INFO] [stdout] 39 |     pub download_size: i64,
[INFO] [stdout]    |         ^^^^^^^^^^^^^
[INFO] [stdout] 40 |     #[serde(rename = "instSize")]
[INFO] [stdout] 41 |     pub inst_size: i64,
[INFO] [stdout]    |         ^^^^^^^^^
[INFO] [stdout] 42 |     pub path: String,
[INFO] [stdout]    |         ^^^^
[INFO] [stdout] 43 |     pub sha256sum: String,
[INFO] [stdout]    |         ^^^^^^^^^
[INFO] [stdout]    |
[INFO] [stdout]    = note: `Tarball` has derived impls for the traits `Clone` and `Debug`, but these are intentionally ignored during dead code analysis
[INFO] [stdout]    = note: `#[warn(dead_code)]` on by default
[INFO] [stdout] 
[INFO] [stdout] 
[INFO] [stdout] warning: multiple fields are never read
[INFO] [stdout]   --> src/network.rs:48:9
[INFO] [stdout]    |
[INFO] [stdout] 47 | pub struct Squashfs {
[INFO] [stdout]    |            -------- fields in this struct
[INFO] [stdout] 48 |     pub arch: String,
[INFO] [stdout]    |         ^^^^
[INFO] [stdout] 49 |     pub date: String,
[INFO] [stdout]    |         ^^^^
[INFO] [stdout] 50 |     #[serde(rename = "downloadSize")]
[INFO] [stdout] 51 |     pub download_size: i64,
[INFO] [stdout]    |         ^^^^^^^^^^^^^
[INFO] [stdout] 52 |     #[serde(rename = "instSize")]
[INFO] [stdout] 53 |     pub inst_size: i64,
[INFO] [stdout]    |         ^^^^^^^^^
[INFO] [stdout] 54 |     pub path: String,
[INFO] [stdout]    |         ^^^^
[INFO] [stdout] 55 |     pub sha256sum: String,
[INFO] [stdout]    |         ^^^^^^^^^
[INFO] [stdout] 56 |     pub inodes: u32,
[INFO] [stdout]    |         ^^^^^^
[INFO] [stdout]    |
[INFO] [stdout]    = note: `Squashfs` has derived impls for the traits `Clone` and `Debug`, but these are intentionally ignored during dead code analysis
[INFO] [stdout] 
[INFO] [stdout] 
[INFO] [stdout] warning: fields `description` and `description_tr` are never read
[INFO] [stdout]   --> src/network.rs:76:9
[INFO] [stdout]    |
[INFO] [stdout] 73 | pub struct Variant {
[INFO] [stdout]    |            ------- fields in this struct
[INFO] [stdout] ...
[INFO] [stdout] 76 |     pub description: String,
[INFO] [stdout]    |         ^^^^^^^^^^^
[INFO] [stdout] 77 |     #[serde(rename = "description-tr")]
[INFO] [stdout] 78 |     pub description_tr: String,
[INFO] [stdout]    |         ^^^^^^^^^^^^^^
[INFO] [stdout]    |
[INFO] [stdout]    = note: `Variant` has a derived impl for the trait `Debug`, but this is intentionally ignored during dead code analysis
[INFO] [stdout] 
[INFO] [stdout] 
[INFO] [stdout] warning: fields `type_`, `title`, `title_tr`, `body`, and `body_tr` are never read
[INFO] [stdout]   --> src/network.rs:86:9
[INFO] [stdout]    |
[INFO] [stdout] 84 | pub struct Bulletin {
[INFO] [stdout]    |            -------- fields in this struct
[INFO] [stdout] 85 |     #[serde(rename = "type")]
[INFO] [stdout] 86 |     pub type_: String,
[INFO] [stdout]    |         ^^^^^
[INFO] [stdout] 87 |     pub title: String,
[INFO] [stdout]    |         ^^^^^
[INFO] [stdout] 88 |     #[serde(rename = "title-tr")]
[INFO] [stdout] 89 |     pub title_tr: String,
[INFO] [stdout]    |         ^^^^^^^^
[INFO] [stdout] 90 |     pub body: String,
[INFO] [stdout]    |         ^^^^
[INFO] [stdout] 91 |     #[serde(rename = "body-tr")]
[INFO] [stdout] 92 |     pub body_tr: String,
[INFO] [stdout]    |         ^^^^^^^
[INFO] [stdout]    |
[INFO] [stdout]    = note: `Bulletin` has a derived impl for the trait `Debug`, but this is intentionally ignored during dead code analysis
[INFO] [stdout] 
[INFO] [stdout] 
[INFO] [stdout] warning: fields `version` and `bulletin` are never read
[INFO] [stdout]   --> src/network.rs:97:9
[INFO] [stdout]    |
[INFO] [stdout] 96 | pub struct Recipe {
[INFO] [stdout]    |            ------ fields in this struct
[INFO] [stdout] 97 |     pub version: usize,
[INFO] [stdout]    |         ^^^^^^^
[INFO] [stdout] 98 |     pub bulletin: Bulletin,
[INFO] [stdout]    |         ^^^^^^^^
[INFO] [stdout]    |
[INFO] [stdout]    = note: `Recipe` has a derived impl for the trait `Debug`, but this is intentionally ignored during dead code analysis
[INFO] [stdout] 
[INFO] [stdout] 
[INFO] [stderr]     Finished `dev` profile [unoptimized + debuginfo] target(s) in 1m 23s
[INFO] running `Command { std: "docker" "inspect" "1e6ed0c2b7b07b2dbd37775a896ae550e3cf014457e0db5f840ec15d42c9729e", kill_on_drop: false }`
[INFO] running `Command { std: "docker" "rm" "-f" "1e6ed0c2b7b07b2dbd37775a896ae550e3cf014457e0db5f840ec15d42c9729e", kill_on_drop: false }`
[INFO] [stdout] 1e6ed0c2b7b07b2dbd37775a896ae550e3cf014457e0db5f840ec15d42c9729e
[INFO] running `Command { std: "docker" "create" "-v" "/var/lib/crater-agent-workspace/builds/worker-4-tc2/target:/opt/rustwide/target:rw,Z" "-v" "/var/lib/crater-agent-workspace/builds/worker-4-tc2/source:/opt/rustwide/workdir:ro,Z" "-v" "/var/lib/crater-agent-workspace/cargo-home:/opt/rustwide/cargo-home:ro,Z" "-v" "/var/lib/crater-agent-workspace/rustup-home:/opt/rustwide/rustup-home:ro,Z" "-e" "SOURCE_DIR=/opt/rustwide/workdir" "-e" "CARGO_TARGET_DIR=/opt/rustwide/target" "-e" "CARGO_INCREMENTAL=0" "-e" "RUST_BACKTRACE=full" "-e" "RUSTFLAGS=--cap-lints=forbid -Zrandomize-layout" "-e" "RUSTDOCFLAGS=--cap-lints=forbid" "-e" "CARGO_HOME=/opt/rustwide/cargo-home" "-e" "RUSTUP_HOME=/opt/rustwide/rustup-home" "-w" "/opt/rustwide/workdir" "-m" "1610612736" "--user" "0:0" "--network" "none" "ghcr.io/rust-lang/crates-build-env/linux@sha256:819108c5571ea2e421544af4d832f968d213c87fbe3707a016657f43d2f853bc" "/opt/rustwide/cargo-home/bin/cargo" "+nightly-2025-01-18" "test" "--frozen" "--no-run" "--message-format=json", kill_on_drop: false }`
[INFO] [stdout] 076a5be4c0047858aea97106f1568ad226098addd722637fcc75da0b75ea6f38
[INFO] running `Command { std: "docker" "start" "-a" "076a5be4c0047858aea97106f1568ad226098addd722637fcc75da0b75ea6f38", kill_on_drop: false }`
[INFO] [stdout] warning: fields `arch`, `date`, `download_size`, `inst_size`, `path`, and `sha256sum` are never read
[INFO] [stdout]   --> src/network.rs:36:9
[INFO] [stdout]    |
[INFO] [stdout] 35 | pub struct Tarball {
[INFO] [stdout]    |            ------- fields in this struct
[INFO] [stdout] 36 |     pub arch: String,
[INFO] [stdout]    |         ^^^^
[INFO] [stdout] 37 |     pub date: String,
[INFO] [stdout]    |         ^^^^
[INFO] [stdout] 38 |     #[serde(rename = "downloadSize")]
[INFO] [stdout] 39 |     pub download_size: i64,
[INFO] [stdout]    |         ^^^^^^^^^^^^^
[INFO] [stdout] 40 |     #[serde(rename = "instSize")]
[INFO] [stdout] 41 |     pub inst_size: i64,
[INFO] [stdout]    |         ^^^^^^^^^
[INFO] [stdout] 42 |     pub path: String,
[INFO] [stdout]    |         ^^^^
[INFO] [stdout] 43 |     pub sha256sum: String,
[INFO] [stdout]    |         ^^^^^^^^^
[INFO] [stdout]    |
[INFO] [stdout]    = note: `Tarball` has derived impls for the traits `Clone` and `Debug`, but these are intentionally ignored during dead code analysis
[INFO] [stdout]    = note: `#[warn(dead_code)]` on by default
[INFO] [stdout] 
[INFO] [stdout] 
[INFO] [stdout] warning: multiple fields are never read
[INFO] [stdout]   --> src/network.rs:48:9
[INFO] [stdout]    |
[INFO] [stdout] 47 | pub struct Squashfs {
[INFO] [stdout]    |            -------- fields in this struct
[INFO] [stdout] 48 |     pub arch: String,
[INFO] [stdout]    |         ^^^^
[INFO] [stdout] 49 |     pub date: String,
[INFO] [stdout]    |         ^^^^
[INFO] [stdout] 50 |     #[serde(rename = "downloadSize")]
[INFO] [stdout] 51 |     pub download_size: i64,
[INFO] [stdout]    |         ^^^^^^^^^^^^^
[INFO] [stdout] 52 |     #[serde(rename = "instSize")]
[INFO] [stdout] 53 |     pub inst_size: i64,
[INFO] [stdout]    |         ^^^^^^^^^
[INFO] [stdout] 54 |     pub path: String,
[INFO] [stdout]    |         ^^^^
[INFO] [stdout] 55 |     pub sha256sum: String,
[INFO] [stdout]    |         ^^^^^^^^^
[INFO] [stdout] 56 |     pub inodes: u32,
[INFO] [stdout]    |         ^^^^^^
[INFO] [stdout]    |
[INFO] [stdout]    = note: `Squashfs` has derived impls for the traits `Clone` and `Debug`, but these are intentionally ignored during dead code analysis
[INFO] [stdout] 
[INFO] [stdout] 
[INFO] [stderr]    Compiling aoscdk-rs v1.0.4 (/opt/rustwide/workdir)
[INFO] [stdout] warning: fields `description` and `description_tr` are never read
[INFO] [stdout]   --> src/network.rs:76:9
[INFO] [stdout]    |
[INFO] [stdout] 73 | pub struct Variant {
[INFO] [stdout]    |            ------- fields in this struct
[INFO] [stdout] ...
[INFO] [stdout] 76 |     pub description: String,
[INFO] [stdout]    |         ^^^^^^^^^^^
[INFO] [stdout] 77 |     #[serde(rename = "description-tr")]
[INFO] [stdout] 78 |     pub description_tr: String,
[INFO] [stdout]    |         ^^^^^^^^^^^^^^
[INFO] [stdout]    |
[INFO] [stdout]    = note: `Variant` has a derived impl for the trait `Debug`, but this is intentionally ignored during dead code analysis
[INFO] [stdout] 
[INFO] [stdout] 
[INFO] [stdout] warning: fields `type_`, `title`, `title_tr`, `body`, and `body_tr` are never read
[INFO] [stdout]   --> src/network.rs:86:9
[INFO] [stdout]    |
[INFO] [stdout] 84 | pub struct Bulletin {
[INFO] [stdout]    |            -------- fields in this struct
[INFO] [stdout] 85 |     #[serde(rename = "type")]
[INFO] [stdout] 86 |     pub type_: String,
[INFO] [stdout]    |         ^^^^^
[INFO] [stdout] 87 |     pub title: String,
[INFO] [stdout]    |         ^^^^^
[INFO] [stdout] 88 |     #[serde(rename = "title-tr")]
[INFO] [stdout] 89 |     pub title_tr: String,
[INFO] [stdout]    |         ^^^^^^^^
[INFO] [stdout] 90 |     pub body: String,
[INFO] [stdout]    |         ^^^^
[INFO] [stdout] 91 |     #[serde(rename = "body-tr")]
[INFO] [stdout] 92 |     pub body_tr: String,
[INFO] [stdout]    |         ^^^^^^^
[INFO] [stdout]    |
[INFO] [stdout]    = note: `Bulletin` has a derived impl for the trait `Debug`, but this is intentionally ignored during dead code analysis
[INFO] [stdout] 
[INFO] [stdout] 
[INFO] [stdout] warning: fields `version` and `bulletin` are never read
[INFO] [stdout]   --> src/network.rs:97:9
[INFO] [stdout]    |
[INFO] [stdout] 96 | pub struct Recipe {
[INFO] [stdout]    |            ------ fields in this struct
[INFO] [stdout] 97 |     pub version: usize,
[INFO] [stdout]    |         ^^^^^^^
[INFO] [stdout] 98 |     pub bulletin: Bulletin,
[INFO] [stdout]    |         ^^^^^^^^
[INFO] [stdout]    |
[INFO] [stdout]    = note: `Recipe` has a derived impl for the trait `Debug`, but this is intentionally ignored during dead code analysis
[INFO] [stdout] 
[INFO] [stdout] 
[INFO] [stdout] warning: fields `arch`, `date`, `download_size`, `inst_size`, `path`, and `sha256sum` are never read
[INFO] [stdout]   --> src/network.rs:36:9
[INFO] [stdout]    |
[INFO] [stdout] 35 | pub struct Tarball {
[INFO] [stdout]    |            ------- fields in this struct
[INFO] [stdout] 36 |     pub arch: String,
[INFO] [stdout]    |         ^^^^
[INFO] [stdout] 37 |     pub date: String,
[INFO] [stdout]    |         ^^^^
[INFO] [stdout] 38 |     #[serde(rename = "downloadSize")]
[INFO] [stdout] 39 |     pub download_size: i64,
[INFO] [stdout]    |         ^^^^^^^^^^^^^
[INFO] [stdout] 40 |     #[serde(rename = "instSize")]
[INFO] [stdout] 41 |     pub inst_size: i64,
[INFO] [stdout]    |         ^^^^^^^^^
[INFO] [stdout] 42 |     pub path: String,
[INFO] [stdout]    |         ^^^^
[INFO] [stdout] 43 |     pub sha256sum: String,
[INFO] [stdout]    |         ^^^^^^^^^
[INFO] [stdout]    |
[INFO] [stdout]    = note: `Tarball` has derived impls for the traits `Clone` and `Debug`, but these are intentionally ignored during dead code analysis
[INFO] [stdout]    = note: `#[warn(dead_code)]` on by default
[INFO] [stdout] 
[INFO] [stdout] 
[INFO] [stdout] warning: multiple fields are never read
[INFO] [stdout]   --> src/network.rs:48:9
[INFO] [stdout]    |
[INFO] [stdout] 47 | pub struct Squashfs {
[INFO] [stdout]    |            -------- fields in this struct
[INFO] [stdout] 48 |     pub arch: String,
[INFO] [stdout]    |         ^^^^
[INFO] [stdout] 49 |     pub date: String,
[INFO] [stdout]    |         ^^^^
[INFO] [stdout] 50 |     #[serde(rename = "downloadSize")]
[INFO] [stdout] 51 |     pub download_size: i64,
[INFO] [stdout]    |         ^^^^^^^^^^^^^
[INFO] [stdout] 52 |     #[serde(rename = "instSize")]
[INFO] [stdout] 53 |     pub inst_size: i64,
[INFO] [stdout]    |         ^^^^^^^^^
[INFO] [stdout] 54 |     pub path: String,
[INFO] [stdout]    |         ^^^^
[INFO] [stdout] 55 |     pub sha256sum: String,
[INFO] [stdout]    |         ^^^^^^^^^
[INFO] [stdout] 56 |     pub inodes: u32,
[INFO] [stdout]    |         ^^^^^^
[INFO] [stdout]    |
[INFO] [stdout]    = note: `Squashfs` has derived impls for the traits `Clone` and `Debug`, but these are intentionally ignored during dead code analysis
[INFO] [stdout] 
[INFO] [stdout] 
[INFO] [stdout] warning: fields `description` and `description_tr` are never read
[INFO] [stdout]   --> src/network.rs:76:9
[INFO] [stdout]    |
[INFO] [stdout] 73 | pub struct Variant {
[INFO] [stdout]    |            ------- fields in this struct
[INFO] [stdout] ...
[INFO] [stdout] 76 |     pub description: String,
[INFO] [stdout]    |         ^^^^^^^^^^^
[INFO] [stdout] 77 |     #[serde(rename = "description-tr")]
[INFO] [stdout] 78 |     pub description_tr: String,
[INFO] [stdout]    |         ^^^^^^^^^^^^^^
[INFO] [stdout]    |
[INFO] [stdout]    = note: `Variant` has a derived impl for the trait `Debug`, but this is intentionally ignored during dead code analysis
[INFO] [stdout] 
[INFO] [stdout] 
[INFO] [stdout] warning: fields `type_`, `title`, `title_tr`, `body`, and `body_tr` are never read
[INFO] [stdout]   --> src/network.rs:86:9
[INFO] [stdout]    |
[INFO] [stdout] 84 | pub struct Bulletin {
[INFO] [stdout]    |            -------- fields in this struct
[INFO] [stdout] 85 |     #[serde(rename = "type")]
[INFO] [stdout] 86 |     pub type_: String,
[INFO] [stdout]    |         ^^^^^
[INFO] [stdout] 87 |     pub title: String,
[INFO] [stdout]    |         ^^^^^
[INFO] [stdout] 88 |     #[serde(rename = "title-tr")]
[INFO] [stdout] 89 |     pub title_tr: String,
[INFO] [stdout]    |         ^^^^^^^^
[INFO] [stdout] 90 |     pub body: String,
[INFO] [stdout]    |         ^^^^
[INFO] [stdout] 91 |     #[serde(rename = "body-tr")]
[INFO] [stdout] 92 |     pub body_tr: String,
[INFO] [stdout]    |         ^^^^^^^
[INFO] [stdout]    |
[INFO] [stdout]    = note: `Bulletin` has a derived impl for the trait `Debug`, but this is intentionally ignored during dead code analysis
[INFO] [stdout] 
[INFO] [stdout] 
[INFO] [stdout] warning: fields `version` and `bulletin` are never read
[INFO] [stdout]   --> src/network.rs:97:9
[INFO] [stdout]    |
[INFO] [stdout] 96 | pub struct Recipe {
[INFO] [stdout]    |            ------ fields in this struct
[INFO] [stdout] 97 |     pub version: usize,
[INFO] [stdout]    |         ^^^^^^^
[INFO] [stdout] 98 |     pub bulletin: Bulletin,
[INFO] [stdout]    |         ^^^^^^^^
[INFO] [stdout]    |
[INFO] [stdout]    = note: `Recipe` has a derived impl for the trait `Debug`, but this is intentionally ignored during dead code analysis
[INFO] [stdout] 
[INFO] [stdout] 
[INFO] [stderr]     Finished `test` profile [unoptimized + debuginfo] target(s) in 4.01s
[INFO] running `Command { std: "docker" "inspect" "076a5be4c0047858aea97106f1568ad226098addd722637fcc75da0b75ea6f38", kill_on_drop: false }`
[INFO] running `Command { std: "docker" "rm" "-f" "076a5be4c0047858aea97106f1568ad226098addd722637fcc75da0b75ea6f38", kill_on_drop: false }`
[INFO] [stdout] 076a5be4c0047858aea97106f1568ad226098addd722637fcc75da0b75ea6f38
[INFO] running `Command { std: "docker" "create" "-v" "/var/lib/crater-agent-workspace/builds/worker-4-tc2/target:/opt/rustwide/target:rw,Z" "-v" "/var/lib/crater-agent-workspace/builds/worker-4-tc2/source:/opt/rustwide/workdir:ro,Z" "-v" "/var/lib/crater-agent-workspace/cargo-home:/opt/rustwide/cargo-home:ro,Z" "-v" "/var/lib/crater-agent-workspace/rustup-home:/opt/rustwide/rustup-home:ro,Z" "-e" "SOURCE_DIR=/opt/rustwide/workdir" "-e" "CARGO_TARGET_DIR=/opt/rustwide/target" "-e" "CARGO_INCREMENTAL=0" "-e" "RUST_BACKTRACE=full" "-e" "RUSTFLAGS=--cap-lints=forbid -Zrandomize-layout" "-e" "RUSTDOCFLAGS=--cap-lints=forbid" "-e" "CARGO_HOME=/opt/rustwide/cargo-home" "-e" "RUSTUP_HOME=/opt/rustwide/rustup-home" "-w" "/opt/rustwide/workdir" "-m" "1610612736" "--user" "0:0" "--network" "none" "ghcr.io/rust-lang/crates-build-env/linux@sha256:819108c5571ea2e421544af4d832f968d213c87fbe3707a016657f43d2f853bc" "/opt/rustwide/cargo-home/bin/cargo" "+nightly-2025-01-18" "test" "--frozen", kill_on_drop: false }`
[INFO] [stdout] c4a1d8caeb65965100961ef3f3cbcb9ce54ae17632453e82d4b94b51c7445b65
[INFO] running `Command { std: "docker" "start" "-a" "c4a1d8caeb65965100961ef3f3cbcb9ce54ae17632453e82d4b94b51c7445b65", kill_on_drop: false }`
[INFO] [stderr] warning: fields `arch`, `date`, `download_size`, `inst_size`, `path`, and `sha256sum` are never read
[INFO] [stderr]   --> src/network.rs:36:9
[INFO] [stderr]    |
[INFO] [stderr] 35 | pub struct Tarball {
[INFO] [stderr]    |            ------- fields in this struct
[INFO] [stderr] 36 |     pub arch: String,
[INFO] [stderr]    |         ^^^^
[INFO] [stderr] 37 |     pub date: String,
[INFO] [stderr]    |         ^^^^
[INFO] [stderr] 38 |     #[serde(rename = "downloadSize")]
[INFO] [stderr] 39 |     pub download_size: i64,
[INFO] [stderr]    |         ^^^^^^^^^^^^^
[INFO] [stderr] 40 |     #[serde(rename = "instSize")]
[INFO] [stderr] 41 |     pub inst_size: i64,
[INFO] [stderr]    |         ^^^^^^^^^
[INFO] [stderr] 42 |     pub path: String,
[INFO] [stderr]    |         ^^^^
[INFO] [stderr] 43 |     pub sha256sum: String,
[INFO] [stderr]    |         ^^^^^^^^^
[INFO] [stderr]    |
[INFO] [stderr]    = note: `Tarball` has derived impls for the traits `Clone` and `Debug`, but these are intentionally ignored during dead code analysis
[INFO] [stderr]    = note: `#[warn(dead_code)]` on by default
[INFO] [stderr] 
[INFO] [stderr] warning: multiple fields are never read
[INFO] [stderr]   --> src/network.rs:48:9
[INFO] [stderr]    |
[INFO] [stderr] 47 | pub struct Squashfs {
[INFO] [stderr]    |            -------- fields in this struct
[INFO] [stderr] 48 |     pub arch: String,
[INFO] [stderr]    |         ^^^^
[INFO] [stderr] 49 |     pub date: String,
[INFO] [stderr]    |         ^^^^
[INFO] [stderr] 50 |     #[serde(rename = "downloadSize")]
[INFO] [stderr] 51 |     pub download_size: i64,
[INFO] [stderr]    |         ^^^^^^^^^^^^^
[INFO] [stderr] 52 |     #[serde(rename = "instSize")]
[INFO] [stderr] 53 |     pub inst_size: i64,
[INFO] [stderr]    |         ^^^^^^^^^
[INFO] [stderr] 54 |     pub path: String,
[INFO] [stderr]    |         ^^^^
[INFO] [stderr] 55 |     pub sha256sum: String,
[INFO] [stderr]    |         ^^^^^^^^^
[INFO] [stderr] 56 |     pub inodes: u32,
[INFO] [stderr]    |         ^^^^^^
[INFO] [stderr]    |
[INFO] [stderr]    = note: `Squashfs` has derived impls for the traits `Clone` and `Debug`, but these are intentionally ignored during dead code analysis
[INFO] [stderr] 
[INFO] [stderr] warning: fields `description` and `description_tr` are never read
[INFO] [stderr]   --> src/network.rs:76:9
[INFO] [stderr]    |
[INFO] [stderr] 73 | pub struct Variant {
[INFO] [stderr]    |            ------- fields in this struct
[INFO] [stderr] ...
[INFO] [stderr] 76 |     pub description: String,
[INFO] [stderr]    |         ^^^^^^^^^^^
[INFO] [stderr] 77 |     #[serde(rename = "description-tr")]
[INFO] [stderr] 78 |     pub description_tr: String,
[INFO] [stderr]    |         ^^^^^^^^^^^^^^
[INFO] [stderr]    |
[INFO] [stderr]    = note: `Variant` has a derived impl for the trait `Debug`, but this is intentionally ignored during dead code analysis
[INFO] [stderr] 
[INFO] [stderr] warning: fields `type_`, `title`, `title_tr`, `body`, and `body_tr` are never read
[INFO] [stderr]   --> src/network.rs:86:9
[INFO] [stderr]    |
[INFO] [stderr] 84 | pub struct Bulletin {
[INFO] [stderr]    |            -------- fields in this struct
[INFO] [stderr] 85 |     #[serde(rename = "type")]
[INFO] [stderr] 86 |     pub type_: String,
[INFO] [stderr]    |         ^^^^^
[INFO] [stderr] 87 |     pub title: String,
[INFO] [stderr]    |         ^^^^^
[INFO] [stderr] 88 |     #[serde(rename = "title-tr")]
[INFO] [stderr] 89 |     pub title_tr: String,
[INFO] [stderr]    |         ^^^^^^^^
[INFO] [stderr] 90 |     pub body: String,
[INFO] [stderr]    |         ^^^^
[INFO] [stderr] 91 |     #[serde(rename = "body-tr")]
[INFO] [stderr] 92 |     pub body_tr: String,
[INFO] [stderr]    |         ^^^^^^^
[INFO] [stderr]    |
[INFO] [stderr]    = note: `Bulletin` has a derived impl for the trait `Debug`, but this is intentionally ignored during dead code analysis
[INFO] [stderr] 
[INFO] [stderr] warning: fields `version` and `bulletin` are never read
[INFO] [stderr]   --> src/network.rs:97:9
[INFO] [stderr]    |
[INFO] [stderr] 96 | pub struct Recipe {
[INFO] [stderr]    |            ------ fields in this struct
[INFO] [stderr] 97 |     pub version: usize,
[INFO] [stderr]    |         ^^^^^^^
[INFO] [stderr] 98 |     pub bulletin: Bulletin,
[INFO] [stderr]    |         ^^^^^^^^
[INFO] [stderr]    |
[INFO] [stderr]    = note: `Recipe` has a derived impl for the trait `Debug`, but this is intentionally ignored during dead code analysis
[INFO] [stderr] 
[INFO] [stderr] warning: `aoscdk-rs` (bin "aoscdk-rs" test) generated 5 warnings
[INFO] [stderr] warning: `aoscdk-rs` (bin "aoscdk-rs") generated 5 warnings (5 duplicates)
[INFO] [stderr]     Finished `test` profile [unoptimized + debuginfo] target(s) in 0.41s
[INFO] [stderr]      Running unittests src/main.rs (/opt/rustwide/target/debug/deps/aoscdk_rs-7ef229d389c3f832)
[INFO] [stdout] 
[INFO] [stdout] running 15 tests
[INFO] [stdout] test disks::test_fs_recommendation ... ok
[INFO] [stdout] test disks::test_recommend_swap_size ... ok
[INFO] [stdout] test install::test_hostname_validation ... ok
[INFO] [stdout] test parser::test_languagelist_single_line ... ok
[INFO] [stdout] test install::test ... ok
[INFO] [stdout] test install::test_set_fullname ... ok
[INFO] [stdout] test install::test_username_validation ... ok
[INFO] [stdout] test install::test_path_strip ... ok
[INFO] [stdout] test parser::test_list_zoneinfo ... ok
[INFO] [stdout] test parser::test_mounts_single_line ... ok
[INFO] [stdout] test parser::test_list_mounts ... ok
[INFO] [stdout] test parser::test_parse_languagelist ... ok
[INFO] [stdout] test parser::test_zone1970_single_line ... ok
[INFO] [stdout] test disks::test_device_is_match ... ok
[INFO] [stdout] test frontend::cli::test ... FAILED
[INFO] [stdout] 
[INFO] [stdout] failures:
[INFO] [stdout] 
[INFO] [stdout] ---- frontend::cli::test stdout ----
[INFO] [stdout] 
[INFO] [stdout] thread 'frontend::cli::test' panicked at src/frontend/cli.rs:333:25:
[INFO] [stdout] called `Result::unwrap()` on an `Err` value: error sending request for url (https://releases.aosc.io/manifest/recipe.json)
[INFO] [stdout] 
[INFO] [stdout] Caused by:
[INFO] [stdout]     0: client error (Connect)
[INFO] [stdout]     1: dns error: failed to lookup address information: Temporary failure in name resolution
[INFO] [stdout]     2: failed to lookup address information: Temporary failure in name resolution
[INFO] [stdout] 
[INFO] [stdout] Stack backtrace:
[INFO] [stdout]    0: anyhow::error::<impl core::convert::From<E> for anyhow::Error>::from
[INFO] [stdout]              at /opt/rustwide/cargo-home/registry/src/index.crates.io-1949cf8c6b5b557f/anyhow-1.0.82/src/backtrace.rs:27:14
[INFO] [stdout]    1: <core::result::Result<T,F> as core::ops::try_trait::FromResidual<core::result::Result<core::convert::Infallible,E>>>::from_residual
[INFO] [stdout]              at /rustc/6067b36314ab5eb2eb47cecc464545ba58e1ad24/library/core/src/result.rs:2014:27
[INFO] [stdout]    2: aoscdk_rs::network::fetch_recipe
[INFO] [stdout]              at ./src/network.rs:114:8
[INFO] [stdout]    3: aoscdk_rs::network::get_variants
[INFO] [stdout]              at ./src/network.rs:124:18
[INFO] [stdout]    4: aoscdk_rs::frontend::cli::list_tarball
[INFO] [stdout]              at ./src/frontend/cli.rs:140:20
[INFO] [stdout]    5: aoscdk_rs::frontend::cli::test
[INFO] [stdout]              at ./src/frontend/cli.rs:333:10
[INFO] [stdout]    6: aoscdk_rs::frontend::cli::test::{{closure}}
[INFO] [stdout]              at ./src/frontend/cli.rs:332:10
[INFO] [stdout]    7: core::ops::function::FnOnce::call_once
[INFO] [stdout]              at /rustc/6067b36314ab5eb2eb47cecc464545ba58e1ad24/library/core/src/ops/function.rs:250:5
[INFO] [stdout]    8: core::ops::function::FnOnce::call_once
[INFO] [stdout]              at /rustc/6067b36314ab5eb2eb47cecc464545ba58e1ad24/library/core/src/ops/function.rs:250:5
[INFO] [stdout]    9: test::__rust_begin_short_backtrace
[INFO] [stdout]              at /rustc/6067b36314ab5eb2eb47cecc464545ba58e1ad24/library/test/src/lib.rs:632:18
[INFO] [stdout]   10: test::run_test_in_process::{{closure}}
[INFO] [stdout]              at /rustc/6067b36314ab5eb2eb47cecc464545ba58e1ad24/library/test/src/lib.rs:655:60
[INFO] [stdout]   11: <core::panic::unwind_safe::AssertUnwindSafe<F> as core::ops::function::FnOnce<()>>::call_once
[INFO] [stdout]              at /rustc/6067b36314ab5eb2eb47cecc464545ba58e1ad24/library/core/src/panic/unwind_safe.rs:272:9
[INFO] [stdout]   12: std::panicking::try::do_call
[INFO] [stdout]              at /rustc/6067b36314ab5eb2eb47cecc464545ba58e1ad24/library/std/src/panicking.rs:587:40
[INFO] [stdout]   13: std::panicking::try
[INFO] [stdout]              at /rustc/6067b36314ab5eb2eb47cecc464545ba58e1ad24/library/std/src/panicking.rs:550:19
[INFO] [stdout]   14: std::panic::catch_unwind
[INFO] [stdout]              at /rustc/6067b36314ab5eb2eb47cecc464545ba58e1ad24/library/std/src/panic.rs:358:14
[INFO] [stdout]   15: test::run_test_in_process
[INFO] [stdout]              at /rustc/6067b36314ab5eb2eb47cecc464545ba58e1ad24/library/test/src/lib.rs:655:27
[INFO] [stdout]   16: test::run_test::{{closure}}
[INFO] [stdout]              at /rustc/6067b36314ab5eb2eb47cecc464545ba58e1ad24/library/test/src/lib.rs:576:43
[INFO] [stdout]   17: test::run_test::{{closure}}
[INFO] [stdout]              at /rustc/6067b36314ab5eb2eb47cecc464545ba58e1ad24/library/test/src/lib.rs:606:41
[INFO] [stdout]   18: std::sys::backtrace::__rust_begin_short_backtrace
[INFO] [stdout]              at /rustc/6067b36314ab5eb2eb47cecc464545ba58e1ad24/library/std/src/sys/backtrace.rs:152:18
[INFO] [stdout]   19: std::thread::Builder::spawn_unchecked_::{{closure}}::{{closure}}
[INFO] [stdout]              at /rustc/6067b36314ab5eb2eb47cecc464545ba58e1ad24/library/std/src/thread/mod.rs:559:17
[INFO] [stdout]   20: <core::panic::unwind_safe::AssertUnwindSafe<F> as core::ops::function::FnOnce<()>>::call_once
[INFO] [stdout]              at /rustc/6067b36314ab5eb2eb47cecc464545ba58e1ad24/library/core/src/panic/unwind_safe.rs:272:9
[INFO] [stdout]   21: std::panicking::try::do_call
[INFO] [stdout]              at /rustc/6067b36314ab5eb2eb47cecc464545ba58e1ad24/library/std/src/panicking.rs:587:40
[INFO] [stdout]   22: std::panicking::try
[INFO] [stdout]              at /rustc/6067b36314ab5eb2eb47cecc464545ba58e1ad24/library/std/src/panicking.rs:550:19
[INFO] [stdout]   23: std::panic::catch_unwind
[INFO] [stdout]              at /rustc/6067b36314ab5eb2eb47cecc464545ba58e1ad24/library/std/src/panic.rs:358:14
[INFO] [stdout]   24: std::thread::Builder::spawn_unchecked_::{{closure}}
[INFO] [stdout]              at /rustc/6067b36314ab5eb2eb47cecc464545ba58e1ad24/library/std/src/thread/mod.rs:557:30
[INFO] [stdout]   25: core::ops::function::FnOnce::call_once{{vtable.shim}}
[INFO] [stdout]              at /rustc/6067b36314ab5eb2eb47cecc464545ba58e1ad24/library/core/src/ops/function.rs:250:5
[INFO] [stdout]   26: <alloc::boxed::Box<F,A> as core::ops::function::FnOnce<Args>>::call_once
[INFO] [stdout]              at /rustc/6067b36314ab5eb2eb47cecc464545ba58e1ad24/library/alloc/src/boxed.rs:2013:9
[INFO] [stdout]   27: <alloc::boxed::Box<F,A> as core::ops::function::FnOnce<Args>>::call_once
[INFO] [stdout]              at /rustc/6067b36314ab5eb2eb47cecc464545ba58e1ad24/library/alloc/src/boxed.rs:2013:9
[INFO] [stdout]   28: std::sys::pal::unix::thread::Thread::new::thread_start
[INFO] [stdout]              at /rustc/6067b36314ab5eb2eb47cecc464545ba58e1ad24/library/std/src/sys/pal/unix/thread.rs:106:17
[INFO] [stdout]   29: <unknown>
[INFO] [stdout]   30: clone
[INFO] [stdout] stack backtrace:
[INFO] [stdout]    0:     0x570131ece91a - std::backtrace_rs::backtrace::libunwind::trace::hb059275cfc8d6126
[INFO] [stdout]                                at /rustc/6067b36314ab5eb2eb47cecc464545ba58e1ad24/library/std/src/../../backtrace/src/backtrace/libunwind.rs:116:5
[INFO] [stdout]    1:     0x570131ece91a - std::backtrace_rs::backtrace::trace_unsynchronized::h2da071e4327ce3ee
[INFO] [stdout]                                at /rustc/6067b36314ab5eb2eb47cecc464545ba58e1ad24/library/std/src/../../backtrace/src/backtrace/mod.rs:66:5
[INFO] [stdout]    2:     0x570131ece91a - std::sys::backtrace::_print_fmt::h842a1474e6f8d23f
[INFO] [stdout]                                at /rustc/6067b36314ab5eb2eb47cecc464545ba58e1ad24/library/std/src/sys/backtrace.rs:66:9
[INFO] [stdout]    3:     0x570131ece91a - <std::sys::backtrace::BacktraceLock::print::DisplayBacktrace as core::fmt::Display>::fmt::h71a62eb3b9696b12
[INFO] [stdout]                                at /rustc/6067b36314ab5eb2eb47cecc464545ba58e1ad24/library/std/src/sys/backtrace.rs:39:26
[INFO] [stdout]    4:     0x570131efa2e3 - core::fmt::rt::Argument::fmt::hdb6b616786b41dc1
[INFO] [stdout]                                at /rustc/6067b36314ab5eb2eb47cecc464545ba58e1ad24/library/core/src/fmt/rt.rs:177:76
[INFO] [stdout]    5:     0x570131efa2e3 - core::fmt::write::h2cc1698af7e2d686
[INFO] [stdout]                                at /rustc/6067b36314ab5eb2eb47cecc464545ba58e1ad24/library/core/src/fmt/mod.rs:1440:21
[INFO] [stdout]    6:     0x570131eca633 - std::io::Write::write_fmt::hab1b4cd059a79022
[INFO] [stdout]                                at /rustc/6067b36314ab5eb2eb47cecc464545ba58e1ad24/library/std/src/io/mod.rs:1887:15
[INFO] [stdout]    7:     0x570131ece762 - std::sys::backtrace::BacktraceLock::print::h147fe35b4ea13b08
[INFO] [stdout]                                at /rustc/6067b36314ab5eb2eb47cecc464545ba58e1ad24/library/std/src/sys/backtrace.rs:42:9
[INFO] [stdout]    8:     0x570131ecfd3f - std::panicking::default_hook::{{closure}}::hbd44223dbdc0d208
[INFO] [stdout]                                at /rustc/6067b36314ab5eb2eb47cecc464545ba58e1ad24/library/std/src/panicking.rs:298:22
[INFO] [stdout]    9:     0x570131ecfb58 - std::panicking::default_hook::h20f81eb0576efcec
[INFO] [stdout]                                at /rustc/6067b36314ab5eb2eb47cecc464545ba58e1ad24/library/std/src/panicking.rs:322:9
[INFO] [stdout]   10:     0x5701317698c3 - <alloc::boxed::Box<F,A> as core::ops::function::Fn<Args>>::call::hdb53814c496a4d34
[INFO] [stdout]                                at /rustc/6067b36314ab5eb2eb47cecc464545ba58e1ad24/library/alloc/src/boxed.rs:2027:9
[INFO] [stdout]   11:     0x5701317698c3 - test::test_main::{{closure}}::hc0a4963c59427c24
[INFO] [stdout]                                at /rustc/6067b36314ab5eb2eb47cecc464545ba58e1ad24/library/test/src/lib.rs:134:21
[INFO] [stdout]   12:     0x570131ed0833 - <alloc::boxed::Box<F,A> as core::ops::function::Fn<Args>>::call::h591b2225413a77e9
[INFO] [stdout]                                at /rustc/6067b36314ab5eb2eb47cecc464545ba58e1ad24/library/alloc/src/boxed.rs:2027:9
[INFO] [stdout]   13:     0x570131ed0833 - std::panicking::rust_panic_with_hook::h625eea43051b2edc
[INFO] [stdout]                                at /rustc/6067b36314ab5eb2eb47cecc464545ba58e1ad24/library/std/src/panicking.rs:839:13
[INFO] [stdout]   14:     0x570131ed04ea - std::panicking::begin_panic_handler::{{closure}}::h4f9159cfbc3f6bd3
[INFO] [stdout]                                at /rustc/6067b36314ab5eb2eb47cecc464545ba58e1ad24/library/std/src/panicking.rs:704:13
[INFO] [stdout]   15:     0x570131ecee19 - std::sys::backtrace::__rust_end_short_backtrace::h0390abce48353151
[INFO] [stdout]                                at /rustc/6067b36314ab5eb2eb47cecc464545ba58e1ad24/library/std/src/sys/backtrace.rs:168:18
[INFO] [stdout]   16:     0x570131ed017d - rust_begin_unwind
[INFO] [stdout]                                at /rustc/6067b36314ab5eb2eb47cecc464545ba58e1ad24/library/std/src/panicking.rs:695:5
[INFO] [stdout]   17:     0x570131ef7b90 - core::panicking::panic_fmt::h9e7c637e9e5f29c9
[INFO] [stdout]                                at /rustc/6067b36314ab5eb2eb47cecc464545ba58e1ad24/library/core/src/panicking.rs:75:14
[INFO] [stdout]   18:     0x570131ef8066 - core::result::unwrap_failed::h7979f09313fe1849
[INFO] [stdout]                                at /rustc/6067b36314ab5eb2eb47cecc464545ba58e1ad24/library/core/src/result.rs:1704:5
[INFO] [stdout]   19:     0x570131720212 - core::result::Result<T,E>::unwrap::h0ac372355785097d
[INFO] [stdout]                                at /rustc/6067b36314ab5eb2eb47cecc464545ba58e1ad24/library/core/src/result.rs:1109:23
[INFO] [stdout]   20:     0x570131720212 - aoscdk_rs::frontend::cli::test::h9ef43c12b71c232b
[INFO] [stdout]                                at /opt/rustwide/workdir/src/frontend/cli.rs:333:10
[INFO] [stdout]   21:     0x570131720197 - aoscdk_rs::frontend::cli::test::{{closure}}::hb5362229162cc0f3
[INFO] [stdout]                                at /opt/rustwide/workdir/src/frontend/cli.rs:332:10
[INFO] [stdout]   22:     0x570131713306 - core::ops::function::FnOnce::call_once::h9577831207975d60
[INFO] [stdout]                                at /rustc/6067b36314ab5eb2eb47cecc464545ba58e1ad24/library/core/src/ops/function.rs:250:5
[INFO] [stdout]   23:     0x57013176f01b - core::ops::function::FnOnce::call_once::he27718dfdd183f43
[INFO] [stdout]                                at /rustc/6067b36314ab5eb2eb47cecc464545ba58e1ad24/library/core/src/ops/function.rs:250:5
[INFO] [stdout]   24:     0x57013176f01b - test::__rust_begin_short_backtrace::h4e84902998457a5d
[INFO] [stdout]                                at /rustc/6067b36314ab5eb2eb47cecc464545ba58e1ad24/library/test/src/lib.rs:632:18
[INFO] [stdout]   25:     0x57013176df53 - test::run_test_in_process::{{closure}}::h7176fd18fc1feca0
[INFO] [stdout]                                at /rustc/6067b36314ab5eb2eb47cecc464545ba58e1ad24/library/test/src/lib.rs:655:60
[INFO] [stdout]   26:     0x57013176df53 - <core::panic::unwind_safe::AssertUnwindSafe<F> as core::ops::function::FnOnce<()>>::call_once::hf79cff2a624d8cf7
[INFO] [stdout]                                at /rustc/6067b36314ab5eb2eb47cecc464545ba58e1ad24/library/core/src/panic/unwind_safe.rs:272:9
[INFO] [stdout]   27:     0x57013176df53 - std::panicking::try::do_call::h3da0561d9ab99c25
[INFO] [stdout]                                at /rustc/6067b36314ab5eb2eb47cecc464545ba58e1ad24/library/std/src/panicking.rs:587:40
[INFO] [stdout]   28:     0x57013176df53 - std::panicking::try::h41c9fa508bc61df6
[INFO] [stdout]                                at /rustc/6067b36314ab5eb2eb47cecc464545ba58e1ad24/library/std/src/panicking.rs:550:19
[INFO] [stdout]   29:     0x57013176df53 - std::panic::catch_unwind::h6b3ff07bb5afad93
[INFO] [stdout]                                at /rustc/6067b36314ab5eb2eb47cecc464545ba58e1ad24/library/std/src/panic.rs:358:14
[INFO] [stdout]   30:     0x57013176df53 - test::run_test_in_process::hc7253dd11b39b9f4
[INFO] [stdout]                                at /rustc/6067b36314ab5eb2eb47cecc464545ba58e1ad24/library/test/src/lib.rs:655:27
[INFO] [stdout]   31:     0x57013176df53 - test::run_test::{{closure}}::hfb2007f8649c30bb
[INFO] [stdout]                                at /rustc/6067b36314ab5eb2eb47cecc464545ba58e1ad24/library/test/src/lib.rs:576:43
[INFO] [stdout]   32:     0x570131731035 - test::run_test::{{closure}}::h56a17aa7a282a9f4
[INFO] [stdout]                                at /rustc/6067b36314ab5eb2eb47cecc464545ba58e1ad24/library/test/src/lib.rs:606:41
[INFO] [stdout]   33:     0x570131731035 - std::sys::backtrace::__rust_begin_short_backtrace::hd2d2d2fb8e8c6aac
[INFO] [stdout]                                at /rustc/6067b36314ab5eb2eb47cecc464545ba58e1ad24/library/std/src/sys/backtrace.rs:152:18
[INFO] [stdout]   34:     0x57013173491a - std::thread::Builder::spawn_unchecked_::{{closure}}::{{closure}}::h4faa3f9db6133423
[INFO] [stdout]                                at /rustc/6067b36314ab5eb2eb47cecc464545ba58e1ad24/library/std/src/thread/mod.rs:559:17
[INFO] [stdout]   35:     0x57013173491a - <core::panic::unwind_safe::AssertUnwindSafe<F> as core::ops::function::FnOnce<()>>::call_once::hf2e855a36a4ea846
[INFO] [stdout]                                at /rustc/6067b36314ab5eb2eb47cecc464545ba58e1ad24/library/core/src/panic/unwind_safe.rs:272:9
[INFO] [stdout]   36:     0x57013173491a - std::panicking::try::do_call::h2f73af3616c35465
[INFO] [stdout]                                at /rustc/6067b36314ab5eb2eb47cecc464545ba58e1ad24/library/std/src/panicking.rs:587:40
[INFO] [stdout]   37:     0x57013173491a - std::panicking::try::hd1660ce9efadef5a
[INFO] [stdout]                                at /rustc/6067b36314ab5eb2eb47cecc464545ba58e1ad24/library/std/src/panicking.rs:550:19
[INFO] [stdout]   38:     0x57013173491a - std::panic::catch_unwind::h5ee8d7823b8ca744
[INFO] [stdout]                                at /rustc/6067b36314ab5eb2eb47cecc464545ba58e1ad24/library/std/src/panic.rs:358:14
[INFO] [stdout]   39:     0x57013173491a - std::thread::Builder::spawn_unchecked_::{{closure}}::h53c3a1894dce8407
[INFO] [stdout]                                at /rustc/6067b36314ab5eb2eb47cecc464545ba58e1ad24/library/std/src/thread/mod.rs:557:30
[INFO] [stdout]   40:     0x57013173491a - core::ops::function::FnOnce::call_once{{vtable.shim}}::h048ce291ad4f62bf
[INFO] [stdout]                                at /rustc/6067b36314ab5eb2eb47cecc464545ba58e1ad24/library/core/src/ops/function.rs:250:5
[INFO] [stdout]   41:     0x570131ed4bab - <alloc::boxed::Box<F,A> as core::ops::function::FnOnce<Args>>::call_once::ha52bedf99a3b4981
[INFO] [stdout]                                at /rustc/6067b36314ab5eb2eb47cecc464545ba58e1ad24/library/alloc/src/boxed.rs:2013:9
[INFO] [stdout]   42:     0x570131ed4bab - <alloc::boxed::Box<F,A> as core::ops::function::FnOnce<Args>>::call_once::h567748934d80ccf8
[INFO] [stdout]                                at /rustc/6067b36314ab5eb2eb47cecc464545ba58e1ad24/library/alloc/src/boxed.rs:2013:9
[INFO] [stdout]   43:     0x570131ed4bab - std::sys::pal::unix::thread::Thread::new::thread_start::h2d970728ae887adc
[INFO] [stdout]                                at /rustc/6067b36314ab5eb2eb47cecc464545ba58e1ad24/library/std/src/sys/pal/unix/thread.rs:106:17
[INFO] [stdout]   44:     0x7624c8278ac3 - <unknown>
[INFO] [stdout]   45:     0x7624c8309a04 - clone
[INFO] [stdout]   46:                0x0 - <unknown>
[INFO] [stdout] 
[INFO] [stdout] 
[INFO] [stdout] failures:
[INFO] [stdout]     frontend::cli::test
[INFO] [stdout] 
[INFO] [stdout] test result: FAILED. 14 passed; 1 failed; 0 ignored; 0 measured; 0 filtered out; finished in 0.19s
[INFO] [stdout] 
[INFO] [stderr] error: test failed, to rerun pass `--bin aoscdk-rs`
[INFO] running `Command { std: "docker" "inspect" "c4a1d8caeb65965100961ef3f3cbcb9ce54ae17632453e82d4b94b51c7445b65", kill_on_drop: false }`
[INFO] running `Command { std: "docker" "rm" "-f" "c4a1d8caeb65965100961ef3f3cbcb9ce54ae17632453e82d4b94b51c7445b65", kill_on_drop: false }`
[INFO] [stdout] c4a1d8caeb65965100961ef3f3cbcb9ce54ae17632453e82d4b94b51c7445b65
