[INFO] fetching crate wdl-engine 0.1.0...
[INFO] testing wdl-engine-0.1.0 against nightly-2025-01-18 for randomize-layout-2
[INFO] extracting crate wdl-engine 0.1.0 into /workspace/builds/worker-0-tc1/source
[INFO] validating manifest of crates.io crate wdl-engine 0.1.0 on toolchain nightly-2025-01-18
[INFO] running `Command { std: CARGO_HOME="/workspace/cargo-home" RUSTUP_HOME="/workspace/rustup-home" "/workspace/cargo-home/bin/cargo" "+nightly-2025-01-18" "metadata" "--manifest-path" "Cargo.toml" "--no-deps", kill_on_drop: false }`
[INFO] started tweaking crates.io crate wdl-engine 0.1.0
[INFO] removed 0 missing tests
[INFO] finished tweaking crates.io crate wdl-engine 0.1.0
[INFO] tweaked toml for crates.io crate wdl-engine 0.1.0 written to /workspace/builds/worker-0-tc1/source/Cargo.toml
[INFO] crate crates.io crate wdl-engine 0.1.0 already has a lockfile, it will not be regenerated
[INFO] running `Command { std: CARGO_HOME="/workspace/cargo-home" RUSTUP_HOME="/workspace/rustup-home" "/workspace/cargo-home/bin/cargo" "+nightly-2025-01-18" "fetch" "--manifest-path" "Cargo.toml", kill_on_drop: false }`
[INFO] [stderr]     Updating crates.io index
[INFO] [stderr]  Downloading crates ...
[INFO] [stderr]   Downloaded wdl-grammar v0.11.0
[INFO] [stderr]   Downloaded line-index v0.1.2
[INFO] [stderr]   Downloaded wdl-format v0.4.0
[INFO] [stderr]   Downloaded wdl-analysis v0.6.0
[INFO] [stderr]   Downloaded wdl-ast v0.10.0
[INFO] running `Command { std: "docker" "create" "-v" "/var/lib/crater-agent-workspace/builds/worker-0-tc1/target:/opt/rustwide/target:rw,Z" "-v" "/var/lib/crater-agent-workspace/builds/worker-0-tc1/source:/opt/rustwide/workdir:ro,Z" "-v" "/var/lib/crater-agent-workspace/cargo-home:/opt/rustwide/cargo-home:ro,Z" "-v" "/var/lib/crater-agent-workspace/rustup-home:/opt/rustwide/rustup-home:ro,Z" "-e" "SOURCE_DIR=/opt/rustwide/workdir" "-e" "CARGO_TARGET_DIR=/opt/rustwide/target" "-e" "CARGO_HOME=/opt/rustwide/cargo-home" "-e" "RUSTUP_HOME=/opt/rustwide/rustup-home" "-w" "/opt/rustwide/workdir" "-m" "1610612736" "--user" "0:0" "--network" "none" "ghcr.io/rust-lang/crates-build-env/linux@sha256:819108c5571ea2e421544af4d832f968d213c87fbe3707a016657f43d2f853bc" "/opt/rustwide/cargo-home/bin/cargo" "+nightly-2025-01-18" "metadata" "--no-deps" "--format-version=1", kill_on_drop: false }`
[INFO] [stdout] 2b7a3620d2746612a9fe6fc744c1e620c50d88da9faea5c91882e32d0bae8b6e
[INFO] running `Command { std: "docker" "start" "-a" "2b7a3620d2746612a9fe6fc744c1e620c50d88da9faea5c91882e32d0bae8b6e", kill_on_drop: false }`
[INFO] running `Command { std: "docker" "inspect" "2b7a3620d2746612a9fe6fc744c1e620c50d88da9faea5c91882e32d0bae8b6e", kill_on_drop: false }`
[INFO] running `Command { std: "docker" "rm" "-f" "2b7a3620d2746612a9fe6fc744c1e620c50d88da9faea5c91882e32d0bae8b6e", kill_on_drop: false }`
[INFO] [stdout] 2b7a3620d2746612a9fe6fc744c1e620c50d88da9faea5c91882e32d0bae8b6e
[INFO] running `Command { std: "docker" "create" "-v" "/var/lib/crater-agent-workspace/builds/worker-0-tc1/target:/opt/rustwide/target:rw,Z" "-v" "/var/lib/crater-agent-workspace/builds/worker-0-tc1/source:/opt/rustwide/workdir:ro,Z" "-v" "/var/lib/crater-agent-workspace/cargo-home:/opt/rustwide/cargo-home:ro,Z" "-v" "/var/lib/crater-agent-workspace/rustup-home:/opt/rustwide/rustup-home:ro,Z" "-e" "SOURCE_DIR=/opt/rustwide/workdir" "-e" "CARGO_TARGET_DIR=/opt/rustwide/target" "-e" "CARGO_INCREMENTAL=0" "-e" "RUST_BACKTRACE=full" "-e" "RUSTFLAGS=--cap-lints=forbid" "-e" "RUSTDOCFLAGS=--cap-lints=forbid" "-e" "CARGO_HOME=/opt/rustwide/cargo-home" "-e" "RUSTUP_HOME=/opt/rustwide/rustup-home" "-w" "/opt/rustwide/workdir" "-m" "1610612736" "--user" "0:0" "--network" "none" "ghcr.io/rust-lang/crates-build-env/linux@sha256:819108c5571ea2e421544af4d832f968d213c87fbe3707a016657f43d2f853bc" "/opt/rustwide/cargo-home/bin/cargo" "+nightly-2025-01-18" "build" "--frozen" "--message-format=json", kill_on_drop: false }`
[INFO] [stdout] c941b35ef078f1ee7df4b432e3a80333e5a45d6205a722f391ec7dd8888a705f
[INFO] running `Command { std: "docker" "start" "-a" "c941b35ef078f1ee7df4b432e3a80333e5a45d6205a722f391ec7dd8888a705f", kill_on_drop: false }`
[INFO] [stderr]    Compiling proc-macro2 v1.0.93
[INFO] [stderr]    Compiling libc v0.2.169
[INFO] [stderr]    Compiling smallvec v1.13.2
[INFO] [stderr]    Compiling stable_deref_trait v1.2.0
[INFO] [stderr]    Compiling pin-project-lite v0.2.16
[INFO] [stderr]    Compiling parking_lot_core v0.9.10
[INFO] [stderr]    Compiling bytes v1.9.0
[INFO] [stderr]    Compiling serde v1.0.217
[INFO] [stderr]    Compiling litemap v0.7.4
[INFO] [stderr]    Compiling lock_api v0.4.12
[INFO] [stderr]    Compiling scopeguard v1.2.0
[INFO] [stderr]    Compiling writeable v0.5.5
[INFO] [stderr]    Compiling itoa v1.0.14
[INFO] [stderr]    Compiling shlex v1.3.0
[INFO] [stderr]    Compiling futures-channel v0.3.31
[INFO] [stderr]    Compiling icu_locid_transform_data v1.5.0
[INFO] [stderr]    Compiling futures-io v0.3.31
[INFO] [stderr]    Compiling regex-syntax v0.8.5
[INFO] [stderr]    Compiling icu_properties_data v1.5.0
[INFO] [stderr]    Compiling syn v1.0.109
[INFO] [stderr]    Compiling rustls-pki-types v1.10.1
[INFO] [stderr]    Compiling crossbeam-utils v0.8.21
[INFO] [stderr]    Compiling icu_normalizer_data v1.5.0
[INFO] [stderr]    Compiling write16 v1.0.0
[INFO] [stderr]    Compiling hashbrown v0.15.2
[INFO] [stderr]    Compiling utf16_iter v1.0.5
[INFO] [stderr]    Compiling utf8_iter v1.0.4
[INFO] [stderr]    Compiling rustversion v1.0.19
[INFO] [stderr]    Compiling equivalent v1.0.1
[INFO] [stderr]    Compiling tracing-core v0.1.33
[INFO] [stderr]    Compiling spin v0.9.8
[INFO] [stderr]    Compiling cc v1.2.10
[INFO] [stderr]    Compiling untrusted v0.9.0
[INFO] [stderr]    Compiling httparse v1.9.5
[INFO] [stderr]    Compiling percent-encoding v2.3.1
[INFO] [stderr]    Compiling ident_case v1.0.1
[INFO] [stderr]    Compiling beef v0.5.2
[INFO] [stderr]    Compiling strsim v0.10.0
[INFO] [stderr]    Compiling lazy_static v1.5.0
[INFO] [stderr]    Compiling form_urlencoded v1.2.1
[INFO] [stderr]    Compiling try-lock v0.2.5
[INFO] [stderr]    Compiling rustls v0.23.21
[INFO] [stderr]    Compiling atomic-waker v1.1.2
[INFO] [stderr]    Compiling text-size v1.1.1
[INFO] [stderr]    Compiling want v0.3.1
[INFO] [stderr]    Compiling tower-service v0.3.3
[INFO] [stderr]    Compiling zeroize v1.8.1
[INFO] [stderr]    Compiling unicode-width v0.1.14
[INFO] [stderr]    Compiling subtle v2.6.1
[INFO] [stderr]    Compiling rustc-hash v1.1.0
[INFO] [stderr]    Compiling rayon-core v1.12.1
[INFO] [stderr]    Compiling termcolor v1.4.1
[INFO] [stderr]    Compiling http v1.2.0
[INFO] [stderr]    Compiling hashbrown v0.14.5
[INFO] [stderr]    Compiling countme v3.0.1
[INFO] [stderr]    Compiling ryu v1.0.18
[INFO] [stderr]    Compiling webpki-roots v0.26.7
[INFO] [stderr]    Compiling sync_wrapper v1.0.2
[INFO] [stderr]    Compiling quote v1.0.38
[INFO] [stderr]    Compiling num-traits v0.2.19
[INFO] [stderr]    Compiling tower-layer v0.3.3
[INFO] [stderr]    Compiling codespan-reporting v0.11.1
[INFO] [stderr]    Compiling syn v2.0.96
[INFO] [stderr]    Compiling urlencoding v2.1.3
[INFO] [stderr]    Compiling rustix v0.38.43
[INFO] [stderr]    Compiling anyhow v1.0.95
[INFO] [stderr]    Compiling crossbeam-epoch v0.9.18
[INFO] [stderr]    Compiling mio v1.0.3
[INFO] [stderr]    Compiling socket2 v0.5.8
[INFO] [stderr]    Compiling signal-hook-registry v1.4.2
[INFO] [stderr]    Compiling getrandom v0.2.15
[INFO] [stderr]    Compiling crossbeam-deque v0.8.6
[INFO] [stderr]    Compiling rustls-pemfile v2.2.0
[INFO] [stderr]    Compiling parking_lot v0.12.3
[INFO] [stderr]    Compiling encoding_rs v0.8.35
[INFO] [stderr]    Compiling aho-corasick v1.1.3
[INFO] [stderr]    Compiling log v0.4.25
[INFO] [stderr]    Compiling bitflags v2.8.0
[INFO] [stderr]    Compiling nohash-hasher v0.2.0
[INFO] [stderr]    Compiling rowan v0.15.16
[INFO] [stderr]    Compiling unicode-segmentation v1.12.0
[INFO] [stderr]    Compiling mime v0.3.17
[INFO] [stderr]    Compiling http-body v1.0.1
[INFO] [stderr]    Compiling serde_json v1.0.135
[INFO] [stderr]    Compiling ipnet v2.10.1
[INFO] [stderr]    Compiling nonempty v0.10.0
[INFO] [stderr]    Compiling base64 v0.22.1
[INFO] [stderr]    Compiling linux-raw-sys v0.4.15
[INFO] [stderr]    Compiling same-file v1.0.6
[INFO] [stderr]    Compiling fixedbitset v0.4.2
[INFO] [stderr]    Compiling line-index v0.1.2
[INFO] [stderr]    Compiling convert_case v0.6.0
[INFO] [stderr]    Compiling walkdir v2.5.0
[INFO] [stderr]    Compiling rayon v1.10.0
[INFO] [stderr]    Compiling uuid v1.12.0
[INFO] [stderr]    Compiling path-clean v1.0.1
[INFO] [stderr]    Compiling fastrand v2.3.0
[INFO] [stderr]    Compiling glob v0.3.2
[INFO] [stderr]    Compiling ring v0.17.8
[INFO] [stderr]    Compiling regex-automata v0.4.9
[INFO] [stderr]    Compiling ordered-float v4.6.0
[INFO] [stderr]    Compiling tempfile v3.15.0
[INFO] [stderr]    Compiling sysinfo v0.32.1
[INFO] [stderr]    Compiling darling_core v0.14.4
[INFO] [stderr]    Compiling regex v1.11.1
[INFO] [stderr]    Compiling synstructure v0.13.1
[INFO] [stderr]    Compiling logos-codegen v0.14.4
[INFO] [stderr]    Compiling darling_macro v0.14.4
[INFO] [stderr]    Compiling darling v0.14.4
[INFO] [stderr]    Compiling macropol v0.1.3
[INFO] [stderr]    Compiling zerofrom-derive v0.1.5
[INFO] [stderr]    Compiling yoke-derive v0.7.5
[INFO] [stderr]    Compiling zerovec-derive v0.10.3
[INFO] [stderr]    Compiling displaydoc v0.2.5
[INFO] [stderr]    Compiling serde_derive v1.0.217
[INFO] [stderr]    Compiling icu_provider_macros v1.5.0
[INFO] [stderr]    Compiling tokio-macros v2.5.0
[INFO] [stderr]    Compiling futures-macro v0.3.31
[INFO] [stderr]    Compiling tracing-attributes v0.1.28
[INFO] [stderr]    Compiling strum_macros v0.26.4
[INFO] [stderr]    Compiling rustls-webpki v0.102.8
[INFO] [stderr]    Compiling tokio v1.43.0
[INFO] [stderr]    Compiling logos-derive v0.14.4
[INFO] [stderr]    Compiling futures-util v0.3.31
[INFO] [stderr]    Compiling zerofrom v0.1.5
[INFO] [stderr]    Compiling logos v0.14.4
[INFO] [stderr]    Compiling yoke v0.7.5
[INFO] [stderr]    Compiling tracing v0.1.41
[INFO] [stderr]    Compiling zerovec v0.10.4
[INFO] [stderr]    Compiling strum v0.26.3
[INFO] [stderr]    Compiling wdl-grammar v0.11.0
[INFO] [stderr]    Compiling tinystr v0.7.6
[INFO] [stderr]    Compiling icu_collections v1.5.0
[INFO] [stderr]    Compiling icu_locid v1.5.0
[INFO] [stderr]    Compiling icu_provider v1.5.0
[INFO] [stderr]    Compiling icu_locid_transform v1.5.0
[INFO] [stderr]    Compiling http-body-util v0.1.2
[INFO] [stderr]    Compiling futures-executor v0.3.31
[INFO] [stderr]    Compiling icu_properties v1.5.1
[INFO] [stderr]    Compiling futures v0.3.31
[INFO] [stderr]    Compiling indexmap v2.7.0
[INFO] [stderr]    Compiling serde_urlencoded v0.7.1
[INFO] [stderr]    Compiling tokio-util v0.7.13
[INFO] [stderr]    Compiling tokio-rustls v0.26.1
[INFO] [stderr]    Compiling tower v0.5.2
[INFO] [stderr]    Compiling icu_normalizer v1.5.0
[INFO] [stderr]    Compiling petgraph v0.6.5
[INFO] [stderr]    Compiling idna_adapter v1.2.0
[INFO] [stderr]    Compiling idna v1.0.3
[INFO] [stderr]    Compiling h2 v0.4.7
[INFO] [stderr]    Compiling url v2.5.4
[INFO] [stderr]    Compiling wdl-ast v0.10.0
[INFO] [stderr]    Compiling hyper v1.5.2
[INFO] [stderr]    Compiling wdl-format v0.4.0
[INFO] [stderr]    Compiling hyper-util v0.1.10
[INFO] [stderr]    Compiling hyper-rustls v0.27.5
[INFO] [stderr]    Compiling reqwest v0.12.12
[INFO] [stderr]    Compiling wdl-analysis v0.6.0
[INFO] [stderr]    Compiling wdl-engine v0.1.0 (/opt/rustwide/workdir)
[INFO] [stderr]     Finished `dev` profile [unoptimized + debuginfo] target(s) in 54.00s
[INFO] running `Command { std: "docker" "inspect" "c941b35ef078f1ee7df4b432e3a80333e5a45d6205a722f391ec7dd8888a705f", kill_on_drop: false }`
[INFO] running `Command { std: "docker" "rm" "-f" "c941b35ef078f1ee7df4b432e3a80333e5a45d6205a722f391ec7dd8888a705f", kill_on_drop: false }`
[INFO] [stdout] c941b35ef078f1ee7df4b432e3a80333e5a45d6205a722f391ec7dd8888a705f
[INFO] running `Command { std: "docker" "create" "-v" "/var/lib/crater-agent-workspace/builds/worker-0-tc1/target:/opt/rustwide/target:rw,Z" "-v" "/var/lib/crater-agent-workspace/builds/worker-0-tc1/source:/opt/rustwide/workdir:ro,Z" "-v" "/var/lib/crater-agent-workspace/cargo-home:/opt/rustwide/cargo-home:ro,Z" "-v" "/var/lib/crater-agent-workspace/rustup-home:/opt/rustwide/rustup-home:ro,Z" "-e" "SOURCE_DIR=/opt/rustwide/workdir" "-e" "CARGO_TARGET_DIR=/opt/rustwide/target" "-e" "CARGO_INCREMENTAL=0" "-e" "RUST_BACKTRACE=full" "-e" "RUSTFLAGS=--cap-lints=forbid" "-e" "RUSTDOCFLAGS=--cap-lints=forbid" "-e" "CARGO_HOME=/opt/rustwide/cargo-home" "-e" "RUSTUP_HOME=/opt/rustwide/rustup-home" "-w" "/opt/rustwide/workdir" "-m" "1610612736" "--user" "0:0" "--network" "none" "ghcr.io/rust-lang/crates-build-env/linux@sha256:819108c5571ea2e421544af4d832f968d213c87fbe3707a016657f43d2f853bc" "/opt/rustwide/cargo-home/bin/cargo" "+nightly-2025-01-18" "test" "--frozen" "--no-run" "--message-format=json", kill_on_drop: false }`
[INFO] [stdout] ee88e2516cecc8607da066551c8937897c4ff7feeeed3685b184deeaf26089f9
[INFO] running `Command { std: "docker" "start" "-a" "ee88e2516cecc8607da066551c8937897c4ff7feeeed3685b184deeaf26089f9", kill_on_drop: false }`
[INFO] [stderr]    Compiling lazy_static v1.5.0
[INFO] [stderr]    Compiling yansi v1.0.1
[INFO] [stderr]    Compiling diff v0.1.13
[INFO] [stderr]    Compiling approx v0.5.1
[INFO] [stderr]    Compiling logos-codegen v0.14.4
[INFO] [stderr]    Compiling colored v2.2.0
[INFO] [stderr]    Compiling pretty_assertions v1.4.1
[INFO] [stderr]    Compiling logos-derive v0.14.4
[INFO] [stderr]    Compiling logos v0.14.4
[INFO] [stderr]    Compiling wdl-grammar v0.11.0
[INFO] [stderr]    Compiling wdl-ast v0.10.0
[INFO] [stderr]    Compiling wdl-format v0.4.0
[INFO] [stderr]    Compiling wdl-analysis v0.6.0
[INFO] [stderr]    Compiling wdl-engine v0.1.0 (/opt/rustwide/workdir)
[INFO] [stderr]     Finished `test` profile [unoptimized + debuginfo] target(s) in 17.58s
[INFO] running `Command { std: "docker" "inspect" "ee88e2516cecc8607da066551c8937897c4ff7feeeed3685b184deeaf26089f9", kill_on_drop: false }`
[INFO] running `Command { std: "docker" "rm" "-f" "ee88e2516cecc8607da066551c8937897c4ff7feeeed3685b184deeaf26089f9", kill_on_drop: false }`
[INFO] [stdout] ee88e2516cecc8607da066551c8937897c4ff7feeeed3685b184deeaf26089f9
[INFO] running `Command { std: "docker" "create" "-v" "/var/lib/crater-agent-workspace/builds/worker-0-tc1/target:/opt/rustwide/target:rw,Z" "-v" "/var/lib/crater-agent-workspace/builds/worker-0-tc1/source:/opt/rustwide/workdir:ro,Z" "-v" "/var/lib/crater-agent-workspace/cargo-home:/opt/rustwide/cargo-home:ro,Z" "-v" "/var/lib/crater-agent-workspace/rustup-home:/opt/rustwide/rustup-home:ro,Z" "-e" "SOURCE_DIR=/opt/rustwide/workdir" "-e" "CARGO_TARGET_DIR=/opt/rustwide/target" "-e" "CARGO_INCREMENTAL=0" "-e" "RUST_BACKTRACE=full" "-e" "RUSTFLAGS=--cap-lints=forbid" "-e" "RUSTDOCFLAGS=--cap-lints=forbid" "-e" "CARGO_HOME=/opt/rustwide/cargo-home" "-e" "RUSTUP_HOME=/opt/rustwide/rustup-home" "-w" "/opt/rustwide/workdir" "-m" "1610612736" "--user" "0:0" "--network" "none" "ghcr.io/rust-lang/crates-build-env/linux@sha256:819108c5571ea2e421544af4d832f968d213c87fbe3707a016657f43d2f853bc" "/opt/rustwide/cargo-home/bin/cargo" "+nightly-2025-01-18" "test" "--frozen", kill_on_drop: false }`
[INFO] [stdout] 7f3663495deb63b1f785bcbe63dbbedb40c54b84bc2233f291c331b13d13353e
[INFO] running `Command { std: "docker" "start" "-a" "7f3663495deb63b1f785bcbe63dbbedb40c54b84bc2233f291c331b13d13353e", kill_on_drop: false }`
[INFO] [stderr]     Finished `test` profile [unoptimized + debuginfo] target(s) in 0.25s
[INFO] [stderr]      Running unittests src/lib.rs (/opt/rustwide/target/debug/deps/wdl_engine-e1907a82dc90f4cd)
[INFO] [stdout] 
[INFO] [stdout] running 110 tests
[INFO] [stdout] test eval::v1::expr::test::addition_expr ... ok
[INFO] [stdout] test eval::v1::expr::test::index_expr ... ok
[INFO] [stdout] test eval::v1::expr::test::call_expr ... ok
[INFO] [stdout] test eval::v1::expr::test::access_expr ... ok
[INFO] [stdout] test eval::v1::expr::test::division_expr ... ok
[INFO] [stdout] test eval::v1::expr::test::greater_equal_expr ... ok
[INFO] [stdout] test eval::v1::expr::test::literal_bool_expr ... ok
[INFO] [stdout] test eval::v1::expr::test::inequality_expr ... ok
[INFO] [stdout] test eval::v1::expr::test::literal_object_expr ... ok
[INFO] [stdout] test eval::v1::expr::test::logical_and_expr ... ok
[INFO] [stdout] test eval::v1::expr::test::literal_none_expr ... ok
[INFO] [stdout] test eval::v1::expr::test::greater_expr ... ok
[INFO] [stdout] test eval::v1::expr::test::logical_not_expr ... ok
[INFO] [stdout] test eval::v1::expr::test::equality_expr ... ok
[INFO] [stdout] test eval::v1::expr::test::literal_map_expr ... ok
[INFO] [stdout] test eval::v1::expr::test::if_expr ... ok
[INFO] [stdout] test eval::v1::expr::test::less_expr ... ok
[INFO] [stdout] test eval::v1::expr::test::exponentiation_expr ... ok
[INFO] [stdout] test eval::v1::expr::test::literal_string_expr ... ok
[INFO] [stdout] test eval::v1::expr::test::negation_expr ... ok
[INFO] [stdout] test eval::v1::expr::test::less_equal_expr ... ok
[INFO] [stdout] test eval::v1::expr::test::literal_int_expr ... ok
[INFO] [stdout] test eval::v1::expr::test::literal_array_expr ... ok
[INFO] [stdout] test eval::v1::expr::test::logical_or_expr ... ok
[INFO] [stdout] test stdlib::chunk::test::chunk ... ok
[INFO] [stdout] test eval::v1::expr::test::parenthesized_expr ... ok
[INFO] [stdout] test eval::v1::expr::test::modulo_expr ... ok
[INFO] [stdout] test stdlib::contains::test::contains ... ok
[INFO] [stdout] test eval::v1::expr::test::subtraction_expr ... ok
[INFO] [stdout] test eval::v1::expr::test::literal_struct_expr ... ok
[INFO] [stdout] test stdlib::basename::test::basename ... ok
[INFO] [stdout] test eval::v1::expr::test::literal_pair_expr ... ok
[INFO] [stdout] test eval::v1::expr::test::string_placeholders ... ok
[INFO] [stdout] test stdlib::ceil::test::ceil ... ok
[INFO] [stdout] test stdlib::collect_by_key::test::collect_by_key ... ok
[INFO] [stdout] test eval::v1::expr::test::name_ref_expr ... ok
[INFO] [stdout] test eval::v1::expr::test::multiplication_expr ... ok
[INFO] [stdout] test stdlib::max::test::max ... ok
[INFO] [stdout] test stdlib::as_map::test::as_map ... ok
[INFO] [stdout] test stdlib::as_pairs::test::as_pairs ... ok
[INFO] [stdout] test stdlib::glob::test::glob ... ok
[INFO] [stdout] test stdlib::defined::test::defined ... ok
[INFO] [stdout] test stdlib::floor::test::floor ... ok
[INFO] [stdout] test stdlib::read_int::test::read_int ... ok
[INFO] [stdout] test stdlib::flatten::test::flatten ... ok
[INFO] [stdout] test stdlib::quote::test::quote ... ok
[INFO] [stdout] test stdlib::range::test::range ... ok
[INFO] [stdout] test stdlib::prefix::test::prefix ... ok
[INFO] [stdout] test stdlib::cross::test::cross ... ok
[INFO] [stdout] test stdlib::matches::test::matches ... ok
[INFO] [stdout] test stdlib::keys::test::keys ... ok
[INFO] [stdout] test stdlib::read_map::test::read_map ... ok
[INFO] [stdout] test stdlib::round::test::round ... ok
[INFO] [stdout] test stdlib::read_json::test::read_json ... ok
[INFO] [stdout] test stdlib::read_object::test::read_object ... ok
[INFO] [stdout] test stdlib::select_first::test::select_first ... ok
[INFO] [stdout] test stdlib::read_objects::test::read_objects ... ok
[INFO] [stdout] test stdlib::contains_key::test::contains_key ... ok
[INFO] [stdout] test stdlib::squote::test::squote ... ok
[INFO] [stdout] test stdlib::sep::test::sep ... ok
[INFO] [stdout] test stdlib::stdout::test::stdout ... ok
[INFO] [stdout] test stdlib::suffix::test::suffix ... ok
[INFO] [stdout] test eval::v1::expr::test::literal_float_expr ... ok
[INFO] [stdout] test stdlib::unzip::test::unzip ... ok
[INFO] [stdout] test stdlib::join_paths::test::join_paths ... ok
[INFO] [stdout] test stdlib::find::test::find ... ok
[INFO] [stdout] test stdlib::test::verify_stdlib ... ok
[INFO] [stdout] test stdlib::select_all::test::select_all ... ok
[INFO] [stdout] test stdlib::stderr::test::stderr ... ok
[INFO] [stdout] test stdlib::transpose::test::transpose ... ok
[INFO] [stdout] test stdlib::sub::test::sub ... ok
[INFO] [stdout] test stdlib::read_boolean::test::read_boolean ... ok
[INFO] [stdout] test stdlib::values::test::values ... ok
[INFO] [stdout] test stdlib::min::test::min ... ok
[INFO] [stdout] test value::test::array_display ... ok
[INFO] [stdout] test value::test::boolean_display ... ok
[INFO] [stdout] test stdlib::write_lines::test::write_lines ... ok
[INFO] [stdout] test stdlib::write_map::test::write_map ... ok
[INFO] [stdout] test stdlib::length::test::length ... ok
[INFO] [stdout] test stdlib::read_float::test::read_float ... ok
[INFO] [stdout] test stdlib::write_json::test::write_json ... ok
[INFO] [stdout] test stdlib::write_objects::test::write_objects ... ok
[INFO] [stdout] test value::test::directory_display ... ok
[INFO] [stdout] test value::test::file_display ... ok
[INFO] [stdout] test value::test::float_display ... ok
[INFO] [stdout] test stdlib::zip::test::zip ... ok
[INFO] [stdout] test value::test::integer_display ... ok
[INFO] [stdout] test stdlib::write_object::test::write_object ... ok
[INFO] [stdout] test value::test::none_display ... ok
[INFO] [stdout] test value::test::map_display ... ok
[INFO] [stdout] test value::test::pair_display ... ok
[INFO] [stdout] test stdlib::write_tsv::test::write_tsv ... ok
[INFO] [stdout] test value::test::string_display ... ok
[INFO] [stdout] test value::test::struct_coercion ... ok
[INFO] [stdout] test value::test::struct_display ... ok
[INFO] [stdout] test stdlib::read_lines::test::read_lines ... ok
[INFO] [stdout] test stdlib::read_tsv::test::read_tsv ... ok
[INFO] [stdout] test stdlib::size::test::size ... ok
[INFO] [stdout] test value::test::boolean_coercion ... FAILED
[INFO] [stdout] test value::test::file_coercion ... FAILED
[INFO] [stdout] test value::test::directory_coercion ... FAILED
[INFO] [stdout] test value::test::float_coercion ... FAILED
[INFO] [stdout] test value::test::none_coercion ... FAILED
[INFO] [stdout] test value::test::integer_coercion ... FAILED
[INFO] [stdout] test value::test::string_coercion ... FAILED
[INFO] [stdout] test value::test::pair_coercion ... FAILED
[INFO] [stdout] test stdlib::read_string::test::read_string ... ok
[INFO] [stdout] test value::test::non_empty_array_coercion ... FAILED
[INFO] [stdout] test value::test::array_coercion ... FAILED
[INFO] [stdout] test value::test::map_coerce ... FAILED
[INFO] [stdout] 
[INFO] [stdout] failures:
[INFO] [stdout] 
[INFO] [stdout] ---- value::test::boolean_coercion stdout ----
[INFO] [stdout] 
[INFO] [stdout] thread 'value::test::boolean_coercion' panicked at src/value.rs:3004:9:
[INFO] [stdout] assertion failed: `(left == right)`
[INFO] [stdout] 
[INFO] [stdout] [1mDiff[0m [31m< left[0m / [32mright >[0m :
[INFO] [stdout]  cannot coerce type `Boolean` to type `String`
[INFO] [stdout] [31m<[0m
[INFO] [stdout] [31m<Stack backtrace:[0m
[INFO] [stdout] [31m<   0: anyhow::context::<impl anyhow::Context<T,core::convert::Infallible> for core::option::Option<T>>::with_context[0m
[INFO] [stdout] [31m<             at /opt/rustwide/cargo-home/registry/src/index.crates.io-1949cf8c6b5b557f/anyhow-1.0.95/src/backtrace.rs:27:14[0m
[INFO] [stdout] [31m<   1: <wdl_engine::value::PrimitiveValue as wdl_engine::value::Coercible>::coerce[0m
[INFO] [stdout] [31m<             at ./src/value.rs:1225:17[0m
[INFO] [stdout] [31m<   2: <wdl_engine::value::Value as wdl_engine::value::Coercible>::coerce[0m
[INFO] [stdout] [31m<             at ./src/value.rs:572:35[0m
[INFO] [stdout] [31m<   3: wdl_engine::value::test::boolean_coercion[0m
[INFO] [stdout] [31m<             at ./src/value.rs:3007:21[0m
[INFO] [stdout] [31m<   4: wdl_engine::value::test::boolean_coercion::{{closure}}[0m
[INFO] [stdout] [31m<             at ./src/value.rs:2994:26[0m
[INFO] [stdout] [31m<   5: core::ops::function::FnOnce::call_once[0m
[INFO] [stdout] [31m<             at /rustc/6067b36314ab5eb2eb47cecc464545ba58e1ad24/library/core/src/ops/function.rs:250:5[0m
[INFO] [stdout] [31m<   6: core::ops::function::FnOnce::call_once[0m
[INFO] [stdout] [31m<             at /rustc/6067b36314ab5eb2eb47cecc464545ba58e1ad24/library/core/src/ops/function.rs:250:5[0m
[INFO] [stdout] [31m<   7: test::__rust_begin_short_backtrace[0m
[INFO] [stdout] [31m<             at /rustc/6067b36314ab5eb2eb47cecc464545ba58e1ad24/library/test/src/lib.rs:632:18[0m
[INFO] [stdout] [31m<   8: test::run_test_in_process::{{closure}}[0m
[INFO] [stdout] [31m<             at /rustc/6067b36314ab5eb2eb47cecc464545ba58e1ad24/library/test/src/lib.rs:655:60[0m
[INFO] [stdout] [31m<   9: <core::panic::unwind_safe::AssertUnwindSafe<F> as core::ops::function::FnOnce<()>>::call_once[0m
[INFO] [stdout] [31m<             at /rustc/6067b36314ab5eb2eb47cecc464545ba58e1ad24/library/core/src/panic/unwind_safe.rs:272:9[0m
[INFO] [stdout] [31m<  10: std::panicking::try::do_call[0m
[INFO] [stdout] [31m<             at /rustc/6067b36314ab5eb2eb47cecc464545ba58e1ad24/library/std/src/panicking.rs:587:40[0m
[INFO] [stdout] [31m<  11: std::panicking::try[0m
[INFO] [stdout] [31m<             at /rustc/6067b36314ab5eb2eb47cecc464545ba58e1ad24/library/std/src/panicking.rs:550:19[0m
[INFO] [stdout] [31m<  12: std::panic::catch_unwind[0m
[INFO] [stdout] [31m<             at /rustc/6067b36314ab5eb2eb47cecc464545ba58e1ad24/library/std/src/panic.rs:358:14[0m
[INFO] [stdout] [31m<  13: test::run_test_in_process[0m
[INFO] [stdout] [31m<             at /rustc/6067b36314ab5eb2eb47cecc464545ba58e1ad24/library/test/src/lib.rs:655:27[0m
[INFO] [stdout] [31m<  14: test::run_test::{{closure}}[0m
[INFO] [stdout] [31m<             at /rustc/6067b36314ab5eb2eb47cecc464545ba58e1ad24/library/test/src/lib.rs:576:43[0m
[INFO] [stdout] [31m<  15: test::run_test::{{closure}}[0m
[INFO] [stdout] [31m<             at /rustc/6067b36314ab5eb2eb47cecc464545ba58e1ad24/library/test/src/lib.rs:606:41[0m
[INFO] [stdout] [31m<  16: std::sys::backtrace::__rust_begin_short_backtrace[0m
[INFO] [stdout] [31m<             at /rustc/6067b36314ab5eb2eb47cecc464545ba58e1ad24/library/std/src/sys/backtrace.rs:152:18[0m
[INFO] [stdout] [31m<  17: std::thread::Builder::spawn_unchecked_::{{closure}}::{{closure}}[0m
[INFO] [stdout] [31m<             at /rustc/6067b36314ab5eb2eb47cecc464545ba58e1ad24/library/std/src/thread/mod.rs:559:17[0m
[INFO] [stdout] [31m<  18: <core::panic::unwind_safe::AssertUnwindSafe<F> as core::ops::function::FnOnce<()>>::call_once[0m
[INFO] [stdout] [31m<             at /rustc/6067b36314ab5eb2eb47cecc464545ba58e1ad24/library/core/src/panic/unwind_safe.rs:272:9[0m
[INFO] [stdout] [31m<  19: std::panicking::try::do_call[0m
[INFO] [stdout] [31m<             at /rustc/6067b36314ab5eb2eb47cecc464545ba58e1ad24/library/std/src/panicking.rs:587:40[0m
[INFO] [stdout] [31m<  20: std::panicking::try[0m
[INFO] [stdout] [31m<             at /rustc/6067b36314ab5eb2eb47cecc464545ba58e1ad24/library/std/src/panicking.rs:550:19[0m
[INFO] [stdout] [31m<  21: std::panic::catch_unwind[0m
[INFO] [stdout] [31m<             at /rustc/6067b36314ab5eb2eb47cecc464545ba58e1ad24/library/std/src/panic.rs:358:14[0m
[INFO] [stdout] [31m<  22: std::thread::Builder::spawn_unchecked_::{{closure}}[0m
[INFO] [stdout] [31m<             at /rustc/6067b36314ab5eb2eb47cecc464545ba58e1ad24/library/std/src/thread/mod.rs:557:30[0m
[INFO] [stdout] [31m<  23: core::ops::function::FnOnce::call_once{{vtable.shim}}[0m
[INFO] [stdout] [31m<             at /rustc/6067b36314ab5eb2eb47cecc464545ba58e1ad24/library/core/src/ops/function.rs:250:5[0m
[INFO] [stdout] [31m<  24: <alloc::boxed::Box<F,A> as core::ops::function::FnOnce<Args>>::call_once[0m
[INFO] [stdout] [31m<             at /rustc/6067b36314ab5eb2eb47cecc464545ba58e1ad24/library/alloc/src/boxed.rs:2013:9[0m
[INFO] [stdout] [31m<  25: <alloc::boxed::Box<F,A> as core::ops::function::FnOnce<Args>>::call_once[0m
[INFO] [stdout] [31m<             at /rustc/6067b36314ab5eb2eb47cecc464545ba58e1ad24/library/alloc/src/boxed.rs:2013:9[0m
[INFO] [stdout] [31m<  26: std::sys::pal::unix::thread::Thread::new::thread_start[0m
[INFO] [stdout] [31m<             at /rustc/6067b36314ab5eb2eb47cecc464545ba58e1ad24/library/std/src/sys/pal/unix/thread.rs:106:17[0m
[INFO] [stdout] [31m<  27: <unknown>[0m
[INFO] [stdout] [31m<  28: clone[0m
[INFO] [stdout] 
[INFO] [stdout] 
[INFO] [stdout] stack backtrace:
[INFO] [stdout]    0:     0x55fc2ae7cd2a - std::backtrace_rs::backtrace::libunwind::trace::hb059275cfc8d6126
[INFO] [stdout]                                at /rustc/6067b36314ab5eb2eb47cecc464545ba58e1ad24/library/std/src/../../backtrace/src/backtrace/libunwind.rs:116:5
[INFO] [stdout]    1:     0x55fc2ae7cd2a - std::backtrace_rs::backtrace::trace_unsynchronized::h2da071e4327ce3ee
[INFO] [stdout]                                at /rustc/6067b36314ab5eb2eb47cecc464545ba58e1ad24/library/std/src/../../backtrace/src/backtrace/mod.rs:66:5
[INFO] [stdout]    2:     0x55fc2ae7cd2a - std::sys::backtrace::_print_fmt::h842a1474e6f8d23f
[INFO] [stdout]                                at /rustc/6067b36314ab5eb2eb47cecc464545ba58e1ad24/library/std/src/sys/backtrace.rs:66:9
[INFO] [stdout]    3:     0x55fc2ae7cd2a - <std::sys::backtrace::BacktraceLock::print::DisplayBacktrace as core::fmt::Display>::fmt::h71a62eb3b9696b12
[INFO] [stdout]                                at /rustc/6067b36314ab5eb2eb47cecc464545ba58e1ad24/library/std/src/sys/backtrace.rs:39:26
[INFO] [stdout]    4:     0x55fc2aea7913 - core::fmt::rt::Argument::fmt::hdb6b616786b41dc1
[INFO] [stdout]                                at /rustc/6067b36314ab5eb2eb47cecc464545ba58e1ad24/library/core/src/fmt/rt.rs:177:76
[INFO] [stdout]    5:     0x55fc2aea7913 - core::fmt::write::h2cc1698af7e2d686
[INFO] [stdout]                                at /rustc/6067b36314ab5eb2eb47cecc464545ba58e1ad24/library/core/src/fmt/mod.rs:1440:21
[INFO] [stdout]    6:     0x55fc2ae792e3 - std::io::Write::write_fmt::hab1b4cd059a79022
[INFO] [stdout]                                at /rustc/6067b36314ab5eb2eb47cecc464545ba58e1ad24/library/std/src/io/mod.rs:1887:15
[INFO] [stdout]    7:     0x55fc2ae7cb72 - std::sys::backtrace::BacktraceLock::print::h147fe35b4ea13b08
[INFO] [stdout]                                at /rustc/6067b36314ab5eb2eb47cecc464545ba58e1ad24/library/std/src/sys/backtrace.rs:42:9
[INFO] [stdout]    8:     0x55fc2ae7e14f - std::panicking::default_hook::{{closure}}::hbd44223dbdc0d208
[INFO] [stdout]                                at /rustc/6067b36314ab5eb2eb47cecc464545ba58e1ad24/library/std/src/panicking.rs:298:22
[INFO] [stdout]    9:     0x55fc2ae7df68 - std::panicking::default_hook::h20f81eb0576efcec
[INFO] [stdout]                                at /rustc/6067b36314ab5eb2eb47cecc464545ba58e1ad24/library/std/src/panicking.rs:322:9
[INFO] [stdout]   10:     0x55fc2aab1b43 - <alloc::boxed::Box<F,A> as core::ops::function::Fn<Args>>::call::hdb53814c496a4d34
[INFO] [stdout]                                at /rustc/6067b36314ab5eb2eb47cecc464545ba58e1ad24/library/alloc/src/boxed.rs:2027:9
[INFO] [stdout]   11:     0x55fc2aab1b43 - test::test_main::{{closure}}::hc0a4963c59427c24
[INFO] [stdout]                                at /rustc/6067b36314ab5eb2eb47cecc464545ba58e1ad24/library/test/src/lib.rs:134:21
[INFO] [stdout]   12:     0x55fc2ae7ec43 - <alloc::boxed::Box<F,A> as core::ops::function::Fn<Args>>::call::h591b2225413a77e9
[INFO] [stdout]                                at /rustc/6067b36314ab5eb2eb47cecc464545ba58e1ad24/library/alloc/src/boxed.rs:2027:9
[INFO] [stdout]   13:     0x55fc2ae7ec43 - std::panicking::rust_panic_with_hook::h625eea43051b2edc
[INFO] [stdout]                                at /rustc/6067b36314ab5eb2eb47cecc464545ba58e1ad24/library/std/src/panicking.rs:839:13
[INFO] [stdout]   14:     0x55fc2ae7e8fa - std::panicking::begin_panic_handler::{{closure}}::h4f9159cfbc3f6bd3
[INFO] [stdout]                                at /rustc/6067b36314ab5eb2eb47cecc464545ba58e1ad24/library/std/src/panicking.rs:704:13
[INFO] [stdout]   15:     0x55fc2ae7d229 - std::sys::backtrace::__rust_end_short_backtrace::h0390abce48353151
[INFO] [stdout]                                at /rustc/6067b36314ab5eb2eb47cecc464545ba58e1ad24/library/std/src/sys/backtrace.rs:168:18
[INFO] [stdout]   16:     0x55fc2ae7e58d - rust_begin_unwind
[INFO] [stdout]                                at /rustc/6067b36314ab5eb2eb47cecc464545ba58e1ad24/library/std/src/panicking.rs:695:5
[INFO] [stdout]   17:     0x55fc2aea57c0 - core::panicking::panic_fmt::h9e7c637e9e5f29c9
[INFO] [stdout]                                at /rustc/6067b36314ab5eb2eb47cecc464545ba58e1ad24/library/core/src/panicking.rs:75:14
[INFO] [stdout]   18:     0x55fc2a9e570f - wdl_engine::value::test::boolean_coercion::h89227e5edcff0f0a
[INFO] [stdout]                                at /opt/rustwide/workdir/src/value.rs:3004:9
[INFO] [stdout]   19:     0x55fc2a9e5177 - wdl_engine::value::test::boolean_coercion::{{closure}}::hc4028440a614d6c4
[INFO] [stdout]                                at /opt/rustwide/workdir/src/value.rs:2994:26
[INFO] [stdout]   20:     0x55fc2a8f12c6 - core::ops::function::FnOnce::call_once::he660003d5e51032e
[INFO] [stdout]                                at /rustc/6067b36314ab5eb2eb47cecc464545ba58e1ad24/library/core/src/ops/function.rs:250:5
[INFO] [stdout]   21:     0x55fc2aab729b - core::ops::function::FnOnce::call_once::he27718dfdd183f43
[INFO] [stdout]                                at /rustc/6067b36314ab5eb2eb47cecc464545ba58e1ad24/library/core/src/ops/function.rs:250:5
[INFO] [stdout]   22:     0x55fc2aab729b - test::__rust_begin_short_backtrace::h4e84902998457a5d
[INFO] [stdout]                                at /rustc/6067b36314ab5eb2eb47cecc464545ba58e1ad24/library/test/src/lib.rs:632:18
[INFO] [stdout]   23:     0x55fc2aab61d3 - test::run_test_in_process::{{closure}}::h7176fd18fc1feca0
[INFO] [stdout]                                at /rustc/6067b36314ab5eb2eb47cecc464545ba58e1ad24/library/test/src/lib.rs:655:60
[INFO] [stdout]   24:     0x55fc2aab61d3 - <core::panic::unwind_safe::AssertUnwindSafe<F> as core::ops::function::FnOnce<()>>::call_once::hf79cff2a624d8cf7
[INFO] [stdout]                                at /rustc/6067b36314ab5eb2eb47cecc464545ba58e1ad24/library/core/src/panic/unwind_safe.rs:272:9
[INFO] [stdout]   25:     0x55fc2aab61d3 - std::panicking::try::do_call::h3da0561d9ab99c25
[INFO] [stdout]                                at /rustc/6067b36314ab5eb2eb47cecc464545ba58e1ad24/library/std/src/panicking.rs:587:40
[INFO] [stdout]   26:     0x55fc2aab61d3 - std::panicking::try::h41c9fa508bc61df6
[INFO] [stdout]                                at /rustc/6067b36314ab5eb2eb47cecc464545ba58e1ad24/library/std/src/panicking.rs:550:19
[INFO] [stdout]   27:     0x55fc2aab61d3 - std::panic::catch_unwind::h6b3ff07bb5afad93
[INFO] [stdout]                                at /rustc/6067b36314ab5eb2eb47cecc464545ba58e1ad24/library/std/src/panic.rs:358:14
[INFO] [stdout]   28:     0x55fc2aab61d3 - test::run_test_in_process::hc7253dd11b39b9f4
[INFO] [stdout]                                at /rustc/6067b36314ab5eb2eb47cecc464545ba58e1ad24/library/test/src/lib.rs:655:27
[INFO] [stdout]   29:     0x55fc2aab61d3 - test::run_test::{{closure}}::hfb2007f8649c30bb
[INFO] [stdout]                                at /rustc/6067b36314ab5eb2eb47cecc464545ba58e1ad24/library/test/src/lib.rs:576:43
[INFO] [stdout]   30:     0x55fc2aa792b5 - test::run_test::{{closure}}::h56a17aa7a282a9f4
[INFO] [stdout]                                at /rustc/6067b36314ab5eb2eb47cecc464545ba58e1ad24/library/test/src/lib.rs:606:41
[INFO] [stdout]   31:     0x55fc2aa792b5 - std::sys::backtrace::__rust_begin_short_backtrace::hd2d2d2fb8e8c6aac
[INFO] [stdout]                                at /rustc/6067b36314ab5eb2eb47cecc464545ba58e1ad24/library/std/src/sys/backtrace.rs:152:18
[INFO] [stdout]   32:     0x55fc2aa7cb9a - std::thread::Builder::spawn_unchecked_::{{closure}}::{{closure}}::h4faa3f9db6133423
[INFO] [stdout]                                at /rustc/6067b36314ab5eb2eb47cecc464545ba58e1ad24/library/std/src/thread/mod.rs:559:17
[INFO] [stdout]   33:     0x55fc2aa7cb9a - <core::panic::unwind_safe::AssertUnwindSafe<F> as core::ops::function::FnOnce<()>>::call_once::hf2e855a36a4ea846
[INFO] [stdout]                                at /rustc/6067b36314ab5eb2eb47cecc464545ba58e1ad24/library/core/src/panic/unwind_safe.rs:272:9
[INFO] [stdout]   34:     0x55fc2aa7cb9a - std::panicking::try::do_call::h2f73af3616c35465
[INFO] [stdout]                                at /rustc/6067b36314ab5eb2eb47cecc464545ba58e1ad24/library/std/src/panicking.rs:587:40
[INFO] [stdout]   35:     0x55fc2aa7cb9a - std::panicking::try::hd1660ce9efadef5a
[INFO] [stdout]                                at /rustc/6067b36314ab5eb2eb47cecc464545ba58e1ad24/library/std/src/panicking.rs:550:19
[INFO] [stdout]   36:     0x55fc2aa7cb9a - std::panic::catch_unwind::h5ee8d7823b8ca744
[INFO] [stdout]                                at /rustc/6067b36314ab5eb2eb47cecc464545ba58e1ad24/library/std/src/panic.rs:358:14
[INFO] [stdout]   37:     0x55fc2aa7cb9a - std::thread::Builder::spawn_unchecked_::{{closure}}::h53c3a1894dce8407
[INFO] [stdout]                                at /rustc/6067b36314ab5eb2eb47cecc464545ba58e1ad24/library/std/src/thread/mod.rs:557:30
[INFO] [stdout]   38:     0x55fc2aa7cb9a - core::ops::function::FnOnce::call_once{{vtable.shim}}::h048ce291ad4f62bf
[INFO] [stdout]                                at /rustc/6067b36314ab5eb2eb47cecc464545ba58e1ad24/library/core/src/ops/function.rs:250:5
[INFO] [stdout]   39:     0x55fc2ae839eb - <alloc::boxed::Box<F,A> as core::ops::function::FnOnce<Args>>::call_once::ha52bedf99a3b4981
[INFO] [stdout]                                at /rustc/6067b36314ab5eb2eb47cecc464545ba58e1ad24/library/alloc/src/boxed.rs:2013:9
[INFO] [stdout]   40:     0x55fc2ae839eb - <alloc::boxed::Box<F,A> as core::ops::function::FnOnce<Args>>::call_once::h567748934d80ccf8
[INFO] [stdout]                                at /rustc/6067b36314ab5eb2eb47cecc464545ba58e1ad24/library/alloc/src/boxed.rs:2013:9
[INFO] [stdout]   41:     0x55fc2ae839eb - std::sys::pal::unix::thread::Thread::new::thread_start::h2d970728ae887adc
[INFO] [stdout]                                at /rustc/6067b36314ab5eb2eb47cecc464545ba58e1ad24/library/std/src/sys/pal/unix/thread.rs:106:17
[INFO] [stdout]   42:     0x72f9f67e0ac3 - <unknown>
[INFO] [stdout]   43:     0x72f9f6871a04 - clone
[INFO] [stdout]   44:                0x0 - <unknown>
[INFO] [stdout] 
[INFO] [stdout] ---- value::test::file_coercion stdout ----
[INFO] [stdout] 
[INFO] [stdout] thread 'value::test::file_coercion' panicked at src/value.rs:3144:9:
[INFO] [stdout] assertion failed: `(left == right)`
[INFO] [stdout] 
[INFO] [stdout] [1mDiff[0m [31m< left[0m / [32mright >[0m :
[INFO] [stdout]  cannot coerce type `File` to type `Directory`
[INFO] [stdout] [31m<[0m
[INFO] [stdout] [31m<Stack backtrace:[0m
[INFO] [stdout] [31m<   0: anyhow::context::<impl anyhow::Context<T,core::convert::Infallible> for core::option::Option<T>>::with_context[0m
[INFO] [stdout] [31m<             at /opt/rustwide/cargo-home/registry/src/index.crates.io-1949cf8c6b5b557f/anyhow-1.0.95/src/backtrace.rs:27:14[0m
[INFO] [stdout] [31m<   1: <wdl_engine::value::PrimitiveValue as wdl_engine::value::Coercible>::coerce[0m
[INFO] [stdout] [31m<             at ./src/value.rs:1271:17[0m
[INFO] [stdout] [31m<   2: wdl_engine::value::test::file_coercion[0m
[INFO] [stdout] [31m<             at ./src/value.rs:3147:21[0m
[INFO] [stdout] [31m<   3: wdl_engine::value::test::file_coercion::{{closure}}[0m
[INFO] [stdout] [31m<             at ./src/value.rs:3126:23[0m
[INFO] [stdout] [31m<   4: core::ops::function::FnOnce::call_once[0m
[INFO] [stdout] [31m<             at /rustc/6067b36314ab5eb2eb47cecc464545ba58e1ad24/library/core/src/ops/function.rs:250:5[0m
[INFO] [stdout] [31m<   5: core::ops::function::FnOnce::call_once[0m
[INFO] [stdout] [31m<             at /rustc/6067b36314ab5eb2eb47cecc464545ba58e1ad24/library/core/src/ops/function.rs:250:5[0m
[INFO] [stdout] [31m<   6: test::__rust_begin_short_backtrace[0m
[INFO] [stdout] [31m<             at /rustc/6067b36314ab5eb2eb47cecc464545ba58e1ad24/library/test/src/lib.rs:632:18[0m
[INFO] [stdout] [31m<   7: test::run_test_in_process::{{closure}}[0m
[INFO] [stdout] [31m<             at /rustc/6067b36314ab5eb2eb47cecc464545ba58e1ad24/library/test/src/lib.rs:655:60[0m
[INFO] [stdout] [31m<   8: <core::panic::unwind_safe::AssertUnwindSafe<F> as core::ops::function::FnOnce<()>>::call_once[0m
[INFO] [stdout] [31m<             at /rustc/6067b36314ab5eb2eb47cecc464545ba58e1ad24/library/core/src/panic/unwind_safe.rs:272:9[0m
[INFO] [stdout] [31m<   9: std::panicking::try::do_call[0m
[INFO] [stdout] [31m<             at /rustc/6067b36314ab5eb2eb47cecc464545ba58e1ad24/library/std/src/panicking.rs:587:40[0m
[INFO] [stdout] [31m<  10: std::panicking::try[0m
[INFO] [stdout] [31m<             at /rustc/6067b36314ab5eb2eb47cecc464545ba58e1ad24/library/std/src/panicking.rs:550:19[0m
[INFO] [stdout] [31m<  11: std::panic::catch_unwind[0m
[INFO] [stdout] [31m<             at /rustc/6067b36314ab5eb2eb47cecc464545ba58e1ad24/library/std/src/panic.rs:358:14[0m
[INFO] [stdout] [31m<  12: test::run_test_in_process[0m
[INFO] [stdout] [31m<             at /rustc/6067b36314ab5eb2eb47cecc464545ba58e1ad24/library/test/src/lib.rs:655:27[0m
[INFO] [stdout] [31m<  13: test::run_test::{{closure}}[0m
[INFO] [stdout] [31m<             at /rustc/6067b36314ab5eb2eb47cecc464545ba58e1ad24/library/test/src/lib.rs:576:43[0m
[INFO] [stdout] [31m<  14: test::run_test::{{closure}}[0m
[INFO] [stdout] [31m<             at /rustc/6067b36314ab5eb2eb47cecc464545ba58e1ad24/library/test/src/lib.rs:606:41[0m
[INFO] [stdout] [31m<  15: std::sys::backtrace::__rust_begin_short_backtrace[0m
[INFO] [stdout] [31m<             at /rustc/6067b36314ab5eb2eb47cecc464545ba58e1ad24/library/std/src/sys/backtrace.rs:152:18[0m
[INFO] [stdout] [31m<  16: std::thread::Builder::spawn_unchecked_::{{closure}}::{{closure}}[0m
[INFO] [stdout] [31m<             at /rustc/6067b36314ab5eb2eb47cecc464545ba58e1ad24/library/std/src/thread/mod.rs:559:17[0m
[INFO] [stdout] [31m<  17: <core::panic::unwind_safe::AssertUnwindSafe<F> as core::ops::function::FnOnce<()>>::call_once[0m
[INFO] [stdout] [31m<             at /rustc/6067b36314ab5eb2eb47cecc464545ba58e1ad24/library/core/src/panic/unwind_safe.rs:272:9[0m
[INFO] [stdout] [31m<  18: std::panicking::try::do_call[0m
[INFO] [stdout] [31m<             at /rustc/6067b36314ab5eb2eb47cecc464545ba58e1ad24/library/std/src/panicking.rs:587:40[0m
[INFO] [stdout] [31m<  19: std::panicking::try[0m
[INFO] [stdout] [31m<             at /rustc/6067b36314ab5eb2eb47cecc464545ba58e1ad24/library/std/src/panicking.rs:550:19[0m
[INFO] [stdout] [31m<  20: std::panic::catch_unwind[0m
[INFO] [stdout] [31m<             at /rustc/6067b36314ab5eb2eb47cecc464545ba58e1ad24/library/std/src/panic.rs:358:14[0m
[INFO] [stdout] [31m<  21: std::thread::Builder::spawn_unchecked_::{{closure}}[0m
[INFO] [stdout] [31m<             at /rustc/6067b36314ab5eb2eb47cecc464545ba58e1ad24/library/std/src/thread/mod.rs:557:30[0m
[INFO] [stdout] [31m<  22: core::ops::function::FnOnce::call_once{{vtable.shim}}[0m
[INFO] [stdout] [31m<             at /rustc/6067b36314ab5eb2eb47cecc464545ba58e1ad24/library/core/src/ops/function.rs:250:5[0m
[INFO] [stdout] [31m<  23: <alloc::boxed::Box<F,A> as core::ops::function::FnOnce<Args>>::call_once[0m
[INFO] [stdout] [31m<             at /rustc/6067b36314ab5eb2eb47cecc464545ba58e1ad24/library/alloc/src/boxed.rs:2013:9[0m
[INFO] [stdout] [31m<  24: <alloc::boxed::Box<F,A> as core::ops::function::FnOnce<Args>>::call_once[0m
[INFO] [stdout] [31m<             at /rustc/6067b36314ab5eb2eb47cecc464545ba58e1ad24/library/alloc/src/boxed.rs:2013:9[0m
[INFO] [stdout] [31m<  25: std::sys::pal::unix::thread::Thread::new::thread_start[0m
[INFO] [stdout] [31m<             at /rustc/6067b36314ab5eb2eb47cecc464545ba58e1ad24/library/std/src/sys/pal/unix/thread.rs:106:17[0m
[INFO] [stdout] [31m<  26: <unknown>[0m
[INFO] [stdout] [31m<  27: clone[0m
[INFO] [stdout] 
[INFO] [stdout] 
[INFO] [stdout] stack backtrace:
[INFO] [stdout]    0:     0x55fc2ae7cd2a - std::backtrace_rs::backtrace::libunwind::trace::hb059275cfc8d6126
[INFO] [stdout]                                at /rustc/6067b36314ab5eb2eb47cecc464545ba58e1ad24/library/std/src/../../backtrace/src/backtrace/libunwind.rs:116:5
[INFO] [stdout]    1:     0x55fc2ae7cd2a - std::backtrace_rs::backtrace::trace_unsynchronized::h2da071e4327ce3ee
[INFO] [stdout]                                at /rustc/6067b36314ab5eb2eb47cecc464545ba58e1ad24/library/std/src/../../backtrace/src/backtrace/mod.rs:66:5
[INFO] [stdout]    2:     0x55fc2ae7cd2a - std::sys::backtrace::_print_fmt::h842a1474e6f8d23f
[INFO] [stdout]                                at /rustc/6067b36314ab5eb2eb47cecc464545ba58e1ad24/library/std/src/sys/backtrace.rs:66:9
[INFO] [stdout]    3:     0x55fc2ae7cd2a - <std::sys::backtrace::BacktraceLock::print::DisplayBacktrace as core::fmt::Display>::fmt::h71a62eb3b9696b12
[INFO] [stdout]                                at /rustc/6067b36314ab5eb2eb47cecc464545ba58e1ad24/library/std/src/sys/backtrace.rs:39:26
[INFO] [stdout]    4:     0x55fc2aea7913 - core::fmt::rt::Argument::fmt::hdb6b616786b41dc1
[INFO] [stdout]                                at /rustc/6067b36314ab5eb2eb47cecc464545ba58e1ad24/library/core/src/fmt/rt.rs:177:76
[INFO] [stdout]    5:     0x55fc2aea7913 - core::fmt::write::h2cc1698af7e2d686
[INFO] [stdout]                                at /rustc/6067b36314ab5eb2eb47cecc464545ba58e1ad24/library/core/src/fmt/mod.rs:1440:21
[INFO] [stdout]    6:     0x55fc2ae792e3 - std::io::Write::write_fmt::hab1b4cd059a79022
[INFO] [stdout]                                at /rustc/6067b36314ab5eb2eb47cecc464545ba58e1ad24/library/std/src/io/mod.rs:1887:15
[INFO] [stdout]    7:     0x55fc2ae7cb72 - std::sys::backtrace::BacktraceLock::print::h147fe35b4ea13b08
[INFO] [stdout]                                at /rustc/6067b36314ab5eb2eb47cecc464545ba58e1ad24/library/std/src/sys/backtrace.rs:42:9
[INFO] [stdout]    8:     0x55fc2ae7e14f - std::panicking::default_hook::{{closure}}::hbd44223dbdc0d208
[INFO] [stdout]                                at /rustc/6067b36314ab5eb2eb47cecc464545ba58e1ad24/library/std/src/panicking.rs:298:22
[INFO] [stdout]    9:     0x55fc2ae7df68 - std::panicking::default_hook::h20f81eb0576efcec
[INFO] [stdout]                                at /rustc/6067b36314ab5eb2eb47cecc464545ba58e1ad24/library/std/src/panicking.rs:322:9
[INFO] [stdout]   10:     0x55fc2aab1b43 - <alloc::boxed::Box<F,A> as core::ops::function::Fn<Args>>::call::hdb53814c496a4d34
[INFO] [stdout]                                at /rustc/6067b36314ab5eb2eb47cecc464545ba58e1ad24/library/alloc/src/boxed.rs:2027:9
[INFO] [stdout]   11:     0x55fc2aab1b43 - test::test_main::{{closure}}::hc0a4963c59427c24
[INFO] [stdout]                                at /rustc/6067b36314ab5eb2eb47cecc464545ba58e1ad24/library/test/src/lib.rs:134:21
[INFO] [stdout]   12:     0x55fc2ae7ec43 - <alloc::boxed::Box<F,A> as core::ops::function::Fn<Args>>::call::h591b2225413a77e9
[INFO] [stdout]                                at /rustc/6067b36314ab5eb2eb47cecc464545ba58e1ad24/library/alloc/src/boxed.rs:2027:9
[INFO] [stdout]   13:     0x55fc2ae7ec43 - std::panicking::rust_panic_with_hook::h625eea43051b2edc
[INFO] [stdout]                                at /rustc/6067b36314ab5eb2eb47cecc464545ba58e1ad24/library/std/src/panicking.rs:839:13
[INFO] [stdout]   14:     0x55fc2ae7e8fa - std::panicking::begin_panic_handler::{{closure}}::h4f9159cfbc3f6bd3
[INFO] [stdout]                                at /rustc/6067b36314ab5eb2eb47cecc464545ba58e1ad24/library/std/src/panicking.rs:704:13
[INFO] [stdout]   15:     0x55fc2ae7d229 - std::sys::backtrace::__rust_end_short_backtrace::h0390abce48353151
[INFO] [stdout]                                at /rustc/6067b36314ab5eb2eb47cecc464545ba58e1ad24/library/std/src/sys/backtrace.rs:168:18
[INFO] [stdout]   16:     0x55fc2ae7e58d - rust_begin_unwind
[INFO] [stdout]                                at /rustc/6067b36314ab5eb2eb47cecc464545ba58e1ad24/library/std/src/panicking.rs:695:5
[INFO] [stdout]   17:     0x55fc2aea57c0 - core::panicking::panic_fmt::h9e7c637e9e5f29c9
[INFO] [stdout]                                at /rustc/6067b36314ab5eb2eb47cecc464545ba58e1ad24/library/core/src/panicking.rs:75:14
[INFO] [stdout]   18:     0x55fc2a9e8291 - wdl_engine::value::test::file_coercion::h7a105bfd8e52d41a
[INFO] [stdout]                                at /opt/rustwide/workdir/src/value.rs:3144:9
[INFO] [stdout]   19:     0x55fc2a9e7b07 - wdl_engine::value::test::file_coercion::{{closure}}::h45f91c31a7e08c75
[INFO] [stdout]                                at /opt/rustwide/workdir/src/value.rs:3126:23
[INFO] [stdout]   20:     0x55fc2a8f18e6 - core::ops::function::FnOnce::call_once::hfbba7b6d2410e64f
[INFO] [stdout]                                at /rustc/6067b36314ab5eb2eb47cecc464545ba58e1ad24/library/core/src/ops/function.rs:250:5
[INFO] [stdout]   21:     0x55fc2aab729b - core::ops::function::FnOnce::call_once::he27718dfdd183f43
[INFO] [stdout]                                at /rustc/6067b36314ab5eb2eb47cecc464545ba58e1ad24/library/core/src/ops/function.rs:250:5
[INFO] [stdout]   22:     0x55fc2aab729b - test::__rust_begin_short_backtrace::h4e84902998457a5d
[INFO] [stdout]                                at /rustc/6067b36314ab5eb2eb47cecc464545ba58e1ad24/library/test/src/lib.rs:632:18
[INFO] [stdout]   23:     0x55fc2aab61d3 - test::run_test_in_process::{{closure}}::h7176fd18fc1feca0
[INFO] [stdout]                                at /rustc/6067b36314ab5eb2eb47cecc464545ba58e1ad24/library/test/src/lib.rs:655:60
[INFO] [stdout]   24:     0x55fc2aab61d3 - <core::panic::unwind_safe::AssertUnwindSafe<F> as core::ops::function::FnOnce<()>>::call_once::hf79cff2a624d8cf7
[INFO] [stdout]                                at /rustc/6067b36314ab5eb2eb47cecc464545ba58e1ad24/library/core/src/panic/unwind_safe.rs:272:9
[INFO] [stdout]   25:     0x55fc2aab61d3 - std::panicking::try::do_call::h3da0561d9ab99c25
[INFO] [stdout]                                at /rustc/6067b36314ab5eb2eb47cecc464545ba58e1ad24/library/std/src/panicking.rs:587:40
[INFO] [stdout]   26:     0x55fc2aab61d3 - std::panicking::try::h41c9fa508bc61df6
[INFO] [stdout]                                at /rustc/6067b36314ab5eb2eb47cecc464545ba58e1ad24/library/std/src/panicking.rs:550:19
[INFO] [stdout]   27:     0x55fc2aab61d3 - std::panic::catch_unwind::h6b3ff07bb5afad93
[INFO] [stdout]                                at /rustc/6067b36314ab5eb2eb47cecc464545ba58e1ad24/library/std/src/panic.rs:358:14
[INFO] [stdout]   28:     0x55fc2aab61d3 - test::run_test_in_process::hc7253dd11b39b9f4
[INFO] [stdout]                                at /rustc/6067b36314ab5eb2eb47cecc464545ba58e1ad24/library/test/src/lib.rs:655:27
[INFO] [stdout]   29:     0x55fc2aab61d3 - test::run_test::{{closure}}::hfb2007f8649c30bb
[INFO] [stdout]                                at /rustc/6067b36314ab5eb2eb47cecc464545ba58e1ad24/library/test/src/lib.rs:576:43
[INFO] [stdout]   30:     0x55fc2aa792b5 - test::run_test::{{closure}}::h56a17aa7a282a9f4
[INFO] [stdout]                                at /rustc/6067b36314ab5eb2eb47cecc464545ba58e1ad24/library/test/src/lib.rs:606:41
[INFO] [stdout]   31:     0x55fc2aa792b5 - std::sys::backtrace::__rust_begin_short_backtrace::hd2d2d2fb8e8c6aac
[INFO] [stdout]                                at /rustc/6067b36314ab5eb2eb47cecc464545ba58e1ad24/library/std/src/sys/backtrace.rs:152:18
[INFO] [stdout]   32:     0x55fc2aa7cb9a - std::thread::Builder::spawn_unchecked_::{{closure}}::{{closure}}::h4faa3f9db6133423
[INFO] [stdout]                                at /rustc/6067b36314ab5eb2eb47cecc464545ba58e1ad24/library/std/src/thread/mod.rs:559:17
[INFO] [stdout]   33:     0x55fc2aa7cb9a - <core::panic::unwind_safe::AssertUnwindSafe<F> as core::ops::function::FnOnce<()>>::call_once::hf2e855a36a4ea846
[INFO] [stdout]                                at /rustc/6067b36314ab5eb2eb47cecc464545ba58e1ad24/library/core/src/panic/unwind_safe.rs:272:9
[INFO] [stdout]   34:     0x55fc2aa7cb9a - std::panicking::try::do_call::h2f73af3616c35465
[INFO] [stdout]                                at /rustc/6067b36314ab5eb2eb47cecc464545ba58e1ad24/library/std/src/panicking.rs:587:40
[INFO] [stdout]   35:     0x55fc2aa7cb9a - std::panicking::try::hd1660ce9efadef5a
[INFO] [stdout]                                at /rustc/6067b36314ab5eb2eb47cecc464545ba58e1ad24/library/std/src/panicking.rs:550:19
[INFO] [stdout]   36:     0x55fc2aa7cb9a - std::panic::catch_unwind::h5ee8d7823b8ca744
[INFO] [stdout]                                at /rustc/6067b36314ab5eb2eb47cecc464545ba58e1ad24/library/std/src/panic.rs:358:14
[INFO] [stdout]   37:     0x55fc2aa7cb9a - std::thread::Builder::spawn_unchecked_::{{closure}}::h53c3a1894dce8407
[INFO] [stdout]                                at /rustc/6067b36314ab5eb2eb47cecc464545ba58e1ad24/library/std/src/thread/mod.rs:557:30
[INFO] [stdout]   38:     0x55fc2aa7cb9a - core::ops::function::FnOnce::call_once{{vtable.shim}}::h048ce291ad4f62bf
[INFO] [stdout]                                at /rustc/6067b36314ab5eb2eb47cecc464545ba58e1ad24/library/core/src/ops/function.rs:250:5
[INFO] [stdout]   39:     0x55fc2ae839eb - <alloc::boxed::Box<F,A> as core::ops::function::FnOnce<Args>>::call_once::ha52bedf99a3b4981
[INFO] [stdout]                                at /rustc/6067b36314ab5eb2eb47cecc464545ba58e1ad24/library/alloc/src/boxed.rs:2013:9
[INFO] [stdout]   40:     0x55fc2ae839eb - <alloc::boxed::Box<F,A> as core::ops::function::FnOnce<Args>>::call_once::h567748934d80ccf8
[INFO] [stdout]                                at /rustc/6067b36314ab5eb2eb47cecc464545ba58e1ad24/library/alloc/src/boxed.rs:2013:9
[INFO] [stdout]   41:     0x55fc2ae839eb - std::sys::pal::unix::thread::Thread::new::thread_start::h2d970728ae887adc
[INFO] [stdout]                                at /rustc/6067b36314ab5eb2eb47cecc464545ba58e1ad24/library/std/src/sys/pal/unix/thread.rs:106:17
[INFO] [stdout]   42:     0x72f9f67e0ac3 - <unknown>
[INFO] [stdout]   43:     0x72f9f6871a04 - clone
[INFO] [stdout]   44:                0x0 - <unknown>
[INFO] [stdout] 
[INFO] [stdout] ---- value::test::directory_coercion stdout ----
[INFO] [stdout] 
[INFO] [stdout] thread 'value::test::directory_coercion' panicked at src/value.rs:3178:9:
[INFO] [stdout] assertion failed: `(left == right)`
[INFO] [stdout] 
[INFO] [stdout] [1mDiff[0m [31m< left[0m / [32mright >[0m :
[INFO] [stdout]  cannot coerce type `Directory` to type `File`
[INFO] [stdout] [31m<[0m
[INFO] [stdout] [31m<Stack backtrace:[0m
[INFO] [stdout] [31m<   0: anyhow::context::<impl anyhow::Context<T,core::convert::Infallible> for core::option::Option<T>>::with_context[0m
[INFO] [stdout] [31m<             at /opt/rustwide/cargo-home/registry/src/index.crates.io-1949cf8c6b5b557f/anyhow-1.0.95/src/backtrace.rs:27:14[0m
[INFO] [stdout] [31m<   1: <wdl_engine::value::PrimitiveValue as wdl_engine::value::Coercible>::coerce[0m
[INFO] [stdout] [31m<             at ./src/value.rs:1283:17[0m
[INFO] [stdout] [31m<   2: wdl_engine::value::test::directory_coercion[0m
[INFO] [stdout] [31m<             at ./src/value.rs:3181:21[0m
[INFO] [stdout] [31m<   3: wdl_engine::value::test::directory_coercion::{{closure}}[0m
[INFO] [stdout] [31m<             at ./src/value.rs:3160:28[0m
[INFO] [stdout] [31m<   4: core::ops::function::FnOnce::call_once[0m
[INFO] [stdout] [31m<             at /rustc/6067b36314ab5eb2eb47cecc464545ba58e1ad24/library/core/src/ops/function.rs:250:5[0m
[INFO] [stdout] [31m<   5: core::ops::function::FnOnce::call_once[0m
[INFO] [stdout] [31m<             at /rustc/6067b36314ab5eb2eb47cecc464545ba58e1ad24/library/core/src/ops/function.rs:250:5[0m
[INFO] [stdout] [31m<   6: test::__rust_begin_short_backtrace[0m
[INFO] [stdout] [31m<             at /rustc/6067b36314ab5eb2eb47cecc464545ba58e1ad24/library/test/src/lib.rs:632:18[0m
[INFO] [stdout] [31m<   7: test::run_test_in_process::{{closure}}[0m
[INFO] [stdout] [31m<             at /rustc/6067b36314ab5eb2eb47cecc464545ba58e1ad24/library/test/src/lib.rs:655:60[0m
[INFO] [stdout] [31m<   8: <core::panic::unwind_safe::AssertUnwindSafe<F> as core::ops::function::FnOnce<()>>::call_once[0m
[INFO] [stdout] [31m<             at /rustc/6067b36314ab5eb2eb47cecc464545ba58e1ad24/library/core/src/panic/unwind_safe.rs:272:9[0m
[INFO] [stdout] [31m<   9: std::panicking::try::do_call[0m
[INFO] [stdout] [31m<             at /rustc/6067b36314ab5eb2eb47cecc464545ba58e1ad24/library/std/src/panicking.rs:587:40[0m
[INFO] [stdout] [31m<  10: std::panicking::try[0m
[INFO] [stdout] [31m<             at /rustc/6067b36314ab5eb2eb47cecc464545ba58e1ad24/library/std/src/panicking.rs:550:19[0m
[INFO] [stdout] [31m<  11: std::panic::catch_unwind[0m
[INFO] [stdout] [31m<             at /rustc/6067b36314ab5eb2eb47cecc464545ba58e1ad24/library/std/src/panic.rs:358:14[0m
[INFO] [stdout] [31m<  12: test::run_test_in_process[0m
[INFO] [stdout] [31m<             at /rustc/6067b36314ab5eb2eb47cecc464545ba58e1ad24/library/test/src/lib.rs:655:27[0m
[INFO] [stdout] [31m<  13: test::run_test::{{closure}}[0m
[INFO] [stdout] [31m<             at /rustc/6067b36314ab5eb2eb47cecc464545ba58e1ad24/library/test/src/lib.rs:576:43[0m
[INFO] [stdout] [31m<  14: test::run_test::{{closure}}[0m
[INFO] [stdout] [31m<             at /rustc/6067b36314ab5eb2eb47cecc464545ba58e1ad24/library/test/src/lib.rs:606:41[0m
[INFO] [stdout] [31m<  15: std::sys::backtrace::__rust_begin_short_backtrace[0m
[INFO] [stdout] [31m<             at /rustc/6067b36314ab5eb2eb47cecc464545ba58e1ad24/library/std/src/sys/backtrace.rs:152:18[0m
[INFO] [stdout] [31m<  16: std::thread::Builder::spawn_unchecked_::{{closure}}::{{closure}}[0m
[INFO] [stdout] [31m<             at /rustc/6067b36314ab5eb2eb47cecc464545ba58e1ad24/library/std/src/thread/mod.rs:559:17[0m
[INFO] [stdout] [31m<  17: <core::panic::unwind_safe::AssertUnwindSafe<F> as core::ops::function::FnOnce<()>>::call_once[0m
[INFO] [stdout] [31m<             at /rustc/6067b36314ab5eb2eb47cecc464545ba58e1ad24/library/core/src/panic/unwind_safe.rs:272:9[0m
[INFO] [stdout] [31m<  18: std::panicking::try::do_call[0m
[INFO] [stdout] [31m<             at /rustc/6067b36314ab5eb2eb47cecc464545ba58e1ad24/library/std/src/panicking.rs:587:40[0m
[INFO] [stdout] [31m<  19: std::panicking::try[0m
[INFO] [stdout] [31m<             at /rustc/6067b36314ab5eb2eb47cecc464545ba58e1ad24/library/std/src/panicking.rs:550:19[0m
[INFO] [stdout] [31m<  20: std::panic::catch_unwind[0m
[INFO] [stdout] [31m<             at /rustc/6067b36314ab5eb2eb47cecc464545ba58e1ad24/library/std/src/panic.rs:358:14[0m
[INFO] [stdout] [31m<  21: std::thread::Builder::spawn_unchecked_::{{closure}}[0m
[INFO] [stdout] [31m<             at /rustc/6067b36314ab5eb2eb47cecc464545ba58e1ad24/library/std/src/thread/mod.rs:557:30[0m
[INFO] [stdout] [31m<  22: core::ops::function::FnOnce::call_once{{vtable.shim}}[0m
[INFO] [stdout] [31m<             at /rustc/6067b36314ab5eb2eb47cecc464545ba58e1ad24/library/core/src/ops/function.rs:250:5[0m
[INFO] [stdout] [31m<  23: <alloc::boxed::Box<F,A> as core::ops::function::FnOnce<Args>>::call_once[0m
[INFO] [stdout] [31m<             at /rustc/6067b36314ab5eb2eb47cecc464545ba58e1ad24/library/alloc/src/boxed.rs:2013:9[0m
[INFO] [stdout] [31m<  24: <alloc::boxed::Box<F,A> as core::ops::function::FnOnce<Args>>::call_once[0m
[INFO] [stdout] [31m<             at /rustc/6067b36314ab5eb2eb47cecc464545ba58e1ad24/library/alloc/src/boxed.rs:2013:9[0m
[INFO] [stdout] [31m<  25: std::sys::pal::unix::thread::Thread::new::thread_start[0m
[INFO] [stdout] [31m<             at /rustc/6067b36314ab5eb2eb47cecc464545ba58e1ad24/library/std/src/sys/pal/unix/thread.rs:106:17[0m
[INFO] [stdout] [31m<  26: <unknown>[0m
[INFO] [stdout] [31m<  27: clone[0m
[INFO] [stdout] 
[INFO] [stdout] 
[INFO] [stdout] stack backtrace:
[INFO] [stdout]    0:     0x55fc2ae7cd2a - std::backtrace_rs::backtrace::libunwind::trace::hb059275cfc8d6126
[INFO] [stdout]                                at /rustc/6067b36314ab5eb2eb47cecc464545ba58e1ad24/library/std/src/../../backtrace/src/backtrace/libunwind.rs:116:5
[INFO] [stdout]    1:     0x55fc2ae7cd2a - std::backtrace_rs::backtrace::trace_unsynchronized::h2da071e4327ce3ee
[INFO] [stdout]                                at /rustc/6067b36314ab5eb2eb47cecc464545ba58e1ad24/library/std/src/../../backtrace/src/backtrace/mod.rs:66:5
[INFO] [stdout]    2:     0x55fc2ae7cd2a - std::sys::backtrace::_print_fmt::h842a1474e6f8d23f
[INFO] [stdout]                                at /rustc/6067b36314ab5eb2eb47cecc464545ba58e1ad24/library/std/src/sys/backtrace.rs:66:9
[INFO] [stdout]    3:     0x55fc2ae7cd2a - <std::sys::backtrace::BacktraceLock::print::DisplayBacktrace as core::fmt::Display>::fmt::h71a62eb3b9696b12
[INFO] [stdout]                                at /rustc/6067b36314ab5eb2eb47cecc464545ba58e1ad24/library/std/src/sys/backtrace.rs:39:26
[INFO] [stdout]    4:     0x55fc2aea7913 - core::fmt::rt::Argument::fmt::hdb6b616786b41dc1
[INFO] [stdout]                                at /rustc/6067b36314ab5eb2eb47cecc464545ba58e1ad24/library/core/src/fmt/rt.rs:177:76
[INFO] [stdout]    5:     0x55fc2aea7913 - core::fmt::write::h2cc1698af7e2d686
[INFO] [stdout]                                at /rustc/6067b36314ab5eb2eb47cecc464545ba58e1ad24/library/core/src/fmt/mod.rs:1440:21
[INFO] [stdout]    6:     0x55fc2ae792e3 - std::io::Write::write_fmt::hab1b4cd059a79022
[INFO] [stdout]                                at /rustc/6067b36314ab5eb2eb47cecc464545ba58e1ad24/library/std/src/io/mod.rs:1887:15
[INFO] [stdout]    7:     0x55fc2ae7cb72 - std::sys::backtrace::BacktraceLock::print::h147fe35b4ea13b08
[INFO] [stdout]                                at /rustc/6067b36314ab5eb2eb47cecc464545ba58e1ad24/library/std/src/sys/backtrace.rs:42:9
[INFO] [stdout]    8:     0x55fc2ae7e14f - std::panicking::default_hook::{{closure}}::hbd44223dbdc0d208
[INFO] [stdout]                                at /rustc/6067b36314ab5eb2eb47cecc464545ba58e1ad24/library/std/src/panicking.rs:298:22
[INFO] [stdout]    9:     0x55fc2ae7df68 - std::panicking::default_hook::h20f81eb0576efcec
[INFO] [stdout]                                at /rustc/6067b36314ab5eb2eb47cecc464545ba58e1ad24/library/std/src/panicking.rs:322:9
[INFO] [stdout]   10:     0x55fc2aab1b43 - <alloc::boxed::Box<F,A> as core::ops::function::Fn<Args>>::call::hdb53814c496a4d34
[INFO] [stdout]                                at /rustc/6067b36314ab5eb2eb47cecc464545ba58e1ad24/library/alloc/src/boxed.rs:2027:9
[INFO] [stdout]   11:     0x55fc2aab1b43 - test::test_main::{{closure}}::hc0a4963c59427c24
[INFO] [stdout]                                at /rustc/6067b36314ab5eb2eb47cecc464545ba58e1ad24/library/test/src/lib.rs:134:21
[INFO] [stdout]   12:     0x55fc2ae7ec43 - <alloc::boxed::Box<F,A> as core::ops::function::Fn<Args>>::call::h591b2225413a77e9
[INFO] [stdout]                                at /rustc/6067b36314ab5eb2eb47cecc464545ba58e1ad24/library/alloc/src/boxed.rs:2027:9
[INFO] [stdout]   13:     0x55fc2ae7ec43 - std::panicking::rust_panic_with_hook::h625eea43051b2edc
[INFO] [stdout]                                at /rustc/6067b36314ab5eb2eb47cecc464545ba58e1ad24/library/std/src/panicking.rs:839:13
[INFO] [stdout]   14:     0x55fc2ae7e8fa - std::panicking::begin_panic_handler::{{closure}}::h4f9159cfbc3f6bd3
[INFO] [stdout]                                at /rustc/6067b36314ab5eb2eb47cecc464545ba58e1ad24/library/std/src/panicking.rs:704:13
[INFO] [stdout]   15:     0x55fc2ae7d229 - std::sys::backtrace::__rust_end_short_backtrace::h0390abce48353151
[INFO] [stdout]                                at /rustc/6067b36314ab5eb2eb47cecc464545ba58e1ad24/library/std/src/sys/backtrace.rs:168:18
[INFO] [stdout]   16:     0x55fc2ae7e58d - rust_begin_unwind
[INFO] [stdout]                                at /rustc/6067b36314ab5eb2eb47cecc464545ba58e1ad24/library/std/src/panicking.rs:695:5
[INFO] [stdout]   17:     0x55fc2aea57c0 - core::panicking::panic_fmt::h9e7c637e9e5f29c9
[INFO] [stdout]                                at /rustc/6067b36314ab5eb2eb47cecc464545ba58e1ad24/library/core/src/panicking.rs:75:14
[INFO] [stdout]   18:     0x55fc2a9e8c11 - wdl_engine::value::test::directory_coercion::he3493e0ec41e0dbd
[INFO] [stdout]                                at /opt/rustwide/workdir/src/value.rs:3178:9
[INFO] [stdout]   19:     0x55fc2a9e8487 - wdl_engine::value::test::directory_coercion::{{closure}}::h4ecc7ece1e28e7f0
[INFO] [stdout]                                at /opt/rustwide/workdir/src/value.rs:3160:28
[INFO] [stdout]   20:     0x55fc2a8f0856 - core::ops::function::FnOnce::call_once::h9395070a1b7d1653
[INFO] [stdout]                                at /rustc/6067b36314ab5eb2eb47cecc464545ba58e1ad24/library/core/src/ops/function.rs:250:5
[INFO] [stdout]   21:     0x55fc2aab729b - core::ops::function::FnOnce::call_once::he27718dfdd183f43
[INFO] [stdout]                                at /rustc/6067b36314ab5eb2eb47cecc464545ba58e1ad24/library/core/src/ops/function.rs:250:5
[INFO] [stdout]   22:     0x55fc2aab729b - test::__rust_begin_short_backtrace::h4e84902998457a5d
[INFO] [stdout]                                at /rustc/6067b36314ab5eb2eb47cecc464545ba58e1ad24/library/test/src/lib.rs:632:18
[INFO] [stdout]   23:     0x55fc2aab61d3 - test::run_test_in_process::{{closure}}::h7176fd18fc1feca0
[INFO] [stdout]                                at /rustc/6067b36314ab5eb2eb47cecc464545ba58e1ad24/library/test/src/lib.rs:655:60
[INFO] [stdout]   24:     0x55fc2aab61d3 - <core::panic::unwind_safe::AssertUnwindSafe<F> as core::ops::function::FnOnce<()>>::call_once::hf79cff2a624d8cf7
[INFO] [stdout]                                at /rustc/6067b36314ab5eb2eb47cecc464545ba58e1ad24/library/core/src/panic/unwind_safe.rs:272:9
[INFO] [stdout]   25:     0x55fc2aab61d3 - std::panicking::try::do_call::h3da0561d9ab99c25
[INFO] [stdout]                                at /rustc/6067b36314ab5eb2eb47cecc464545ba58e1ad24/library/std/src/panicking.rs:587:40
[INFO] [stdout]   26:     0x55fc2aab61d3 - std::panicking::try::h41c9fa508bc61df6
[INFO] [stdout]                                at /rustc/6067b36314ab5eb2eb47cecc464545ba58e1ad24/library/std/src/panicking.rs:550:19
[INFO] [stdout]   27:     0x55fc2aab61d3 - std::panic::catch_unwind::h6b3ff07bb5afad93
[INFO] [stdout]                                at /rustc/6067b36314ab5eb2eb47cecc464545ba58e1ad24/library/std/src/panic.rs:358:14
[INFO] [stdout]   28:     0x55fc2aab61d3 - test::run_test_in_process::hc7253dd11b39b9f4
[INFO] [stdout]                                at /rustc/6067b36314ab5eb2eb47cecc464545ba58e1ad24/library/test/src/lib.rs:655:27
[INFO] [stdout]   29:     0x55fc2aab61d3 - test::run_test::{{closure}}::hfb2007f8649c30bb
[INFO] [stdout]                                at /rustc/6067b36314ab5eb2eb47cecc464545ba58e1ad24/library/test/src/lib.rs:576:43
[INFO] [stdout]   30:     0x55fc2aa792b5 - test::run_test::{{closure}}::h56a17aa7a282a9f4
[INFO] [stdout]                                at /rustc/6067b36314ab5eb2eb47cecc464545ba58e1ad24/library/test/src/lib.rs:606:41
[INFO] [stdout]   31:     0x55fc2aa792b5 - std::sys::backtrace::__rust_begin_short_backtrace::hd2d2d2fb8e8c6aac
[INFO] [stdout]                                at /rustc/6067b36314ab5eb2eb47cecc464545ba58e1ad24/library/std/src/sys/backtrace.rs:152:18
[INFO] [stdout]   32:     0x55fc2aa7cb9a - std::thread::Builder::spawn_unchecked_::{{closure}}::{{closure}}::h4faa3f9db6133423
[INFO] [stdout]                                at /rustc/6067b36314ab5eb2eb47cecc464545ba58e1ad24/library/std/src/thread/mod.rs:559:17
[INFO] [stdout]   33:     0x55fc2aa7cb9a - <core::panic::unwind_safe::AssertUnwindSafe<F> as core::ops::function::FnOnce<()>>::call_once::hf2e855a36a4ea846
[INFO] [stdout]                                at /rustc/6067b36314ab5eb2eb47cecc464545ba58e1ad24/library/core/src/panic/unwind_safe.rs:272:9
[INFO] [stdout]   34:     0x55fc2aa7cb9a - std::panicking::try::do_call::h2f73af3616c35465
[INFO] [stdout]                                at /rustc/6067b36314ab5eb2eb47cecc464545ba58e1ad24/library/std/src/panicking.rs:587:40
[INFO] [stdout]   35:     0x55fc2aa7cb9a - std::panicking::try::hd1660ce9efadef5a
[INFO] [stdout]                                at /rustc/6067b36314ab5eb2eb47cecc464545ba58e1ad24/library/std/src/panicking.rs:550:19
[INFO] [stdout]   36:     0x55fc2aa7cb9a - std::panic::catch_unwind::h5ee8d7823b8ca744
[INFO] [stdout]                                at /rustc/6067b36314ab5eb2eb47cecc464545ba58e1ad24/library/std/src/panic.rs:358:14
[INFO] [stdout]   37:     0x55fc2aa7cb9a - std::thread::Builder::spawn_unchecked_::{{closure}}::h53c3a1894dce8407
[INFO] [stdout]                                at /rustc/6067b36314ab5eb2eb47cecc464545ba58e1ad24/library/std/src/thread/mod.rs:557:30
[INFO] [stdout]   38:     0x55fc2aa7cb9a - core::ops::function::FnOnce::call_once{{vtable.shim}}::h048ce291ad4f62bf
[INFO] [stdout]                                at /rustc/6067b36314ab5eb2eb47cecc464545ba58e1ad24/library/core/src/ops/function.rs:250:5
[INFO] [stdout]   39:     0x55fc2ae839eb - <alloc::boxed::Box<F,A> as core::ops::function::FnOnce<Args>>::call_once::ha52bedf99a3b4981
[INFO] [stdout]                                at /rustc/6067b36314ab5eb2eb47cecc464545ba58e1ad24/library/alloc/src/boxed.rs:2013:9
[INFO] [stdout]   40:     0x55fc2ae839eb - <alloc::boxed::Box<F,A> as core::ops::function::FnOnce<Args>>::call_once::h567748934d80ccf8
[INFO] [stdout]                                at /rustc/6067b36314ab5eb2eb47cecc464545ba58e1ad24/library/alloc/src/boxed.rs:2013:9
[INFO] [stdout]   41:     0x55fc2ae839eb - std::sys::pal::unix::thread::Thread::new::thread_start::h2d970728ae887adc
[INFO] [stdout]                                at /rustc/6067b36314ab5eb2eb47cecc464545ba58e1ad24/library/std/src/sys/pal/unix/thread.rs:106:17
[INFO] [stdout]   42:     0x72f9f67e0ac3 - <unknown>
[INFO] [stdout]   43:     0x72f9f6871a04 - clone
[INFO] [stdout]   44:                0x0 - <unknown>
[INFO] [stdout] 
[INFO] [stdout] ---- value::test::float_coercion stdout ----
[INFO] [stdout] 
[INFO] [stdout] thread 'value::test::float_coercion' panicked at src/value.rs:3068:9:
[INFO] [stdout] assertion failed: `(left == right)`
[INFO] [stdout] 
[INFO] [stdout] [1mDiff[0m [31m< left[0m / [32mright >[0m :
[INFO] [stdout]  cannot coerce type `Float` to type `Int`
[INFO] [stdout] [31m<[0m
[INFO] [stdout] [31m<Stack backtrace:[0m
[INFO] [stdout] [31m<   0: anyhow::context::<impl anyhow::Context<T,core::convert::Infallible> for core::option::Option<T>>::with_context[0m
[INFO] [stdout] [31m<             at /opt/rustwide/cargo-home/registry/src/index.crates.io-1949cf8c6b5b557f/anyhow-1.0.95/src/backtrace.rs:27:14[0m
[INFO] [stdout] [31m<   1: <wdl_engine::value::PrimitiveValue as wdl_engine::value::Coercible>::coerce[0m
[INFO] [stdout] [31m<             at ./src/value.rs:1247:17[0m
[INFO] [stdout] [31m<   2: <wdl_engine::value::Value as wdl_engine::value::Coercible>::coerce[0m
[INFO] [stdout] [31m<             at ./src/value.rs:572:35[0m
[INFO] [stdout] [31m<   3: wdl_engine::value::test::float_coercion[0m
[INFO] [stdout] [31m<             at ./src/value.rs:3071:21[0m
[INFO] [stdout] [31m<   4: wdl_engine::value::test::float_coercion::{{closure}}[0m
[INFO] [stdout] [31m<             at ./src/value.rs:3058:24[0m
[INFO] [stdout] [31m<   5: core::ops::function::FnOnce::call_once[0m
[INFO] [stdout] [31m<             at /rustc/6067b36314ab5eb2eb47cecc464545ba58e1ad24/library/core/src/ops/function.rs:250:5[0m
[INFO] [stdout] [31m<   6: core::ops::function::FnOnce::call_once[0m
[INFO] [stdout] [31m<             at /rustc/6067b36314ab5eb2eb47cecc464545ba58e1ad24/library/core/src/ops/function.rs:250:5[0m
[INFO] [stdout] [31m<   7: test::__rust_begin_short_backtrace[0m
[INFO] [stdout] [31m<             at /rustc/6067b36314ab5eb2eb47cecc464545ba58e1ad24/library/test/src/lib.rs:632:18[0m
[INFO] [stdout] [31m<   8: test::run_test_in_process::{{closure}}[0m
[INFO] [stdout] [31m<             at /rustc/6067b36314ab5eb2eb47cecc464545ba58e1ad24/library/test/src/lib.rs:655:60[0m
[INFO] [stdout] [31m<   9: <core::panic::unwind_safe::AssertUnwindSafe<F> as core::ops::function::FnOnce<()>>::call_once[0m
[INFO] [stdout] [31m<             at /rustc/6067b36314ab5eb2eb47cecc464545ba58e1ad24/library/core/src/panic/unwind_safe.rs:272:9[0m
[INFO] [stdout] [31m<  10: std::panicking::try::do_call[0m
[INFO] [stdout] [31m<             at /rustc/6067b36314ab5eb2eb47cecc464545ba58e1ad24/library/std/src/panicking.rs:587:40[0m
[INFO] [stdout] [31m<  11: std::panicking::try[0m
[INFO] [stdout] [31m<             at /rustc/6067b36314ab5eb2eb47cecc464545ba58e1ad24/library/std/src/panicking.rs:550:19[0m
[INFO] [stdout] [31m<  12: std::panic::catch_unwind[0m
[INFO] [stdout] [31m<             at /rustc/6067b36314ab5eb2eb47cecc464545ba58e1ad24/library/std/src/panic.rs:358:14[0m
[INFO] [stdout] [31m<  13: test::run_test_in_process[0m
[INFO] [stdout] [31m<             at /rustc/6067b36314ab5eb2eb47cecc464545ba58e1ad24/library/test/src/lib.rs:655:27[0m
[INFO] [stdout] [31m<  14: test::run_test::{{closure}}[0m
[INFO] [stdout] [31m<             at /rustc/6067b36314ab5eb2eb47cecc464545ba58e1ad24/library/test/src/lib.rs:576:43[0m
[INFO] [stdout] [31m<  15: test::run_test::{{closure}}[0m
[INFO] [stdout] [31m<             at /rustc/6067b36314ab5eb2eb47cecc464545ba58e1ad24/library/test/src/lib.rs:606:41[0m
[INFO] [stdout] [31m<  16: std::sys::backtrace::__rust_begin_short_backtrace[0m
[INFO] [stdout] [31m<             at /rustc/6067b36314ab5eb2eb47cecc464545ba58e1ad24/library/std/src/sys/backtrace.rs:152:18[0m
[INFO] [stdout] [31m<  17: std::thread::Builder::spawn_unchecked_::{{closure}}::{{closure}}[0m
[INFO] [stdout] [31m<             at /rustc/6067b36314ab5eb2eb47cecc464545ba58e1ad24/library/std/src/thread/mod.rs:559:17[0m
[INFO] [stdout] [31m<  18: <core::panic::unwind_safe::AssertUnwindSafe<F> as core::ops::function::FnOnce<()>>::call_once[0m
[INFO] [stdout] [31m<             at /rustc/6067b36314ab5eb2eb47cecc464545ba58e1ad24/library/core/src/panic/unwind_safe.rs:272:9[0m
[INFO] [stdout] [31m<  19: std::panicking::try::do_call[0m
[INFO] [stdout] [31m<             at /rustc/6067b36314ab5eb2eb47cecc464545ba58e1ad24/library/std/src/panicking.rs:587:40[0m
[INFO] [stdout] [31m<  20: std::panicking::try[0m
[INFO] [stdout] [31m<             at /rustc/6067b36314ab5eb2eb47cecc464545ba58e1ad24/library/std/src/panicking.rs:550:19[0m
[INFO] [stdout] [31m<  21: std::panic::catch_unwind[0m
[INFO] [stdout] [31m<             at /rustc/6067b36314ab5eb2eb47cecc464545ba58e1ad24/library/std/src/panic.rs:358:14[0m
[INFO] [stdout] [31m<  22: std::thread::Builder::spawn_unchecked_::{{closure}}[0m
[INFO] [stdout] [31m<             at /rustc/6067b36314ab5eb2eb47cecc464545ba58e1ad24/library/std/src/thread/mod.rs:557:30[0m
[INFO] [stdout] [31m<  23: core::ops::function::FnOnce::call_once{{vtable.shim}}[0m
[INFO] [stdout] [31m<             at /rustc/6067b36314ab5eb2eb47cecc464545ba58e1ad24/library/core/src/ops/function.rs:250:5[0m
[INFO] [stdout] [31m<  24: <alloc::boxed::Box<F,A> as core::ops::function::FnOnce<Args>>::call_once[0m
[INFO] [stdout] [31m<             at /rustc/6067b36314ab5eb2eb47cecc464545ba58e1ad24/library/alloc/src/boxed.rs:2013:9[0m
[INFO] [stdout] [31m<  25: <alloc::boxed::Box<F,A> as core::ops::function::FnOnce<Args>>::call_once[0m
[INFO] [stdout] [31m<             at /rustc/6067b36314ab5eb2eb47cecc464545ba58e1ad24/library/alloc/src/boxed.rs:2013:9[0m
[INFO] [stdout] [31m<  26: std::sys::pal::unix::thread::Thread::new::thread_start[0m
[INFO] [stdout] [31m<             at /rustc/6067b36314ab5eb2eb47cecc464545ba58e1ad24/library/std/src/sys/pal/unix/thread.rs:106:17[0m
[INFO] [stdout] [31m<  27: <unknown>[0m
[INFO] [stdout] [31m<  28: clone[0m
[INFO] [stdout] 
[INFO] [stdout] 
[INFO] [stdout] stack backtrace:
[INFO] [stdout]    0:     0x55fc2ae7cd2a - std::backtrace_rs::backtrace::libunwind::trace::hb059275cfc8d6126
[INFO] [stdout]                                at /rustc/6067b36314ab5eb2eb47cecc464545ba58e1ad24/library/std/src/../../backtrace/src/backtrace/libunwind.rs:116:5
[INFO] [stdout]    1:     0x55fc2ae7cd2a - std::backtrace_rs::backtrace::trace_unsynchronized::h2da071e4327ce3ee
[INFO] [stdout]                                at /rustc/6067b36314ab5eb2eb47cecc464545ba58e1ad24/library/std/src/../../backtrace/src/backtrace/mod.rs:66:5
[INFO] [stdout]    2:     0x55fc2ae7cd2a - std::sys::backtrace::_print_fmt::h842a1474e6f8d23f
[INFO] [stdout]                                at /rustc/6067b36314ab5eb2eb47cecc464545ba58e1ad24/library/std/src/sys/backtrace.rs:66:9
[INFO] [stdout]    3:     0x55fc2ae7cd2a - <std::sys::backtrace::BacktraceLock::print::DisplayBacktrace as core::fmt::Display>::fmt::h71a62eb3b9696b12
[INFO] [stdout]                                at /rustc/6067b36314ab5eb2eb47cecc464545ba58e1ad24/library/std/src/sys/backtrace.rs:39:26
[INFO] [stdout]    4:     0x55fc2aea7913 - core::fmt::rt::Argument::fmt::hdb6b616786b41dc1
[INFO] [stdout]                                at /rustc/6067b36314ab5eb2eb47cecc464545ba58e1ad24/library/core/src/fmt/rt.rs:177:76
[INFO] [stdout]    5:     0x55fc2aea7913 - core::fmt::write::h2cc1698af7e2d686
[INFO] [stdout]                                at /rustc/6067b36314ab5eb2eb47cecc464545ba58e1ad24/library/core/src/fmt/mod.rs:1440:21
[INFO] [stdout]    6:     0x55fc2ae792e3 - std::io::Write::write_fmt::hab1b4cd059a79022
[INFO] [stdout]                                at /rustc/6067b36314ab5eb2eb47cecc464545ba58e1ad24/library/std/src/io/mod.rs:1887:15
[INFO] [stdout]    7:     0x55fc2ae7cb72 - std::sys::backtrace::BacktraceLock::print::h147fe35b4ea13b08
[INFO] [stdout]                                at /rustc/6067b36314ab5eb2eb47cecc464545ba58e1ad24/library/std/src/sys/backtrace.rs:42:9
[INFO] [stdout]    8:     0x55fc2ae7e14f - std::panicking::default_hook::{{closure}}::hbd44223dbdc0d208
[INFO] [stdout]                                at /rustc/6067b36314ab5eb2eb47cecc464545ba58e1ad24/library/std/src/panicking.rs:298:22
[INFO] [stdout]    9:     0x55fc2ae7df68 - std::panicking::default_hook::h20f81eb0576efcec
[INFO] [stdout]                                at /rustc/6067b36314ab5eb2eb47cecc464545ba58e1ad24/library/std/src/panicking.rs:322:9
[INFO] [stdout]   10:     0x55fc2aab1b43 - <alloc::boxed::Box<F,A> as core::ops::function::Fn<Args>>::call::hdb53814c496a4d34
[INFO] [stdout]                                at /rustc/6067b36314ab5eb2eb47cecc464545ba58e1ad24/library/alloc/src/boxed.rs:2027:9
[INFO] [stdout]   11:     0x55fc2aab1b43 - test::test_main::{{closure}}::hc0a4963c59427c24
[INFO] [stdout]                                at /rustc/6067b36314ab5eb2eb47cecc464545ba58e1ad24/library/test/src/lib.rs:134:21
[INFO] [stdout]   12:     0x55fc2ae7ec43 - <alloc::boxed::Box<F,A> as core::ops::function::Fn<Args>>::call::h591b2225413a77e9
[INFO] [stdout]                                at /rustc/6067b36314ab5eb2eb47cecc464545ba58e1ad24/library/alloc/src/boxed.rs:2027:9
[INFO] [stdout]   13:     0x55fc2ae7ec43 - std::panicking::rust_panic_with_hook::h625eea43051b2edc
[INFO] [stdout]                                at /rustc/6067b36314ab5eb2eb47cecc464545ba58e1ad24/library/std/src/panicking.rs:839:13
[INFO] [stdout]   14:     0x55fc2ae7e8fa - std::panicking::begin_panic_handler::{{closure}}::h4f9159cfbc3f6bd3
[INFO] [stdout]                                at /rustc/6067b36314ab5eb2eb47cecc464545ba58e1ad24/library/std/src/panicking.rs:704:13
[INFO] [stdout]   15:     0x55fc2ae7d229 - std::sys::backtrace::__rust_end_short_backtrace::h0390abce48353151
[INFO] [stdout]                                at /rustc/6067b36314ab5eb2eb47cecc464545ba58e1ad24/library/std/src/sys/backtrace.rs:168:18
[INFO] [stdout]   16:     0x55fc2ae7e58d - rust_begin_unwind
[INFO] [stdout]                                at /rustc/6067b36314ab5eb2eb47cecc464545ba58e1ad24/library/std/src/panicking.rs:695:5
[INFO] [stdout]   17:     0x55fc2aea57c0 - core::panicking::panic_fmt::h9e7c637e9e5f29c9
[INFO] [stdout]                                at /rustc/6067b36314ab5eb2eb47cecc464545ba58e1ad24/library/core/src/panicking.rs:75:14
[INFO] [stdout]   18:     0x55fc2a9e6b71 - wdl_engine::value::test::float_coercion::h2c5242576519a041
[INFO] [stdout]                                at /opt/rustwide/workdir/src/value.rs:3068:9
[INFO] [stdout]   19:     0x55fc2a9e65b7 - wdl_engine::value::test::float_coercion::{{closure}}::hd8dfa46bd20b5f78
[INFO] [stdout]                                at /opt/rustwide/workdir/src/value.rs:3058:24
[INFO] [stdout]   20:     0x55fc2a8f19d6 - core::ops::function::FnOnce::call_once::hfd7b80ec6a443de0
[INFO] [stdout]                                at /rustc/6067b36314ab5eb2eb47cecc464545ba58e1ad24/library/core/src/ops/function.rs:250:5
[INFO] [stdout]   21:     0x55fc2aab729b - core::ops::function::FnOnce::call_once::he27718dfdd183f43
[INFO] [stdout]                                at /rustc/6067b36314ab5eb2eb47cecc464545ba58e1ad24/library/core/src/ops/function.rs:250:5
[INFO] [stdout]   22:     0x55fc2aab729b - test::__rust_begin_short_backtrace::h4e84902998457a5d
[INFO] [stdout]                                at /rustc/6067b36314ab5eb2eb47cecc464545ba58e1ad24/library/test/src/lib.rs:632:18
[INFO] [stdout]   23:     0x55fc2aab61d3 - test::run_test_in_process::{{closure}}::h7176fd18fc1feca0
[INFO] [stdout]                                at /rustc/6067b36314ab5eb2eb47cecc464545ba58e1ad24/library/test/src/lib.rs:655:60
[INFO] [stdout]   24:     0x55fc2aab61d3 - <core::panic::unwind_safe::AssertUnwindSafe<F> as core::ops::function::FnOnce<()>>::call_once::hf79cff2a624d8cf7
[INFO] [stdout]                                at /rustc/6067b36314ab5eb2eb47cecc464545ba58e1ad24/library/core/src/panic/unwind_safe.rs:272:9
[INFO] [stdout]   25:     0x55fc2aab61d3 - std::panicking::try::do_call::h3da0561d9ab99c25
[INFO] [stdout]                                at /rustc/6067b36314ab5eb2eb47cecc464545ba58e1ad24/library/std/src/panicking.rs:587:40
[INFO] [stdout]   26:     0x55fc2aab61d3 - std::panicking::try::h41c9fa508bc61df6
[INFO] [stdout]                                at /rustc/6067b36314ab5eb2eb47cecc464545ba58e1ad24/library/std/src/panicking.rs:550:19
[INFO] [stdout]   27:     0x55fc2aab61d3 - std::panic::catch_unwind::h6b3ff07bb5afad93
[INFO] [stdout]                                at /rustc/6067b36314ab5eb2eb47cecc464545ba58e1ad24/library/std/src/panic.rs:358:14
[INFO] [stdout]   28:     0x55fc2aab61d3 - test::run_test_in_process::hc7253dd11b39b9f4
[INFO] [stdout]                                at /rustc/6067b36314ab5eb2eb47cecc464545ba58e1ad24/library/test/src/lib.rs:655:27
[INFO] [stdout]   29:     0x55fc2aab61d3 - test::run_test::{{closure}}::hfb2007f8649c30bb
[INFO] [stdout]                                at /rustc/6067b36314ab5eb2eb47cecc464545ba58e1ad24/library/test/src/lib.rs:576:43
[INFO] [stdout]   30:     0x55fc2aa792b5 - test::run_test::{{closure}}::h56a17aa7a282a9f4
[INFO] [stdout]                                at /rustc/6067b36314ab5eb2eb47cecc464545ba58e1ad24/library/test/src/lib.rs:606:41
[INFO] [stdout]   31:     0x55fc2aa792b5 - std::sys::backtrace::__rust_begin_short_backtrace::hd2d2d2fb8e8c6aac
[INFO] [stdout]                                at /rustc/6067b36314ab5eb2eb47cecc464545ba58e1ad24/library/std/src/sys/backtrace.rs:152:18
[INFO] [stdout]   32:     0x55fc2aa7cb9a - std::thread::Builder::spawn_unchecked_::{{closure}}::{{closure}}::h4faa3f9db6133423
[INFO] [stdout]                                at /rustc/6067b36314ab5eb2eb47cecc464545ba58e1ad24/library/std/src/thread/mod.rs:559:17
[INFO] [stdout]   33:     0x55fc2aa7cb9a - <core::panic::unwind_safe::AssertUnwindSafe<F> as core::ops::function::FnOnce<()>>::call_once::hf2e855a36a4ea846
[INFO] [stdout]                                at /rustc/6067b36314ab5eb2eb47cecc464545ba58e1ad24/library/core/src/panic/unwind_safe.rs:272:9
[INFO] [stdout]   34:     0x55fc2aa7cb9a - std::panicking::try::do_call::h2f73af3616c35465
[INFO] [stdout]                                at /rustc/6067b36314ab5eb2eb47cecc464545ba58e1ad24/library/std/src/panicking.rs:587:40
[INFO] [stdout]   35:     0x55fc2aa7cb9a - std::panicking::try::hd1660ce9efadef5a
[INFO] [stdout]                                at /rustc/6067b36314ab5eb2eb47cecc464545ba58e1ad24/library/std/src/panicking.rs:550:19
[INFO] [stdout]   36:     0x55fc2aa7cb9a - std::panic::catch_unwind::h5ee8d7823b8ca744
[INFO] [stdout]                                at /rustc/6067b36314ab5eb2eb47cecc464545ba58e1ad24/library/std/src/panic.rs:358:14
[INFO] [stdout]   37:     0x55fc2aa7cb9a - std::thread::Builder::spawn_unchecked_::{{closure}}::h53c3a1894dce8407
[INFO] [stdout]                                at /rustc/6067b36314ab5eb2eb47cecc464545ba58e1ad24/library/std/src/thread/mod.rs:557:30
[INFO] [stdout]   38:     0x55fc2aa7cb9a - core::ops::function::FnOnce::call_once{{vtable.shim}}::h048ce291ad4f62bf
[INFO] [stdout]                                at /rustc/6067b36314ab5eb2eb47cecc464545ba58e1ad24/library/core/src/ops/function.rs:250:5
[INFO] [stdout]   39:     0x55fc2ae839eb - <alloc::boxed::Box<F,A> as core::ops::function::FnOnce<Args>>::call_once::ha52bedf99a3b4981
[INFO] [stdout]                                at /rustc/6067b36314ab5eb2eb47cecc464545ba58e1ad24/library/alloc/src/boxed.rs:2013:9
[INFO] [stdout]   40:     0x55fc2ae839eb - <alloc::boxed::Box<F,A> as core::ops::function::FnOnce<Args>>::call_once::h567748934d80ccf8
[INFO] [stdout]                                at /rustc/6067b36314ab5eb2eb47cecc464545ba58e1ad24/library/alloc/src/boxed.rs:2013:9
[INFO] [stdout]   41:     0x55fc2ae839eb - std::sys::pal::unix::thread::Thread::new::thread_start::h2d970728ae887adc
[INFO] [stdout]                                at /rustc/6067b36314ab5eb2eb47cecc464545ba58e1ad24/library/std/src/sys/pal/unix/thread.rs:106:17
[INFO] [stdout]   42:     0x72f9f67e0ac3 - <unknown>
[INFO] [stdout]   43:     0x72f9f6871a04 - clone
[INFO] [stdout]   44:                0x0 - <unknown>
[INFO] [stdout] 
[INFO] [stdout] ---- value::test::none_coercion stdout ----
[INFO] [stdout] 
[INFO] [stdout] thread 'value::test::none_coercion' panicked at src/value.rs:3204:9:
[INFO] [stdout] assertion failed: `(left == right)`
[INFO] [stdout] 
[INFO] [stdout] [1mDiff[0m [31m< left[0m / [32mright >[0m :
[INFO] [stdout]  cannot coerce `None` to non-optional type `String`
[INFO] [stdout] [31m<[0m
[INFO] [stdout] [31m<Stack backtrace:[0m
[INFO] [stdout] [31m<   0: anyhow::error::<impl anyhow::Error>::msg[0m
[INFO] [stdout] [31m<             at /opt/rustwide/cargo-home/registry/src/index.crates.io-1949cf8c6b5b557f/anyhow-1.0.95/src/backtrace.rs:27:14[0m
[INFO] [stdout] [31m<   1: anyhow::__private::format_err[0m
[INFO] [stdout] [31m<             at /opt/rustwide/cargo-home/registry/src/index.crates.io-1949cf8c6b5b557f/anyhow-1.0.95/src/lib.rs:694:13[0m
[INFO] [stdout] [31m<   2: <wdl_engine::value::Value as wdl_engine::value::Coercible>::coerce[0m
[INFO] [stdout] [31m<             at ./src/value.rs:569:21[0m
[INFO] [stdout] [31m<   3: wdl_engine::value::test::none_coercion[0m
[INFO] [stdout] [31m<             at ./src/value.rs:3207:21[0m
[INFO] [stdout] [31m<   4: wdl_engine::value::test::none_coercion::{{closure}}[0m
[INFO] [stdout] [31m<             at ./src/value.rs:3194:23[0m
[INFO] [stdout] [31m<   5: core::ops::function::FnOnce::call_once[0m
[INFO] [stdout] [31m<             at /rustc/6067b36314ab5eb2eb47cecc464545ba58e1ad24/library/core/src/ops/function.rs:250:5[0m
[INFO] [stdout] [31m<   6: core::ops::function::FnOnce::call_once[0m
[INFO] [stdout] [31m<             at /rustc/6067b36314ab5eb2eb47cecc464545ba58e1ad24/library/core/src/ops/function.rs:250:5[0m
[INFO] [stdout] [31m<   7: test::__rust_begin_short_backtrace[0m
[INFO] [stdout] [31m<             at /rustc/6067b36314ab5eb2eb47cecc464545ba58e1ad24/library/test/src/lib.rs:632:18[0m
[INFO] [stdout] [31m<   8: test::run_test_in_process::{{closure}}[0m
[INFO] [stdout] [31m<             at /rustc/6067b36314ab5eb2eb47cecc464545ba58e1ad24/library/test/src/lib.rs:655:60[0m
[INFO] [stdout] [31m<   9: <core::panic::unwind_safe::AssertUnwindSafe<F> as core::ops::function::FnOnce<()>>::call_once[0m
[INFO] [stdout] [31m<             at /rustc/6067b36314ab5eb2eb47cecc464545ba58e1ad24/library/core/src/panic/unwind_safe.rs:272:9[0m
[INFO] [stdout] [31m<  10: std::panicking::try::do_call[0m
[INFO] [stdout] [31m<             at /rustc/6067b36314ab5eb2eb47cecc464545ba58e1ad24/library/std/src/panicking.rs:587:40[0m
[INFO] [stdout] [31m<  11: std::panicking::try[0m
[INFO] [stdout] [31m<             at /rustc/6067b36314ab5eb2eb47cecc464545ba58e1ad24/library/std/src/panicking.rs:550:19[0m
[INFO] [stdout] [31m<  12: std::panic::catch_unwind[0m
[INFO] [stdout] [31m<             at /rustc/6067b36314ab5eb2eb47cecc464545ba58e1ad24/library/std/src/panic.rs:358:14[0m
[INFO] [stdout] [31m<  13: test::run_test_in_process[0m
[INFO] [stdout] [31m<             at /rustc/6067b36314ab5eb2eb47cecc464545ba58e1ad24/library/test/src/lib.rs:655:27[0m
[INFO] [stdout] [31m<  14: test::run_test::{{closure}}[0m
[INFO] [stdout] [31m<             at /rustc/6067b36314ab5eb2eb47cecc464545ba58e1ad24/library/test/src/lib.rs:576:43[0m
[INFO] [stdout] [31m<  15: test::run_test::{{closure}}[0m
[INFO] [stdout] [31m<             at /rustc/6067b36314ab5eb2eb47cecc464545ba58e1ad24/library/test/src/lib.rs:606:41[0m
[INFO] [stdout] [31m<  16: std::sys::backtrace::__rust_begin_short_backtrace[0m
[INFO] [stdout] [31m<             at /rustc/6067b36314ab5eb2eb47cecc464545ba58e1ad24/library/std/src/sys/backtrace.rs:152:18[0m
[INFO] [stdout] [31m<  17: std::thread::Builder::spawn_unchecked_::{{closure}}::{{closure}}[0m
[INFO] [stdout] [31m<             at /rustc/6067b36314ab5eb2eb47cecc464545ba58e1ad24/library/std/src/thread/mod.rs:559:17[0m
[INFO] [stdout] [31m<  18: <core::panic::unwind_safe::AssertUnwindSafe<F> as core::ops::function::FnOnce<()>>::call_once[0m
[INFO] [stdout] [31m<             at /rustc/6067b36314ab5eb2eb47cecc464545ba58e1ad24/library/core/src/panic/unwind_safe.rs:272:9[0m
[INFO] [stdout] [31m<  19: std::panicking::try::do_call[0m
[INFO] [stdout] [31m<             at /rustc/6067b36314ab5eb2eb47cecc464545ba58e1ad24/library/std/src/panicking.rs:587:40[0m
[INFO] [stdout] [31m<  20: std::panicking::try[0m
[INFO] [stdout] [31m<             at /rustc/6067b36314ab5eb2eb47cecc464545ba58e1ad24/library/std/src/panicking.rs:550:19[0m
[INFO] [stdout] [31m<  21: std::panic::catch_unwind[0m
[INFO] [stdout] [31m<             at /rustc/6067b36314ab5eb2eb47cecc464545ba58e1ad24/library/std/src/panic.rs:358:14[0m
[INFO] [stdout] [31m<  22: std::thread::Builder::spawn_unchecked_::{{closure}}[0m
[INFO] [stdout] [31m<             at /rustc/6067b36314ab5eb2eb47cecc464545ba58e1ad24/library/std/src/thread/mod.rs:557:30[0m
[INFO] [stdout] [31m<  23: core::ops::function::FnOnce::call_once{{vtable.shim}}[0m
[INFO] [stdout] [31m<             at /rustc/6067b36314ab5eb2eb47cecc464545ba58e1ad24/library/core/src/ops/function.rs:250:5[0m
[INFO] [stdout] [31m<  24: <alloc::boxed::Box<F,A> as core::ops::function::FnOnce<Args>>::call_once[0m
[INFO] [stdout] [31m<             at /rustc/6067b36314ab5eb2eb47cecc464545ba58e1ad24/library/alloc/src/boxed.rs:2013:9[0m
[INFO] [stdout] [31m<  25: <alloc::boxed::Box<F,A> as core::ops::function::FnOnce<Args>>::call_once[0m
[INFO] [stdout] [31m<             at /rustc/6067b36314ab5eb2eb47cecc464545ba58e1ad24/library/alloc/src/boxed.rs:2013:9[0m
[INFO] [stdout] [31m<  26: std::sys::pal::unix::thread::Thread::new::thread_start[0m
[INFO] [stdout] [31m<             at /rustc/6067b36314ab5eb2eb47cecc464545ba58e1ad24/library/std/src/sys/pal/unix/thread.rs:106:17[0m
[INFO] [stdout] [31m<  27: <unknown>[0m
[INFO] [stdout] [31m<  28: clone[0m
[INFO] [stdout] 
[INFO] [stdout] 
[INFO] [stdout] stack backtrace:
[INFO] [stdout]    0:     0x55fc2ae7cd2a - std::backtrace_rs::backtrace::libunwind::trace::hb059275cfc8d6126
[INFO] [stdout]                                at /rustc/6067b36314ab5eb2eb47cecc464545ba58e1ad24/library/std/src/../../backtrace/src/backtrace/libunwind.rs:116:5
[INFO] [stdout]    1:     0x55fc2ae7cd2a - std::backtrace_rs::backtrace::trace_unsynchronized::h2da071e4327ce3ee
[INFO] [stdout]                                at /rustc/6067b36314ab5eb2eb47cecc464545ba58e1ad24/library/std/src/../../backtrace/src/backtrace/mod.rs:66:5
[INFO] [stdout]    2:     0x55fc2ae7cd2a - std::sys::backtrace::_print_fmt::h842a1474e6f8d23f
[INFO] [stdout]                                at /rustc/6067b36314ab5eb2eb47cecc464545ba58e1ad24/library/std/src/sys/backtrace.rs:66:9
[INFO] [stdout]    3:     0x55fc2ae7cd2a - <std::sys::backtrace::BacktraceLock::print::DisplayBacktrace as core::fmt::Display>::fmt::h71a62eb3b9696b12
[INFO] [stdout]                                at /rustc/6067b36314ab5eb2eb47cecc464545ba58e1ad24/library/std/src/sys/backtrace.rs:39:26
[INFO] [stdout]    4:     0x55fc2aea7913 - core::fmt::rt::Argument::fmt::hdb6b616786b41dc1
[INFO] [stdout]                                at /rustc/6067b36314ab5eb2eb47cecc464545ba58e1ad24/library/core/src/fmt/rt.rs:177:76
[INFO] [stdout]    5:     0x55fc2aea7913 - core::fmt::write::h2cc1698af7e2d686
[INFO] [stdout]                                at /rustc/6067b36314ab5eb2eb47cecc464545ba58e1ad24/library/core/src/fmt/mod.rs:1440:21
[INFO] [stdout]    6:     0x55fc2ae792e3 - std::io::Write::write_fmt::hab1b4cd059a79022
[INFO] [stdout]                                at /rustc/6067b36314ab5eb2eb47cecc464545ba58e1ad24/library/std/src/io/mod.rs:1887:15
[INFO] [stdout]    7:     0x55fc2ae7cb72 - std::sys::backtrace::BacktraceLock::print::h147fe35b4ea13b08
[INFO] [stdout]                                at /rustc/6067b36314ab5eb2eb47cecc464545ba58e1ad24/library/std/src/sys/backtrace.rs:42:9
[INFO] [stdout]    8:     0x55fc2ae7e14f - std::panicking::default_hook::{{closure}}::hbd44223dbdc0d208
[INFO] [stdout]                                at /rustc/6067b36314ab5eb2eb47cecc464545ba58e1ad24/library/std/src/panicking.rs:298:22
[INFO] [stdout]    9:     0x55fc2ae7df68 - std::panicking::default_hook::h20f81eb0576efcec
[INFO] [stdout]                                at /rustc/6067b36314ab5eb2eb47cecc464545ba58e1ad24/library/std/src/panicking.rs:322:9
[INFO] [stdout]   10:     0x55fc2aab1b43 - <alloc::boxed::Box<F,A> as core::ops::function::Fn<Args>>::call::hdb53814c496a4d34
[INFO] [stdout]                                at /rustc/6067b36314ab5eb2eb47cecc464545ba58e1ad24/library/alloc/src/boxed.rs:2027:9
[INFO] [stdout]   11:     0x55fc2aab1b43 - test::test_main::{{closure}}::hc0a4963c59427c24
[INFO] [stdout]                                at /rustc/6067b36314ab5eb2eb47cecc464545ba58e1ad24/library/test/src/lib.rs:134:21
[INFO] [stdout]   12:     0x55fc2ae7ec43 - <alloc::boxed::Box<F,A> as core::ops::function::Fn<Args>>::call::h591b2225413a77e9
[INFO] [stdout]                                at /rustc/6067b36314ab5eb2eb47cecc464545ba58e1ad24/library/alloc/src/boxed.rs:2027:9
[INFO] [stdout]   13:     0x55fc2ae7ec43 - std::panicking::rust_panic_with_hook::h625eea43051b2edc
[INFO] [stdout]                                at /rustc/6067b36314ab5eb2eb47cecc464545ba58e1ad24/library/std/src/panicking.rs:839:13
[INFO] [stdout]   14:     0x55fc2ae7e8fa - std::panicking::begin_panic_handler::{{closure}}::h4f9159cfbc3f6bd3
[INFO] [stdout]                                at /rustc/6067b36314ab5eb2eb47cecc464545ba58e1ad24/library/std/src/panicking.rs:704:13
[INFO] [stdout]   15:     0x55fc2ae7d229 - std::sys::backtrace::__rust_end_short_backtrace::h0390abce48353151
[INFO] [stdout]                                at /rustc/6067b36314ab5eb2eb47cecc464545ba58e1ad24/library/std/src/sys/backtrace.rs:168:18
[INFO] [stdout]   16:     0x55fc2ae7e58d - rust_begin_unwind
[INFO] [stdout]                                at /rustc/6067b36314ab5eb2eb47cecc464545ba58e1ad24/library/std/src/panicking.rs:695:5
[INFO] [stdout]   17:     0x55fc2aea57c0 - core::panicking::panic_fmt::h9e7c637e9e5f29c9
[INFO] [stdout]                                at /rustc/6067b36314ab5eb2eb47cecc464545ba58e1ad24/library/core/src/panicking.rs:75:14
[INFO] [stdout]   18:     0x55fc2a9e92a0 - wdl_engine::value::test::none_coercion::h4bdf150cd12af0e0
[INFO] [stdout]                                at /opt/rustwide/workdir/src/value.rs:3204:9
[INFO] [stdout]   19:     0x55fc2a9e8e07 - wdl_engine::value::test::none_coercion::{{closure}}::hb8a58ad56826db70
[INFO] [stdout]                                at /opt/rustwide/workdir/src/value.rs:3194:23
[INFO] [stdout]   20:     0x55fc2a8ef076 - core::ops::function::FnOnce::call_once::h07fe41b4c7e52266
[INFO] [stdout]                                at /rustc/6067b36314ab5eb2eb47cecc464545ba58e1ad24/library/core/src/ops/function.rs:250:5
[INFO] [stdout]   21:     0x55fc2aab729b - core::ops::function::FnOnce::call_once::he27718dfdd183f43
[INFO] [stdout]                                at /rustc/6067b36314ab5eb2eb47cecc464545ba58e1ad24/library/core/src/ops/function.rs:250:5
[INFO] [stdout]   22:     0x55fc2aab729b - test::__rust_begin_short_backtrace::h4e84902998457a5d
[INFO] [stdout]                                at /rustc/6067b36314ab5eb2eb47cecc464545ba58e1ad24/library/test/src/lib.rs:632:18
[INFO] [stdout]   23:     0x55fc2aab61d3 - test::run_test_in_process::{{closure}}::h7176fd18fc1feca0
[INFO] [stdout]                                at /rustc/6067b36314ab5eb2eb47cecc464545ba58e1ad24/library/test/src/lib.rs:655:60
[INFO] [stdout]   24:     0x55fc2aab61d3 - <core::panic::unwind_safe::AssertUnwindSafe<F> as core::ops::function::FnOnce<()>>::call_once::hf79cff2a624d8cf7
[INFO] [stdout]                                at /rustc/6067b36314ab5eb2eb47cecc464545ba58e1ad24/library/core/src/panic/unwind_safe.rs:272:9
[INFO] [stdout]   25:     0x55fc2aab61d3 - std::panicking::try::do_call::h3da0561d9ab99c25
[INFO] [stdout]                                at /rustc/6067b36314ab5eb2eb47cecc464545ba58e1ad24/library/std/src/panicking.rs:587:40
[INFO] [stdout]   26:     0x55fc2aab61d3 - std::panicking::try::h41c9fa508bc61df6
[INFO] [stdout]                                at /rustc/6067b36314ab5eb2eb47cecc464545ba58e1ad24/library/std/src/panicking.rs:550:19
[INFO] [stdout]   27:     0x55fc2aab61d3 - std::panic::catch_unwind::h6b3ff07bb5afad93
[INFO] [stdout]                                at /rustc/6067b36314ab5eb2eb47cecc464545ba58e1ad24/library/std/src/panic.rs:358:14
[INFO] [stdout]   28:     0x55fc2aab61d3 - test::run_test_in_process::hc7253dd11b39b9f4
[INFO] [stdout]                                at /rustc/6067b36314ab5eb2eb47cecc464545ba58e1ad24/library/test/src/lib.rs:655:27
[INFO] [stdout]   29:     0x55fc2aab61d3 - test::run_test::{{closure}}::hfb2007f8649c30bb
[INFO] [stdout]                                at /rustc/6067b36314ab5eb2eb47cecc464545ba58e1ad24/library/test/src/lib.rs:576:43
[INFO] [stdout]   30:     0x55fc2aa792b5 - test::run_test::{{closure}}::h56a17aa7a282a9f4
[INFO] [stdout]                                at /rustc/6067b36314ab5eb2eb47cecc464545ba58e1ad24/library/test/src/lib.rs:606:41
[INFO] [stdout]   31:     0x55fc2aa792b5 - std::sys::backtrace::__rust_begin_short_backtrace::hd2d2d2fb8e8c6aac
[INFO] [stdout]                                at /rustc/6067b36314ab5eb2eb47cecc464545ba58e1ad24/library/std/src/sys/backtrace.rs:152:18
[INFO] [stdout]   32:     0x55fc2aa7cb9a - std::thread::Builder::spawn_unchecked_::{{closure}}::{{closure}}::h4faa3f9db6133423
[INFO] [stdout]                                at /rustc/6067b36314ab5eb2eb47cecc464545ba58e1ad24/library/std/src/thread/mod.rs:559:17
[INFO] [stdout]   33:     0x55fc2aa7cb9a - <core::panic::unwind_safe::AssertUnwindSafe<F> as core::ops::function::FnOnce<()>>::call_once::hf2e855a36a4ea846
[INFO] [stdout]                                at /rustc/6067b36314ab5eb2eb47cecc464545ba58e1ad24/library/core/src/panic/unwind_safe.rs:272:9
[INFO] [stdout]   34:     0x55fc2aa7cb9a - std::panicking::try::do_call::h2f73af3616c35465
[INFO] [stdout]                                at /rustc/6067b36314ab5eb2eb47cecc464545ba58e1ad24/library/std/src/panicking.rs:587:40
[INFO] [stdout]   35:     0x55fc2aa7cb9a - std::panicking::try::hd1660ce9efadef5a
[INFO] [stdout]                                at /rustc/6067b36314ab5eb2eb47cecc464545ba58e1ad24/library/std/src/panicking.rs:550:19
[INFO] [stdout]   36:     0x55fc2aa7cb9a - std::panic::catch_unwind::h5ee8d7823b8ca744
[INFO] [stdout]                                at /rustc/6067b36314ab5eb2eb47cecc464545ba58e1ad24/library/std/src/panic.rs:358:14
[INFO] [stdout]   37:     0x55fc2aa7cb9a - std::thread::Builder::spawn_unchecked_::{{closure}}::h53c3a1894dce8407
[INFO] [stdout]                                at /rustc/6067b36314ab5eb2eb47cecc464545ba58e1ad24/library/std/src/thread/mod.rs:557:30
[INFO] [stdout]   38:     0x55fc2aa7cb9a - core::ops::function::FnOnce::call_once{{vtable.shim}}::h048ce291ad4f62bf
[INFO] [stdout]                                at /rustc/6067b36314ab5eb2eb47cecc464545ba58e1ad24/library/core/src/ops/function.rs:250:5
[INFO] [stdout]   39:     0x55fc2ae839eb - <alloc::boxed::Box<F,A> as core::ops::function::FnOnce<Args>>::call_once::ha52bedf99a3b4981
[INFO] [stdout]                                at /rustc/6067b36314ab5eb2eb47cecc464545ba58e1ad24/library/alloc/src/boxed.rs:2013:9
[INFO] [stdout]   40:     0x55fc2ae839eb - <alloc::boxed::Box<F,A> as core::ops::function::FnOnce<Args>>::call_once::h567748934d80ccf8
[INFO] [stdout]                                at /rustc/6067b36314ab5eb2eb47cecc464545ba58e1ad24/library/alloc/src/boxed.rs:2013:9
[INFO] [stdout]   41:     0x55fc2ae839eb - std::sys::pal::unix::thread::Thread::new::thread_start::h2d970728ae887adc
[INFO] [stdout]                                at /rustc/6067b36314ab5eb2eb47cecc464545ba58e1ad24/library/std/src/sys/pal/unix/thread.rs:106:17
[INFO] [stdout]   42:     0x72f9f67e0ac3 - <unknown>
[INFO] [stdout]   43:     0x72f9f6871a04 - clone
[INFO] [stdout]   44:                0x0 - <unknown>
[INFO] [stdout] 
[INFO] [stdout] ---- value::test::integer_coercion stdout ----
[INFO] [stdout] 
[INFO] [stdout] thread 'value::test::integer_coercion' panicked at src/value.rs:3040:9:
[INFO] [stdout] assertion failed: `(left == right)`
[INFO] [stdout] 
[INFO] [stdout] [1mDiff[0m [31m< left[0m / [32mright >[0m :
[INFO] [stdout]  cannot coerce type `Int` to type `Boolean`
[INFO] [stdout] [31m<[0m
[INFO] [stdout] [31m<Stack backtrace:[0m
[INFO] [stdout] [31m<   0: anyhow::context::<impl anyhow::Context<T,core::convert::Infallible> for core::option::Option<T>>::with_context[0m
[INFO] [stdout] [31m<             at /opt/rustwide/cargo-home/registry/src/index.crates.io-1949cf8c6b5b557f/anyhow-1.0.95/src/backtrace.rs:27:14[0m
[INFO] [stdout] [31m<   1: <wdl_engine::value::PrimitiveValue as wdl_engine::value::Coercible>::coerce[0m
[INFO] [stdout] [31m<             at ./src/value.rs:1235:17[0m
[INFO] [stdout] [31m<   2: <wdl_engine::value::Value as wdl_engine::value::Coercible>::coerce[0m
[INFO] [stdout] [31m<             at ./src/value.rs:572:35[0m
[INFO] [stdout] [31m<   3: wdl_engine::value::test::integer_coercion[0m
[INFO] [stdout] [31m<             at ./src/value.rs:3043:21[0m
[INFO] [stdout] [31m<   4: wdl_engine::value::test::integer_coercion::{{closure}}[0m
[INFO] [stdout] [31m<             at ./src/value.rs:3022:26[0m
[INFO] [stdout] [31m<   5: core::ops::function::FnOnce::call_once[0m
[INFO] [stdout] [31m<             at /rustc/6067b36314ab5eb2eb47cecc464545ba58e1ad24/library/core/src/ops/function.rs:250:5[0m
[INFO] [stdout] [31m<   6: core::ops::function::FnOnce::call_once[0m
[INFO] [stdout] [31m<             at /rustc/6067b36314ab5eb2eb47cecc464545ba58e1ad24/library/core/src/ops/function.rs:250:5[0m
[INFO] [stdout] [31m<   7: test::__rust_begin_short_backtrace[0m
[INFO] [stdout] [31m<             at /rustc/6067b36314ab5eb2eb47cecc464545ba58e1ad24/library/test/src/lib.rs:632:18[0m
[INFO] [stdout] [31m<   8: test::run_test_in_process::{{closure}}[0m
[INFO] [stdout] [31m<             at /rustc/6067b36314ab5eb2eb47cecc464545ba58e1ad24/library/test/src/lib.rs:655:60[0m
[INFO] [stdout] [31m<   9: <core::panic::unwind_safe::AssertUnwindSafe<F> as core::ops::function::FnOnce<()>>::call_once[0m
[INFO] [stdout] [31m<             at /rustc/6067b36314ab5eb2eb47cecc464545ba58e1ad24/library/core/src/panic/unwind_safe.rs:272:9[0m
[INFO] [stdout] [31m<  10: std::panicking::try::do_call[0m
[INFO] [stdout] [31m<             at /rustc/6067b36314ab5eb2eb47cecc464545ba58e1ad24/library/std/src/panicking.rs:587:40[0m
[INFO] [stdout] [31m<  11: std::panicking::try[0m
[INFO] [stdout] [31m<             at /rustc/6067b36314ab5eb2eb47cecc464545ba58e1ad24/library/std/src/panicking.rs:550:19[0m
[INFO] [stdout] [31m<  12: std::panic::catch_unwind[0m
[INFO] [stdout] [31m<             at /rustc/6067b36314ab5eb2eb47cecc464545ba58e1ad24/library/std/src/panic.rs:358:14[0m
[INFO] [stdout] [31m<  13: test::run_test_in_process[0m
[INFO] [stdout] [31m<             at /rustc/6067b36314ab5eb2eb47cecc464545ba58e1ad24/library/test/src/lib.rs:655:27[0m
[INFO] [stdout] [31m<  14: test::run_test::{{closure}}[0m
[INFO] [stdout] [31m<             at /rustc/6067b36314ab5eb2eb47cecc464545ba58e1ad24/library/test/src/lib.rs:576:43[0m
[INFO] [stdout] [31m<  15: test::run_test::{{closure}}[0m
[INFO] [stdout] [31m<             at /rustc/6067b36314ab5eb2eb47cecc464545ba58e1ad24/library/test/src/lib.rs:606:41[0m
[INFO] [stdout] [31m<  16: std::sys::backtrace::__rust_begin_short_backtrace[0m
[INFO] [stdout] [31m<             at /rustc/6067b36314ab5eb2eb47cecc464545ba58e1ad24/library/std/src/sys/backtrace.rs:152:18[0m
[INFO] [stdout] [31m<  17: std::thread::Builder::spawn_unchecked_::{{closure}}::{{closure}}[0m
[INFO] [stdout] [31m<             at /rustc/6067b36314ab5eb2eb47cecc464545ba58e1ad24/library/std/src/thread/mod.rs:559:17[0m
[INFO] [stdout] [31m<  18: <core::panic::unwind_safe::AssertUnwindSafe<F> as core::ops::function::FnOnce<()>>::call_once[0m
[INFO] [stdout] [31m<             at /rustc/6067b36314ab5eb2eb47cecc464545ba58e1ad24/library/core/src/panic/unwind_safe.rs:272:9[0m
[INFO] [stdout] [31m<  19: std::panicking::try::do_call[0m
[INFO] [stdout] [31m<             at /rustc/6067b36314ab5eb2eb47cecc464545ba58e1ad24/library/std/src/panicking.rs:587:40[0m
[INFO] [stdout] [31m<  20: std::panicking::try[0m
[INFO] [stdout] [31m<             at /rustc/6067b36314ab5eb2eb47cecc464545ba58e1ad24/library/std/src/panicking.rs:550:19[0m
[INFO] [stdout] [31m<  21: std::panic::catch_unwind[0m
[INFO] [stdout] [31m<             at /rustc/6067b36314ab5eb2eb47cecc464545ba58e1ad24/library/std/src/panic.rs:358:14[0m
[INFO] [stdout] [31m<  22: std::thread::Builder::spawn_unchecked_::{{closure}}[0m
[INFO] [stdout] [31m<             at /rustc/6067b36314ab5eb2eb47cecc464545ba58e1ad24/library/std/src/thread/mod.rs:557:30[0m
[INFO] [stdout] [31m<  23: core::ops::function::FnOnce::call_once{{vtable.shim}}[0m
[INFO] [stdout] [31m<             at /rustc/6067b36314ab5eb2eb47cecc464545ba58e1ad24/library/core/src/ops/function.rs:250:5[0m
[INFO] [stdout] [31m<  24: <alloc::boxed::Box<F,A> as core::ops::function::FnOnce<Args>>::call_once[0m
[INFO] [stdout] [31m<             at /rustc/6067b36314ab5eb2eb47cecc464545ba58e1ad24/library/alloc/src/boxed.rs:2013:9[0m
[INFO] [stdout] [31m<  25: <alloc::boxed::Box<F,A> as core::ops::function::FnOnce<Args>>::call_once[0m
[INFO] [stdout] [31m<             at /rustc/6067b36314ab5eb2eb47cecc464545ba58e1ad24/library/alloc/src/boxed.rs:2013:9[0m
[INFO] [stdout] [31m<  26: std::sys::pal::unix::thread::Thread::new::thread_start[0m
[INFO] [stdout] [31m<             at /rustc/6067b36314ab5eb2eb47cecc464545ba58e1ad24/library/std/src/sys/pal/unix/thread.rs:106:17[0m
[INFO] [stdout] [31m<  27: <unknown>[0m
[INFO] [stdout] [31m<  28: clone[0m
[INFO] [stdout] 
[INFO] [stdout] 
[INFO] [stdout] stack backtrace:
[INFO] [stdout]    0:     0x55fc2ae7cd2a - std::backtrace_rs::backtrace::libunwind::trace::hb059275cfc8d6126
[INFO] [stdout]                                at /rustc/6067b36314ab5eb2eb47cecc464545ba58e1ad24/library/std/src/../../backtrace/src/backtrace/libunwind.rs:116:5
[INFO] [stdout]    1:     0x55fc2ae7cd2a - std::backtrace_rs::backtrace::trace_unsynchronized::h2da071e4327ce3ee
[INFO] [stdout]                                at /rustc/6067b36314ab5eb2eb47cecc464545ba58e1ad24/library/std/src/../../backtrace/src/backtrace/mod.rs:66:5
[INFO] [stdout]    2:     0x55fc2ae7cd2a - std::sys::backtrace::_print_fmt::h842a1474e6f8d23f
[INFO] [stdout]                                at /rustc/6067b36314ab5eb2eb47cecc464545ba58e1ad24/library/std/src/sys/backtrace.rs:66:9
[INFO] [stdout]    3:     0x55fc2ae7cd2a - <std::sys::backtrace::BacktraceLock::print::DisplayBacktrace as core::fmt::Display>::fmt::h71a62eb3b9696b12
[INFO] [stdout]                                at /rustc/6067b36314ab5eb2eb47cecc464545ba58e1ad24/library/std/src/sys/backtrace.rs:39:26
[INFO] [stdout]    4:     0x55fc2aea7913 - core::fmt::rt::Argument::fmt::hdb6b616786b41dc1
[INFO] [stdout]                                at /rustc/6067b36314ab5eb2eb47cecc464545ba58e1ad24/library/core/src/fmt/rt.rs:177:76
[INFO] [stdout]    5:     0x55fc2aea7913 - core::fmt::write::h2cc1698af7e2d686
[INFO] [stdout]                                at /rustc/6067b36314ab5eb2eb47cecc464545ba58e1ad24/library/core/src/fmt/mod.rs:1440:21
[INFO] [stdout]    6:     0x55fc2ae792e3 - std::io::Write::write_fmt::hab1b4cd059a79022
[INFO] [stdout]                                at /rustc/6067b36314ab5eb2eb47cecc464545ba58e1ad24/library/std/src/io/mod.rs:1887:15
[INFO] [stdout]    7:     0x55fc2ae7cb72 - std::sys::backtrace::BacktraceLock::print::h147fe35b4ea13b08
[INFO] [stdout]                                at /rustc/6067b36314ab5eb2eb47cecc464545ba58e1ad24/library/std/src/sys/backtrace.rs:42:9
[INFO] [stdout]    8:     0x55fc2ae7e14f - std::panicking::default_hook::{{closure}}::hbd44223dbdc0d208
[INFO] [stdout]                                at /rustc/6067b36314ab5eb2eb47cecc464545ba58e1ad24/library/std/src/panicking.rs:298:22
[INFO] [stdout]    9:     0x55fc2ae7df68 - std::panicking::default_hook::h20f81eb0576efcec
[INFO] [stdout]                                at /rustc/6067b36314ab5eb2eb47cecc464545ba58e1ad24/library/std/src/panicking.rs:322:9
[INFO] [stdout]   10:     0x55fc2aab1b43 - <alloc::boxed::Box<F,A> as core::ops::function::Fn<Args>>::call::hdb53814c496a4d34
[INFO] [stdout]                                at /rustc/6067b36314ab5eb2eb47cecc464545ba58e1ad24/library/alloc/src/boxed.rs:2027:9
[INFO] [stdout]   11:     0x55fc2aab1b43 - test::test_main::{{closure}}::hc0a4963c59427c24
[INFO] [stdout]                                at /rustc/6067b36314ab5eb2eb47cecc464545ba58e1ad24/library/test/src/lib.rs:134:21
[INFO] [stdout]   12:     0x55fc2ae7ec43 - <alloc::boxed::Box<F,A> as core::ops::function::Fn<Args>>::call::h591b2225413a77e9
[INFO] [stdout]                                at /rustc/6067b36314ab5eb2eb47cecc464545ba58e1ad24/library/alloc/src/boxed.rs:2027:9
[INFO] [stdout]   13:     0x55fc2ae7ec43 - std::panicking::rust_panic_with_hook::h625eea43051b2edc
[INFO] [stdout]                                at /rustc/6067b36314ab5eb2eb47cecc464545ba58e1ad24/library/std/src/panicking.rs:839:13
[INFO] [stdout]   14:     0x55fc2ae7e8fa - std::panicking::begin_panic_handler::{{closure}}::h4f9159cfbc3f6bd3
[INFO] [stdout]                                at /rustc/6067b36314ab5eb2eb47cecc464545ba58e1ad24/library/std/src/panicking.rs:704:13
[INFO] [stdout]   15:     0x55fc2ae7d229 - std::sys::backtrace::__rust_end_short_backtrace::h0390abce48353151
[INFO] [stdout]                                at /rustc/6067b36314ab5eb2eb47cecc464545ba58e1ad24/library/std/src/sys/backtrace.rs:168:18
[INFO] [stdout]   16:     0x55fc2ae7e58d - rust_begin_unwind
[INFO] [stdout]                                at /rustc/6067b36314ab5eb2eb47cecc464545ba58e1ad24/library/std/src/panicking.rs:695:5
[INFO] [stdout]   17:     0x55fc2aea57c0 - core::panicking::panic_fmt::h9e7c637e9e5f29c9
[INFO] [stdout]                                at /rustc/6067b36314ab5eb2eb47cecc464545ba58e1ad24/library/core/src/panicking.rs:75:14
[INFO] [stdout]   18:     0x55fc2a9e624c - wdl_engine::value::test::integer_coercion::h12b761cdc07fed94
[INFO] [stdout]                                at /opt/rustwide/workdir/src/value.rs:3040:9
[INFO] [stdout]   19:     0x55fc2a9e5a67 - wdl_engine::value::test::integer_coercion::{{closure}}::haf1bed00b8e94fd4
[INFO] [stdout]                                at /opt/rustwide/workdir/src/value.rs:3022:26
[INFO] [stdout]   20:     0x55fc2a8f0d36 - core::ops::function::FnOnce::call_once::hbad293f29f82ed76
[INFO] [stdout]                                at /rustc/6067b36314ab5eb2eb47cecc464545ba58e1ad24/library/core/src/ops/function.rs:250:5
[INFO] [stdout]   21:     0x55fc2aab729b - core::ops::function::FnOnce::call_once::he27718dfdd183f43
[INFO] [stdout]                                at /rustc/6067b36314ab5eb2eb47cecc464545ba58e1ad24/library/core/src/ops/function.rs:250:5
[INFO] [stdout]   22:     0x55fc2aab729b - test::__rust_begin_short_backtrace::h4e84902998457a5d
[INFO] [stdout]                                at /rustc/6067b36314ab5eb2eb47cecc464545ba58e1ad24/library/test/src/lib.rs:632:18
[INFO] [stdout]   23:     0x55fc2aab61d3 - test::run_test_in_process::{{closure}}::h7176fd18fc1feca0
[INFO] [stdout]                                at /rustc/6067b36314ab5eb2eb47cecc464545ba58e1ad24/library/test/src/lib.rs:655:60
[INFO] [stdout]   24:     0x55fc2aab61d3 - <core::panic::unwind_safe::AssertUnwindSafe<F> as core::ops::function::FnOnce<()>>::call_once::hf79cff2a624d8cf7
[INFO] [stdout]                                at /rustc/6067b36314ab5eb2eb47cecc464545ba58e1ad24/library/core/src/panic/unwind_safe.rs:272:9
[INFO] [stdout]   25:     0x55fc2aab61d3 - std::panicking::try::do_call::h3da0561d9ab99c25
[INFO] [stdout]                                at /rustc/6067b36314ab5eb2eb47cecc464545ba58e1ad24/library/std/src/panicking.rs:587:40
[INFO] [stdout]   26:     0x55fc2aab61d3 - std::panicking::try::h41c9fa508bc61df6
[INFO] [stdout]                                at /rustc/6067b36314ab5eb2eb47cecc464545ba58e1ad24/library/std/src/panicking.rs:550:19
[INFO] [stdout]   27:     0x55fc2aab61d3 - std::panic::catch_unwind::h6b3ff07bb5afad93
[INFO] [stdout]                                at /rustc/6067b36314ab5eb2eb47cecc464545ba58e1ad24/library/std/src/panic.rs:358:14
[INFO] [stdout]   28:     0x55fc2aab61d3 - test::run_test_in_process::hc7253dd11b39b9f4
[INFO] [stdout]                                at /rustc/6067b36314ab5eb2eb47cecc464545ba58e1ad24/library/test/src/lib.rs:655:27
[INFO] [stdout]   29:     0x55fc2aab61d3 - test::run_test::{{closure}}::hfb2007f8649c30bb
[INFO] [stdout]                                at /rustc/6067b36314ab5eb2eb47cecc464545ba58e1ad24/library/test/src/lib.rs:576:43
[INFO] [stdout]   30:     0x55fc2aa792b5 - test::run_test::{{closure}}::h56a17aa7a282a9f4
[INFO] [stdout]                                at /rustc/6067b36314ab5eb2eb47cecc464545ba58e1ad24/library/test/src/lib.rs:606:41
[INFO] [stdout]   31:     0x55fc2aa792b5 - std::sys::backtrace::__rust_begin_short_backtrace::hd2d2d2fb8e8c6aac
[INFO] [stdout]                                at /rustc/6067b36314ab5eb2eb47cecc464545ba58e1ad24/library/std/src/sys/backtrace.rs:152:18
[INFO] [stdout]   32:     0x55fc2aa7cb9a - std::thread::Builder::spawn_unchecked_::{{closure}}::{{closure}}::h4faa3f9db6133423
[INFO] [stdout]                                at /rustc/6067b36314ab5eb2eb47cecc464545ba58e1ad24/library/std/src/thread/mod.rs:559:17
[INFO] [stdout]   33:     0x55fc2aa7cb9a - <core::panic::unwind_safe::AssertUnwindSafe<F> as core::ops::function::FnOnce<()>>::call_once::hf2e855a36a4ea846
[INFO] [stdout]                                at /rustc/6067b36314ab5eb2eb47cecc464545ba58e1ad24/library/core/src/panic/unwind_safe.rs:272:9
[INFO] [stdout]   34:     0x55fc2aa7cb9a - std::panicking::try::do_call::h2f73af3616c35465
[INFO] [stdout]                                at /rustc/6067b36314ab5eb2eb47cecc464545ba58e1ad24/library/std/src/panicking.rs:587:40
[INFO] [stdout]   35:     0x55fc2aa7cb9a - std::panicking::try::hd1660ce9efadef5a
[INFO] [stdout]                                at /rustc/6067b36314ab5eb2eb47cecc464545ba58e1ad24/library/std/src/panicking.rs:550:19
[INFO] [stdout]   36:     0x55fc2aa7cb9a - std::panic::catch_unwind::h5ee8d7823b8ca744
[INFO] [stdout]                                at /rustc/6067b36314ab5eb2eb47cecc464545ba58e1ad24/library/std/src/panic.rs:358:14
[INFO] [stdout]   37:     0x55fc2aa7cb9a - std::thread::Builder::spawn_unchecked_::{{closure}}::h53c3a1894dce8407
[INFO] [stdout]                                at /rustc/6067b36314ab5eb2eb47cecc464545ba58e1ad24/library/std/src/thread/mod.rs:557:30
[INFO] [stdout]   38:     0x55fc2aa7cb9a - core::ops::function::FnOnce::call_once{{vtable.shim}}::h048ce291ad4f62bf
[INFO] [stdout]                                at /rustc/6067b36314ab5eb2eb47cecc464545ba58e1ad24/library/core/src/ops/function.rs:250:5
[INFO] [stdout]   39:     0x55fc2ae839eb - <alloc::boxed::Box<F,A> as core::ops::function::FnOnce<Args>>::call_once::ha52bedf99a3b4981
[INFO] [stdout]                                at /rustc/6067b36314ab5eb2eb47cecc464545ba58e1ad24/library/alloc/src/boxed.rs:2013:9
[INFO] [stdout]   40:     0x55fc2ae839eb - <alloc::boxed::Box<F,A> as core::ops::function::FnOnce<Args>>::call_once::h567748934d80ccf8
[INFO] [stdout]                                at /rustc/6067b36314ab5eb2eb47cecc464545ba58e1ad24/library/alloc/src/boxed.rs:2013:9
[INFO] [stdout]   41:     0x55fc2ae839eb - std::sys::pal::unix::thread::Thread::new::thread_start::h2d970728ae887adc
[INFO] [stdout]                                at /rustc/6067b36314ab5eb2eb47cecc464545ba58e1ad24/library/std/src/sys/pal/unix/thread.rs:106:17
[INFO] [stdout]   42:     0x72f9f67e0ac3 - <unknown>
[INFO] [stdout]   43:     0x72f9f6871a04 - clone
[INFO] [stdout]   44:                0x0 - <unknown>
[INFO] [stdout] 
[INFO] [stdout] ---- value::test::string_coercion stdout ----
[INFO] [stdout] 
[INFO] [stdout] thread 'value::test::string_coercion' panicked at src/value.rs:3110:9:
[INFO] [stdout] assertion failed: `(left == right)`
[INFO] [stdout] 
[INFO] [stdout] [1mDiff[0m [31m< left[0m / [32mright >[0m :
[INFO] [stdout]  cannot coerce type `String` to type `Boolean`
[INFO] [stdout] [31m<[0m
[INFO] [stdout] [31m<Stack backtrace:[0m
[INFO] [stdout] [31m<   0: anyhow::context::<impl anyhow::Context<T,core::convert::Infallible> for core::option::Option<T>>::with_context[0m
[INFO] [stdout] [31m<             at /opt/rustwide/cargo-home/registry/src/index.crates.io-1949cf8c6b5b557f/anyhow-1.0.95/src/backtrace.rs:27:14[0m
[INFO] [stdout] [31m<   1: <wdl_engine::value::PrimitiveValue as wdl_engine::value::Coercible>::coerce[0m
[INFO] [stdout] [31m<             at ./src/value.rs:1257:17[0m
[INFO] [stdout] [31m<   2: wdl_engine::value::test::string_coercion[0m
[INFO] [stdout] [31m<             at ./src/value.rs:3113:21[0m
[INFO] [stdout] [31m<   3: wdl_engine::value::test::string_coercion::{{closure}}[0m
[INFO] [stdout] [31m<             at ./src/value.rs:3086:25[0m
[INFO] [stdout] [31m<   4: core::ops::function::FnOnce::call_once[0m
[INFO] [stdout] [31m<             at /rustc/6067b36314ab5eb2eb47cecc464545ba58e1ad24/library/core/src/ops/function.rs:250:5[0m
[INFO] [stdout] [31m<   5: core::ops::function::FnOnce::call_once[0m
[INFO] [stdout] [31m<             at /rustc/6067b36314ab5eb2eb47cecc464545ba58e1ad24/library/core/src/ops/function.rs:250:5[0m
[INFO] [stdout] [31m<   6: test::__rust_begin_short_backtrace[0m
[INFO] [stdout] [31m<             at /rustc/6067b36314ab5eb2eb47cecc464545ba58e1ad24/library/test/src/lib.rs:632:18[0m
[INFO] [stdout] [31m<   7: test::run_test_in_process::{{closure}}[0m
[INFO] [stdout] [31m<             at /rustc/6067b36314ab5eb2eb47cecc464545ba58e1ad24/library/test/src/lib.rs:655:60[0m
[INFO] [stdout] [31m<   8: <core::panic::unwind_safe::AssertUnwindSafe<F> as core::ops::function::FnOnce<()>>::call_once[0m
[INFO] [stdout] [31m<             at /rustc/6067b36314ab5eb2eb47cecc464545ba58e1ad24/library/core/src/panic/unwind_safe.rs:272:9[0m
[INFO] [stdout] [31m<   9: std::panicking::try::do_call[0m
[INFO] [stdout] [31m<             at /rustc/6067b36314ab5eb2eb47cecc464545ba58e1ad24/library/std/src/panicking.rs:587:40[0m
[INFO] [stdout] [31m<  10: std::panicking::try[0m
[INFO] [stdout] [31m<             at /rustc/6067b36314ab5eb2eb47cecc464545ba58e1ad24/library/std/src/panicking.rs:550:19[0m
[INFO] [stdout] [31m<  11: std::panic::catch_unwind[0m
[INFO] [stdout] [31m<             at /rustc/6067b36314ab5eb2eb47cecc464545ba58e1ad24/library/std/src/panic.rs:358:14[0m
[INFO] [stdout] [31m<  12: test::run_test_in_process[0m
[INFO] [stdout] [31m<             at /rustc/6067b36314ab5eb2eb47cecc464545ba58e1ad24/library/test/src/lib.rs:655:27[0m
[INFO] [stdout] [31m<  13: test::run_test::{{closure}}[0m
[INFO] [stdout] [31m<             at /rustc/6067b36314ab5eb2eb47cecc464545ba58e1ad24/library/test/src/lib.rs:576:43[0m
[INFO] [stdout] [31m<  14: test::run_test::{{closure}}[0m
[INFO] [stdout] [31m<             at /rustc/6067b36314ab5eb2eb47cecc464545ba58e1ad24/library/test/src/lib.rs:606:41[0m
[INFO] [stdout] [31m<  15: std::sys::backtrace::__rust_begin_short_backtrace[0m
[INFO] [stdout] [31m<             at /rustc/6067b36314ab5eb2eb47cecc464545ba58e1ad24/library/std/src/sys/backtrace.rs:152:18[0m
[INFO] [stdout] [31m<  16: std::thread::Builder::spawn_unchecked_::{{closure}}::{{closure}}[0m
[INFO] [stdout] [31m<             at /rustc/6067b36314ab5eb2eb47cecc464545ba58e1ad24/library/std/src/thread/mod.rs:559:17[0m
[INFO] [stdout] [31m<  17: <core::panic::unwind_safe::AssertUnwindSafe<F> as core::ops::function::FnOnce<()>>::call_once[0m
[INFO] [stdout] [31m<             at /rustc/6067b36314ab5eb2eb47cecc464545ba58e1ad24/library/core/src/panic/unwind_safe.rs:272:9[0m
[INFO] [stdout] [31m<  18: std::panicking::try::do_call[0m
[INFO] [stdout] [31m<             at /rustc/6067b36314ab5eb2eb47cecc464545ba58e1ad24/library/std/src/panicking.rs:587:40[0m
[INFO] [stdout] [31m<  19: std::panicking::try[0m
[INFO] [stdout] [31m<             at /rustc/6067b36314ab5eb2eb47cecc464545ba58e1ad24/library/std/src/panicking.rs:550:19[0m
[INFO] [stdout] [31m<  20: std::panic::catch_unwind[0m
[INFO] [stdout] [31m<             at /rustc/6067b36314ab5eb2eb47cecc464545ba58e1ad24/library/std/src/panic.rs:358:14[0m
[INFO] [stdout] [31m<  21: std::thread::Builder::spawn_unchecked_::{{closure}}[0m
[INFO] [stdout] [31m<             at /rustc/6067b36314ab5eb2eb47cecc464545ba58e1ad24/library/std/src/thread/mod.rs:557:30[0m
[INFO] [stdout] [31m<  22: core::ops::function::FnOnce::call_once{{vtable.shim}}[0m
[INFO] [stdout] [31m<             at /rustc/6067b36314ab5eb2eb47cecc464545ba58e1ad24/library/core/src/ops/function.rs:250:5[0m
[INFO] [stdout] [31m<  23: <alloc::boxed::Box<F,A> as core::ops::function::FnOnce<Args>>::call_once[0m
[INFO] [stdout] [31m<             at /rustc/6067b36314ab5eb2eb47cecc464545ba58e1ad24/library/alloc/src/boxed.rs:2013:9[0m
[INFO] [stdout] [31m<  24: <alloc::boxed::Box<F,A> as core::ops::function::FnOnce<Args>>::call_once[0m
[INFO] [stdout] [31m<             at /rustc/6067b36314ab5eb2eb47cecc464545ba58e1ad24/library/alloc/src/boxed.rs:2013:9[0m
[INFO] [stdout] [31m<  25: std::sys::pal::unix::thread::Thread::new::thread_start[0m
[INFO] [stdout] [31m<             at /rustc/6067b36314ab5eb2eb47cecc464545ba58e1ad24/library/std/src/sys/pal/unix/thread.rs:106:17[0m
[INFO] [stdout] [31m<  26: <unknown>[0m
[INFO] [stdout] [31m<  27: clone[0m
[INFO] [stdout] 
[INFO] [stdout] 
[INFO] [stdout] stack backtrace:
[INFO] [stdout]    0:     0x55fc2ae7cd2a - std::backtrace_rs::backtrace::libunwind::trace::hb059275cfc8d6126
[INFO] [stdout]                                at /rustc/6067b36314ab5eb2eb47cecc464545ba58e1ad24/library/std/src/../../backtrace/src/backtrace/libunwind.rs:116:5
[INFO] [stdout]    1:     0x55fc2ae7cd2a - std::backtrace_rs::backtrace::trace_unsynchronized::h2da071e4327ce3ee
[INFO] [stdout]                                at /rustc/6067b36314ab5eb2eb47cecc464545ba58e1ad24/library/std/src/../../backtrace/src/backtrace/mod.rs:66:5
[INFO] [stdout]    2:     0x55fc2ae7cd2a - std::sys::backtrace::_print_fmt::h842a1474e6f8d23f
[INFO] [stdout]                                at /rustc/6067b36314ab5eb2eb47cecc464545ba58e1ad24/library/std/src/sys/backtrace.rs:66:9
[INFO] [stdout]    3:     0x55fc2ae7cd2a - <std::sys::backtrace::BacktraceLock::print::DisplayBacktrace as core::fmt::Display>::fmt::h71a62eb3b9696b12
[INFO] [stdout]                                at /rustc/6067b36314ab5eb2eb47cecc464545ba58e1ad24/library/std/src/sys/backtrace.rs:39:26
[INFO] [stdout]    4:     0x55fc2aea7913 - core::fmt::rt::Argument::fmt::hdb6b616786b41dc1
[INFO] [stdout]                                at /rustc/6067b36314ab5eb2eb47cecc464545ba58e1ad24/library/core/src/fmt/rt.rs:177:76
[INFO] [stdout]    5:     0x55fc2aea7913 - core::fmt::write::h2cc1698af7e2d686
[INFO] [stdout]                                at /rustc/6067b36314ab5eb2eb47cecc464545ba58e1ad24/library/core/src/fmt/mod.rs:1440:21
[INFO] [stdout]    6:     0x55fc2ae792e3 - std::io::Write::write_fmt::hab1b4cd059a79022
[INFO] [stdout]                                at /rustc/6067b36314ab5eb2eb47cecc464545ba58e1ad24/library/std/src/io/mod.rs:1887:15
[INFO] [stdout]    7:     0x55fc2ae7cb72 - std::sys::backtrace::BacktraceLock::print::h147fe35b4ea13b08
[INFO] [stdout]                                at /rustc/6067b36314ab5eb2eb47cecc464545ba58e1ad24/library/std/src/sys/backtrace.rs:42:9
[INFO] [stdout]    8:     0x55fc2ae7e14f - std::panicking::default_hook::{{closure}}::hbd44223dbdc0d208
[INFO] [stdout]                                at /rustc/6067b36314ab5eb2eb47cecc464545ba58e1ad24/library/std/src/panicking.rs:298:22
[INFO] [stdout]    9:     0x55fc2ae7df68 - std::panicking::default_hook::h20f81eb0576efcec
[INFO] [stdout]                                at /rustc/6067b36314ab5eb2eb47cecc464545ba58e1ad24/library/std/src/panicking.rs:322:9
[INFO] [stdout]   10:     0x55fc2aab1b43 - <alloc::boxed::Box<F,A> as core::ops::function::Fn<Args>>::call::hdb53814c496a4d34
[INFO] [stdout]                                at /rustc/6067b36314ab5eb2eb47cecc464545ba58e1ad24/library/alloc/src/boxed.rs:2027:9
[INFO] [stdout]   11:     0x55fc2aab1b43 - test::test_main::{{closure}}::hc0a4963c59427c24
[INFO] [stdout]                                at /rustc/6067b36314ab5eb2eb47cecc464545ba58e1ad24/library/test/src/lib.rs:134:21
[INFO] [stdout]   12:     0x55fc2ae7ec43 - <alloc::boxed::Box<F,A> as core::ops::function::Fn<Args>>::call::h591b2225413a77e9
[INFO] [stdout]                                at /rustc/6067b36314ab5eb2eb47cecc464545ba58e1ad24/library/alloc/src/boxed.rs:2027:9
[INFO] [stdout]   13:     0x55fc2ae7ec43 - std::panicking::rust_panic_with_hook::h625eea43051b2edc
[INFO] [stdout]                                at /rustc/6067b36314ab5eb2eb47cecc464545ba58e1ad24/library/std/src/panicking.rs:839:13
[INFO] [stdout]   14:     0x55fc2ae7e8fa - std::panicking::begin_panic_handler::{{closure}}::h4f9159cfbc3f6bd3
[INFO] [stdout]                                at /rustc/6067b36314ab5eb2eb47cecc464545ba58e1ad24/library/std/src/panicking.rs:704:13
[INFO] [stdout]   15:     0x55fc2ae7d229 - std::sys::backtrace::__rust_end_short_backtrace::h0390abce48353151
[INFO] [stdout]                                at /rustc/6067b36314ab5eb2eb47cecc464545ba58e1ad24/library/std/src/sys/backtrace.rs:168:18
[INFO] [stdout]   16:     0x55fc2ae7e58d - rust_begin_unwind
[INFO] [stdout]                                at /rustc/6067b36314ab5eb2eb47cecc464545ba58e1ad24/library/std/src/panicking.rs:695:5
[INFO] [stdout]   17:     0x55fc2aea57c0 - core::panicking::panic_fmt::h9e7c637e9e5f29c9
[INFO] [stdout]                                at /rustc/6067b36314ab5eb2eb47cecc464545ba58e1ad24/library/core/src/panicking.rs:75:14
[INFO] [stdout]   18:     0x55fc2a9e790d - wdl_engine::value::test::string_coercion::he4379f449deca6c2
[INFO] [stdout]                                at /opt/rustwide/workdir/src/value.rs:3110:9
[INFO] [stdout]   19:     0x55fc2a9e6ed7 - wdl_engine::value::test::string_coercion::{{closure}}::h2f9b88fc20c1fc18
[INFO] [stdout]                                at /opt/rustwide/workdir/src/value.rs:3086:25
[INFO] [stdout]   20:     0x55fc2a8f1996 - core::ops::function::FnOnce::call_once::hfd4bf69410394061
[INFO] [stdout]                                at /rustc/6067b36314ab5eb2eb47cecc464545ba58e1ad24/library/core/src/ops/function.rs:250:5
[INFO] [stdout]   21:     0x55fc2aab729b - core::ops::function::FnOnce::call_once::he27718dfdd183f43
[INFO] [stdout]                                at /rustc/6067b36314ab5eb2eb47cecc464545ba58e1ad24/library/core/src/ops/function.rs:250:5
[INFO] [stdout]   22:     0x55fc2aab729b - test::__rust_begin_short_backtrace::h4e84902998457a5d
[INFO] [stdout]                                at /rustc/6067b36314ab5eb2eb47cecc464545ba58e1ad24/library/test/src/lib.rs:632:18
[INFO] [stdout]   23:     0x55fc2aab61d3 - test::run_test_in_process::{{closure}}::h7176fd18fc1feca0
[INFO] [stdout]                                at /rustc/6067b36314ab5eb2eb47cecc464545ba58e1ad24/library/test/src/lib.rs:655:60
[INFO] [stdout]   24:     0x55fc2aab61d3 - <core::panic::unwind_safe::AssertUnwindSafe<F> as core::ops::function::FnOnce<()>>::call_once::hf79cff2a624d8cf7
[INFO] [stdout]                                at /rustc/6067b36314ab5eb2eb47cecc464545ba58e1ad24/library/core/src/panic/unwind_safe.rs:272:9
[INFO] [stdout]   25:     0x55fc2aab61d3 - std::panicking::try::do_call::h3da0561d9ab99c25
[INFO] [stdout]                                at /rustc/6067b36314ab5eb2eb47cecc464545ba58e1ad24/library/std/src/panicking.rs:587:40
[INFO] [stdout]   26:     0x55fc2aab61d3 - std::panicking::try::h41c9fa508bc61df6
[INFO] [stdout]                                at /rustc/6067b36314ab5eb2eb47cecc464545ba58e1ad24/library/std/src/panicking.rs:550:19
[INFO] [stdout]   27:     0x55fc2aab61d3 - std::panic::catch_unwind::h6b3ff07bb5afad93
[INFO] [stdout]                                at /rustc/6067b36314ab5eb2eb47cecc464545ba58e1ad24/library/std/src/panic.rs:358:14
[INFO] [stdout]   28:     0x55fc2aab61d3 - test::run_test_in_process::hc7253dd11b39b9f4
[INFO] [stdout]                                at /rustc/6067b36314ab5eb2eb47cecc464545ba58e1ad24/library/test/src/lib.rs:655:27
[INFO] [stdout]   29:     0x55fc2aab61d3 - test::run_test::{{closure}}::hfb2007f8649c30bb
[INFO] [stdout]                                at /rustc/6067b36314ab5eb2eb47cecc464545ba58e1ad24/library/test/src/lib.rs:576:43
[INFO] [stdout]   30:     0x55fc2aa792b5 - test::run_test::{{closure}}::h56a17aa7a282a9f4
[INFO] [stdout]                                at /rustc/6067b36314ab5eb2eb47cecc464545ba58e1ad24/library/test/src/lib.rs:606:41
[INFO] [stdout]   31:     0x55fc2aa792b5 - std::sys::backtrace::__rust_begin_short_backtrace::hd2d2d2fb8e8c6aac
[INFO] [stdout]                                at /rustc/6067b36314ab5eb2eb47cecc464545ba58e1ad24/library/std/src/sys/backtrace.rs:152:18
[INFO] [stdout]   32:     0x55fc2aa7cb9a - std::thread::Builder::spawn_unchecked_::{{closure}}::{{closure}}::h4faa3f9db6133423
[INFO] [stdout]                                at /rustc/6067b36314ab5eb2eb47cecc464545ba58e1ad24/library/std/src/thread/mod.rs:559:17
[INFO] [stdout]   33:     0x55fc2aa7cb9a - <core::panic::unwind_safe::AssertUnwindSafe<F> as core::ops::function::FnOnce<()>>::call_once::hf2e855a36a4ea846
[INFO] [stdout]                                at /rustc/6067b36314ab5eb2eb47cecc464545ba58e1ad24/library/core/src/panic/unwind_safe.rs:272:9
[INFO] [stdout]   34:     0x55fc2aa7cb9a - std::panicking::try::do_call::h2f73af3616c35465
[INFO] [stdout]                                at /rustc/6067b36314ab5eb2eb47cecc464545ba58e1ad24/library/std/src/panicking.rs:587:40
[INFO] [stdout]   35:     0x55fc2aa7cb9a - std::panicking::try::hd1660ce9efadef5a
[INFO] [stdout]                                at /rustc/6067b36314ab5eb2eb47cecc464545ba58e1ad24/library/std/src/panicking.rs:550:19
[INFO] [stdout]   36:     0x55fc2aa7cb9a - std::panic::catch_unwind::h5ee8d7823b8ca744
[INFO] [stdout]                                at /rustc/6067b36314ab5eb2eb47cecc464545ba58e1ad24/library/std/src/panic.rs:358:14
[INFO] [stdout]   37:     0x55fc2aa7cb9a - std::thread::Builder::spawn_unchecked_::{{closure}}::h53c3a1894dce8407
[INFO] [stdout]                                at /rustc/6067b36314ab5eb2eb47cecc464545ba58e1ad24/library/std/src/thread/mod.rs:557:30
[INFO] [stdout]   38:     0x55fc2aa7cb9a - core::ops::function::FnOnce::call_once{{vtable.shim}}::h048ce291ad4f62bf
[INFO] [stdout]                                at /rustc/6067b36314ab5eb2eb47cecc464545ba58e1ad24/library/core/src/ops/function.rs:250:5
[INFO] [stdout]   39:     0x55fc2ae839eb - <alloc::boxed::Box<F,A> as core::ops::function::FnOnce<Args>>::call_once::ha52bedf99a3b4981
[INFO] [stdout]                                at /rustc/6067b36314ab5eb2eb47cecc464545ba58e1ad24/library/alloc/src/boxed.rs:2013:9
[INFO] [stdout]   40:     0x55fc2ae839eb - <alloc::boxed::Box<F,A> as core::ops::function::FnOnce<Args>>::call_once::h567748934d80ccf8
[INFO] [stdout]                                at /rustc/6067b36314ab5eb2eb47cecc464545ba58e1ad24/library/alloc/src/boxed.rs:2013:9
[INFO] [stdout]   41:     0x55fc2ae839eb - std::sys::pal::unix::thread::Thread::new::thread_start::h2d970728ae887adc
[INFO] [stdout]                                at /rustc/6067b36314ab5eb2eb47cecc464545ba58e1ad24/library/std/src/sys/pal/unix/thread.rs:106:17
[INFO] [stdout]   42:     0x72f9f67e0ac3 - <unknown>
[INFO] [stdout]   43:     0x72f9f6871a04 - clone
[INFO] [stdout]   44:                0x0 - <unknown>
[INFO] [stdout] 
[INFO] [stdout] ---- value::test::pair_coercion stdout ----
[INFO] [stdout] 
[INFO] [stdout] thread 'value::test::pair_coercion' panicked at src/value.rs:3370:9:
[INFO] [stdout] assertion failed: `(left == right)`
[INFO] [stdout] 
[INFO] [stdout] [1mDiff[0m [31m< left[0m / [32mright >[0m :
[INFO] [stdout]  failed to coerce pair's left value
[INFO] [stdout]  
[INFO] [stdout]  Caused by:
[INFO] [stdout]      cannot coerce type `String` to type `Int`
[INFO] [stdout] [31m<[0m
[INFO] [stdout] [31m<Stack backtrace:[0m
[INFO] [stdout] [31m<   0: anyhow::context::<impl anyhow::Context<T,core::convert::Infallible> for core::option::Option<T>>::with_context[0m
[INFO] [stdout] [31m<             at /opt/rustwide/cargo-home/registry/src/index.crates.io-1949cf8c6b5b557f/anyhow-1.0.95/src/backtrace.rs:27:14[0m
[INFO] [stdout] [31m<   1: <wdl_engine::value::PrimitiveValue as wdl_engine::value::Coercible>::coerce[0m
[INFO] [stdout] [31m<             at ./src/value.rs:1257:17[0m
[INFO] [stdout] [31m<   2: <wdl_engine::value::Value as wdl_engine::value::Coercible>::coerce[0m
[INFO] [stdout] [31m<             at ./src/value.rs:572:35[0m
[INFO] [stdout] [31m<   3: wdl_engine::value::Pair::new[0m
[INFO] [stdout] [31m<             at ./src/value.rs:1339:24[0m
[INFO] [stdout] [31m<   4: <wdl_engine::value::CompoundValue as wdl_engine::value::Coercible>::coerce[0m
[INFO] [stdout] [31m<             at ./src/value.rs:2317:42[0m
[INFO] [stdout] [31m<   5: <wdl_engine::value::Value as wdl_engine::value::Coercible>::coerce[0m
[INFO] [stdout] [31m<             at ./src/value.rs:573:34[0m
[INFO] [stdout] [31m<   6: wdl_engine::value::test::pair_coercion[0m
[INFO] [stdout] [31m<             at ./src/value.rs:3371:34[0m
[INFO] [stdout] [31m<   7: wdl_engine::value::test::pair_coercion::{{closure}}[0m
[INFO] [stdout] [31m<             at ./src/value.rs:3354:23[0m
[INFO] [stdout] [31m<   8: core::ops::function::FnOnce::call_once[0m
[INFO] [stdout] [31m<             at /rustc/6067b36314ab5eb2eb47cecc464545ba58e1ad24/library/core/src/ops/function.rs:250:5[0m
[INFO] [stdout] [31m<   9: core::ops::function::FnOnce::call_once[0m
[INFO] [stdout] [31m<             at /rustc/6067b36314ab5eb2eb47cecc464545ba58e1ad24/library/core/src/ops/function.rs:250:5[0m
[INFO] [stdout] [31m<  10: test::__rust_begin_short_backtrace[0m
[INFO] [stdout] [31m<             at /rustc/6067b36314ab5eb2eb47cecc464545ba58e1ad24/library/test/src/lib.rs:632:18[0m
[INFO] [stdout] [31m<  11: test::run_test_in_process::{{closure}}[0m
[INFO] [stdout] [31m<             at /rustc/6067b36314ab5eb2eb47cecc464545ba58e1ad24/library/test/src/lib.rs:655:60[0m
[INFO] [stdout] [31m<  12: <core::panic::unwind_safe::AssertUnwindSafe<F> as core::ops::function::FnOnce<()>>::call_once[0m
[INFO] [stdout] [31m<             at /rustc/6067b36314ab5eb2eb47cecc464545ba58e1ad24/library/core/src/panic/unwind_safe.rs:272:9[0m
[INFO] [stdout] [31m<  13: std::panicking::try::do_call[0m
[INFO] [stdout] [31m<             at /rustc/6067b36314ab5eb2eb47cecc464545ba58e1ad24/library/std/src/panicking.rs:587:40[0m
[INFO] [stdout] [31m<  14: std::panicking::try[0m
[INFO] [stdout] [31m<             at /rustc/6067b36314ab5eb2eb47cecc464545ba58e1ad24/library/std/src/panicking.rs:550:19[0m
[INFO] [stdout] [31m<  15: std::panic::catch_unwind[0m
[INFO] [stdout] [31m<             at /rustc/6067b36314ab5eb2eb47cecc464545ba58e1ad24/library/std/src/panic.rs:358:14[0m
[INFO] [stdout] [31m<  16: test::run_test_in_process[0m
[INFO] [stdout] [31m<             at /rustc/6067b36314ab5eb2eb47cecc464545ba58e1ad24/library/test/src/lib.rs:655:27[0m
[INFO] [stdout] [31m<  17: test::run_test::{{closure}}[0m
[INFO] [stdout] [31m<             at /rustc/6067b36314ab5eb2eb47cecc464545ba58e1ad24/library/test/src/lib.rs:576:43[0m
[INFO] [stdout] [31m<  18: test::run_test::{{closure}}[0m
[INFO] [stdout] [31m<             at /rustc/6067b36314ab5eb2eb47cecc464545ba58e1ad24/library/test/src/lib.rs:606:41[0m
[INFO] [stdout] [31m<  19: std::sys::backtrace::__rust_begin_short_backtrace[0m
[INFO] [stdout] [31m<             at /rustc/6067b36314ab5eb2eb47cecc464545ba58e1ad24/library/std/src/sys/backtrace.rs:152:18[0m
[INFO] [stdout] [31m<  20: std::thread::Builder::spawn_unchecked_::{{closure}}::{{closure}}[0m
[INFO] [stdout] [31m<             at /rustc/6067b36314ab5eb2eb47cecc464545ba58e1ad24/library/std/src/thread/mod.rs:559:17[0m
[INFO] [stdout] [31m<  21: <core::panic::unwind_safe::AssertUnwindSafe<F> as core::ops::function::FnOnce<()>>::call_once[0m
[INFO] [stdout] [31m<             at /rustc/6067b36314ab5eb2eb47cecc464545ba58e1ad24/library/core/src/panic/unwind_safe.rs:272:9[0m
[INFO] [stdout] [31m<  22: std::panicking::try::do_call[0m
[INFO] [stdout] [31m<             at /rustc/6067b36314ab5eb2eb47cecc464545ba58e1ad24/library/std/src/panicking.rs:587:40[0m
[INFO] [stdout] [31m<  23: std::panicking::try[0m
[INFO] [stdout] [31m<             at /rustc/6067b36314ab5eb2eb47cecc464545ba58e1ad24/library/std/src/panicking.rs:550:19[0m
[INFO] [stdout] [31m<  24: std::panic::catch_unwind[0m
[INFO] [stdout] [31m<             at /rustc/6067b36314ab5eb2eb47cecc464545ba58e1ad24/library/std/src/panic.rs:358:14[0m
[INFO] [stdout] [31m<  25: std::thread::Builder::spawn_unchecked_::{{closure}}[0m
[INFO] [stdout] [31m<             at /rustc/6067b36314ab5eb2eb47cecc464545ba58e1ad24/library/std/src/thread/mod.rs:557:30[0m
[INFO] [stdout] [31m<  26: core::ops::function::FnOnce::call_once{{vtable.shim}}[0m
[INFO] [stdout] [31m<             at /rustc/6067b36314ab5eb2eb47cecc464545ba58e1ad24/library/core/src/ops/function.rs:250:5[0m
[INFO] [stdout] [31m<  27: <alloc::boxed::Box<F,A> as core::ops::function::FnOnce<Args>>::call_once[0m
[INFO] [stdout] [31m<             at /rustc/6067b36314ab5eb2eb47cecc464545ba58e1ad24/library/alloc/src/boxed.rs:2013:9[0m
[INFO] [stdout] [31m<  28: <alloc::boxed::Box<F,A> as core::ops::function::FnOnce<Args>>::call_once[0m
[INFO] [stdout] [31m<             at /rustc/6067b36314ab5eb2eb47cecc464545ba58e1ad24/library/alloc/src/boxed.rs:2013:9[0m
[INFO] [stdout] [31m<  29: std::sys::pal::unix::thread::Thread::new::thread_start[0m
[INFO] [stdout] [31m<             at /rustc/6067b36314ab5eb2eb47cecc464545ba58e1ad24/library/std/src/sys/pal/unix/thread.rs:106:17[0m
[INFO] [stdout] [31m<  30: <unknown>[0m
[INFO] [stdout] [31m<  31: clone[0m
[INFO] [stdout] 
[INFO] [stdout] 
[INFO] [stdout] stack backtrace:
[INFO] [stdout]    0:     0x55fc2ae7cd2a - std::backtrace_rs::backtrace::libunwind::trace::hb059275cfc8d6126
[INFO] [stdout]                                at /rustc/6067b36314ab5eb2eb47cecc464545ba58e1ad24/library/std/src/../../backtrace/src/backtrace/libunwind.rs:116:5
[INFO] [stdout]    1:     0x55fc2ae7cd2a - std::backtrace_rs::backtrace::trace_unsynchronized::h2da071e4327ce3ee
[INFO] [stdout]                                at /rustc/6067b36314ab5eb2eb47cecc464545ba58e1ad24/library/std/src/../../backtrace/src/backtrace/mod.rs:66:5
[INFO] [stdout]    2:     0x55fc2ae7cd2a - std::sys::backtrace::_print_fmt::h842a1474e6f8d23f
[INFO] [stdout]                                at /rustc/6067b36314ab5eb2eb47cecc464545ba58e1ad24/library/std/src/sys/backtrace.rs:66:9
[INFO] [stdout]    3:     0x55fc2ae7cd2a - <std::sys::backtrace::BacktraceLock::print::DisplayBacktrace as core::fmt::Display>::fmt::h71a62eb3b9696b12
[INFO] [stdout]                                at /rustc/6067b36314ab5eb2eb47cecc464545ba58e1ad24/library/std/src/sys/backtrace.rs:39:26
[INFO] [stdout]    4:     0x55fc2aea7913 - core::fmt::rt::Argument::fmt::hdb6b616786b41dc1
[INFO] [stdout]                                at /rustc/6067b36314ab5eb2eb47cecc464545ba58e1ad24/library/core/src/fmt/rt.rs:177:76
[INFO] [stdout]    5:     0x55fc2aea7913 - core::fmt::write::h2cc1698af7e2d686
[INFO] [stdout]                                at /rustc/6067b36314ab5eb2eb47cecc464545ba58e1ad24/library/core/src/fmt/mod.rs:1440:21
[INFO] [stdout]    6:     0x55fc2ae792e3 - std::io::Write::write_fmt::hab1b4cd059a79022
[INFO] [stdout]                                at /rustc/6067b36314ab5eb2eb47cecc464545ba58e1ad24/library/std/src/io/mod.rs:1887:15
[INFO] [stdout]    7:     0x55fc2ae7cb72 - std::sys::backtrace::BacktraceLock::print::h147fe35b4ea13b08
[INFO] [stdout]                                at /rustc/6067b36314ab5eb2eb47cecc464545ba58e1ad24/library/std/src/sys/backtrace.rs:42:9
[INFO] [stdout]    8:     0x55fc2ae7e14f - std::panicking::default_hook::{{closure}}::hbd44223dbdc0d208
[INFO] [stdout]                                at /rustc/6067b36314ab5eb2eb47cecc464545ba58e1ad24/library/std/src/panicking.rs:298:22
[INFO] [stdout]    9:     0x55fc2ae7df68 - std::panicking::default_hook::h20f81eb0576efcec
[INFO] [stdout]                                at /rustc/6067b36314ab5eb2eb47cecc464545ba58e1ad24/library/std/src/panicking.rs:322:9
[INFO] [stdout]   10:     0x55fc2aab1b43 - <alloc::boxed::Box<F,A> as core::ops::function::Fn<Args>>::call::hdb53814c496a4d34
[INFO] [stdout]                                at /rustc/6067b36314ab5eb2eb47cecc464545ba58e1ad24/library/alloc/src/boxed.rs:2027:9
[INFO] [stdout]   11:     0x55fc2aab1b43 - test::test_main::{{closure}}::hc0a4963c59427c24
[INFO] [stdout]                                at /rustc/6067b36314ab5eb2eb47cecc464545ba58e1ad24/library/test/src/lib.rs:134:21
[INFO] [stdout]   12:     0x55fc2ae7ec43 - <alloc::boxed::Box<F,A> as core::ops::function::Fn<Args>>::call::h591b2225413a77e9
[INFO] [stdout]                                at /rustc/6067b36314ab5eb2eb47cecc464545ba58e1ad24/library/alloc/src/boxed.rs:2027:9
[INFO] [stdout]   13:     0x55fc2ae7ec43 - std::panicking::rust_panic_with_hook::h625eea43051b2edc
[INFO] [stdout]                                at /rustc/6067b36314ab5eb2eb47cecc464545ba58e1ad24/library/std/src/panicking.rs:839:13
[INFO] [stdout]   14:     0x55fc2ae7e8fa - std::panicking::begin_panic_handler::{{closure}}::h4f9159cfbc3f6bd3
[INFO] [stdout]                                at /rustc/6067b36314ab5eb2eb47cecc464545ba58e1ad24/library/std/src/panicking.rs:704:13
[INFO] [stdout]   15:     0x55fc2ae7d229 - std::sys::backtrace::__rust_end_short_backtrace::h0390abce48353151
[INFO] [stdout]                                at /rustc/6067b36314ab5eb2eb47cecc464545ba58e1ad24/library/std/src/sys/backtrace.rs:168:18
[INFO] [stdout]   16:     0x55fc2ae7e58d - rust_begin_unwind
[INFO] [stdout]                                at /rustc/6067b36314ab5eb2eb47cecc464545ba58e1ad24/library/std/src/panicking.rs:695:5
[INFO] [stdout]   17:     0x55fc2aea57c0 - core::panicking::panic_fmt::h9e7c637e9e5f29c9
[INFO] [stdout]                                at /rustc/6067b36314ab5eb2eb47cecc464545ba58e1ad24/library/core/src/panicking.rs:75:14
[INFO] [stdout]   18:     0x55fc2a9ec27e - wdl_engine::value::test::pair_coercion::he38d1ee5abedb954
[INFO] [stdout]                                at /opt/rustwide/workdir/src/value.rs:3370:9
[INFO] [stdout]   19:     0x55fc2a9ebbc7 - wdl_engine::value::test::pair_coercion::{{closure}}::hfc3db8fba56abe67
[INFO] [stdout]                                at /opt/rustwide/workdir/src/value.rs:3354:23
[INFO] [stdout]   20:     0x55fc2a8ef656 - core::ops::function::FnOnce::call_once::h27ce96f79011063b
[INFO] [stdout]                                at /rustc/6067b36314ab5eb2eb47cecc464545ba58e1ad24/library/core/src/ops/function.rs:250:5
[INFO] [stdout]   21:     0x55fc2aab729b - core::ops::function::FnOnce::call_once::he27718dfdd183f43
[INFO] [stdout]                                at /rustc/6067b36314ab5eb2eb47cecc464545ba58e1ad24/library/core/src/ops/function.rs:250:5
[INFO] [stdout]   22:     0x55fc2aab729b - test::__rust_begin_short_backtrace::h4e84902998457a5d
[INFO] [stdout]                                at /rustc/6067b36314ab5eb2eb47cecc464545ba58e1ad24/library/test/src/lib.rs:632:18
[INFO] [stdout]   23:     0x55fc2aab61d3 - test::run_test_in_process::{{closure}}::h7176fd18fc1feca0
[INFO] [stdout]                                at /rustc/6067b36314ab5eb2eb47cecc464545ba58e1ad24/library/test/src/lib.rs:655:60
[INFO] [stdout]   24:     0x55fc2aab61d3 - <core::panic::unwind_safe::AssertUnwindSafe<F> as core::ops::function::FnOnce<()>>::call_once::hf79cff2a624d8cf7
[INFO] [stdout]                                at /rustc/6067b36314ab5eb2eb47cecc464545ba58e1ad24/library/core/src/panic/unwind_safe.rs:272:9
[INFO] [stdout]   25:     0x55fc2aab61d3 - std::panicking::try::do_call::h3da0561d9ab99c25
[INFO] [stdout]                                at /rustc/6067b36314ab5eb2eb47cecc464545ba58e1ad24/library/std/src/panicking.rs:587:40
[INFO] [stdout]   26:     0x55fc2aab61d3 - std::panicking::try::h41c9fa508bc61df6
[INFO] [stdout]                                at /rustc/6067b36314ab5eb2eb47cecc464545ba58e1ad24/library/std/src/panicking.rs:550:19
[INFO] [stdout]   27:     0x55fc2aab61d3 - std::panic::catch_unwind::h6b3ff07bb5afad93
[INFO] [stdout]                                at /rustc/6067b36314ab5eb2eb47cecc464545ba58e1ad24/library/std/src/panic.rs:358:14
[INFO] [stdout]   28:     0x55fc2aab61d3 - test::run_test_in_process::hc7253dd11b39b9f4
[INFO] [stdout]                                at /rustc/6067b36314ab5eb2eb47cecc464545ba58e1ad24/library/test/src/lib.rs:655:27
[INFO] [stdout]   29:     0x55fc2aab61d3 - test::run_test::{{closure}}::hfb2007f8649c30bb
[INFO] [stdout]                                at /rustc/6067b36314ab5eb2eb47cecc464545ba58e1ad24/library/test/src/lib.rs:576:43
[INFO] [stdout]   30:     0x55fc2aa792b5 - test::run_test::{{closure}}::h56a17aa7a282a9f4
[INFO] [stdout]                                at /rustc/6067b36314ab5eb2eb47cecc464545ba58e1ad24/library/test/src/lib.rs:606:41
[INFO] [stdout]   31:     0x55fc2aa792b5 - std::sys::backtrace::__rust_begin_short_backtrace::hd2d2d2fb8e8c6aac
[INFO] [stdout]                                at /rustc/6067b36314ab5eb2eb47cecc464545ba58e1ad24/library/std/src/sys/backtrace.rs:152:18
[INFO] [stdout]   32:     0x55fc2aa7cb9a - std::thread::Builder::spawn_unchecked_::{{closure}}::{{closure}}::h4faa3f9db6133423
[INFO] [stdout]                                at /rustc/6067b36314ab5eb2eb47cecc464545ba58e1ad24/library/std/src/thread/mod.rs:559:17
[INFO] [stdout]   33:     0x55fc2aa7cb9a - <core::panic::unwind_safe::AssertUnwindSafe<F> as core::ops::function::FnOnce<()>>::call_once::hf2e855a36a4ea846
[INFO] [stdout]                                at /rustc/6067b36314ab5eb2eb47cecc464545ba58e1ad24/library/core/src/panic/unwind_safe.rs:272:9
[INFO] [stdout]   34:     0x55fc2aa7cb9a - std::panicking::try::do_call::h2f73af3616c35465
[INFO] [stdout]                                at /rustc/6067b36314ab5eb2eb47cecc464545ba58e1ad24/library/std/src/panicking.rs:587:40
[INFO] [stdout]   35:     0x55fc2aa7cb9a - std::panicking::try::hd1660ce9efadef5a
[INFO] [stdout]                                at /rustc/6067b36314ab5eb2eb47cecc464545ba58e1ad24/library/std/src/panicking.rs:550:19
[INFO] [stdout]   36:     0x55fc2aa7cb9a - std::panic::catch_unwind::h5ee8d7823b8ca744
[INFO] [stdout]                                at /rustc/6067b36314ab5eb2eb47cecc464545ba58e1ad24/library/std/src/panic.rs:358:14
[INFO] [stdout]   37:     0x55fc2aa7cb9a - std::thread::Builder::spawn_unchecked_::{{closure}}::h53c3a1894dce8407
[INFO] [stdout]                                at /rustc/6067b36314ab5eb2eb47cecc464545ba58e1ad24/library/std/src/thread/mod.rs:557:30
[INFO] [stdout]   38:     0x55fc2aa7cb9a - core::ops::function::FnOnce::call_once{{vtable.shim}}::h048ce291ad4f62bf
[INFO] [stdout]                                at /rustc/6067b36314ab5eb2eb47cecc464545ba58e1ad24/library/core/src/ops/function.rs:250:5
[INFO] [stdout]   39:     0x55fc2ae839eb - <alloc::boxed::Box<F,A> as core::ops::function::FnOnce<Args>>::call_once::ha52bedf99a3b4981
[INFO] [stdout]                                at /rustc/6067b36314ab5eb2eb47cecc464545ba58e1ad24/library/alloc/src/boxed.rs:2013:9
[INFO] [stdout]   40:     0x55fc2ae839eb - <alloc::boxed::Box<F,A> as core::ops::function::FnOnce<Args>>::call_once::h567748934d80ccf8
[INFO] [stdout]                                at /rustc/6067b36314ab5eb2eb47cecc464545ba58e1ad24/library/alloc/src/boxed.rs:2013:9
[INFO] [stdout]   41:     0x55fc2ae839eb - std::sys::pal::unix::thread::Thread::new::thread_start::h2d970728ae887adc
[INFO] [stdout]                                at /rustc/6067b36314ab5eb2eb47cecc464545ba58e1ad24/library/std/src/sys/pal/unix/thread.rs:106:17
[INFO] [stdout]   42:     0x72f9f67e0ac3 - <unknown>
[INFO] [stdout]   43:     0x72f9f6871a04 - clone
[INFO] [stdout]   44:                0x0 - <unknown>
[INFO] [stdout] 
[INFO] [stdout] ---- value::test::non_empty_array_coercion stdout ----
[INFO] [stdout] 
[INFO] [stdout] thread 'value::test::non_empty_array_coercion' panicked at src/value.rs:3262:9:
[INFO] [stdout] assertion failed: `(left == right)`
[INFO] [stdout] 
[INFO] [stdout] [1mDiff[0m [31m< left[0m / [32mright >[0m :
[INFO] [stdout]  cannot coerce empty array value to non-empty array type `Array[String]+`
[INFO] [stdout] [31m<[0m
[INFO] [stdout] [31m<Stack backtrace:[0m
[INFO] [stdout] [31m<   0: anyhow::error::<impl anyhow::Error>::msg[0m
[INFO] [stdout] [31m<             at /opt/rustwide/cargo-home/registry/src/index.crates.io-1949cf8c6b5b557f/anyhow-1.0.95/src/backtrace.rs:27:14[0m
[INFO] [stdout] [31m<   1: anyhow::__private::format_err[0m
[INFO] [stdout] [31m<             at /opt/rustwide/cargo-home/registry/src/index.crates.io-1949cf8c6b5b557f/anyhow-1.0.95/src/lib.rs:694:13[0m
[INFO] [stdout] [31m<   2: <wdl_engine::value::CompoundValue as wdl_engine::value::Coercible>::coerce[0m
[INFO] [stdout] [31m<             at ./src/value.rs:2298:25[0m
[INFO] [stdout] [31m<   3: <wdl_engine::value::Value as wdl_engine::value::Coercible>::coerce[0m
[INFO] [stdout] [31m<             at ./src/value.rs:573:34[0m
[INFO] [stdout] [31m<   4: wdl_engine::value::test::non_empty_array_coercion[0m
[INFO] [stdout] [31m<             at ./src/value.rs:3263:34[0m
[INFO] [stdout] [31m<   5: wdl_engine::value::test::non_empty_array_coercion::{{closure}}[0m
[INFO] [stdout] [31m<             at ./src/value.rs:3247:34[0m
[INFO] [stdout] [31m<   6: core::ops::function::FnOnce::call_once[0m
[INFO] [stdout] [31m<             at /rustc/6067b36314ab5eb2eb47cecc464545ba58e1ad24/library/core/src/ops/function.rs:250:5[0m
[INFO] [stdout] [31m<   7: core::ops::function::FnOnce::call_once[0m
[INFO] [stdout] [31m<             at /rustc/6067b36314ab5eb2eb47cecc464545ba58e1ad24/library/core/src/ops/function.rs:250:5[0m
[INFO] [stdout] [31m<   8: test::__rust_begin_short_backtrace[0m
[INFO] [stdout] [31m<             at /rustc/6067b36314ab5eb2eb47cecc464545ba58e1ad24/library/test/src/lib.rs:632:18[0m
[INFO] [stdout] [31m<   9: test::run_test_in_process::{{closure}}[0m
[INFO] [stdout] [31m<             at /rustc/6067b36314ab5eb2eb47cecc464545ba58e1ad24/library/test/src/lib.rs:655:60[0m
[INFO] [stdout] [31m<  10: <core::panic::unwind_safe::AssertUnwindSafe<F> as core::ops::function::FnOnce<()>>::call_once[0m
[INFO] [stdout] [31m<             at /rustc/6067b36314ab5eb2eb47cecc464545ba58e1ad24/library/core/src/panic/unwind_safe.rs:272:9[0m
[INFO] [stdout] [31m<  11: std::panicking::try::do_call[0m
[INFO] [stdout] [31m<             at /rustc/6067b36314ab5eb2eb47cecc464545ba58e1ad24/library/std/src/panicking.rs:587:40[0m
[INFO] [stdout] [31m<  12: std::panicking::try[0m
[INFO] [stdout] [31m<             at /rustc/6067b36314ab5eb2eb47cecc464545ba58e1ad24/library/std/src/panicking.rs:550:19[0m
[INFO] [stdout] [31m<  13: std::panic::catch_unwind[0m
[INFO] [stdout] [31m<             at /rustc/6067b36314ab5eb2eb47cecc464545ba58e1ad24/library/std/src/panic.rs:358:14[0m
[INFO] [stdout] [31m<  14: test::run_test_in_process[0m
[INFO] [stdout] [31m<             at /rustc/6067b36314ab5eb2eb47cecc464545ba58e1ad24/library/test/src/lib.rs:655:27[0m
[INFO] [stdout] [31m<  15: test::run_test::{{closure}}[0m
[INFO] [stdout] [31m<             at /rustc/6067b36314ab5eb2eb47cecc464545ba58e1ad24/library/test/src/lib.rs:576:43[0m
[INFO] [stdout] [31m<  16: test::run_test::{{closure}}[0m
[INFO] [stdout] [31m<             at /rustc/6067b36314ab5eb2eb47cecc464545ba58e1ad24/library/test/src/lib.rs:606:41[0m
[INFO] [stdout] [31m<  17: std::sys::backtrace::__rust_begin_short_backtrace[0m
[INFO] [stdout] [31m<             at /rustc/6067b36314ab5eb2eb47cecc464545ba58e1ad24/library/std/src/sys/backtrace.rs:152:18[0m
[INFO] [stdout] [31m<  18: std::thread::Builder::spawn_unchecked_::{{closure}}::{{closure}}[0m
[INFO] [stdout] [31m<             at /rustc/6067b36314ab5eb2eb47cecc464545ba58e1ad24/library/std/src/thread/mod.rs:559:17[0m
[INFO] [stdout] [31m<  19: <core::panic::unwind_safe::AssertUnwindSafe<F> as core::ops::function::FnOnce<()>>::call_once[0m
[INFO] [stdout] [31m<             at /rustc/6067b36314ab5eb2eb47cecc464545ba58e1ad24/library/core/src/panic/unwind_safe.rs:272:9[0m
[INFO] [stdout] [31m<  20: std::panicking::try::do_call[0m
[INFO] [stdout] [31m<             at /rustc/6067b36314ab5eb2eb47cecc464545ba58e1ad24/library/std/src/panicking.rs:587:40[0m
[INFO] [stdout] [31m<  21: std::panicking::try[0m
[INFO] [stdout] [31m<             at /rustc/6067b36314ab5eb2eb47cecc464545ba58e1ad24/library/std/src/panicking.rs:550:19[0m
[INFO] [stdout] [31m<  22: std::panic::catch_unwind[0m
[INFO] [stdout] [31m<             at /rustc/6067b36314ab5eb2eb47cecc464545ba58e1ad24/library/std/src/panic.rs:358:14[0m
[INFO] [stdout] [31m<  23: std::thread::Builder::spawn_unchecked_::{{closure}}[0m
[INFO] [stdout] [31m<             at /rustc/6067b36314ab5eb2eb47cecc464545ba58e1ad24/library/std/src/thread/mod.rs:557:30[0m
[INFO] [stdout] [31m<  24: core::ops::function::FnOnce::call_once{{vtable.shim}}[0m
[INFO] [stdout] [31m<             at /rustc/6067b36314ab5eb2eb47cecc464545ba58e1ad24/library/core/src/ops/function.rs:250:5[0m
[INFO] [stdout] [31m<  25: <alloc::boxed::Box<F,A> as core::ops::function::FnOnce<Args>>::call_once[0m
[INFO] [stdout] [31m<             at /rustc/6067b36314ab5eb2eb47cecc464545ba58e1ad24/library/alloc/src/boxed.rs:2013:9[0m
[INFO] [stdout] [31m<  26: <alloc::boxed::Box<F,A> as core::ops::function::FnOnce<Args>>::call_once[0m
[INFO] [stdout] [31m<             at /rustc/6067b36314ab5eb2eb47cecc464545ba58e1ad24/library/alloc/src/boxed.rs:2013:9[0m
[INFO] [stdout] [31m<  27: std::sys::pal::unix::thread::Thread::new::thread_start[0m
[INFO] [stdout] [31m<             at /rustc/6067b36314ab5eb2eb47cecc464545ba58e1ad24/library/std/src/sys/pal/unix/thread.rs:106:17[0m
[INFO] [stdout] [31m<  28: <unknown>[0m
[INFO] [stdout] [31m<  29: clone[0m
[INFO] [stdout] 
[INFO] [stdout] 
[INFO] [stdout] stack backtrace:
[INFO] [stdout]    0:     0x55fc2ae7cd2a - std::backtrace_rs::backtrace::libunwind::trace::hb059275cfc8d6126
[INFO] [stdout]                                at /rustc/6067b36314ab5eb2eb47cecc464545ba58e1ad24/library/std/src/../../backtrace/src/backtrace/libunwind.rs:116:5
[INFO] [stdout]    1:     0x55fc2ae7cd2a - std::backtrace_rs::backtrace::trace_unsynchronized::h2da071e4327ce3ee
[INFO] [stdout]                                at /rustc/6067b36314ab5eb2eb47cecc464545ba58e1ad24/library/std/src/../../backtrace/src/backtrace/mod.rs:66:5
[INFO] [stdout]    2:     0x55fc2ae7cd2a - std::sys::backtrace::_print_fmt::h842a1474e6f8d23f
[INFO] [stdout]                                at /rustc/6067b36314ab5eb2eb47cecc464545ba58e1ad24/library/std/src/sys/backtrace.rs:66:9
[INFO] [stdout]    3:     0x55fc2ae7cd2a - <std::sys::backtrace::BacktraceLock::print::DisplayBacktrace as core::fmt::Display>::fmt::h71a62eb3b9696b12
[INFO] [stdout]                                at /rustc/6067b36314ab5eb2eb47cecc464545ba58e1ad24/library/std/src/sys/backtrace.rs:39:26
[INFO] [stdout]    4:     0x55fc2aea7913 - core::fmt::rt::Argument::fmt::hdb6b616786b41dc1
[INFO] [stdout]                                at /rustc/6067b36314ab5eb2eb47cecc464545ba58e1ad24/library/core/src/fmt/rt.rs:177:76
[INFO] [stdout]    5:     0x55fc2aea7913 - core::fmt::write::h2cc1698af7e2d686
[INFO] [stdout]                                at /rustc/6067b36314ab5eb2eb47cecc464545ba58e1ad24/library/core/src/fmt/mod.rs:1440:21
[INFO] [stdout]    6:     0x55fc2ae792e3 - std::io::Write::write_fmt::hab1b4cd059a79022
[INFO] [stdout]                                at /rustc/6067b36314ab5eb2eb47cecc464545ba58e1ad24/library/std/src/io/mod.rs:1887:15
[INFO] [stdout]    7:     0x55fc2ae7cb72 - std::sys::backtrace::BacktraceLock::print::h147fe35b4ea13b08
[INFO] [stdout]                                at /rustc/6067b36314ab5eb2eb47cecc464545ba58e1ad24/library/std/src/sys/backtrace.rs:42:9
[INFO] [stdout]    8:     0x55fc2ae7e14f - std::panicking::default_hook::{{closure}}::hbd44223dbdc0d208
[INFO] [stdout]                                at /rustc/6067b36314ab5eb2eb47cecc464545ba58e1ad24/library/std/src/panicking.rs:298:22
[INFO] [stdout]    9:     0x55fc2ae7df68 - std::panicking::default_hook::h20f81eb0576efcec
[INFO] [stdout]                                at /rustc/6067b36314ab5eb2eb47cecc464545ba58e1ad24/library/std/src/panicking.rs:322:9
[INFO] [stdout]   10:     0x55fc2aab1b43 - <alloc::boxed::Box<F,A> as core::ops::function::Fn<Args>>::call::hdb53814c496a4d34
[INFO] [stdout]                                at /rustc/6067b36314ab5eb2eb47cecc464545ba58e1ad24/library/alloc/src/boxed.rs:2027:9
[INFO] [stdout]   11:     0x55fc2aab1b43 - test::test_main::{{closure}}::hc0a4963c59427c24
[INFO] [stdout]                                at /rustc/6067b36314ab5eb2eb47cecc464545ba58e1ad24/library/test/src/lib.rs:134:21
[INFO] [stdout]   12:     0x55fc2ae7ec43 - <alloc::boxed::Box<F,A> as core::ops::function::Fn<Args>>::call::h591b2225413a77e9
[INFO] [stdout]                                at /rustc/6067b36314ab5eb2eb47cecc464545ba58e1ad24/library/alloc/src/boxed.rs:2027:9
[INFO] [stdout]   13:     0x55fc2ae7ec43 - std::panicking::rust_panic_with_hook::h625eea43051b2edc
[INFO] [stdout]                                at /rustc/6067b36314ab5eb2eb47cecc464545ba58e1ad24/library/std/src/panicking.rs:839:13
[INFO] [stdout]   14:     0x55fc2ae7e8fa - std::panicking::begin_panic_handler::{{closure}}::h4f9159cfbc3f6bd3
[INFO] [stdout]                                at /rustc/6067b36314ab5eb2eb47cecc464545ba58e1ad24/library/std/src/panicking.rs:704:13
[INFO] [stdout]   15:     0x55fc2ae7d229 - std::sys::backtrace::__rust_end_short_backtrace::h0390abce48353151
[INFO] [stdout]                                at /rustc/6067b36314ab5eb2eb47cecc464545ba58e1ad24/library/std/src/sys/backtrace.rs:168:18
[INFO] [stdout]   16:     0x55fc2ae7e58d - rust_begin_unwind
[INFO] [stdout]                                at /rustc/6067b36314ab5eb2eb47cecc464545ba58e1ad24/library/std/src/panicking.rs:695:5
[INFO] [stdout]   17:     0x55fc2aea57c0 - core::panicking::panic_fmt::h9e7c637e9e5f29c9
[INFO] [stdout]                                at /rustc/6067b36314ab5eb2eb47cecc464545ba58e1ad24/library/core/src/panicking.rs:75:14
[INFO] [stdout]   18:     0x55fc2a9ea16d - wdl_engine::value::test::non_empty_array_coercion::h608d1de5c52402d2
[INFO] [stdout]                                at /opt/rustwide/workdir/src/value.rs:3262:9
[INFO] [stdout]   19:     0x55fc2a9e9b67 - wdl_engine::value::test::non_empty_array_coercion::{{closure}}::h8d5d9b953ce93773
[INFO] [stdout]                                at /opt/rustwide/workdir/src/value.rs:3247:34
[INFO] [stdout]   20:     0x55fc2a8f0996 - core::ops::function::FnOnce::call_once::ha6ff962f0a85aa6a
[INFO] [stdout]                                at /rustc/6067b36314ab5eb2eb47cecc464545ba58e1ad24/library/core/src/ops/function.rs:250:5
[INFO] [stdout]   21:     0x55fc2aab729b - core::ops::function::FnOnce::call_once::he27718dfdd183f43
[INFO] [stdout]                                at /rustc/6067b36314ab5eb2eb47cecc464545ba58e1ad24/library/core/src/ops/function.rs:250:5
[INFO] [stdout]   22:     0x55fc2aab729b - test::__rust_begin_short_backtrace::h4e84902998457a5d
[INFO] [stdout]                                at /rustc/6067b36314ab5eb2eb47cecc464545ba58e1ad24/library/test/src/lib.rs:632:18
[INFO] [stdout]   23:     0x55fc2aab61d3 - test::run_test_in_process::{{closure}}::h7176fd18fc1feca0
[INFO] [stdout]                                at /rustc/6067b36314ab5eb2eb47cecc464545ba58e1ad24/library/test/src/lib.rs:655:60
[INFO] [stdout]   24:     0x55fc2aab61d3 - <core::panic::unwind_safe::AssertUnwindSafe<F> as core::ops::function::FnOnce<()>>::call_once::hf79cff2a624d8cf7
[INFO] [stdout]                                at /rustc/6067b36314ab5eb2eb47cecc464545ba58e1ad24/library/core/src/panic/unwind_safe.rs:272:9
[INFO] [stdout]   25:     0x55fc2aab61d3 - std::panicking::try::do_call::h3da0561d9ab99c25
[INFO] [stdout]                                at /rustc/6067b36314ab5eb2eb47cecc464545ba58e1ad24/library/std/src/panicking.rs:587:40
[INFO] [stdout]   26:     0x55fc2aab61d3 - std::panicking::try::h41c9fa508bc61df6
[INFO] [stdout]                                at /rustc/6067b36314ab5eb2eb47cecc464545ba58e1ad24/library/std/src/panicking.rs:550:19
[INFO] [stdout]   27:     0x55fc2aab61d3 - std::panic::catch_unwind::h6b3ff07bb5afad93
[INFO] [stdout]                                at /rustc/6067b36314ab5eb2eb47cecc464545ba58e1ad24/library/std/src/panic.rs:358:14
[INFO] [stdout]   28:     0x55fc2aab61d3 - test::run_test_in_process::hc7253dd11b39b9f4
[INFO] [stdout]                                at /rustc/6067b36314ab5eb2eb47cecc464545ba58e1ad24/library/test/src/lib.rs:655:27
[INFO] [stdout]   29:     0x55fc2aab61d3 - test::run_test::{{closure}}::hfb2007f8649c30bb
[INFO] [stdout]                                at /rustc/6067b36314ab5eb2eb47cecc464545ba58e1ad24/library/test/src/lib.rs:576:43
[INFO] [stdout]   30:     0x55fc2aa792b5 - test::run_test::{{closure}}::h56a17aa7a282a9f4
[INFO] [stdout]                                at /rustc/6067b36314ab5eb2eb47cecc464545ba58e1ad24/library/test/src/lib.rs:606:41
[INFO] [stdout]   31:     0x55fc2aa792b5 - std::sys::backtrace::__rust_begin_short_backtrace::hd2d2d2fb8e8c6aac
[INFO] [stdout]                                at /rustc/6067b36314ab5eb2eb47cecc464545ba58e1ad24/library/std/src/sys/backtrace.rs:152:18
[INFO] [stdout]   32:     0x55fc2aa7cb9a - std::thread::Builder::spawn_unchecked_::{{closure}}::{{closure}}::h4faa3f9db6133423
[INFO] [stdout]                                at /rustc/6067b36314ab5eb2eb47cecc464545ba58e1ad24/library/std/src/thread/mod.rs:559:17
[INFO] [stdout]   33:     0x55fc2aa7cb9a - <core::panic::unwind_safe::AssertUnwindSafe<F> as core::ops::function::FnOnce<()>>::call_once::hf2e855a36a4ea846
[INFO] [stdout]                                at /rustc/6067b36314ab5eb2eb47cecc464545ba58e1ad24/library/core/src/panic/unwind_safe.rs:272:9
[INFO] [stdout]   34:     0x55fc2aa7cb9a - std::panicking::try::do_call::h2f73af3616c35465
[INFO] [stdout]                                at /rustc/6067b36314ab5eb2eb47cecc464545ba58e1ad24/library/std/src/panicking.rs:587:40
[INFO] [stdout]   35:     0x55fc2aa7cb9a - std::panicking::try::hd1660ce9efadef5a
[INFO] [stdout]                                at /rustc/6067b36314ab5eb2eb47cecc464545ba58e1ad24/library/std/src/panicking.rs:550:19
[INFO] [stdout]   36:     0x55fc2aa7cb9a - std::panic::catch_unwind::h5ee8d7823b8ca744
[INFO] [stdout]                                at /rustc/6067b36314ab5eb2eb47cecc464545ba58e1ad24/library/std/src/panic.rs:358:14
[INFO] [stdout]   37:     0x55fc2aa7cb9a - std::thread::Builder::spawn_unchecked_::{{closure}}::h53c3a1894dce8407
[INFO] [stdout]                                at /rustc/6067b36314ab5eb2eb47cecc464545ba58e1ad24/library/std/src/thread/mod.rs:557:30
[INFO] [stdout]   38:     0x55fc2aa7cb9a - core::ops::function::FnOnce::call_once{{vtable.shim}}::h048ce291ad4f62bf
[INFO] [stdout]                                at /rustc/6067b36314ab5eb2eb47cecc464545ba58e1ad24/library/core/src/ops/function.rs:250:5
[INFO] [stdout]   39:     0x55fc2ae839eb - <alloc::boxed::Box<F,A> as core::ops::function::FnOnce<Args>>::call_once::ha52bedf99a3b4981
[INFO] [stdout]                                at /rustc/6067b36314ab5eb2eb47cecc464545ba58e1ad24/library/alloc/src/boxed.rs:2013:9
[INFO] [stdout]   40:     0x55fc2ae839eb - <alloc::boxed::Box<F,A> as core::ops::function::FnOnce<Args>>::call_once::h567748934d80ccf8
[INFO] [stdout]                                at /rustc/6067b36314ab5eb2eb47cecc464545ba58e1ad24/library/alloc/src/boxed.rs:2013:9
[INFO] [stdout]   41:     0x55fc2ae839eb - std::sys::pal::unix::thread::Thread::new::thread_start::h2d970728ae887adc
[INFO] [stdout]                                at /rustc/6067b36314ab5eb2eb47cecc464545ba58e1ad24/library/std/src/sys/pal/unix/thread.rs:106:17
[INFO] [stdout]   42:     0x72f9f67e0ac3 - <unknown>
[INFO] [stdout]   43:     0x72f9f6871a04 - clone
[INFO] [stdout]   44:                0x0 - <unknown>
[INFO] [stdout] 
[INFO] [stdout] ---- value::test::array_coercion stdout ----
[INFO] [stdout] 
[INFO] [stdout] thread 'value::test::array_coercion' panicked at src/value.rs:3237:9:
[INFO] [stdout] assertion failed: `(left == right)`
[INFO] [stdout] 
[INFO] [stdout] [1mDiff[0m [31m< left[0m / [32mright >[0m :
[INFO] [stdout]  failed to coerce array element at index 0
[INFO] [stdout]  
[INFO] [stdout]  Caused by:
[INFO] [stdout]      cannot coerce type `Int` to type `String`
[INFO] [stdout] [31m<[0m
[INFO] [stdout] [31m<Stack backtrace:[0m
[INFO] [stdout] [31m<   0: anyhow::context::<impl anyhow::Context<T,core::convert::Infallible> for core::option::Option<T>>::with_context[0m
[INFO] [stdout] [31m<             at /opt/rustwide/cargo-home/registry/src/index.crates.io-1949cf8c6b5b557f/anyhow-1.0.95/src/backtrace.rs:27:14[0m
[INFO] [stdout] [31m<   1: <wdl_engine::value::PrimitiveValue as wdl_engine::value::Coercible>::coerce[0m
[INFO] [stdout] [31m<             at ./src/value.rs:1235:17[0m
[INFO] [stdout] [31m<   2: <wdl_engine::value::Value as wdl_engine::value::Coercible>::coerce[0m
[INFO] [stdout] [31m<             at ./src/value.rs:572:35[0m
[INFO] [stdout] [31m<   3: wdl_engine::value::Array::new::{{closure}}[0m
[INFO] [stdout] [31m<             at ./src/value.rs:1427:21[0m
[INFO] [stdout] [31m<   4: core::iter::adapters::map::map_try_fold::{{closure}}[0m
[INFO] [stdout] [31m<             at /rustc/6067b36314ab5eb2eb47cecc464545ba58e1ad24/library/core/src/iter/adapters/map.rs:95:28[0m
[INFO] [stdout] [31m<   5: <core::iter::adapters::enumerate::Enumerate<I> as core::iter::traits::iterator::Iterator>::try_fold::enumerate::{{closure}}[0m
[INFO] [stdout] [31m<             at /rustc/6067b36314ab5eb2eb47cecc464545ba58e1ad24/library/core/src/iter/adapters/enumerate.rs:86:27[0m
[INFO] [stdout] [31m<   6: core::iter::adapters::cloned::clone_try_fold::{{closure}}[0m
[INFO] [stdout] [31m<             at /rustc/6067b36314ab5eb2eb47cecc464545ba58e1ad24/library/core/src/iter/adapters/cloned.rs:29:21[0m
[INFO] [stdout] [31m<   7: core::iter::traits::iterator::Iterator::try_fold[0m
[INFO] [stdout] [31m<             at /rustc/6067b36314ab5eb2eb47cecc464545ba58e1ad24/library/core/src/iter/traits/iterator.rs:2370:21[0m
[INFO] [stdout] [31m<   8: <core::iter::adapters::cloned::Cloned<I> as core::iter::traits::iterator::Iterator>::try_fold[0m
[INFO] [stdout] [31m<             at /rustc/6067b36314ab5eb2eb47cecc464545ba58e1ad24/library/core/src/iter/adapters/cloned.rs:54:9[0m
[INFO] [stdout] [31m<   9: <core::iter::adapters::enumerate::Enumerate<I> as core::iter::traits::iterator::Iterator>::try_fold[0m
[INFO] [stdout] [31m<             at /rustc/6067b36314ab5eb2eb47cecc464545ba58e1ad24/library/core/src/iter/adapters/enumerate.rs:92:9[0m
[INFO] [stdout] [31m<  10: <core::iter::adapters::map::Map<I,F> as core::iter::traits::iterator::Iterator>::try_fold[0m
[INFO] [stdout] [31m<             at /rustc/6067b36314ab5eb2eb47cecc464545ba58e1ad24/library/core/src/iter/adapters/map.rs:121:9[0m
[INFO] [stdout] [31m<  11: <core::iter::adapters::GenericShunt<I,R> as core::iter::traits::iterator::Iterator>::try_fold[0m
[INFO] [stdout] [31m<             at /rustc/6067b36314ab5eb2eb47cecc464545ba58e1ad24/library/core/src/iter/adapters/mod.rs:191:9[0m
[INFO] [stdout] [31m<  12: core::iter::traits::iterator::Iterator::try_for_each[0m
[INFO] [stdout] [31m<             at /rustc/6067b36314ab5eb2eb47cecc464545ba58e1ad24/library/core/src/iter/traits/iterator.rs:2431:9[0m
[INFO] [stdout] [31m<  13: <core::iter::adapters::GenericShunt<I,R> as core::iter::traits::iterator::Iterator>::next[0m
[INFO] [stdout] [31m<             at /rustc/6067b36314ab5eb2eb47cecc464545ba58e1ad24/library/core/src/iter/adapters/mod.rs:174:14[0m
[INFO] [stdout] [31m<  14: <alloc::vec::Vec<T> as alloc::vec::spec_from_iter_nested::SpecFromIterNested<T,I>>::from_iter[0m
[INFO] [stdout] [31m<             at /rustc/6067b36314ab5eb2eb47cecc464545ba58e1ad24/library/alloc/src/vec/spec_from_iter_nested.rs:25:32[0m
[INFO] [stdout] [31m<  15: <alloc::vec::Vec<T> as alloc::vec::spec_from_iter::SpecFromIter<T,I>>::from_iter[0m
[INFO] [stdout] [31m<             at /rustc/6067b36314ab5eb2eb47cecc464545ba58e1ad24/library/alloc/src/vec/spec_from_iter.rs:34:9[0m
[INFO] [stdout] [31m<  16: <alloc::vec::Vec<T> as core::iter::traits::collect::FromIterator<T>>::from_iter[0m
[INFO] [stdout] [31m<             at /rustc/6067b36314ab5eb2eb47cecc464545ba58e1ad24/library/alloc/src/vec/mod.rs:3427:9[0m
[INFO] [stdout] [31m<  17: core::iter::traits::iterator::Iterator::collect[0m
[INFO] [stdout] [31m<             at /rustc/6067b36314ab5eb2eb47cecc464545ba58e1ad24/library/core/src/iter/traits/iterator.rs:1971:9[0m
[INFO] [stdout] [31m<  18: <core::result::Result<V,E> as core::iter::traits::collect::FromIterator<core::result::Result<A,E>>>::from_iter::{{closure}}[0m
[INFO] [stdout] [31m<             at /rustc/6067b36314ab5eb2eb47cecc464545ba58e1ad24/library/core/src/result.rs:1985:51[0m
[INFO] [stdout] [31m<  19: core::iter::adapters::try_process[0m
[INFO] [stdout] [31m<             at /rustc/6067b36314ab5eb2eb47cecc464545ba58e1ad24/library/core/src/iter/adapters/mod.rs:160:17[0m
[INFO] [stdout] [31m<  20: <core::result::Result<V,E> as core::iter::traits::collect::FromIterator<core::result::Result<A,E>>>::from_iter[0m
[INFO] [stdout] [31m<             at /rustc/6067b36314ab5eb2eb47cecc464545ba58e1ad24/library/core/src/result.rs:1985:9[0m
[INFO] [stdout] [31m<  21: core::iter::traits::iterator::Iterator::collect[0m
[INFO] [stdout] [31m<             at /rustc/6067b36314ab5eb2eb47cecc464545ba58e1ad24/library/core/src/iter/traits/iterator.rs:1971:9[0m
[INFO] [stdout] [31m<  22: wdl_engine::value::Array::new[0m
[INFO] [stdout] [31m<             at ./src/value.rs:1422:28[0m
[INFO] [stdout] [31m<  23: <wdl_engine::value::CompoundValue as wdl_engine::value::Coercible>::coerce[0m
[INFO] [stdout] [31m<             at ./src/value.rs:2301:43[0m
[INFO] [stdout] [31m<  24: wdl_engine::value::test::array_coercion[0m
[INFO] [stdout] [31m<             at ./src/value.rs:3238:34[0m
[INFO] [stdout] [31m<  25: wdl_engine::value::test::array_coercion::{{closure}}[0m
[INFO] [stdout] [31m<             at ./src/value.rs:3221:24[0m
[INFO] [stdout] [31m<  26: core::ops::function::FnOnce::call_once[0m
[INFO] [stdout] [31m<             at /rustc/6067b36314ab5eb2eb47cecc464545ba58e1ad24/library/core/src/ops/function.rs:250:5[0m
[INFO] [stdout] [31m<  27: core::ops::function::FnOnce::call_once[0m
[INFO] [stdout] [31m<             at /rustc/6067b36314ab5eb2eb47cecc464545ba58e1ad24/library/core/src/ops/function.rs:250:5[0m
[INFO] [stdout] [31m<  28: test::__rust_begin_short_backtrace[0m
[INFO] [stdout] [31m<             at /rustc/6067b36314ab5eb2eb47cecc464545ba58e1ad24/library/test/src/lib.rs:632:18[0m
[INFO] [stdout] [31m<  29: test::run_test_in_process::{{closure}}[0m
[INFO] [stdout] [31m<             at /rustc/6067b36314ab5eb2eb47cecc464545ba58e1ad24/library/test/src/lib.rs:655:60[0m
[INFO] [stdout] [31m<  30: <core::panic::unwind_safe::AssertUnwindSafe<F> as core::ops::function::FnOnce<()>>::call_once[0m
[INFO] [stdout] [31m<             at /rustc/6067b36314ab5eb2eb47cecc464545ba58e1ad24/library/core/src/panic/unwind_safe.rs:272:9[0m
[INFO] [stdout] [31m<  31: std::panicking::try::do_call[0m
[INFO] [stdout] [31m<             at /rustc/6067b36314ab5eb2eb47cecc464545ba58e1ad24/library/std/src/panicking.rs:587:40[0m
[INFO] [stdout] [31m<  32: std::panicking::try[0m
[INFO] [stdout] [31m<             at /rustc/6067b36314ab5eb2eb47cecc464545ba58e1ad24/library/std/src/panicking.rs:550:19[0m
[INFO] [stdout] [31m<  33: std::panic::catch_unwind[0m
[INFO] [stdout] [31m<             at /rustc/6067b36314ab5eb2eb47cecc464545ba58e1ad24/library/std/src/panic.rs:358:14[0m
[INFO] [stdout] [31m<  34: test::run_test_in_process[0m
[INFO] [stdout] [31m<             at /rustc/6067b36314ab5eb2eb47cecc464545ba58e1ad24/library/test/src/lib.rs:655:27[0m
[INFO] [stdout] [31m<  35: test::run_test::{{closure}}[0m
[INFO] [stdout] [31m<             at /rustc/6067b36314ab5eb2eb47cecc464545ba58e1ad24/library/test/src/lib.rs:576:43[0m
[INFO] [stdout] [31m<  36: test::run_test::{{closure}}[0m
[INFO] [stdout] [31m<             at /rustc/6067b36314ab5eb2eb47cecc464545ba58e1ad24/library/test/src/lib.rs:606:41[0m
[INFO] [stdout] [31m<  37: std::sys::backtrace::__rust_begin_short_backtrace[0m
[INFO] [stdout] [31m<             at /rustc/6067b36314ab5eb2eb47cecc464545ba58e1ad24/library/std/src/sys/backtrace.rs:152:18[0m
[INFO] [stdout] [31m<  38: std::thread::Builder::spawn_unchecked_::{{closure}}::{{closure}}[0m
[INFO] [stdout] [31m<             at /rustc/6067b36314ab5eb2eb47cecc464545ba58e1ad24/library/std/src/thread/mod.rs:559:17[0m
[INFO] [stdout] [31m<  39: <core::panic::unwind_safe::AssertUnwindSafe<F> as core::ops::function::FnOnce<()>>::call_once[0m
[INFO] [stdout] [31m<             at /rustc/6067b36314ab5eb2eb47cecc464545ba58e1ad24/library/core/src/panic/unwind_safe.rs:272:9[0m
[INFO] [stdout] [31m<  40: std::panicking::try::do_call[0m
[INFO] [stdout] [31m<             at /rustc/6067b36314ab5eb2eb47cecc464545ba58e1ad24/library/std/src/panicking.rs:587:40[0m
[INFO] [stdout] [31m<  41: std::panicking::try[0m
[INFO] [stdout] [31m<             at /rustc/6067b36314ab5eb2eb47cecc464545ba58e1ad24/library/std/src/panicking.rs:550:19[0m
[INFO] [stdout] [31m<  42: std::panic::catch_unwind[0m
[INFO] [stdout] [31m<             at /rustc/6067b36314ab5eb2eb47cecc464545ba58e1ad24/library/std/src/panic.rs:358:14[0m
[INFO] [stdout] [31m<  43: std::thread::Builder::spawn_unchecked_::{{closure}}[0m
[INFO] [stdout] [31m<             at /rustc/6067b36314ab5eb2eb47cecc464545ba58e1ad24/library/std/src/thread/mod.rs:557:30[0m
[INFO] [stdout] [31m<  44: core::ops::function::FnOnce::call_once{{vtable.shim}}[0m
[INFO] [stdout] [31m<             at /rustc/6067b36314ab5eb2eb47cecc464545ba58e1ad24/library/core/src/ops/function.rs:250:5[0m
[INFO] [stdout] [31m<  45: <alloc::boxed::Box<F,A> as core::ops::function::FnOnce<Args>>::call_once[0m
[INFO] [stdout] [31m<             at /rustc/6067b36314ab5eb2eb47cecc464545ba58e1ad24/library/alloc/src/boxed.rs:2013:9[0m
[INFO] [stdout] [31m<  46: <alloc::boxed::Box<F,A> as core::ops::function::FnOnce<Args>>::call_once[0m
[INFO] [stdout] [31m<             at /rustc/6067b36314ab5eb2eb47cecc464545ba58e1ad24/library/alloc/src/boxed.rs:2013:9[0m
[INFO] [stdout] [31m<  47: std::sys::pal::unix::thread::Thread::new::thread_start[0m
[INFO] [stdout] [31m<             at /rustc/6067b36314ab5eb2eb47cecc464545ba58e1ad24/library/std/src/sys/pal/unix/thread.rs:106:17[0m
[INFO] [stdout] [31m<  48: <unknown>[0m
[INFO] [stdout] [31m<  49: clone[0m
[INFO] [stdout] 
[INFO] [stdout] 
[INFO] [stdout] stack backtrace:
[INFO] [stdout]    0:     0x55fc2ae7cd2a - std::backtrace_rs::backtrace::libunwind::trace::hb059275cfc8d6126
[INFO] [stdout]                                at /rustc/6067b36314ab5eb2eb47cecc464545ba58e1ad24/library/std/src/../../backtrace/src/backtrace/libunwind.rs:116:5
[INFO] [stdout]    1:     0x55fc2ae7cd2a - std::backtrace_rs::backtrace::trace_unsynchronized::h2da071e4327ce3ee
[INFO] [stdout]                                at /rustc/6067b36314ab5eb2eb47cecc464545ba58e1ad24/library/std/src/../../backtrace/src/backtrace/mod.rs:66:5
[INFO] [stdout]    2:     0x55fc2ae7cd2a - std::sys::backtrace::_print_fmt::h842a1474e6f8d23f
[INFO] [stdout]                                at /rustc/6067b36314ab5eb2eb47cecc464545ba58e1ad24/library/std/src/sys/backtrace.rs:66:9
[INFO] [stdout]    3:     0x55fc2ae7cd2a - <std::sys::backtrace::BacktraceLock::print::DisplayBacktrace as core::fmt::Display>::fmt::h71a62eb3b9696b12
[INFO] [stdout]                                at /rustc/6067b36314ab5eb2eb47cecc464545ba58e1ad24/library/std/src/sys/backtrace.rs:39:26
[INFO] [stdout]    4:     0x55fc2aea7913 - core::fmt::rt::Argument::fmt::hdb6b616786b41dc1
[INFO] [stdout]                                at /rustc/6067b36314ab5eb2eb47cecc464545ba58e1ad24/library/core/src/fmt/rt.rs:177:76
[INFO] [stdout]    5:     0x55fc2aea7913 - core::fmt::write::h2cc1698af7e2d686
[INFO] [stdout]                                at /rustc/6067b36314ab5eb2eb47cecc464545ba58e1ad24/library/core/src/fmt/mod.rs:1440:21
[INFO] [stdout]    6:     0x55fc2ae792e3 - std::io::Write::write_fmt::hab1b4cd059a79022
[INFO] [stdout]                                at /rustc/6067b36314ab5eb2eb47cecc464545ba58e1ad24/library/std/src/io/mod.rs:1887:15
[INFO] [stdout]    7:     0x55fc2ae7cb72 - std::sys::backtrace::BacktraceLock::print::h147fe35b4ea13b08
[INFO] [stdout]                                at /rustc/6067b36314ab5eb2eb47cecc464545ba58e1ad24/library/std/src/sys/backtrace.rs:42:9
[INFO] [stdout]    8:     0x55fc2ae7e14f - std::panicking::default_hook::{{closure}}::hbd44223dbdc0d208
[INFO] [stdout]                                at /rustc/6067b36314ab5eb2eb47cecc464545ba58e1ad24/library/std/src/panicking.rs:298:22
[INFO] [stdout]    9:     0x55fc2ae7df68 - std::panicking::default_hook::h20f81eb0576efcec
[INFO] [stdout]                                at /rustc/6067b36314ab5eb2eb47cecc464545ba58e1ad24/library/std/src/panicking.rs:322:9
[INFO] [stdout]   10:     0x55fc2aab1b43 - <alloc::boxed::Box<F,A> as core::ops::function::Fn<Args>>::call::hdb53814c496a4d34
[INFO] [stdout]                                at /rustc/6067b36314ab5eb2eb47cecc464545ba58e1ad24/library/alloc/src/boxed.rs:2027:9
[INFO] [stdout]   11:     0x55fc2aab1b43 - test::test_main::{{closure}}::hc0a4963c59427c24
[INFO] [stdout]                                at /rustc/6067b36314ab5eb2eb47cecc464545ba58e1ad24/library/test/src/lib.rs:134:21
[INFO] [stdout]   12:     0x55fc2ae7ec43 - <alloc::boxed::Box<F,A> as core::ops::function::Fn<Args>>::call::h591b2225413a77e9
[INFO] [stdout]                                at /rustc/6067b36314ab5eb2eb47cecc464545ba58e1ad24/library/alloc/src/boxed.rs:2027:9
[INFO] [stdout]   13:     0x55fc2ae7ec43 - std::panicking::rust_panic_with_hook::h625eea43051b2edc
[INFO] [stdout]                                at /rustc/6067b36314ab5eb2eb47cecc464545ba58e1ad24/library/std/src/panicking.rs:839:13
[INFO] [stdout]   14:     0x55fc2ae7e8fa - std::panicking::begin_panic_handler::{{closure}}::h4f9159cfbc3f6bd3
[INFO] [stdout]                                at /rustc/6067b36314ab5eb2eb47cecc464545ba58e1ad24/library/std/src/panicking.rs:704:13
[INFO] [stdout]   15:     0x55fc2ae7d229 - std::sys::backtrace::__rust_end_short_backtrace::h0390abce48353151
[INFO] [stdout]                                at /rustc/6067b36314ab5eb2eb47cecc464545ba58e1ad24/library/std/src/sys/backtrace.rs:168:18
[INFO] [stdout]   16:     0x55fc2ae7e58d - rust_begin_unwind
[INFO] [stdout]                                at /rustc/6067b36314ab5eb2eb47cecc464545ba58e1ad24/library/std/src/panicking.rs:695:5
[INFO] [stdout]   17:     0x55fc2aea57c0 - core::panicking::panic_fmt::h9e7c637e9e5f29c9
[INFO] [stdout]                                at /rustc/6067b36314ab5eb2eb47cecc464545ba58e1ad24/library/core/src/panicking.rs:75:14
[INFO] [stdout]   18:     0x55fc2a9e9ad4 - wdl_engine::value::test::array_coercion::hd293f2ab460bac41
[INFO] [stdout]                                at /opt/rustwide/workdir/src/value.rs:3237:9
[INFO] [stdout]   19:     0x55fc2a9e9437 - wdl_engine::value::test::array_coercion::{{closure}}::h4045d96438530a94
[INFO] [stdout]                                at /opt/rustwide/workdir/src/value.rs:3221:24
[INFO] [stdout]   20:     0x55fc2a8f1466 - core::ops::function::FnOnce::call_once::heaa39f7ce3b00c1b
[INFO] [stdout]                                at /rustc/6067b36314ab5eb2eb47cecc464545ba58e1ad24/library/core/src/ops/function.rs:250:5
[INFO] [stdout]   21:     0x55fc2aab729b - core::ops::function::FnOnce::call_once::he27718dfdd183f43
[INFO] [stdout]                                at /rustc/6067b36314ab5eb2eb47cecc464545ba58e1ad24/library/core/src/ops/function.rs:250:5
[INFO] [stdout]   22:     0x55fc2aab729b - test::__rust_begin_short_backtrace::h4e84902998457a5d
[INFO] [stdout]                                at /rustc/6067b36314ab5eb2eb47cecc464545ba58e1ad24/library/test/src/lib.rs:632:18
[INFO] [stdout]   23:     0x55fc2aab61d3 - test::run_test_in_process::{{closure}}::h7176fd18fc1feca0
[INFO] [stdout]                                at /rustc/6067b36314ab5eb2eb47cecc464545ba58e1ad24/library/test/src/lib.rs:655:60
[INFO] [stdout]   24:     0x55fc2aab61d3 - <core::panic::unwind_safe::AssertUnwindSafe<F> as core::ops::function::FnOnce<()>>::call_once::hf79cff2a624d8cf7
[INFO] [stdout]                                at /rustc/6067b36314ab5eb2eb47cecc464545ba58e1ad24/library/core/src/panic/unwind_safe.rs:272:9
[INFO] [stdout]   25:     0x55fc2aab61d3 - std::panicking::try::do_call::h3da0561d9ab99c25
[INFO] [stdout]                                at /rustc/6067b36314ab5eb2eb47cecc464545ba58e1ad24/library/std/src/panicking.rs:587:40
[INFO] [stdout]   26:     0x55fc2aab61d3 - std::panicking::try::h41c9fa508bc61df6
[INFO] [stdout]                                at /rustc/6067b36314ab5eb2eb47cecc464545ba58e1ad24/library/std/src/panicking.rs:550:19
[INFO] [stdout]   27:     0x55fc2aab61d3 - std::panic::catch_unwind::h6b3ff07bb5afad93
[INFO] [stdout]                                at /rustc/6067b36314ab5eb2eb47cecc464545ba58e1ad24/library/std/src/panic.rs:358:14
[INFO] [stdout]   28:     0x55fc2aab61d3 - test::run_test_in_process::hc7253dd11b39b9f4
[INFO] [stdout]                                at /rustc/6067b36314ab5eb2eb47cecc464545ba58e1ad24/library/test/src/lib.rs:655:27
[INFO] [stdout]   29:     0x55fc2aab61d3 - test::run_test::{{closure}}::hfb2007f8649c30bb
[INFO] [stdout]                                at /rustc/6067b36314ab5eb2eb47cecc464545ba58e1ad24/library/test/src/lib.rs:576:43
[INFO] [stdout]   30:     0x55fc2aa792b5 - test::run_test::{{closure}}::h56a17aa7a282a9f4
[INFO] [stdout]                                at /rustc/6067b36314ab5eb2eb47cecc464545ba58e1ad24/library/test/src/lib.rs:606:41
[INFO] [stdout]   31:     0x55fc2aa792b5 - std::sys::backtrace::__rust_begin_short_backtrace::hd2d2d2fb8e8c6aac
[INFO] [stdout]                                at /rustc/6067b36314ab5eb2eb47cecc464545ba58e1ad24/library/std/src/sys/backtrace.rs:152:18
[INFO] [stdout]   32:     0x55fc2aa7cb9a - std::thread::Builder::spawn_unchecked_::{{closure}}::{{closure}}::h4faa3f9db6133423
[INFO] [stdout]                                at /rustc/6067b36314ab5eb2eb47cecc464545ba58e1ad24/library/std/src/thread/mod.rs:559:17
[INFO] [stdout]   33:     0x55fc2aa7cb9a - <core::panic::unwind_safe::AssertUnwindSafe<F> as core::ops::function::FnOnce<()>>::call_once::hf2e855a36a4ea846
[INFO] [stdout]                                at /rustc/6067b36314ab5eb2eb47cecc464545ba58e1ad24/library/core/src/panic/unwind_safe.rs:272:9
[INFO] [stdout]   34:     0x55fc2aa7cb9a - std::panicking::try::do_call::h2f73af3616c35465
[INFO] [stdout]                                at /rustc/6067b36314ab5eb2eb47cecc464545ba58e1ad24/library/std/src/panicking.rs:587:40
[INFO] [stdout]   35:     0x55fc2aa7cb9a - std::panicking::try::hd1660ce9efadef5a
[INFO] [stdout]                                at /rustc/6067b36314ab5eb2eb47cecc464545ba58e1ad24/library/std/src/panicking.rs:550:19
[INFO] [stdout]   36:     0x55fc2aa7cb9a - std::panic::catch_unwind::h5ee8d7823b8ca744
[INFO] [stdout]                                at /rustc/6067b36314ab5eb2eb47cecc464545ba58e1ad24/library/std/src/panic.rs:358:14
[INFO] [stdout]   37:     0x55fc2aa7cb9a - std::thread::Builder::spawn_unchecked_::{{closure}}::h53c3a1894dce8407
[INFO] [stdout]                                at /rustc/6067b36314ab5eb2eb47cecc464545ba58e1ad24/library/std/src/thread/mod.rs:557:30
[INFO] [stdout]   38:     0x55fc2aa7cb9a - core::ops::function::FnOnce::call_once{{vtable.shim}}::h048ce291ad4f62bf
[INFO] [stdout]                                at /rustc/6067b36314ab5eb2eb47cecc464545ba58e1ad24/library/core/src/ops/function.rs:250:5
[INFO] [stdout]   39:     0x55fc2ae839eb - <alloc::boxed::Box<F,A> as core::ops::function::FnOnce<Args>>::call_once::ha52bedf99a3b4981
[INFO] [stdout]                                at /rustc/6067b36314ab5eb2eb47cecc464545ba58e1ad24/library/alloc/src/boxed.rs:2013:9
[INFO] [stdout]   40:     0x55fc2ae839eb - <alloc::boxed::Box<F,A> as core::ops::function::FnOnce<Args>>::call_once::h567748934d80ccf8
[INFO] [stdout]                                at /rustc/6067b36314ab5eb2eb47cecc464545ba58e1ad24/library/alloc/src/boxed.rs:2013:9
[INFO] [stdout]   41:     0x55fc2ae839eb - std::sys::pal::unix::thread::Thread::new::thread_start::h2d970728ae887adc
[INFO] [stdout]                                at /rustc/6067b36314ab5eb2eb47cecc464545ba58e1ad24/library/std/src/sys/pal/unix/thread.rs:106:17
[INFO] [stdout]   42:     0x72f9f67e0ac3 - <unknown>
[INFO] [stdout]   43:     0x72f9f6871a04 - clone
[INFO] [stdout]   44:                0x0 - <unknown>
[INFO] [stdout] 
[INFO] [stdout] ---- value::test::map_coerce stdout ----
[INFO] [stdout] 
[INFO] [stdout] thread 'value::test::map_coerce' panicked at src/value.rs:3297:9:
[INFO] [stdout] assertion failed: `(left == right)`
[INFO] [stdout] 
[INFO] [stdout] [1mDiff[0m [31m< left[0m / [32mright >[0m :
[INFO] [stdout]  failed to coerce map key for element at index 0
[INFO] [stdout]  
[INFO] [stdout]  Caused by:
[INFO] [stdout]      cannot coerce type `String` to type `Int`
[INFO] [stdout] [31m<[0m
[INFO] [stdout] [31m<Stack backtrace:[0m
[INFO] [stdout] [31m<   0: anyhow::context::<impl anyhow::Context<T,core::convert::Infallible> for core::option::Option<T>>::with_context[0m
[INFO] [stdout] [31m<             at /opt/rustwide/cargo-home/registry/src/index.crates.io-1949cf8c6b5b557f/anyhow-1.0.95/src/backtrace.rs:27:14[0m
[INFO] [stdout] [31m<   1: <wdl_engine::value::PrimitiveValue as wdl_engine::value::Coercible>::coerce[0m
[INFO] [stdout] [31m<             at ./src/value.rs:1257:17[0m
[INFO] [stdout] [31m<   2: <wdl_engine::value::Value as wdl_engine::value::Coercible>::coerce[0m
[INFO] [stdout] [31m<             at ./src/value.rs:572:35[0m
[INFO] [stdout] [31m<   3: wdl_engine::value::Map::new::{{closure}}[0m
[INFO] [stdout] [31m<             at ./src/value.rs:1538:35[0m
[INFO] [stdout] [31m<   4: core::iter::adapters::map::map_try_fold::{{closure}}[0m
[INFO] [stdout] [31m<             at /rustc/6067b36314ab5eb2eb47cecc464545ba58e1ad24/library/core/src/iter/adapters/map.rs:95:28[0m
[INFO] [stdout] [31m<   5: <core::iter::adapters::enumerate::Enumerate<I> as core::iter::traits::iterator::Iterator>::try_fold::enumerate::{{closure}}[0m
[INFO] [stdout] [31m<             at /rustc/6067b36314ab5eb2eb47cecc464545ba58e1ad24/library/core/src/iter/adapters/enumerate.rs:86:27[0m
[INFO] [stdout] [31m<   6: core::iter::adapters::map::map_try_fold::{{closure}}[0m
[INFO] [stdout] [31m<             at /rustc/6067b36314ab5eb2eb47cecc464545ba58e1ad24/library/core/src/iter/adapters/map.rs:95:21[0m
[INFO] [stdout] [31m<   7: core::iter::traits::iterator::Iterator::try_fold[0m
[INFO] [stdout] [31m<             at /rustc/6067b36314ab5eb2eb47cecc464545ba58e1ad24/library/core/src/iter/traits/iterator.rs:2370:21[0m
[INFO] [stdout] [31m<   8: <core::iter::adapters::map::Map<I,F> as core::iter::traits::iterator::Iterator>::try_fold[0m
[INFO] [stdout] [31m<             at /rustc/6067b36314ab5eb2eb47cecc464545ba58e1ad24/library/core/src/iter/adapters/map.rs:121:9[0m
[INFO] [stdout] [31m<   9: <core::iter::adapters::enumerate::Enumerate<I> as core::iter::traits::iterator::Iterator>::try_fold[0m
[INFO] [stdout] [31m<             at /rustc/6067b36314ab5eb2eb47cecc464545ba58e1ad24/library/core/src/iter/adapters/enumerate.rs:92:9[0m
[INFO] [stdout] [31m<  10: <core::iter::adapters::map::Map<I,F> as core::iter::traits::iterator::Iterator>::try_fold[0m
[INFO] [stdout] [31m<             at /rustc/6067b36314ab5eb2eb47cecc464545ba58e1ad24/library/core/src/iter/adapters/map.rs:121:9[0m
[INFO] [stdout] [31m<  11: <core::iter::adapters::GenericShunt<I,R> as core::iter::traits::iterator::Iterator>::try_fold[0m
[INFO] [stdout] [31m<             at /rustc/6067b36314ab5eb2eb47cecc464545ba58e1ad24/library/core/src/iter/adapters/mod.rs:191:9[0m
[INFO] [stdout] [31m<  12: <core::iter::adapters::GenericShunt<I,R> as core::iter::traits::iterator::Iterator>::fold[0m
[INFO] [stdout] [31m<             at /rustc/6067b36314ab5eb2eb47cecc464545ba58e1ad24/library/core/src/iter/mod.rs:378:13[0m
[INFO] [stdout] [31m<  13: core::iter::traits::iterator::Iterator::for_each[0m
[INFO] [stdout] [31m<             at /rustc/6067b36314ab5eb2eb47cecc464545ba58e1ad24/library/core/src/iter/traits/iterator.rs:800:9[0m
[INFO] [stdout] [31m<  14: <indexmap::map::IndexMap<K,V,S> as core::iter::traits::collect::Extend<(K,V)>>::extend[0m
[INFO] [stdout] [31m<             at /opt/rustwide/cargo-home/registry/src/index.crates.io-1949cf8c6b5b557f/indexmap-2.7.0/src/map.rs:1525:9[0m
[INFO] [stdout] [31m<  15: <indexmap::map::IndexMap<K,V,S> as core::iter::traits::collect::FromIterator<(K,V)>>::from_iter[0m
[INFO] [stdout] [31m<             at /opt/rustwide/cargo-home/registry/src/index.crates.io-1949cf8c6b5b557f/indexmap-2.7.0/src/map.rs:1473:9[0m
[INFO] [stdout] [31m<  16: core::iter::traits::iterator::Iterator::collect[0m
[INFO] [stdout] [31m<             at /rustc/6067b36314ab5eb2eb47cecc464545ba58e1ad24/library/core/src/iter/traits/iterator.rs:1971:9[0m
[INFO] [stdout] [31m<  17: <core::result::Result<V,E> as core::iter::traits::collect::FromIterator<core::result::Result<A,E>>>::from_iter::{{closure}}[0m
[INFO] [stdout] [31m<             at /rustc/6067b36314ab5eb2eb47cecc464545ba58e1ad24/library/core/src/result.rs:1985:51[0m
[INFO] [stdout] [31m<  18: core::iter::adapters::try_process[0m
[INFO] [stdout] [31m<             at /rustc/6067b36314ab5eb2eb47cecc464545ba58e1ad24/library/core/src/iter/adapters/mod.rs:160:17[0m
[INFO] [stdout] [31m<  19: <core::result::Result<V,E> as core::iter::traits::collect::FromIterator<core::result::Result<A,E>>>::from_iter[0m
[INFO] [stdout] [31m<             at /rustc/6067b36314ab5eb2eb47cecc464545ba58e1ad24/library/core/src/result.rs:1985:9[0m
[INFO] [stdout] [31m<  20: core::iter::traits::iterator::Iterator::collect[0m
[INFO] [stdout] [31m<             at /rustc/6067b36314ab5eb2eb47cecc464545ba58e1ad24/library/core/src/iter/traits/iterator.rs:1971:9[0m
[INFO] [stdout] [31m<  21: wdl_engine::value::Map::new[0m
[INFO] [stdout] [31m<             at ./src/value.rs:1528:28[0m
[INFO] [stdout] [31m<  22: <wdl_engine::value::CompoundValue as wdl_engine::value::Coercible>::coerce[0m
[INFO] [stdout] [31m<             at ./src/value.rs:2308:41[0m
[INFO] [stdout] [31m<  23: <wdl_engine::value::Value as wdl_engine::value::Coercible>::coerce[0m
[INFO] [stdout] [31m<             at ./src/value.rs:573:34[0m
[INFO] [stdout] [31m<  24: wdl_engine::value::test::map_coerce[0m
[INFO] [stdout] [31m<             at ./src/value.rs:3298:34[0m
[INFO] [stdout] [31m<  25: wdl_engine::value::test::map_coerce::{{closure}}[0m
[INFO] [stdout] [31m<             at ./src/value.rs:3279:20[0m
[INFO] [stdout] [31m<  26: core::ops::function::FnOnce::call_once[0m
[INFO] [stdout] [31m<             at /rustc/6067b36314ab5eb2eb47cecc464545ba58e1ad24/library/core/src/ops/function.rs:250:5[0m
[INFO] [stdout] [31m<  27: core::ops::function::FnOnce::call_once[0m
[INFO] [stdout] [31m<             at /rustc/6067b36314ab5eb2eb47cecc464545ba58e1ad24/library/core/src/ops/function.rs:250:5[0m
[INFO] [stdout] [31m<  28: test::__rust_begin_short_backtrace[0m
[INFO] [stdout] [31m<             at /rustc/6067b36314ab5eb2eb47cecc464545ba58e1ad24/library/test/src/lib.rs:632:18[0m
[INFO] [stdout] [31m<  29: test::run_test_in_process::{{closure}}[0m
[INFO] [stdout] [31m<             at /rustc/6067b36314ab5eb2eb47cecc464545ba58e1ad24/library/test/src/lib.rs:655:60[0m
[INFO] [stdout] [31m<  30: <core::panic::unwind_safe::AssertUnwindSafe<F> as core::ops::function::FnOnce<()>>::call_once[0m
[INFO] [stdout] [31m<             at /rustc/6067b36314ab5eb2eb47cecc464545ba58e1ad24/library/core/src/panic/unwind_safe.rs:272:9[0m
[INFO] [stdout] [31m<  31: std::panicking::try::do_call[0m
[INFO] [stdout] [31m<             at /rustc/6067b36314ab5eb2eb47cecc464545ba58e1ad24/library/std/src/panicking.rs:587:40[0m
[INFO] [stdout] [31m<  32: std::panicking::try[0m
[INFO] [stdout] [31m<             at /rustc/6067b36314ab5eb2eb47cecc464545ba58e1ad24/library/std/src/panicking.rs:550:19[0m
[INFO] [stdout] [31m<  33: std::panic::catch_unwind[0m
[INFO] [stdout] [31m<             at /rustc/6067b36314ab5eb2eb47cecc464545ba58e1ad24/library/std/src/panic.rs:358:14[0m
[INFO] [stdout] [31m<  34: test::run_test_in_process[0m
[INFO] [stdout] [31m<             at /rustc/6067b36314ab5eb2eb47cecc464545ba58e1ad24/library/test/src/lib.rs:655:27[0m
[INFO] [stdout] [31m<  35: test::run_test::{{closure}}[0m
[INFO] [stdout] [31m<             at /rustc/6067b36314ab5eb2eb47cecc464545ba58e1ad24/library/test/src/lib.rs:576:43[0m
[INFO] [stdout] [31m<  36: test::run_test::{{closure}}[0m
[INFO] [stdout] [31m<             at /rustc/6067b36314ab5eb2eb47cecc464545ba58e1ad24/library/test/src/lib.rs:606:41[0m
[INFO] [stdout] [31m<  37: std::sys::backtrace::__rust_begin_short_backtrace[0m
[INFO] [stdout] [31m<             at /rustc/6067b36314ab5eb2eb47cecc464545ba58e1ad24/library/std/src/sys/backtrace.rs:152:18[0m
[INFO] [stdout] [31m<  38: std::thread::Builder::spawn_unchecked_::{{closure}}::{{closure}}[0m
[INFO] [stdout] [31m<             at /rustc/6067b36314ab5eb2eb47cecc464545ba58e1ad24/library/std/src/thread/mod.rs:559:17[0m
[INFO] [stdout] [31m<  39: <core::panic::unwind_safe::AssertUnwindSafe<F> as core::ops::function::FnOnce<()>>::call_once[0m
[INFO] [stdout] [31m<             at /rustc/6067b36314ab5eb2eb47cecc464545ba58e1ad24/library/core/src/panic/unwind_safe.rs:272:9[0m
[INFO] [stdout] [31m<  40: std::panicking::try::do_call[0m
[INFO] [stdout] [31m<             at /rustc/6067b36314ab5eb2eb47cecc464545ba58e1ad24/library/std/src/panicking.rs:587:40[0m
[INFO] [stdout] [31m<  41: std::panicking::try[0m
[INFO] [stdout] [31m<             at /rustc/6067b36314ab5eb2eb47cecc464545ba58e1ad24/library/std/src/panicking.rs:550:19[0m
[INFO] [stdout] [31m<  42: std::panic::catch_unwind[0m
[INFO] [stdout] [31m<             at /rustc/6067b36314ab5eb2eb47cecc464545ba58e1ad24/library/std/src/panic.rs:358:14[0m
[INFO] [stdout] [31m<  43: std::thread::Builder::spawn_unchecked_::{{closure}}[0m
[INFO] [stdout] [31m<             at /rustc/6067b36314ab5eb2eb47cecc464545ba58e1ad24/library/std/src/thread/mod.rs:557:30[0m
[INFO] [stdout] [31m<  44: core::ops::function::FnOnce::call_once{{vtable.shim}}[0m
[INFO] [stdout] [31m<             at /rustc/6067b36314ab5eb2eb47cecc464545ba58e1ad24/library/core/src/ops/function.rs:250:5[0m
[INFO] [stdout] [31m<  45: <alloc::boxed::Box<F,A> as core::ops::function::FnOnce<Args>>::call_once[0m
[INFO] [stdout] [31m<             at /rustc/6067b36314ab5eb2eb47cecc464545ba58e1ad24/library/alloc/src/boxed.rs:2013:9[0m
[INFO] [stdout] [31m<  46: <alloc::boxed::Box<F,A> as core::ops::function::FnOnce<Args>>::call_once[0m
[INFO] [stdout] [31m<             at /rustc/6067b36314ab5eb2eb47cecc464545ba58e1ad24/library/alloc/src/boxed.rs:2013:9[0m
[INFO] [stdout] [31m<  47: std::sys::pal::unix::thread::Thread::new::thread_start[0m
[INFO] [stdout] [31m<             at /rustc/6067b36314ab5eb2eb47cecc464545ba58e1ad24/library/std/src/sys/pal/unix/thread.rs:106:17[0m
[INFO] [stdout] [31m<  48: <unknown>[0m
[INFO] [stdout] [31m<  49: clone[0m
[INFO] [stdout] 
[INFO] [stdout] 
[INFO] [stdout] stack backtrace:
[INFO] [stdout]    0:     0x55fc2ae7cd2a - std::backtrace_rs::backtrace::libunwind::trace::hb059275cfc8d6126
[INFO] [stdout]                                at /rustc/6067b36314ab5eb2eb47cecc464545ba58e1ad24/library/std/src/../../backtrace/src/backtrace/libunwind.rs:116:5
[INFO] [stdout]    1:     0x55fc2ae7cd2a - std::backtrace_rs::backtrace::trace_unsynchronized::h2da071e4327ce3ee
[INFO] [stdout]                                at /rustc/6067b36314ab5eb2eb47cecc464545ba58e1ad24/library/std/src/../../backtrace/src/backtrace/mod.rs:66:5
[INFO] [stdout]    2:     0x55fc2ae7cd2a - std::sys::backtrace::_print_fmt::h842a1474e6f8d23f
[INFO] [stdout]                                at /rustc/6067b36314ab5eb2eb47cecc464545ba58e1ad24/library/std/src/sys/backtrace.rs:66:9
[INFO] [stdout]    3:     0x55fc2ae7cd2a - <std::sys::backtrace::BacktraceLock::print::DisplayBacktrace as core::fmt::Display>::fmt::h71a62eb3b9696b12
[INFO] [stdout]                                at /rustc/6067b36314ab5eb2eb47cecc464545ba58e1ad24/library/std/src/sys/backtrace.rs:39:26
[INFO] [stdout]    4:     0x55fc2aea7913 - core::fmt::rt::Argument::fmt::hdb6b616786b41dc1
[INFO] [stdout]                                at /rustc/6067b36314ab5eb2eb47cecc464545ba58e1ad24/library/core/src/fmt/rt.rs:177:76
[INFO] [stdout]    5:     0x55fc2aea7913 - core::fmt::write::h2cc1698af7e2d686
[INFO] [stdout]                                at /rustc/6067b36314ab5eb2eb47cecc464545ba58e1ad24/library/core/src/fmt/mod.rs:1440:21
[INFO] [stdout]    6:     0x55fc2ae792e3 - std::io::Write::write_fmt::hab1b4cd059a79022
[INFO] [stdout]                                at /rustc/6067b36314ab5eb2eb47cecc464545ba58e1ad24/library/std/src/io/mod.rs:1887:15
[INFO] [stdout]    7:     0x55fc2ae7cb72 - std::sys::backtrace::BacktraceLock::print::h147fe35b4ea13b08
[INFO] [stdout]                                at /rustc/6067b36314ab5eb2eb47cecc464545ba58e1ad24/library/std/src/sys/backtrace.rs:42:9
[INFO] [stdout]    8:     0x55fc2ae7e14f - std::panicking::default_hook::{{closure}}::hbd44223dbdc0d208
[INFO] [stdout]                                at /rustc/6067b36314ab5eb2eb47cecc464545ba58e1ad24/library/std/src/panicking.rs:298:22
[INFO] [stdout]    9:     0x55fc2ae7df68 - std::panicking::default_hook::h20f81eb0576efcec
[INFO] [stdout]                                at /rustc/6067b36314ab5eb2eb47cecc464545ba58e1ad24/library/std/src/panicking.rs:322:9
[INFO] [stdout]   10:     0x55fc2aab1b43 - <alloc::boxed::Box<F,A> as core::ops::function::Fn<Args>>::call::hdb53814c496a4d34
[INFO] [stdout]                                at /rustc/6067b36314ab5eb2eb47cecc464545ba58e1ad24/library/alloc/src/boxed.rs:2027:9
[INFO] [stdout]   11:     0x55fc2aab1b43 - test::test_main::{{closure}}::hc0a4963c59427c24
[INFO] [stdout]                                at /rustc/6067b36314ab5eb2eb47cecc464545ba58e1ad24/library/test/src/lib.rs:134:21
[INFO] [stdout]   12:     0x55fc2ae7ec43 - <alloc::boxed::Box<F,A> as core::ops::function::Fn<Args>>::call::h591b2225413a77e9
[INFO] [stdout]                                at /rustc/6067b36314ab5eb2eb47cecc464545ba58e1ad24/library/alloc/src/boxed.rs:2027:9
[INFO] [stdout]   13:     0x55fc2ae7ec43 - std::panicking::rust_panic_with_hook::h625eea43051b2edc
[INFO] [stdout]                                at /rustc/6067b36314ab5eb2eb47cecc464545ba58e1ad24/library/std/src/panicking.rs:839:13
[INFO] [stdout]   14:     0x55fc2ae7e8fa - std::panicking::begin_panic_handler::{{closure}}::h4f9159cfbc3f6bd3
[INFO] [stdout]                                at /rustc/6067b36314ab5eb2eb47cecc464545ba58e1ad24/library/std/src/panicking.rs:704:13
[INFO] [stdout]   15:     0x55fc2ae7d229 - std::sys::backtrace::__rust_end_short_backtrace::h0390abce48353151
[INFO] [stdout]                                at /rustc/6067b36314ab5eb2eb47cecc464545ba58e1ad24/library/std/src/sys/backtrace.rs:168:18
[INFO] [stdout]   16:     0x55fc2ae7e58d - rust_begin_unwind
[INFO] [stdout]                                at /rustc/6067b36314ab5eb2eb47cecc464545ba58e1ad24/library/std/src/panicking.rs:695:5
[INFO] [stdout]   17:     0x55fc2aea57c0 - core::panicking::panic_fmt::h9e7c637e9e5f29c9
[INFO] [stdout]                                at /rustc/6067b36314ab5eb2eb47cecc464545ba58e1ad24/library/core/src/panicking.rs:75:14
[INFO] [stdout]   18:     0x55fc2a9eace6 - wdl_engine::value::test::map_coerce::h675162d24b01e712
[INFO] [stdout]                                at /opt/rustwide/workdir/src/value.rs:3297:9
[INFO] [stdout]   19:     0x55fc2a9ea497 - wdl_engine::value::test::map_coerce::{{closure}}::h0fa99aca3b1eb638
[INFO] [stdout]                                at /opt/rustwide/workdir/src/value.rs:3279:20
[INFO] [stdout]   20:     0x55fc2a8f17d6 - core::ops::function::FnOnce::call_once::hf7e7fd949f7c3e54
[INFO] [stdout]                                at /rustc/6067b36314ab5eb2eb47cecc464545ba58e1ad24/library/core/src/ops/function.rs:250:5
[INFO] [stdout]   21:     0x55fc2aab729b - core::ops::function::FnOnce::call_once::he27718dfdd183f43
[INFO] [stdout]                                at /rustc/6067b36314ab5eb2eb47cecc464545ba58e1ad24/library/core/src/ops/function.rs:250:5
[INFO] [stdout]   22:     0x55fc2aab729b - test::__rust_begin_short_backtrace::h4e84902998457a5d
[INFO] [stdout]                                at /rustc/6067b36314ab5eb2eb47cecc464545ba58e1ad24/library/test/src/lib.rs:632:18
[INFO] [stdout]   23:     0x55fc2aab61d3 - test::run_test_in_process::{{closure}}::h7176fd18fc1feca0
[INFO] [stdout]                                at /rustc/6067b36314ab5eb2eb47cecc464545ba58e1ad24/library/test/src/lib.rs:655:60
[INFO] [stdout]   24:     0x55fc2aab61d3 - <core::panic::unwind_safe::AssertUnwindSafe<F> as core::ops::function::FnOnce<()>>::call_once::hf79cff2a624d8cf7
[INFO] [stdout]                                at /rustc/6067b36314ab5eb2eb47cecc464545ba58e1ad24/library/core/src/panic/unwind_safe.rs:272:9
[INFO] [stdout]   25:     0x55fc2aab61d3 - std::panicking::try::do_call::h3da0561d9ab99c25
[INFO] [stdout]                                at /rustc/6067b36314ab5eb2eb47cecc464545ba58e1ad24/library/std/src/panicking.rs:587:40
[INFO] [stdout]   26:     0x55fc2aab61d3 - std::panicking::try::h41c9fa508bc61df6
[INFO] [stdout]                                at /rustc/6067b36314ab5eb2eb47cecc464545ba58e1ad24/library/std/src/panicking.rs:550:19
[INFO] [stdout]   27:     0x55fc2aab61d3 - std::panic::catch_unwind::h6b3ff07bb5afad93
[INFO] [stdout]                                at /rustc/6067b36314ab5eb2eb47cecc464545ba58e1ad24/library/std/src/panic.rs:358:14
[INFO] [stdout]   28:     0x55fc2aab61d3 - test::run_test_in_process::hc7253dd11b39b9f4
[INFO] [stdout]                                at /rustc/6067b36314ab5eb2eb47cecc464545ba58e1ad24/library/test/src/lib.rs:655:27
[INFO] [stdout]   29:     0x55fc2aab61d3 - test::run_test::{{closure}}::hfb2007f8649c30bb
[INFO] [stdout]                                at /rustc/6067b36314ab5eb2eb47cecc464545ba58e1ad24/library/test/src/lib.rs:576:43
[INFO] [stdout]   30:     0x55fc2aa792b5 - test::run_test::{{closure}}::h56a17aa7a282a9f4
[INFO] [stdout]                                at /rustc/6067b36314ab5eb2eb47cecc464545ba58e1ad24/library/test/src/lib.rs:606:41
[INFO] [stdout]   31:     0x55fc2aa792b5 - std::sys::backtrace::__rust_begin_short_backtrace::hd2d2d2fb8e8c6aac
[INFO] [stdout]                                at /rustc/6067b36314ab5eb2eb47cecc464545ba58e1ad24/library/std/src/sys/backtrace.rs:152:18
[INFO] [stdout]   32:     0x55fc2aa7cb9a - std::thread::Builder::spawn_unchecked_::{{closure}}::{{closure}}::h4faa3f9db6133423
[INFO] [stdout]                                at /rustc/6067b36314ab5eb2eb47cecc464545ba58e1ad24/library/std/src/thread/mod.rs:559:17
[INFO] [stdout]   33:     0x55fc2aa7cb9a - <core::panic::unwind_safe::AssertUnwindSafe<F> as core::ops::function::FnOnce<()>>::call_once::hf2e855a36a4ea846
[INFO] [stdout]                                at /rustc/6067b36314ab5eb2eb47cecc464545ba58e1ad24/library/core/src/panic/unwind_safe.rs:272:9
[INFO] [stdout]   34:     0x55fc2aa7cb9a - std::panicking::try::do_call::h2f73af3616c35465
[INFO] [stdout]                                at /rustc/6067b36314ab5eb2eb47cecc464545ba58e1ad24/library/std/src/panicking.rs:587:40
[INFO] [stdout]   35:     0x55fc2aa7cb9a - std::panicking::try::hd1660ce9efadef5a
[INFO] [stdout]                                at /rustc/6067b36314ab5eb2eb47cecc464545ba58e1ad24/library/std/src/panicking.rs:550:19
[INFO] [stdout]   36:     0x55fc2aa7cb9a - std::panic::catch_unwind::h5ee8d7823b8ca744
[INFO] [stdout]                                at /rustc/6067b36314ab5eb2eb47cecc464545ba58e1ad24/library/std/src/panic.rs:358:14
[INFO] [stdout]   37:     0x55fc2aa7cb9a - std::thread::Builder::spawn_unchecked_::{{closure}}::h53c3a1894dce8407
[INFO] [stdout]                                at /rustc/6067b36314ab5eb2eb47cecc464545ba58e1ad24/library/std/src/thread/mod.rs:557:30
[INFO] [stdout]   38:     0x55fc2aa7cb9a - core::ops::function::FnOnce::call_once{{vtable.shim}}::h048ce291ad4f62bf
[INFO] [stdout]                                at /rustc/6067b36314ab5eb2eb47cecc464545ba58e1ad24/library/core/src/ops/function.rs:250:5
[INFO] [stdout]   39:     0x55fc2ae839eb - <alloc::boxed::Box<F,A> as core::ops::function::FnOnce<Args>>::call_once::ha52bedf99a3b4981
[INFO] [stdout]                                at /rustc/6067b36314ab5eb2eb47cecc464545ba58e1ad24/library/alloc/src/boxed.rs:2013:9
[INFO] [stdout]   40:     0x55fc2ae839eb - <alloc::boxed::Box<F,A> as core::ops::function::FnOnce<Args>>::call_once::h567748934d80ccf8
[INFO] [stdout]                                at /rustc/6067b36314ab5eb2eb47cecc464545ba58e1ad24/library/alloc/src/boxed.rs:2013:9
[INFO] [stdout]   41:     0x55fc2ae839eb - std::sys::pal::unix::thread::Thread::new::thread_start::h2d970728ae887adc
[INFO] [stdout]                                at /rustc/6067b36314ab5eb2eb47cecc464545ba58e1ad24/library/std/src/sys/pal/unix/thread.rs:106:17
[INFO] [stdout]   42:     0x72f9f67e0ac3 - <unknown>
[INFO] [stdout]   43:     0x72f9f6871a04 - clone
[INFO] [stdout]   44:                0x0 - <unknown>
[INFO] [stdout] 
[INFO] [stdout] 
[INFO] [stdout] failures:
[INFO] [stdout]     value::test::array_coercion
[INFO] [stdout]     value::test::boolean_coercion
[INFO] [stdout]     value::test::directory_coercion
[INFO] [stdout]     value::test::file_coercion
[INFO] [stdout]     value::test::float_coercion
[INFO] [stdout]     value::test::integer_coercion
[INFO] [stdout]     value::test::map_coerce
[INFO] [stdout]     value::test::non_empty_array_coercion
[INFO] [stdout]     value::test::none_coercion
[INFO] [stdout]     value::test::pair_coercion
[INFO] [stdout]     value::test::string_coercion
[INFO] [stdout] 
[INFO] [stdout] test result: FAILED. 99 passed; 11 failed; 0 ignored; 0 measured; 0 filtered out; finished in 0.25s
[INFO] [stdout] 
[INFO] [stderr] error: test failed, to rerun pass `--lib`
[INFO] running `Command { std: "docker" "inspect" "7f3663495deb63b1f785bcbe63dbbedb40c54b84bc2233f291c331b13d13353e", kill_on_drop: false }`
[INFO] running `Command { std: "docker" "rm" "-f" "7f3663495deb63b1f785bcbe63dbbedb40c54b84bc2233f291c331b13d13353e", kill_on_drop: false }`
[INFO] [stdout] 7f3663495deb63b1f785bcbe63dbbedb40c54b84bc2233f291c331b13d13353e
