[INFO] fetching crate translator_sv2 0.1.1...
[INFO] testing translator_sv2-0.1.1 against nightly-2025-01-18+rustflags=-Zrandomize-layout for randomize-layout-2
[INFO] extracting crate translator_sv2 0.1.1 into /workspace/builds/worker-6-tc2/source
[INFO] validating manifest of crates.io crate translator_sv2 0.1.1 on toolchain nightly-2025-01-18
[INFO] running `Command { std: CARGO_HOME="/workspace/cargo-home" RUSTUP_HOME="/workspace/rustup-home" "/workspace/cargo-home/bin/cargo" "+nightly-2025-01-18" "metadata" "--manifest-path" "Cargo.toml" "--no-deps", kill_on_drop: false }`
[INFO] started tweaking crates.io crate translator_sv2 0.1.1
[INFO] finished tweaking crates.io crate translator_sv2 0.1.1
[INFO] tweaked toml for crates.io crate translator_sv2 0.1.1 written to /workspace/builds/worker-6-tc2/source/Cargo.toml
[INFO] crate crates.io crate translator_sv2 0.1.1 already has a lockfile, it will not be regenerated
[INFO] running `Command { std: CARGO_HOME="/workspace/cargo-home" RUSTUP_HOME="/workspace/rustup-home" "/workspace/cargo-home/bin/cargo" "+nightly-2025-01-18" "fetch" "--manifest-path" "Cargo.toml", kill_on_drop: false }`
[INFO] running `Command { std: "docker" "create" "-v" "/var/lib/crater-agent-workspace/builds/worker-6-tc2/target:/opt/rustwide/target:rw,Z" "-v" "/var/lib/crater-agent-workspace/builds/worker-6-tc2/source:/opt/rustwide/workdir:ro,Z" "-v" "/var/lib/crater-agent-workspace/cargo-home:/opt/rustwide/cargo-home:ro,Z" "-v" "/var/lib/crater-agent-workspace/rustup-home:/opt/rustwide/rustup-home:ro,Z" "-e" "SOURCE_DIR=/opt/rustwide/workdir" "-e" "CARGO_TARGET_DIR=/opt/rustwide/target" "-e" "CARGO_HOME=/opt/rustwide/cargo-home" "-e" "RUSTUP_HOME=/opt/rustwide/rustup-home" "-w" "/opt/rustwide/workdir" "-m" "1610612736" "--user" "0:0" "--network" "none" "ghcr.io/rust-lang/crates-build-env/linux@sha256:819108c5571ea2e421544af4d832f968d213c87fbe3707a016657f43d2f853bc" "/opt/rustwide/cargo-home/bin/cargo" "+nightly-2025-01-18" "metadata" "--no-deps" "--format-version=1", kill_on_drop: false }`
[INFO] [stdout] 50cb0e0ffc856e93cfa5f3dc20854ba2970d3154443c243d2b18ec06b2d3303b
[INFO] running `Command { std: "docker" "start" "-a" "50cb0e0ffc856e93cfa5f3dc20854ba2970d3154443c243d2b18ec06b2d3303b", kill_on_drop: false }`
[INFO] running `Command { std: "docker" "inspect" "50cb0e0ffc856e93cfa5f3dc20854ba2970d3154443c243d2b18ec06b2d3303b", kill_on_drop: false }`
[INFO] running `Command { std: "docker" "rm" "-f" "50cb0e0ffc856e93cfa5f3dc20854ba2970d3154443c243d2b18ec06b2d3303b", kill_on_drop: false }`
[INFO] [stdout] 50cb0e0ffc856e93cfa5f3dc20854ba2970d3154443c243d2b18ec06b2d3303b
[INFO] running `Command { std: "docker" "create" "-v" "/var/lib/crater-agent-workspace/builds/worker-6-tc2/target:/opt/rustwide/target:rw,Z" "-v" "/var/lib/crater-agent-workspace/builds/worker-6-tc2/source:/opt/rustwide/workdir:ro,Z" "-v" "/var/lib/crater-agent-workspace/cargo-home:/opt/rustwide/cargo-home:ro,Z" "-v" "/var/lib/crater-agent-workspace/rustup-home:/opt/rustwide/rustup-home:ro,Z" "-e" "SOURCE_DIR=/opt/rustwide/workdir" "-e" "CARGO_TARGET_DIR=/opt/rustwide/target" "-e" "CARGO_INCREMENTAL=0" "-e" "RUST_BACKTRACE=full" "-e" "RUSTFLAGS=--cap-lints=forbid -Zrandomize-layout" "-e" "RUSTDOCFLAGS=--cap-lints=forbid" "-e" "CARGO_HOME=/opt/rustwide/cargo-home" "-e" "RUSTUP_HOME=/opt/rustwide/rustup-home" "-w" "/opt/rustwide/workdir" "-m" "1610612736" "--user" "0:0" "--network" "none" "ghcr.io/rust-lang/crates-build-env/linux@sha256:819108c5571ea2e421544af4d832f968d213c87fbe3707a016657f43d2f853bc" "/opt/rustwide/cargo-home/bin/cargo" "+nightly-2025-01-18" "build" "--frozen" "--message-format=json", kill_on_drop: false }`
[INFO] [stdout] 597136af847a9edd265d7214fa17a377b8adbd84264a146790f7e6bb70b8dcc7
[INFO] running `Command { std: "docker" "start" "-a" "597136af847a9edd265d7214fa17a377b8adbd84264a146790f7e6bb70b8dcc7", kill_on_drop: false }`
[INFO] [stderr]    Compiling libc v0.2.154
[INFO] [stderr]    Compiling proc-macro2 v1.0.82
[INFO] [stderr]    Compiling unicode-ident v1.0.12
[INFO] [stderr]    Compiling typenum v1.17.0
[INFO] [stderr]    Compiling version_check v0.9.4
[INFO] [stderr]    Compiling pin-project-lite v0.2.14
[INFO] [stderr]    Compiling autocfg v1.3.0
[INFO] [stderr]    Compiling cpufeatures v0.2.12
[INFO] [stderr]    Compiling cc v1.0.97
[INFO] [stderr]    Compiling opaque-debug v0.3.1
[INFO] [stderr]    Compiling once_cell v1.19.0
[INFO] [stderr]    Compiling zeroize v1.7.0
[INFO] [stderr]    Compiling subtle v2.5.0
[INFO] [stderr]    Compiling crossbeam-utils v0.8.19
[INFO] [stderr]    Compiling futures-core v0.3.30
[INFO] [stderr]    Compiling bitcoin-internals v0.2.0
[INFO] [stderr]    Compiling ppv-lite86 v0.2.17
[INFO] [stderr]    Compiling parking v2.2.0
[INFO] [stderr]    Compiling futures-io v0.3.30
[INFO] [stderr]    Compiling tracing-core v0.1.32
[INFO] [stderr]    Compiling hex-conservative v0.1.1
[INFO] [stderr]    Compiling memchr v2.7.2
[INFO] [stderr]    Compiling value-bag v1.9.0
[INFO] [stderr]    Compiling binary_codec_sv2 v1.0.0
[INFO] [stderr]    Compiling fastrand v2.1.0
[INFO] [stderr]    Compiling rustix v0.38.34
[INFO] [stderr]    Compiling log v0.4.21
[INFO] [stderr]    Compiling futures-lite v2.3.0
[INFO] [stderr]    Compiling slab v0.4.9
[INFO] [stderr]    Compiling lock_api v0.4.12
[INFO] [stderr]    Compiling generic-array v0.14.7
[INFO] [stderr]    Compiling linux-raw-sys v0.4.13
[INFO] [stderr]    Compiling bitcoin_hashes v0.13.0
[INFO] [stderr]    Compiling futures-sink v0.3.30
[INFO] [stderr]    Compiling serde v1.0.200
[INFO] [stderr]    Compiling bitflags v2.5.0
[INFO] [stderr]    Compiling smallvec v1.13.2
[INFO] [stderr]    Compiling syn v1.0.109
[INFO] [stderr]    Compiling parking_lot_core v0.9.10
[INFO] [stderr]    Compiling quote v1.0.36
[INFO] [stderr]    Compiling getrandom v0.2.15
[INFO] [stderr]    Compiling derive_codec_sv2 v1.0.0
[INFO] [stderr]    Compiling concurrent-queue v2.5.0
[INFO] [stderr]    Compiling io-lifetimes v1.0.11
[INFO] [stderr]    Compiling rand_core v0.6.4
[INFO] [stderr]    Compiling aho-corasick v1.1.3
[INFO] [stderr]    Compiling polling v2.8.0
[INFO] [stderr]    Compiling regex-syntax v0.8.3
[INFO] [stderr]    Compiling atomic-waker v1.1.2
[INFO] [stderr]    Compiling event-listener v2.5.3
[INFO] [stderr]    Compiling event-listener v4.0.3
[INFO] [stderr]    Compiling event-listener v5.3.0
[INFO] [stderr]    Compiling pin-utils v0.1.0
[INFO] [stderr]    Compiling scopeguard v1.2.0
[INFO] [stderr]    Compiling async-task v4.7.1
[INFO] [stderr]    Compiling rand_chacha v0.3.1
[INFO] [stderr]    Compiling rustix v0.37.27
[INFO] [stderr]    Compiling syn v2.0.61
[INFO] [stderr]    Compiling piper v0.2.1
[INFO] [stderr]    Compiling rand v0.8.5
[INFO] [stderr]    Compiling futures-channel v0.3.30
[INFO] [stderr]    Compiling event-listener-strategy v0.4.0
[INFO] [stderr]    Compiling event-listener-strategy v0.5.2
[INFO] [stderr]    Compiling async-io v1.13.0
[INFO] [stderr]    Compiling async-lock v3.3.0
[INFO] [stderr]    Compiling async-channel v2.2.1
[INFO] [stderr]    Compiling secp256k1-sys v0.9.2
[INFO] [stderr]    Compiling secp256k1-sys v0.6.1
[INFO] [stderr]    Compiling futures-task v0.3.30
[INFO] [stderr]    Compiling bitflags v1.3.2
[INFO] [stderr]    Compiling bitcoin_hashes v0.11.0
[INFO] [stderr]    Compiling quick-error v1.2.3
[INFO] [stderr]    Compiling waker-fn v1.1.1
[INFO] [stderr]    Compiling fastrand v1.9.0
[INFO] [stderr]    Compiling linux-raw-sys v0.3.8
[INFO] [stderr]    Compiling humantime v1.3.0
[INFO] [stderr]    Compiling parking_lot v0.12.2
[INFO] [stderr]    Compiling futures-lite v1.13.0
[INFO] [stderr]    Compiling async-executor v1.11.0
[INFO] [stderr]    Compiling crypto-common v0.1.6
[INFO] [stderr]    Compiling inout v0.1.3
[INFO] [stderr]    Compiling cipher v0.4.4
[INFO] [stderr]    Compiling universal-hash v0.5.1
[INFO] [stderr]    Compiling aead v0.5.2
[INFO] [stderr]    Compiling polyval v0.6.2
[INFO] [stderr]    Compiling poly1305 v0.8.0
[INFO] [stderr]    Compiling digest v0.9.0
[INFO] [stderr]    Compiling block-buffer v0.9.0
[INFO] [stderr]    Compiling blocking v1.6.0
[INFO] [stderr]    Compiling ctr v0.9.2
[INFO] [stderr]    Compiling aes v0.8.4
[INFO] [stderr]    Compiling chacha20 v0.9.1
[INFO] [stderr]    Compiling ghash v0.5.1
[INFO] [stderr]    Compiling async-lock v2.8.0
[INFO] [stderr]    Compiling socket2 v0.5.7
[INFO] [stderr]    Compiling num_cpus v1.16.0
[INFO] [stderr]    Compiling signal-hook-registry v1.4.2
[INFO] [stderr]    Compiling aes-gcm v0.10.3
[INFO] [stderr]    Compiling chacha20poly1305 v0.10.1
[INFO] [stderr]    Compiling buffer_sv2 v1.0.0
[INFO] [stderr]    Compiling mio v0.8.11
[INFO] [stderr]    Compiling atty v0.2.14
[INFO] [stderr]    Compiling socket2 v0.4.10
[INFO] [stderr]    Compiling bytes v1.6.0
[INFO] [stderr]    Compiling serde_json v1.0.116
[INFO] [stderr]    Compiling bech32 v0.9.1
[INFO] [stderr]    Compiling termcolor v1.4.1
[INFO] [stderr]    Compiling sha2 v0.9.9
[INFO] [stderr]    Compiling async-channel v1.9.0
[INFO] [stderr]    Compiling kv-log-macro v1.0.7
[INFO] [stderr]    Compiling ryu v1.0.18
[INFO] [stderr]    Compiling itoa v1.0.11
[INFO] [stderr]    Compiling overload v0.1.1
[INFO] [stderr]    Compiling byteorder v1.5.0
[INFO] [stderr]    Compiling regex-automata v0.4.6
[INFO] [stderr]    Compiling nu-ansi-term v0.46.0
[INFO] [stderr]    Compiling sharded-slab v0.1.7
[INFO] [stderr]    Compiling tracing-log v0.2.0
[INFO] [stderr]    Compiling bs58 v0.4.0
[INFO] [stderr]    Compiling bitcoin_hashes v0.3.2
[INFO] [stderr]    Compiling thread_local v1.1.8
[INFO] [stderr]    Compiling siphasher v1.0.1
[INFO] [stderr]    Compiling hex v0.4.3
[INFO] [stderr]    Compiling nohash-hasher v0.2.0
[INFO] [stderr]    Compiling error_handling v1.0.0
[INFO] [stderr]    Compiling tracing-subscriber v0.3.18
[INFO] [stderr]    Compiling secp256k1 v0.28.2
[INFO] [stderr]    Compiling secp256k1 v0.24.3
[INFO] [stderr]    Compiling async-attributes v1.1.2
[INFO] [stderr]    Compiling async-recursion v0.3.2
[INFO] [stderr]    Compiling const_sv2 v1.0.0
[INFO] [stderr]    Compiling const_sv2 v0.1.3
[INFO] [stderr]    Compiling noise_sv2 v1.1.0
[INFO] [stderr]    Compiling bitcoin v0.29.2
[INFO] [stderr]    Compiling tracing-attributes v0.1.27
[INFO] [stderr]    Compiling serde_derive v1.0.200
[INFO] [stderr]    Compiling futures-macro v0.3.30
[INFO] [stderr]    Compiling tokio-macros v2.2.0
[INFO] [stderr]    Compiling regex v1.10.4
[INFO] [stderr]    Compiling env_logger v0.7.1
[INFO] [stderr]    Compiling tokio v1.37.0
[INFO] [stderr]    Compiling pretty_env_logger v0.4.0
[INFO] [stderr]    Compiling futures-util v0.3.30
[INFO] [stderr]    Compiling tracing v0.1.40
[INFO] [stderr]    Compiling binary_sv2 v1.0.0
[INFO] [stderr]    Compiling polling v3.7.0
[INFO] [stderr]    Compiling framing_sv2 v1.0.0
[INFO] [stderr]    Compiling common_messages_sv2 v1.0.0
[INFO] [stderr]    Compiling job_declaration_sv2 v1.0.0
[INFO] [stderr]    Compiling mining_sv2 v1.0.0
[INFO] [stderr]    Compiling template_distribution_sv2 v1.0.0
[INFO] [stderr]    Compiling async-io v2.3.2
[INFO] [stderr]    Compiling codec_sv2 v1.0.1
[INFO] [stderr]    Compiling async-global-executor v2.4.1
[INFO] [stderr]    Compiling async-std v1.12.0
[INFO] [stderr]    Compiling stratum-common v1.0.0
[INFO] [stderr]    Compiling roles_logic_sv2 v1.0.0
[INFO] [stderr]    Compiling futures-executor v0.3.30
[INFO] [stderr]    Compiling futures v0.3.30
[INFO] [stderr]    Compiling network_helpers_sv2 v2.0.0
[INFO] [stderr]    Compiling async-compat v0.2.3
[INFO] [stderr]    Compiling tokio-util v0.7.11
[INFO] [stderr]    Compiling toml v0.5.11
[INFO] [stderr]    Compiling key-utils v1.0.0
[INFO] [stderr]    Compiling sv1_api v1.0.0
[INFO] [stderr]    Compiling translator_sv2 v0.1.1 (/opt/rustwide/workdir)
[INFO] [stdout] warning: unexpected `cfg` condition value: `cargo-clippy`
[INFO] [stdout]    --> src/lib/upstream_sv2/upstream.rs:115:16
[INFO] [stdout]     |
[INFO] [stdout] 115 |     #[cfg_attr(feature = "cargo-clippy", allow(clippy::too_many_arguments))]
[INFO] [stdout]     |                ^^^^^^^^^^^^^^^^^^^^^^^^
[INFO] [stdout]     |
[INFO] [stdout]     = note: expected values for `feature` are: `with_serde`
[INFO] [stdout]     = help: consider adding `cargo-clippy` as a feature in `Cargo.toml`
[INFO] [stdout]     = note: see <https://doc.rust-lang.org/nightly/rustc/check-cfg/cargo-specifics.html> for more information about checking conditional configuration
[INFO] [stdout]     = note: `#[warn(unexpected_cfgs)]` on by default
[INFO] [stdout] 
[INFO] [stdout] 
[INFO] [stdout] warning: unexpected `cfg` condition value: `cargo-clippy`
[INFO] [stdout]    --> src/lib/upstream_sv2/upstream.rs:115:16
[INFO] [stdout]     |
[INFO] [stdout] 115 |     #[cfg_attr(feature = "cargo-clippy", allow(clippy::too_many_arguments))]
[INFO] [stdout]     |                ^^^^^^^^^^^^^^^^^^^^^^^^
[INFO] [stdout]     |
[INFO] [stdout]     = note: expected values for `feature` are: `with_serde`
[INFO] [stdout]     = help: consider adding `cargo-clippy` as a feature in `Cargo.toml`
[INFO] [stdout]     = note: see <https://doc.rust-lang.org/nightly/rustc/check-cfg/cargo-specifics.html> for more information about checking conditional configuration
[INFO] [stdout]     = note: `#[warn(unexpected_cfgs)]` on by default
[INFO] [stdout] 
[INFO] [stdout] 
[INFO] [stdout] warning: fields `extranonce` and `extranonce2_len` are never read
[INFO] [stdout]   --> src/lib/downstream_sv1/mod.rs:27:9
[INFO] [stdout]    |
[INFO] [stdout] 24 | pub struct SubmitShareWithChannelId {
[INFO] [stdout]    |            ------------------------ fields in this struct
[INFO] [stdout] ...
[INFO] [stdout] 27 |     pub extranonce: Vec<u8>,
[INFO] [stdout]    |         ^^^^^^^^^^
[INFO] [stdout] 28 |     pub extranonce2_len: usize,
[INFO] [stdout]    |         ^^^^^^^^^^^^^^^
[INFO] [stdout]    |
[INFO] [stdout]    = note: `SubmitShareWithChannelId` has a derived impl for the trait `Debug`, but this is intentionally ignored during dead code analysis
[INFO] [stdout]    = note: `#[warn(dead_code)]` on by default
[INFO] [stdout] 
[INFO] [stdout] 
[INFO] [stdout] warning: field `0` is never read
[INFO] [stdout]   --> src/lib/error.rs:15:9
[INFO] [stdout]    |
[INFO] [stdout] 14 |     SubmitSharesExtended(
[INFO] [stdout]    |     -------------------- field in this variant
[INFO] [stdout] 15 |         async_channel::SendError<roles_logic_sv2::mining_sv2::SubmitSharesExtended<'a>>,
[INFO] [stdout]    |         ^^^^^^^^^^^^^^^^^^^^^^^^^^^^^^^^^^^^^^^^^^^^^^^^^^^^^^^^^^^^^^^^^^^^^^^^^^^^^^^
[INFO] [stdout]    |
[INFO] [stdout]    = note: `ChannelSendError` has a derived impl for the trait `Debug`, but this is intentionally ignored during dead code analysis
[INFO] [stdout] help: consider changing the field to be of unit type to suppress this warning while preserving the field numbering, or remove the field
[INFO] [stdout]    |
[INFO] [stdout] 15 |         (),
[INFO] [stdout]    |         ~~
[INFO] [stdout] 
[INFO] [stdout] 
[INFO] [stdout] warning: field `0` is never read
[INFO] [stdout]   --> src/lib/error.rs:17:20
[INFO] [stdout]    |
[INFO] [stdout] 17 |     SetNewPrevHash(async_channel::SendError<roles_logic_sv2::mining_sv2::SetNewPrevHash<'a>>),
[INFO] [stdout]    |     -------------- ^^^^^^^^^^^^^^^^^^^^^^^^^^^^^^^^^^^^^^^^^^^^^^^^^^^^^^^^^^^^^^^^^^^^^^^^^
[INFO] [stdout]    |     |
[INFO] [stdout]    |     field in this variant
[INFO] [stdout]    |
[INFO] [stdout]    = note: `ChannelSendError` has a derived impl for the trait `Debug`, but this is intentionally ignored during dead code analysis
[INFO] [stdout] help: consider changing the field to be of unit type to suppress this warning while preserving the field numbering, or remove the field
[INFO] [stdout]    |
[INFO] [stdout] 17 |     SetNewPrevHash(()),
[INFO] [stdout]    |                    ~~
[INFO] [stdout] 
[INFO] [stdout] 
[INFO] [stdout] warning: field `0` is never read
[INFO] [stdout]   --> src/lib/error.rs:18:26
[INFO] [stdout]    |
[INFO] [stdout] 18 |     NewExtendedMiningJob(async_channel::SendError<NewExtendedMiningJob<'a>>),
[INFO] [stdout]    |     -------------------- ^^^^^^^^^^^^^^^^^^^^^^^^^^^^^^^^^^^^^^^^^^^^^^^^^^
[INFO] [stdout]    |     |
[INFO] [stdout]    |     field in this variant
[INFO] [stdout]    |
[INFO] [stdout]    = note: `ChannelSendError` has a derived impl for the trait `Debug`, but this is intentionally ignored during dead code analysis
[INFO] [stdout] help: consider changing the field to be of unit type to suppress this warning while preserving the field numbering, or remove the field
[INFO] [stdout]    |
[INFO] [stdout] 18 |     NewExtendedMiningJob(()),
[INFO] [stdout]    |                          ~~
[INFO] [stdout] 
[INFO] [stdout] 
[INFO] [stdout] warning: field `0` is never read
[INFO] [stdout]   --> src/lib/error.rs:19:12
[INFO] [stdout]    |
[INFO] [stdout] 19 |     Notify(tokio::sync::broadcast::error::SendError<Notify<'a>>),
[INFO] [stdout]    |     ------ ^^^^^^^^^^^^^^^^^^^^^^^^^^^^^^^^^^^^^^^^^^^^^^^^^^^^
[INFO] [stdout]    |     |
[INFO] [stdout]    |     field in this variant
[INFO] [stdout]    |
[INFO] [stdout]    = note: `ChannelSendError` has a derived impl for the trait `Debug`, but this is intentionally ignored during dead code analysis
[INFO] [stdout] help: consider changing the field to be of unit type to suppress this warning while preserving the field numbering, or remove the field
[INFO] [stdout]    |
[INFO] [stdout] 19 |     Notify(()),
[INFO] [stdout]    |            ~~
[INFO] [stdout] 
[INFO] [stdout] 
[INFO] [stdout] warning: field `0` is never read
[INFO] [stdout]   --> src/lib/error.rs:20:15
[INFO] [stdout]    |
[INFO] [stdout] 20 |     V1Message(async_channel::SendError<v1::Message>),
[INFO] [stdout]    |     --------- ^^^^^^^^^^^^^^^^^^^^^^^^^^^^^^^^^^^^^
[INFO] [stdout]    |     |
[INFO] [stdout]    |     field in this variant
[INFO] [stdout]    |
[INFO] [stdout]    = note: `ChannelSendError` has a derived impl for the trait `Debug`, but this is intentionally ignored during dead code analysis
[INFO] [stdout] help: consider changing the field to be of unit type to suppress this warning while preserving the field numbering, or remove the field
[INFO] [stdout]    |
[INFO] [stdout] 20 |     V1Message(()),
[INFO] [stdout]    |               ~~
[INFO] [stdout] 
[INFO] [stdout] 
[INFO] [stdout] warning: field `0` is never read
[INFO] [stdout]   --> src/lib/error.rs:21:13
[INFO] [stdout]    |
[INFO] [stdout] 21 |     General(String),
[INFO] [stdout]    |     ------- ^^^^^^
[INFO] [stdout]    |     |
[INFO] [stdout]    |     field in this variant
[INFO] [stdout]    |
[INFO] [stdout]    = note: `ChannelSendError` has a derived impl for the trait `Debug`, but this is intentionally ignored during dead code analysis
[INFO] [stdout] help: consider changing the field to be of unit type to suppress this warning while preserving the field numbering, or remove the field
[INFO] [stdout]    |
[INFO] [stdout] 21 |     General(()),
[INFO] [stdout]    |             ~~
[INFO] [stdout] 
[INFO] [stdout] 
[INFO] [stdout] warning: field `0` is never read
[INFO] [stdout]   --> src/lib/error.rs:22:16
[INFO] [stdout]    |
[INFO] [stdout] 22 |     Extranonce(async_channel::SendError<(ExtendedExtranonce, u32)>),
[INFO] [stdout]    |     ---------- ^^^^^^^^^^^^^^^^^^^^^^^^^^^^^^^^^^^^^^^^^^^^^^^^^^^
[INFO] [stdout]    |     |
[INFO] [stdout]    |     field in this variant
[INFO] [stdout]    |
[INFO] [stdout]    = note: `ChannelSendError` has a derived impl for the trait `Debug`, but this is intentionally ignored during dead code analysis
[INFO] [stdout] help: consider changing the field to be of unit type to suppress this warning while preserving the field numbering, or remove the field
[INFO] [stdout]    |
[INFO] [stdout] 22 |     Extranonce(()),
[INFO] [stdout]    |                ~~
[INFO] [stdout] 
[INFO] [stdout] 
[INFO] [stdout] warning: field `0` is never read
[INFO] [stdout]   --> src/lib/error.rs:24:9
[INFO] [stdout]    |
[INFO] [stdout] 23 |     SetCustomMiningJob(
[INFO] [stdout]    |     ------------------ field in this variant
[INFO] [stdout] 24 |         async_channel::SendError<roles_logic_sv2::mining_sv2::SetCustomMiningJob<'a>>,
[INFO] [stdout]    |         ^^^^^^^^^^^^^^^^^^^^^^^^^^^^^^^^^^^^^^^^^^^^^^^^^^^^^^^^^^^^^^^^^^^^^^^^^^^^^
[INFO] [stdout]    |
[INFO] [stdout]    = note: `ChannelSendError` has a derived impl for the trait `Debug`, but this is intentionally ignored during dead code analysis
[INFO] [stdout] help: consider changing the field to be of unit type to suppress this warning while preserving the field numbering, or remove the field
[INFO] [stdout]    |
[INFO] [stdout] 24 |         (),
[INFO] [stdout]    |         ~~
[INFO] [stdout] 
[INFO] [stdout] 
[INFO] [stdout] warning: field `0` is never read
[INFO] [stdout]   --> src/lib/error.rs:27:9
[INFO] [stdout]    |
[INFO] [stdout] 26 |       NewTemplate(
[INFO] [stdout]    |       ----------- field in this variant
[INFO] [stdout] 27 | /         async_channel::SendError<(
[INFO] [stdout] 28 | |             roles_logic_sv2::template_distribution_sv2::SetNewPrevHash<'a>,
[INFO] [stdout] 29 | |             Vec<u8>,
[INFO] [stdout] 30 | |         )>,
[INFO] [stdout]    | |__________^
[INFO] [stdout]    |
[INFO] [stdout]    = note: `ChannelSendError` has a derived impl for the trait `Debug`, but this is intentionally ignored during dead code analysis
[INFO] [stdout] help: consider changing the field to be of unit type to suppress this warning while preserving the field numbering, or remove the field
[INFO] [stdout]    |
[INFO] [stdout] 27 |         (),
[INFO] [stdout]    |         ~~
[INFO] [stdout] 
[INFO] [stdout] 
[INFO] [stdout] warning: field `target` is never read
[INFO] [stdout]    --> src/lib/proxy/bridge.rs:503:9
[INFO] [stdout]     |
[INFO] [stdout] 499 | pub struct OpenSv1Downstream {
[INFO] [stdout]     |            ----------------- field in this struct
[INFO] [stdout] ...
[INFO] [stdout] 503 |     pub target: Arc<Mutex<Vec<u8>>>,
[INFO] [stdout]     |         ^^^^^^
[INFO] [stdout] 
[INFO] [stdout] 
[INFO] [stdout] warning: fields `timestamp_of_last_update` and `should_aggregate` are never read
[INFO] [stdout]   --> src/lib/proxy_config.rs:40:9
[INFO] [stdout]    |
[INFO] [stdout] 36 | pub struct UpstreamDifficultyConfig {
[INFO] [stdout]    |            ------------------------ fields in this struct
[INFO] [stdout] ...
[INFO] [stdout] 40 |     pub timestamp_of_last_update: u64,
[INFO] [stdout]    |         ^^^^^^^^^^^^^^^^^^^^^^^^
[INFO] [stdout] 41 |     #[serde(default = "bool::default")]
[INFO] [stdout] 42 |     pub should_aggregate: bool,
[INFO] [stdout]    |         ^^^^^^^^^^^^^^^^
[INFO] [stdout]    |
[INFO] [stdout]    = note: `UpstreamDifficultyConfig` has derived impls for the traits `Clone` and `Debug`, but these are intentionally ignored during dead code analysis
[INFO] [stdout] 
[INFO] [stdout] 
[INFO] [stdout] warning: struct `Sv2MiningConnection` is never constructed
[INFO] [stdout]   --> src/lib/upstream_sv2/mod.rs:15:12
[INFO] [stdout]    |
[INFO] [stdout] 15 | pub struct Sv2MiningConnection {
[INFO] [stdout]    |            ^^^^^^^^^^^^^^^^^^^
[INFO] [stdout]    |
[INFO] [stdout]    = note: `Sv2MiningConnection` has derived impls for the traits `Debug` and `Clone`, but these are intentionally ignored during dead code analysis
[INFO] [stdout] 
[INFO] [stdout] 
[INFO] [stderr]     Finished `dev` profile [unoptimized + debuginfo] target(s) in 39.10s
[INFO] running `Command { std: "docker" "inspect" "597136af847a9edd265d7214fa17a377b8adbd84264a146790f7e6bb70b8dcc7", kill_on_drop: false }`
[INFO] running `Command { std: "docker" "rm" "-f" "597136af847a9edd265d7214fa17a377b8adbd84264a146790f7e6bb70b8dcc7", kill_on_drop: false }`
[INFO] [stdout] 597136af847a9edd265d7214fa17a377b8adbd84264a146790f7e6bb70b8dcc7
[INFO] running `Command { std: "docker" "create" "-v" "/var/lib/crater-agent-workspace/builds/worker-6-tc2/target:/opt/rustwide/target:rw,Z" "-v" "/var/lib/crater-agent-workspace/builds/worker-6-tc2/source:/opt/rustwide/workdir:ro,Z" "-v" "/var/lib/crater-agent-workspace/cargo-home:/opt/rustwide/cargo-home:ro,Z" "-v" "/var/lib/crater-agent-workspace/rustup-home:/opt/rustwide/rustup-home:ro,Z" "-e" "SOURCE_DIR=/opt/rustwide/workdir" "-e" "CARGO_TARGET_DIR=/opt/rustwide/target" "-e" "CARGO_INCREMENTAL=0" "-e" "RUST_BACKTRACE=full" "-e" "RUSTFLAGS=--cap-lints=forbid -Zrandomize-layout" "-e" "RUSTDOCFLAGS=--cap-lints=forbid" "-e" "CARGO_HOME=/opt/rustwide/cargo-home" "-e" "RUSTUP_HOME=/opt/rustwide/rustup-home" "-w" "/opt/rustwide/workdir" "-m" "1610612736" "--user" "0:0" "--network" "none" "ghcr.io/rust-lang/crates-build-env/linux@sha256:819108c5571ea2e421544af4d832f968d213c87fbe3707a016657f43d2f853bc" "/opt/rustwide/cargo-home/bin/cargo" "+nightly-2025-01-18" "test" "--frozen" "--no-run" "--message-format=json", kill_on_drop: false }`
[INFO] [stdout] b10daeaa1447db8fc1a275391b3a557b19aadf0b89c963cbb2458dd0d1e87d37
[INFO] running `Command { std: "docker" "start" "-a" "b10daeaa1447db8fc1a275391b3a557b19aadf0b89c963cbb2458dd0d1e87d37", kill_on_drop: false }`
[INFO] [stderr]    Compiling crypto-common v0.1.6
[INFO] [stderr]    Compiling rand v0.8.5
[INFO] [stderr]    Compiling block-buffer v0.10.4
[INFO] [stderr]    Compiling cipher v0.4.4
[INFO] [stderr]    Compiling universal-hash v0.5.1
[INFO] [stderr]    Compiling aead v0.5.2
[INFO] [stderr]    Compiling digest v0.10.7
[INFO] [stderr]    Compiling polyval v0.6.2
[INFO] [stderr]    Compiling poly1305 v0.8.0
[INFO] [stderr]    Compiling ctr v0.9.2
[INFO] [stderr]    Compiling aes v0.8.4
[INFO] [stderr]    Compiling chacha20 v0.9.1
[INFO] [stderr]    Compiling sha2 v0.10.8
[INFO] [stderr]    Compiling ghash v0.5.1
[INFO] [stderr]    Compiling chacha20poly1305 v0.10.1
[INFO] [stderr]    Compiling aes-gcm v0.10.3
[INFO] [stderr]    Compiling buffer_sv2 v1.0.0
[INFO] [stderr]    Compiling secp256k1 v0.28.2
[INFO] [stderr]    Compiling binary_codec_sv2 v1.0.0
[INFO] [stderr]    Compiling const_sv2 v1.0.0
[INFO] [stderr]    Compiling const_sv2 v0.1.3
[INFO] [stderr]    Compiling key-utils v1.0.0
[INFO] [stderr]    Compiling noise_sv2 v1.1.0
[INFO] [stderr]    Compiling binary_sv2 v1.0.0
[INFO] [stderr]    Compiling framing_sv2 v1.0.0
[INFO] [stderr]    Compiling job_declaration_sv2 v1.0.0
[INFO] [stderr]    Compiling template_distribution_sv2 v1.0.0
[INFO] [stderr]    Compiling common_messages_sv2 v1.0.0
[INFO] [stderr]    Compiling mining_sv2 v1.0.0
[INFO] [stderr]    Compiling sv1_api v1.0.0
[INFO] [stderr]    Compiling codec_sv2 v1.0.1
[INFO] [stderr]    Compiling network_helpers_sv2 v2.0.0
[INFO] [stderr]    Compiling roles_logic_sv2 v1.0.0
[INFO] [stderr]    Compiling translator_sv2 v0.1.1 (/opt/rustwide/workdir)
[INFO] [stdout] warning: unexpected `cfg` condition value: `cargo-clippy`
[INFO] [stdout]    --> src/lib/upstream_sv2/upstream.rs:115:16
[INFO] [stdout]     |
[INFO] [stdout] 115 |     #[cfg_attr(feature = "cargo-clippy", allow(clippy::too_many_arguments))]
[INFO] [stdout]     |                ^^^^^^^^^^^^^^^^^^^^^^^^
[INFO] [stdout]     |
[INFO] [stdout]     = note: expected values for `feature` are: `with_serde`
[INFO] [stdout]     = help: consider adding `cargo-clippy` as a feature in `Cargo.toml`
[INFO] [stdout]     = note: see <https://doc.rust-lang.org/nightly/rustc/check-cfg/cargo-specifics.html> for more information about checking conditional configuration
[INFO] [stdout]     = note: `#[warn(unexpected_cfgs)]` on by default
[INFO] [stdout] 
[INFO] [stdout] 
[INFO] [stdout] warning: unexpected `cfg` condition value: `cargo-clippy`
[INFO] [stdout]    --> src/lib/upstream_sv2/upstream.rs:115:16
[INFO] [stdout]     |
[INFO] [stdout] 115 |     #[cfg_attr(feature = "cargo-clippy", allow(clippy::too_many_arguments))]
[INFO] [stdout]     |                ^^^^^^^^^^^^^^^^^^^^^^^^
[INFO] [stdout]     |
[INFO] [stdout]     = note: expected values for `feature` are: `with_serde`
[INFO] [stdout]     = help: consider adding `cargo-clippy` as a feature in `Cargo.toml`
[INFO] [stdout]     = note: see <https://doc.rust-lang.org/nightly/rustc/check-cfg/cargo-specifics.html> for more information about checking conditional configuration
[INFO] [stdout]     = note: `#[warn(unexpected_cfgs)]` on by default
[INFO] [stdout] 
[INFO] [stdout] 
[INFO] [stdout] warning: fields `tx_sv1_submit`, `rx_sv2_submit_shares_ext`, `tx_sv2_set_new_prev_hash`, `tx_sv2_new_ext_mining_job`, and `rx_sv1_notify` are never read
[INFO] [stdout]    --> src/lib/proxy/bridge.rs:518:17
[INFO] [stdout]     |
[INFO] [stdout] 517 |         pub struct BridgeInterface {
[INFO] [stdout]     |                    --------------- fields in this struct
[INFO] [stdout] 518 |             pub tx_sv1_submit: Sender<DownstreamMessages>,
[INFO] [stdout]     |                 ^^^^^^^^^^^^^
[INFO] [stdout] 519 |             pub rx_sv2_submit_shares_ext: Receiver<SubmitSharesExtended<'static>>,
[INFO] [stdout]     |                 ^^^^^^^^^^^^^^^^^^^^^^^^
[INFO] [stdout] 520 |             pub tx_sv2_set_new_prev_hash: Sender<SetNewPrevHash<'static>>,
[INFO] [stdout]     |                 ^^^^^^^^^^^^^^^^^^^^^^^^
[INFO] [stdout] 521 |             pub tx_sv2_new_ext_mining_job: Sender<NewExtendedMiningJob<'static>>,
[INFO] [stdout]     |                 ^^^^^^^^^^^^^^^^^^^^^^^^^
[INFO] [stdout] 522 |             pub rx_sv1_notify: broadcast::Receiver<server_to_client::Notify<'static>>,
[INFO] [stdout]     |                 ^^^^^^^^^^^^^
[INFO] [stdout]     |
[INFO] [stdout]     = note: `#[warn(dead_code)]` on by default
[INFO] [stdout] 
[INFO] [stdout] 
[INFO] [stdout] warning: unexpected `cfg` condition value: `cargo-clippy`
[INFO] [stdout]    --> src/lib/upstream_sv2/upstream.rs:115:16
[INFO] [stdout]     |
[INFO] [stdout] 115 |     #[cfg_attr(feature = "cargo-clippy", allow(clippy::too_many_arguments))]
[INFO] [stdout]     |                ^^^^^^^^^^^^^^^^^^^^^^^^
[INFO] [stdout]     |
[INFO] [stdout]     = note: expected values for `feature` are: `with_serde`
[INFO] [stdout]     = help: consider adding `cargo-clippy` as a feature in `Cargo.toml`
[INFO] [stdout]     = note: see <https://doc.rust-lang.org/nightly/rustc/check-cfg/cargo-specifics.html> for more information about checking conditional configuration
[INFO] [stdout]     = note: `#[warn(unexpected_cfgs)]` on by default
[INFO] [stdout] 
[INFO] [stdout] 
[INFO] [stdout] warning: fields `extranonce` and `extranonce2_len` are never read
[INFO] [stdout]   --> src/lib/downstream_sv1/mod.rs:27:9
[INFO] [stdout]    |
[INFO] [stdout] 24 | pub struct SubmitShareWithChannelId {
[INFO] [stdout]    |            ------------------------ fields in this struct
[INFO] [stdout] ...
[INFO] [stdout] 27 |     pub extranonce: Vec<u8>,
[INFO] [stdout]    |         ^^^^^^^^^^
[INFO] [stdout] 28 |     pub extranonce2_len: usize,
[INFO] [stdout]    |         ^^^^^^^^^^^^^^^
[INFO] [stdout]    |
[INFO] [stdout]    = note: `SubmitShareWithChannelId` has a derived impl for the trait `Debug`, but this is intentionally ignored during dead code analysis
[INFO] [stdout]    = note: `#[warn(dead_code)]` on by default
[INFO] [stdout] 
[INFO] [stdout] 
[INFO] [stdout] warning: field `0` is never read
[INFO] [stdout]   --> src/lib/error.rs:15:9
[INFO] [stdout]    |
[INFO] [stdout] 14 |     SubmitSharesExtended(
[INFO] [stdout]    |     -------------------- field in this variant
[INFO] [stdout] 15 |         async_channel::SendError<roles_logic_sv2::mining_sv2::SubmitSharesExtended<'a>>,
[INFO] [stdout]    |         ^^^^^^^^^^^^^^^^^^^^^^^^^^^^^^^^^^^^^^^^^^^^^^^^^^^^^^^^^^^^^^^^^^^^^^^^^^^^^^^
[INFO] [stdout]    |
[INFO] [stdout]    = note: `ChannelSendError` has a derived impl for the trait `Debug`, but this is intentionally ignored during dead code analysis
[INFO] [stdout] help: consider changing the field to be of unit type to suppress this warning while preserving the field numbering, or remove the field
[INFO] [stdout]    |
[INFO] [stdout] 15 |         (),
[INFO] [stdout]    |         ~~
[INFO] [stdout] 
[INFO] [stdout] 
[INFO] [stdout] warning: field `0` is never read
[INFO] [stdout]   --> src/lib/error.rs:17:20
[INFO] [stdout]    |
[INFO] [stdout] 17 |     SetNewPrevHash(async_channel::SendError<roles_logic_sv2::mining_sv2::SetNewPrevHash<'a>>),
[INFO] [stdout]    |     -------------- ^^^^^^^^^^^^^^^^^^^^^^^^^^^^^^^^^^^^^^^^^^^^^^^^^^^^^^^^^^^^^^^^^^^^^^^^^
[INFO] [stdout]    |     |
[INFO] [stdout]    |     field in this variant
[INFO] [stdout]    |
[INFO] [stdout]    = note: `ChannelSendError` has a derived impl for the trait `Debug`, but this is intentionally ignored during dead code analysis
[INFO] [stdout] help: consider changing the field to be of unit type to suppress this warning while preserving the field numbering, or remove the field
[INFO] [stdout]    |
[INFO] [stdout] 17 |     SetNewPrevHash(()),
[INFO] [stdout]    |                    ~~
[INFO] [stdout] 
[INFO] [stdout] 
[INFO] [stdout] warning: field `0` is never read
[INFO] [stdout]   --> src/lib/error.rs:18:26
[INFO] [stdout]    |
[INFO] [stdout] 18 |     NewExtendedMiningJob(async_channel::SendError<NewExtendedMiningJob<'a>>),
[INFO] [stdout]    |     -------------------- ^^^^^^^^^^^^^^^^^^^^^^^^^^^^^^^^^^^^^^^^^^^^^^^^^^
[INFO] [stdout]    |     |
[INFO] [stdout]    |     field in this variant
[INFO] [stdout]    |
[INFO] [stdout]    = note: `ChannelSendError` has a derived impl for the trait `Debug`, but this is intentionally ignored during dead code analysis
[INFO] [stdout] help: consider changing the field to be of unit type to suppress this warning while preserving the field numbering, or remove the field
[INFO] [stdout]    |
[INFO] [stdout] 18 |     NewExtendedMiningJob(()),
[INFO] [stdout]    |                          ~~
[INFO] [stdout] 
[INFO] [stdout] 
[INFO] [stdout] warning: field `0` is never read
[INFO] [stdout]   --> src/lib/error.rs:19:12
[INFO] [stdout]    |
[INFO] [stdout] 19 |     Notify(tokio::sync::broadcast::error::SendError<Notify<'a>>),
[INFO] [stdout]    |     ------ ^^^^^^^^^^^^^^^^^^^^^^^^^^^^^^^^^^^^^^^^^^^^^^^^^^^^
[INFO] [stdout]    |     |
[INFO] [stdout]    |     field in this variant
[INFO] [stdout]    |
[INFO] [stdout]    = note: `ChannelSendError` has a derived impl for the trait `Debug`, but this is intentionally ignored during dead code analysis
[INFO] [stdout] help: consider changing the field to be of unit type to suppress this warning while preserving the field numbering, or remove the field
[INFO] [stdout]    |
[INFO] [stdout] 19 |     Notify(()),
[INFO] [stdout]    |            ~~
[INFO] [stdout] 
[INFO] [stdout] 
[INFO] [stdout] warning: field `0` is never read
[INFO] [stdout]   --> src/lib/error.rs:20:15
[INFO] [stdout]    |
[INFO] [stdout] 20 |     V1Message(async_channel::SendError<v1::Message>),
[INFO] [stdout]    |     --------- ^^^^^^^^^^^^^^^^^^^^^^^^^^^^^^^^^^^^^
[INFO] [stdout]    |     |
[INFO] [stdout]    |     field in this variant
[INFO] [stdout]    |
[INFO] [stdout]    = note: `ChannelSendError` has a derived impl for the trait `Debug`, but this is intentionally ignored during dead code analysis
[INFO] [stdout] help: consider changing the field to be of unit type to suppress this warning while preserving the field numbering, or remove the field
[INFO] [stdout]    |
[INFO] [stdout] 20 |     V1Message(()),
[INFO] [stdout]    |               ~~
[INFO] [stdout] 
[INFO] [stdout] 
[INFO] [stdout] warning: field `0` is never read
[INFO] [stdout]   --> src/lib/error.rs:21:13
[INFO] [stdout]    |
[INFO] [stdout] 21 |     General(String),
[INFO] [stdout]    |     ------- ^^^^^^
[INFO] [stdout]    |     |
[INFO] [stdout]    |     field in this variant
[INFO] [stdout]    |
[INFO] [stdout]    = note: `ChannelSendError` has a derived impl for the trait `Debug`, but this is intentionally ignored during dead code analysis
[INFO] [stdout] help: consider changing the field to be of unit type to suppress this warning while preserving the field numbering, or remove the field
[INFO] [stdout]    |
[INFO] [stdout] 21 |     General(()),
[INFO] [stdout]    |             ~~
[INFO] [stdout] 
[INFO] [stdout] 
[INFO] [stdout] warning: field `0` is never read
[INFO] [stdout]   --> src/lib/error.rs:22:16
[INFO] [stdout]    |
[INFO] [stdout] 22 |     Extranonce(async_channel::SendError<(ExtendedExtranonce, u32)>),
[INFO] [stdout]    |     ---------- ^^^^^^^^^^^^^^^^^^^^^^^^^^^^^^^^^^^^^^^^^^^^^^^^^^^
[INFO] [stdout]    |     |
[INFO] [stdout]    |     field in this variant
[INFO] [stdout]    |
[INFO] [stdout]    = note: `ChannelSendError` has a derived impl for the trait `Debug`, but this is intentionally ignored during dead code analysis
[INFO] [stdout] help: consider changing the field to be of unit type to suppress this warning while preserving the field numbering, or remove the field
[INFO] [stdout]    |
[INFO] [stdout] 22 |     Extranonce(()),
[INFO] [stdout]    |                ~~
[INFO] [stdout] 
[INFO] [stdout] 
[INFO] [stdout] warning: field `0` is never read
[INFO] [stdout]   --> src/lib/error.rs:24:9
[INFO] [stdout]    |
[INFO] [stdout] 23 |     SetCustomMiningJob(
[INFO] [stdout]    |     ------------------ field in this variant
[INFO] [stdout] 24 |         async_channel::SendError<roles_logic_sv2::mining_sv2::SetCustomMiningJob<'a>>,
[INFO] [stdout]    |         ^^^^^^^^^^^^^^^^^^^^^^^^^^^^^^^^^^^^^^^^^^^^^^^^^^^^^^^^^^^^^^^^^^^^^^^^^^^^^
[INFO] [stdout]    |
[INFO] [stdout]    = note: `ChannelSendError` has a derived impl for the trait `Debug`, but this is intentionally ignored during dead code analysis
[INFO] [stdout] help: consider changing the field to be of unit type to suppress this warning while preserving the field numbering, or remove the field
[INFO] [stdout]    |
[INFO] [stdout] 24 |         (),
[INFO] [stdout]    |         ~~
[INFO] [stdout] 
[INFO] [stdout] 
[INFO] [stdout] warning: field `0` is never read
[INFO] [stdout]   --> src/lib/error.rs:27:9
[INFO] [stdout]    |
[INFO] [stdout] 26 |       NewTemplate(
[INFO] [stdout]    |       ----------- field in this variant
[INFO] [stdout] 27 | /         async_channel::SendError<(
[INFO] [stdout] 28 | |             roles_logic_sv2::template_distribution_sv2::SetNewPrevHash<'a>,
[INFO] [stdout] 29 | |             Vec<u8>,
[INFO] [stdout] 30 | |         )>,
[INFO] [stdout]    | |__________^
[INFO] [stdout]    |
[INFO] [stdout]    = note: `ChannelSendError` has a derived impl for the trait `Debug`, but this is intentionally ignored during dead code analysis
[INFO] [stdout] help: consider changing the field to be of unit type to suppress this warning while preserving the field numbering, or remove the field
[INFO] [stdout]    |
[INFO] [stdout] 27 |         (),
[INFO] [stdout]    |         ~~
[INFO] [stdout] 
[INFO] [stdout] 
[INFO] [stdout] warning: field `target` is never read
[INFO] [stdout]    --> src/lib/proxy/bridge.rs:503:9
[INFO] [stdout]     |
[INFO] [stdout] 499 | pub struct OpenSv1Downstream {
[INFO] [stdout]     |            ----------------- field in this struct
[INFO] [stdout] ...
[INFO] [stdout] 503 |     pub target: Arc<Mutex<Vec<u8>>>,
[INFO] [stdout]     |         ^^^^^^
[INFO] [stdout] 
[INFO] [stdout] 
[INFO] [stdout] warning: fields `tx_sv1_submit`, `rx_sv2_submit_shares_ext`, `tx_sv2_set_new_prev_hash`, `tx_sv2_new_ext_mining_job`, and `rx_sv1_notify` are never read
[INFO] [stdout]    --> src/lib/proxy/bridge.rs:518:17
[INFO] [stdout]     |
[INFO] [stdout] 517 |         pub struct BridgeInterface {
[INFO] [stdout]     |                    --------------- fields in this struct
[INFO] [stdout] 518 |             pub tx_sv1_submit: Sender<DownstreamMessages>,
[INFO] [stdout]     |                 ^^^^^^^^^^^^^
[INFO] [stdout] 519 |             pub rx_sv2_submit_shares_ext: Receiver<SubmitSharesExtended<'static>>,
[INFO] [stdout]     |                 ^^^^^^^^^^^^^^^^^^^^^^^^
[INFO] [stdout] 520 |             pub tx_sv2_set_new_prev_hash: Sender<SetNewPrevHash<'static>>,
[INFO] [stdout]     |                 ^^^^^^^^^^^^^^^^^^^^^^^^
[INFO] [stdout] 521 |             pub tx_sv2_new_ext_mining_job: Sender<NewExtendedMiningJob<'static>>,
[INFO] [stdout]     |                 ^^^^^^^^^^^^^^^^^^^^^^^^^
[INFO] [stdout] 522 |             pub rx_sv1_notify: broadcast::Receiver<server_to_client::Notify<'static>>,
[INFO] [stdout]     |                 ^^^^^^^^^^^^^
[INFO] [stdout] 
[INFO] [stdout] 
[INFO] [stdout] warning: fields `timestamp_of_last_update` and `should_aggregate` are never read
[INFO] [stdout]   --> src/lib/proxy_config.rs:40:9
[INFO] [stdout]    |
[INFO] [stdout] 36 | pub struct UpstreamDifficultyConfig {
[INFO] [stdout]    |            ------------------------ fields in this struct
[INFO] [stdout] ...
[INFO] [stdout] 40 |     pub timestamp_of_last_update: u64,
[INFO] [stdout]    |         ^^^^^^^^^^^^^^^^^^^^^^^^
[INFO] [stdout] 41 |     #[serde(default = "bool::default")]
[INFO] [stdout] 42 |     pub should_aggregate: bool,
[INFO] [stdout]    |         ^^^^^^^^^^^^^^^^
[INFO] [stdout]    |
[INFO] [stdout]    = note: `UpstreamDifficultyConfig` has derived impls for the traits `Clone` and `Debug`, but these are intentionally ignored during dead code analysis
[INFO] [stdout] 
[INFO] [stdout] 
[INFO] [stdout] warning: struct `Sv2MiningConnection` is never constructed
[INFO] [stdout]   --> src/lib/upstream_sv2/mod.rs:15:12
[INFO] [stdout]    |
[INFO] [stdout] 15 | pub struct Sv2MiningConnection {
[INFO] [stdout]    |            ^^^^^^^^^^^^^^^^^^^
[INFO] [stdout]    |
[INFO] [stdout]    = note: `Sv2MiningConnection` has derived impls for the traits `Debug` and `Clone`, but these are intentionally ignored during dead code analysis
[INFO] [stdout] 
[INFO] [stdout] 
[INFO] [stderr]     Finished `test` profile [unoptimized + debuginfo] target(s) in 13.83s
[INFO] running `Command { std: "docker" "inspect" "b10daeaa1447db8fc1a275391b3a557b19aadf0b89c963cbb2458dd0d1e87d37", kill_on_drop: false }`
[INFO] running `Command { std: "docker" "rm" "-f" "b10daeaa1447db8fc1a275391b3a557b19aadf0b89c963cbb2458dd0d1e87d37", kill_on_drop: false }`
[INFO] [stdout] b10daeaa1447db8fc1a275391b3a557b19aadf0b89c963cbb2458dd0d1e87d37
[INFO] running `Command { std: "docker" "create" "-v" "/var/lib/crater-agent-workspace/builds/worker-6-tc2/target:/opt/rustwide/target:rw,Z" "-v" "/var/lib/crater-agent-workspace/builds/worker-6-tc2/source:/opt/rustwide/workdir:ro,Z" "-v" "/var/lib/crater-agent-workspace/cargo-home:/opt/rustwide/cargo-home:ro,Z" "-v" "/var/lib/crater-agent-workspace/rustup-home:/opt/rustwide/rustup-home:ro,Z" "-e" "SOURCE_DIR=/opt/rustwide/workdir" "-e" "CARGO_TARGET_DIR=/opt/rustwide/target" "-e" "CARGO_INCREMENTAL=0" "-e" "RUST_BACKTRACE=full" "-e" "RUSTFLAGS=--cap-lints=forbid -Zrandomize-layout" "-e" "RUSTDOCFLAGS=--cap-lints=forbid" "-e" "CARGO_HOME=/opt/rustwide/cargo-home" "-e" "RUSTUP_HOME=/opt/rustwide/rustup-home" "-w" "/opt/rustwide/workdir" "-m" "1610612736" "--user" "0:0" "--network" "none" "ghcr.io/rust-lang/crates-build-env/linux@sha256:819108c5571ea2e421544af4d832f968d213c87fbe3707a016657f43d2f853bc" "/opt/rustwide/cargo-home/bin/cargo" "+nightly-2025-01-18" "test" "--frozen", kill_on_drop: false }`
[INFO] [stdout] 4eaa8539d7b25f800f54ba7619989cae694b4ae3fe411bf7a8d5d5da42b24d13
[INFO] running `Command { std: "docker" "start" "-a" "4eaa8539d7b25f800f54ba7619989cae694b4ae3fe411bf7a8d5d5da42b24d13", kill_on_drop: false }`
[INFO] [stderr] warning: unexpected `cfg` condition value: `cargo-clippy`
[INFO] [stderr]    --> src/lib/upstream_sv2/upstream.rs:115:16
[INFO] [stderr]     |
[INFO] [stderr] 115 |     #[cfg_attr(feature = "cargo-clippy", allow(clippy::too_many_arguments))]
[INFO] [stderr]     |                ^^^^^^^^^^^^^^^^^^^^^^^^
[INFO] [stderr]     |
[INFO] [stderr]     = note: expected values for `feature` are: `with_serde`
[INFO] [stderr]     = help: consider adding `cargo-clippy` as a feature in `Cargo.toml`
[INFO] [stderr]     = note: see <https://doc.rust-lang.org/nightly/rustc/check-cfg/cargo-specifics.html> for more information about checking conditional configuration
[INFO] [stderr]     = note: `#[warn(unexpected_cfgs)]` on by default
[INFO] [stderr] 
[INFO] [stderr] warning: fields `tx_sv1_submit`, `rx_sv2_submit_shares_ext`, `tx_sv2_set_new_prev_hash`, `tx_sv2_new_ext_mining_job`, and `rx_sv1_notify` are never read
[INFO] [stderr]    --> src/lib/proxy/bridge.rs:518:17
[INFO] [stderr]     |
[INFO] [stderr] 517 |         pub struct BridgeInterface {
[INFO] [stderr]     |                    --------------- fields in this struct
[INFO] [stderr] 518 |             pub tx_sv1_submit: Sender<DownstreamMessages>,
[INFO] [stderr]     |                 ^^^^^^^^^^^^^
[INFO] [stderr] 519 |             pub rx_sv2_submit_shares_ext: Receiver<SubmitSharesExtended<'static>>,
[INFO] [stderr]     |                 ^^^^^^^^^^^^^^^^^^^^^^^^
[INFO] [stderr] 520 |             pub tx_sv2_set_new_prev_hash: Sender<SetNewPrevHash<'static>>,
[INFO] [stderr]     |                 ^^^^^^^^^^^^^^^^^^^^^^^^
[INFO] [stderr] 521 |             pub tx_sv2_new_ext_mining_job: Sender<NewExtendedMiningJob<'static>>,
[INFO] [stderr]     |                 ^^^^^^^^^^^^^^^^^^^^^^^^^
[INFO] [stderr] 522 |             pub rx_sv1_notify: broadcast::Receiver<server_to_client::Notify<'static>>,
[INFO] [stderr]     |                 ^^^^^^^^^^^^^
[INFO] [stderr]     |
[INFO] [stderr]     = note: `#[warn(dead_code)]` on by default
[INFO] [stderr] 
[INFO] [stderr] warning: `translator_sv2` (lib) generated 1 warning
[INFO] [stderr] warning: `translator_sv2` (lib test) generated 2 warnings (1 duplicate)
[INFO] [stderr] warning: fields `extranonce` and `extranonce2_len` are never read
[INFO] [stderr]   --> src/lib/downstream_sv1/mod.rs:27:9
[INFO] [stderr]    |
[INFO] [stderr] 24 | pub struct SubmitShareWithChannelId {
[INFO] [stderr]    |            ------------------------ fields in this struct
[INFO] [stderr] ...
[INFO] [stderr] 27 |     pub extranonce: Vec<u8>,
[INFO] [stderr]    |         ^^^^^^^^^^
[INFO] [stderr] 28 |     pub extranonce2_len: usize,
[INFO] [stderr]    |         ^^^^^^^^^^^^^^^
[INFO] [stderr]    |
[INFO] [stderr]    = note: `SubmitShareWithChannelId` has a derived impl for the trait `Debug`, but this is intentionally ignored during dead code analysis
[INFO] [stderr]    = note: `#[warn(dead_code)]` on by default
[INFO] [stderr] 
[INFO] [stderr] warning: field `0` is never read
[INFO] [stderr]   --> src/lib/error.rs:15:9
[INFO] [stderr]    |
[INFO] [stderr] 14 |     SubmitSharesExtended(
[INFO] [stderr]    |     -------------------- field in this variant
[INFO] [stderr] 15 |         async_channel::SendError<roles_logic_sv2::mining_sv2::SubmitSharesExtended<'a>>,
[INFO] [stderr]    |         ^^^^^^^^^^^^^^^^^^^^^^^^^^^^^^^^^^^^^^^^^^^^^^^^^^^^^^^^^^^^^^^^^^^^^^^^^^^^^^^
[INFO] [stderr]    |
[INFO] [stderr]    = note: `ChannelSendError` has a derived impl for the trait `Debug`, but this is intentionally ignored during dead code analysis
[INFO] [stderr] help: consider changing the field to be of unit type to suppress this warning while preserving the field numbering, or remove the field
[INFO] [stderr]    |
[INFO] [stderr] 15 |         (),
[INFO] [stderr]    |         ~~
[INFO] [stderr] 
[INFO] [stderr] warning: field `0` is never read
[INFO] [stderr]   --> src/lib/error.rs:17:20
[INFO] [stderr]    |
[INFO] [stderr] 17 |     SetNewPrevHash(async_channel::SendError<roles_logic_sv2::mining_sv2::SetNewPrevHash<'a>>),
[INFO] [stderr]    |     -------------- ^^^^^^^^^^^^^^^^^^^^^^^^^^^^^^^^^^^^^^^^^^^^^^^^^^^^^^^^^^^^^^^^^^^^^^^^^
[INFO] [stderr]    |     |
[INFO] [stderr]    |     field in this variant
[INFO] [stderr]    |
[INFO] [stderr]    = note: `ChannelSendError` has a derived impl for the trait `Debug`, but this is intentionally ignored during dead code analysis
[INFO] [stderr] help: consider changing the field to be of unit type to suppress this warning while preserving the field numbering, or remove the field
[INFO] [stderr]    |
[INFO] [stderr] 17 |     SetNewPrevHash(()),
[INFO] [stderr]    |                    ~~
[INFO] [stderr] 
[INFO] [stderr] warning: field `0` is never read
[INFO] [stderr]   --> src/lib/error.rs:18:26
[INFO] [stderr]    |
[INFO] [stderr] 18 |     NewExtendedMiningJob(async_channel::SendError<NewExtendedMiningJob<'a>>),
[INFO] [stderr]    |     -------------------- ^^^^^^^^^^^^^^^^^^^^^^^^^^^^^^^^^^^^^^^^^^^^^^^^^^
[INFO] [stderr]    |     |
[INFO] [stderr]    |     field in this variant
[INFO] [stderr]    |
[INFO] [stderr]    = note: `ChannelSendError` has a derived impl for the trait `Debug`, but this is intentionally ignored during dead code analysis
[INFO] [stderr] help: consider changing the field to be of unit type to suppress this warning while preserving the field numbering, or remove the field
[INFO] [stderr]    |
[INFO] [stderr] 18 |     NewExtendedMiningJob(()),
[INFO] [stderr]    |                          ~~
[INFO] [stderr] 
[INFO] [stderr] warning: field `0` is never read
[INFO] [stderr]   --> src/lib/error.rs:19:12
[INFO] [stderr]    |
[INFO] [stderr] 19 |     Notify(tokio::sync::broadcast::error::SendError<Notify<'a>>),
[INFO] [stderr]    |     ------ ^^^^^^^^^^^^^^^^^^^^^^^^^^^^^^^^^^^^^^^^^^^^^^^^^^^^
[INFO] [stderr]    |     |
[INFO] [stderr]    |     field in this variant
[INFO] [stderr]    |
[INFO] [stderr]    = note: `ChannelSendError` has a derived impl for the trait `Debug`, but this is intentionally ignored during dead code analysis
[INFO] [stderr] help: consider changing the field to be of unit type to suppress this warning while preserving the field numbering, or remove the field
[INFO] [stderr]    |
[INFO] [stderr] 19 |     Notify(()),
[INFO] [stderr]    |            ~~
[INFO] [stderr] 
[INFO] [stderr] warning: field `0` is never read
[INFO] [stderr]   --> src/lib/error.rs:20:15
[INFO] [stderr]    |
[INFO] [stderr] 20 |     V1Message(async_channel::SendError<v1::Message>),
[INFO] [stderr]    |     --------- ^^^^^^^^^^^^^^^^^^^^^^^^^^^^^^^^^^^^^
[INFO] [stderr]    |     |
[INFO] [stderr]    |     field in this variant
[INFO] [stderr]    |
[INFO] [stderr]    = note: `ChannelSendError` has a derived impl for the trait `Debug`, but this is intentionally ignored during dead code analysis
[INFO] [stderr] help: consider changing the field to be of unit type to suppress this warning while preserving the field numbering, or remove the field
[INFO] [stderr]    |
[INFO] [stderr] 20 |     V1Message(()),
[INFO] [stderr]    |               ~~
[INFO] [stderr] 
[INFO] [stderr] warning: field `0` is never read
[INFO] [stderr]   --> src/lib/error.rs:21:13
[INFO] [stderr]    |
[INFO] [stderr] 21 |     General(String),
[INFO] [stderr]    |     ------- ^^^^^^
[INFO] [stderr]    |     |
[INFO] [stderr]    |     field in this variant
[INFO] [stderr]    |
[INFO] [stderr]    = note: `ChannelSendError` has a derived impl for the trait `Debug`, but this is intentionally ignored during dead code analysis
[INFO] [stderr] help: consider changing the field to be of unit type to suppress this warning while preserving the field numbering, or remove the field
[INFO] [stderr]    |
[INFO] [stderr] 21 |     General(()),
[INFO] [stderr]    |             ~~
[INFO] [stderr] 
[INFO] [stderr] warning: field `0` is never read
[INFO] [stderr]   --> src/lib/error.rs:22:16
[INFO] [stderr]    |
[INFO] [stderr] 22 |     Extranonce(async_channel::SendError<(ExtendedExtranonce, u32)>),
[INFO] [stderr]    |     ---------- ^^^^^^^^^^^^^^^^^^^^^^^^^^^^^^^^^^^^^^^^^^^^^^^^^^^
[INFO] [stderr]    |     |
[INFO] [stderr]    |     field in this variant
[INFO] [stderr]    |
[INFO] [stderr]    = note: `ChannelSendError` has a derived impl for the trait `Debug`, but this is intentionally ignored during dead code analysis
[INFO] [stderr] help: consider changing the field to be of unit type to suppress this warning while preserving the field numbering, or remove the field
[INFO] [stderr]    |
[INFO] [stderr] 22 |     Extranonce(()),
[INFO] [stderr]    |                ~~
[INFO] [stderr] 
[INFO] [stderr] warning: field `0` is never read
[INFO] [stderr]   --> src/lib/error.rs:24:9
[INFO] [stderr]    |
[INFO] [stderr] 23 |     SetCustomMiningJob(
[INFO] [stderr]    |     ------------------ field in this variant
[INFO] [stderr] 24 |         async_channel::SendError<roles_logic_sv2::mining_sv2::SetCustomMiningJob<'a>>,
[INFO] [stderr]    |         ^^^^^^^^^^^^^^^^^^^^^^^^^^^^^^^^^^^^^^^^^^^^^^^^^^^^^^^^^^^^^^^^^^^^^^^^^^^^^
[INFO] [stderr]    |
[INFO] [stderr]    = note: `ChannelSendError` has a derived impl for the trait `Debug`, but this is intentionally ignored during dead code analysis
[INFO] [stderr] help: consider changing the field to be of unit type to suppress this warning while preserving the field numbering, or remove the field
[INFO] [stderr]    |
[INFO] [stderr] 24 |         (),
[INFO] [stderr]    |         ~~
[INFO] [stderr] 
[INFO] [stderr] warning: field `0` is never read
[INFO] [stderr]   --> src/lib/error.rs:27:9
[INFO] [stderr]    |
[INFO] [stderr] 26 |       NewTemplate(
[INFO] [stderr]    |       ----------- field in this variant
[INFO] [stderr] 27 | /         async_channel::SendError<(
[INFO] [stderr] 28 | |             roles_logic_sv2::template_distribution_sv2::SetNewPrevHash<'a>,
[INFO] [stderr] 29 | |             Vec<u8>,
[INFO] [stderr] 30 | |         )>,
[INFO] [stderr]    | |__________^
[INFO] [stderr]    |
[INFO] [stderr]    = note: `ChannelSendError` has a derived impl for the trait `Debug`, but this is intentionally ignored during dead code analysis
[INFO] [stderr] help: consider changing the field to be of unit type to suppress this warning while preserving the field numbering, or remove the field
[INFO] [stderr]    |
[INFO] [stderr] 27 |         (),
[INFO] [stderr]    |         ~~
[INFO] [stderr] 
[INFO] [stderr] warning: field `target` is never read
[INFO] [stderr]    --> src/lib/proxy/bridge.rs:503:9
[INFO] [stderr]     |
[INFO] [stderr] 499 | pub struct OpenSv1Downstream {
[INFO] [stderr]     |            ----------------- field in this struct
[INFO] [stderr] ...
[INFO] [stderr] 503 |     pub target: Arc<Mutex<Vec<u8>>>,
[INFO] [stderr]     |         ^^^^^^
[INFO] [stderr] 
[INFO] [stderr] warning: fields `tx_sv1_submit`, `rx_sv2_submit_shares_ext`, `tx_sv2_set_new_prev_hash`, `tx_sv2_new_ext_mining_job`, and `rx_sv1_notify` are never read
[INFO] [stderr]    --> src/lib/proxy/bridge.rs:518:17
[INFO] [stderr]     |
[INFO] [stderr] 517 |         pub struct BridgeInterface {
[INFO] [stderr]     |                    --------------- fields in this struct
[INFO] [stderr] 518 |             pub tx_sv1_submit: Sender<DownstreamMessages>,
[INFO] [stderr]     |                 ^^^^^^^^^^^^^
[INFO] [stderr] 519 |             pub rx_sv2_submit_shares_ext: Receiver<SubmitSharesExtended<'static>>,
[INFO] [stderr]     |                 ^^^^^^^^^^^^^^^^^^^^^^^^
[INFO] [stderr] 520 |             pub tx_sv2_set_new_prev_hash: Sender<SetNewPrevHash<'static>>,
[INFO] [stderr]     |                 ^^^^^^^^^^^^^^^^^^^^^^^^
[INFO] [stderr] 521 |             pub tx_sv2_new_ext_mining_job: Sender<NewExtendedMiningJob<'static>>,
[INFO] [stderr]     |                 ^^^^^^^^^^^^^^^^^^^^^^^^^
[INFO] [stderr] 522 |             pub rx_sv1_notify: broadcast::Receiver<server_to_client::Notify<'static>>,
[INFO] [stderr]     |                 ^^^^^^^^^^^^^
[INFO] [stderr] 
[INFO] [stderr] warning: fields `timestamp_of_last_update` and `should_aggregate` are never read
[INFO] [stderr]   --> src/lib/proxy_config.rs:40:9
[INFO] [stderr]    |
[INFO] [stderr] 36 | pub struct UpstreamDifficultyConfig {
[INFO] [stderr]    |            ------------------------ fields in this struct
[INFO] [stderr] ...
[INFO] [stderr] 40 |     pub timestamp_of_last_update: u64,
[INFO] [stderr]    |         ^^^^^^^^^^^^^^^^^^^^^^^^
[INFO] [stderr] 41 |     #[serde(default = "bool::default")]
[INFO] [stderr] 42 |     pub should_aggregate: bool,
[INFO] [stderr]    |         ^^^^^^^^^^^^^^^^
[INFO] [stderr]    |
[INFO] [stderr]    = note: `UpstreamDifficultyConfig` has derived impls for the traits `Clone` and `Debug`, but these are intentionally ignored during dead code analysis
[INFO] [stderr] 
[INFO] [stderr] warning: struct `Sv2MiningConnection` is never constructed
[INFO] [stderr]   --> src/lib/upstream_sv2/mod.rs:15:12
[INFO] [stderr]    |
[INFO] [stderr] 15 | pub struct Sv2MiningConnection {
[INFO] [stderr]    |            ^^^^^^^^^^^^^^^^^^^
[INFO] [stderr]    |
[INFO] [stderr]    = note: `Sv2MiningConnection` has derived impls for the traits `Debug` and `Clone`, but these are intentionally ignored during dead code analysis
[INFO] [stderr] 
[INFO] [stderr] warning: `translator_sv2` (bin "translator_sv2" test) generated 15 warnings (1 duplicate)
[INFO] [stderr]     Finished `test` profile [unoptimized + debuginfo] target(s) in 0.40s
[INFO] [stderr]      Running unittests src/lib/mod.rs (/opt/rustwide/target/debug/deps/translator_sv2-15df5ce83c049432)
[INFO] [stdout] 
[INFO] [stdout] running 4 tests
[INFO] [stdout] test proxy::bridge::test::test_version_bits_insert ... ok
[INFO] [stdout] test downstream_sv1::downstream::tests::gets_difficulty_from_target ... ok
[INFO] [stdout] test downstream_sv1::diff_management::test::test_converge_to_spm_from_low ... FAILED
[INFO] [stdout] test downstream_sv1::diff_management::test::test_diff_management ... ok
[INFO] [stdout] 
[INFO] [stdout] failures:
[INFO] [stdout] 
[INFO] [stdout] ---- downstream_sv1::diff_management::test::test_converge_to_spm_from_low stdout ----
[INFO] [stdout] 
[INFO] [stdout] thread 'downstream_sv1::diff_management::test::test_converge_to_spm_from_low' panicked at /opt/rustwide/cargo-home/registry/src/index.crates.io-1949cf8c6b5b557f/bitcoin-0.29.2/src/util/uint.rs:500:1:
[INFO] [stdout] attempted to divide 0x0000000000000000000000000000000000000000000000000000000000000001 by zero
[INFO] [stdout] stack backtrace:
[INFO] [stdout]    0:     0x59d5f3e44a6a - std::backtrace_rs::backtrace::libunwind::trace::hb059275cfc8d6126
[INFO] [stdout]                                at /rustc/6067b36314ab5eb2eb47cecc464545ba58e1ad24/library/std/src/../../backtrace/src/backtrace/libunwind.rs:116:5
[INFO] [stdout]    1:     0x59d5f3e44a6a - std::backtrace_rs::backtrace::trace_unsynchronized::h2da071e4327ce3ee
[INFO] [stdout]                                at /rustc/6067b36314ab5eb2eb47cecc464545ba58e1ad24/library/std/src/../../backtrace/src/backtrace/mod.rs:66:5
[INFO] [stdout]    2:     0x59d5f3e44a6a - std::sys::backtrace::_print_fmt::h842a1474e6f8d23f
[INFO] [stdout]                                at /rustc/6067b36314ab5eb2eb47cecc464545ba58e1ad24/library/std/src/sys/backtrace.rs:66:9
[INFO] [stdout]    3:     0x59d5f3e44a6a - <std::sys::backtrace::BacktraceLock::print::DisplayBacktrace as core::fmt::Display>::fmt::h71a62eb3b9696b12
[INFO] [stdout]                                at /rustc/6067b36314ab5eb2eb47cecc464545ba58e1ad24/library/std/src/sys/backtrace.rs:39:26
[INFO] [stdout]    4:     0x59d5f3e6e283 - core::fmt::rt::Argument::fmt::hdb6b616786b41dc1
[INFO] [stdout]                                at /rustc/6067b36314ab5eb2eb47cecc464545ba58e1ad24/library/core/src/fmt/rt.rs:177:76
[INFO] [stdout]    5:     0x59d5f3e6e283 - core::fmt::write::h2cc1698af7e2d686
[INFO] [stdout]                                at /rustc/6067b36314ab5eb2eb47cecc464545ba58e1ad24/library/core/src/fmt/mod.rs:1440:21
[INFO] [stdout]    6:     0x59d5f3e412b3 - std::io::Write::write_fmt::hab1b4cd059a79022
[INFO] [stdout]                                at /rustc/6067b36314ab5eb2eb47cecc464545ba58e1ad24/library/std/src/io/mod.rs:1887:15
[INFO] [stdout]    7:     0x59d5f3e448b2 - std::sys::backtrace::BacktraceLock::print::h147fe35b4ea13b08
[INFO] [stdout]                                at /rustc/6067b36314ab5eb2eb47cecc464545ba58e1ad24/library/std/src/sys/backtrace.rs:42:9
[INFO] [stdout]    8:     0x59d5f3e45e8f - std::panicking::default_hook::{{closure}}::hbd44223dbdc0d208
[INFO] [stdout]                                at /rustc/6067b36314ab5eb2eb47cecc464545ba58e1ad24/library/std/src/panicking.rs:298:22
[INFO] [stdout]    9:     0x59d5f3e45ca8 - std::panicking::default_hook::h20f81eb0576efcec
[INFO] [stdout]                                at /rustc/6067b36314ab5eb2eb47cecc464545ba58e1ad24/library/std/src/panicking.rs:322:9
[INFO] [stdout]   10:     0x59d5f3cad023 - <alloc::boxed::Box<F,A> as core::ops::function::Fn<Args>>::call::hdb53814c496a4d34
[INFO] [stdout]                                at /rustc/6067b36314ab5eb2eb47cecc464545ba58e1ad24/library/alloc/src/boxed.rs:2027:9
[INFO] [stdout]   11:     0x59d5f3cad023 - test::test_main::{{closure}}::hc0a4963c59427c24
[INFO] [stdout]                                at /rustc/6067b36314ab5eb2eb47cecc464545ba58e1ad24/library/test/src/lib.rs:134:21
[INFO] [stdout]   12:     0x59d5f3e46983 - <alloc::boxed::Box<F,A> as core::ops::function::Fn<Args>>::call::h591b2225413a77e9
[INFO] [stdout]                                at /rustc/6067b36314ab5eb2eb47cecc464545ba58e1ad24/library/alloc/src/boxed.rs:2027:9
[INFO] [stdout]   13:     0x59d5f3e46983 - std::panicking::rust_panic_with_hook::h625eea43051b2edc
[INFO] [stdout]                                at /rustc/6067b36314ab5eb2eb47cecc464545ba58e1ad24/library/std/src/panicking.rs:839:13
[INFO] [stdout]   14:     0x59d5f3e4663a - std::panicking::begin_panic_handler::{{closure}}::h4f9159cfbc3f6bd3
[INFO] [stdout]                                at /rustc/6067b36314ab5eb2eb47cecc464545ba58e1ad24/library/std/src/panicking.rs:704:13
[INFO] [stdout]   15:     0x59d5f3e44f69 - std::sys::backtrace::__rust_end_short_backtrace::h0390abce48353151
[INFO] [stdout]                                at /rustc/6067b36314ab5eb2eb47cecc464545ba58e1ad24/library/std/src/sys/backtrace.rs:168:18
[INFO] [stdout]   16:     0x59d5f3e462cd - rust_begin_unwind
[INFO] [stdout]                                at /rustc/6067b36314ab5eb2eb47cecc464545ba58e1ad24/library/std/src/panicking.rs:695:5
[INFO] [stdout]   17:     0x59d5f3e6b580 - core::panicking::panic_fmt::h9e7c637e9e5f29c9
[INFO] [stdout]                                at /rustc/6067b36314ab5eb2eb47cecc464545ba58e1ad24/library/core/src/panicking.rs:75:14
[INFO] [stdout]   18:     0x59d5f3de1c65 - bitcoin::util::uint::Uint256::div_rem::hee51f70cb937445d
[INFO] [stdout]                                at /opt/rustwide/cargo-home/registry/src/index.crates.io-1949cf8c6b5b557f/bitcoin-0.29.2/src/util/uint.rs:130:17
[INFO] [stdout]   19:     0x59d5f3de2ba4 - <bitcoin::util::uint::Uint256 as core::ops::arith::Div>::div::h8ce3a9c0c5ae2f59
[INFO] [stdout]                                at /opt/rustwide/cargo-home/registry/src/index.crates.io-1949cf8c6b5b557f/bitcoin-0.29.2/src/util/uint.rs:241:17
[INFO] [stdout]   20:     0x59d5f3dd24e5 - roles_logic_sv2::utils::hash_rate_from_target::h821143941525dba9
[INFO] [stdout]                                at /opt/rustwide/cargo-home/registry/src/index.crates.io-1949cf8c6b5b557f/roles_logic_sv2-1.0.0/src/utils.rs:377:39
[INFO] [stdout]   21:     0x59d5f3c70a6a - translator_sv2::downstream_sv1::diff_management::<impl translator_sv2::downstream_sv1::downstream::Downstream>::update_miner_hashrate::{{closure}}::hd8d3cb39b4bc41ab
[INFO] [stdout]                                at /opt/rustwide/workdir/src/lib/downstream_sv1/diff_management.rs:230:52
[INFO] [stdout]   22:     0x59d5f3c508c9 - roles_logic_sv2::utils::Mutex<T>::safe_lock::heb5b01004a94b207
[INFO] [stdout]                                at /opt/rustwide/cargo-home/registry/src/index.crates.io-1949cf8c6b5b557f/roles_logic_sv2-1.0.0/src/utils.rs:77:28
[INFO] [stdout]   23:     0x59d5f3c53f1c - translator_sv2::downstream_sv1::diff_management::<impl translator_sv2::downstream_sv1::downstream::Downstream>::update_miner_hashrate::h7dd6240f6174f0d9
[INFO] [stdout]                                at /opt/rustwide/workdir/src/lib/downstream_sv1/diff_management.rs:203:9
[INFO] [stdout]   24:     0x59d5f3c6ec1c - translator_sv2::downstream_sv1::diff_management::<impl translator_sv2::downstream_sv1::downstream::Downstream>::try_update_difficulty_settings::{{closure}}::haaf919628ec9863a
[INFO] [stdout]                                at /opt/rustwide/workdir/src/lib/downstream_sv1/diff_management.rs:98:13
[INFO] [stdout]   25:     0x59d5f3c61c5e - translator_sv2::downstream_sv1::diff_management::test::test_converge_to_spm::{{closure}}::hdec3bae62af47fd7
[INFO] [stdout]                                at /opt/rustwide/workdir/src/lib/downstream_sv1/diff_management.rs:475:18
[INFO] [stdout]   26:     0x59d5f3c62e9c - translator_sv2::downstream_sv1::diff_management::test::test_converge_to_spm_from_low::{{closure}}::had2ae67c29c345c8
[INFO] [stdout]                                at /opt/rustwide/workdir/src/lib/downstream_sv1/diff_management.rs:406:35
[INFO] [stdout]   27:     0x59d5f3c5ad72 - <core::pin::Pin<P> as core::future::future::Future>::poll::hb378d1e8cc59249d
[INFO] [stdout]                                at /rustc/6067b36314ab5eb2eb47cecc464545ba58e1ad24/library/core/src/future/future.rs:124:9
[INFO] [stdout]   28:     0x59d5f3c5ad2d - <core::pin::Pin<P> as core::future::future::Future>::poll::h0d32e018c02384b9
[INFO] [stdout]                                at /rustc/6067b36314ab5eb2eb47cecc464545ba58e1ad24/library/core/src/future/future.rs:124:9
[INFO] [stdout]   29:     0x59d5f3c6854f - tokio::runtime::scheduler::current_thread::CoreGuard::block_on::{{closure}}::{{closure}}::{{closure}}::hb4224889c814ec87
[INFO] [stdout]                                at /opt/rustwide/cargo-home/registry/src/index.crates.io-1949cf8c6b5b557f/tokio-1.37.0/src/runtime/scheduler/current_thread/mod.rs:659:57
[INFO] [stdout]   30:     0x59d5f3c68495 - tokio::runtime::coop::with_budget::h149d658243a44fd6
[INFO] [stdout]                                at /opt/rustwide/cargo-home/registry/src/index.crates.io-1949cf8c6b5b557f/tokio-1.37.0/src/runtime/coop.rs:107:5
[INFO] [stdout]   31:     0x59d5f3c68495 - tokio::runtime::coop::budget::h57d3ab904a3cf1c7
[INFO] [stdout]                                at /opt/rustwide/cargo-home/registry/src/index.crates.io-1949cf8c6b5b557f/tokio-1.37.0/src/runtime/coop.rs:73:5
[INFO] [stdout]   32:     0x59d5f3c68495 - tokio::runtime::scheduler::current_thread::CoreGuard::block_on::{{closure}}::{{closure}}::hebbbf23fe7adc72c
[INFO] [stdout]                                at /opt/rustwide/cargo-home/registry/src/index.crates.io-1949cf8c6b5b557f/tokio-1.37.0/src/runtime/scheduler/current_thread/mod.rs:659:25
[INFO] [stdout]   33:     0x59d5f3c6724c - tokio::runtime::scheduler::current_thread::Context::enter::h7c1af91f4ccc40d3
[INFO] [stdout]                                at /opt/rustwide/cargo-home/registry/src/index.crates.io-1949cf8c6b5b557f/tokio-1.37.0/src/runtime/scheduler/current_thread/mod.rs:404:19
[INFO] [stdout]   34:     0x59d5f3c67d0b - tokio::runtime::scheduler::current_thread::CoreGuard::block_on::{{closure}}::ha9d3c6eec515f9ff
[INFO] [stdout]                                at /opt/rustwide/cargo-home/registry/src/index.crates.io-1949cf8c6b5b557f/tokio-1.37.0/src/runtime/scheduler/current_thread/mod.rs:658:36
[INFO] [stdout]   35:     0x59d5f3c67a74 - tokio::runtime::scheduler::current_thread::CoreGuard::enter::{{closure}}::h98f3a43137c6171f
[INFO] [stdout]                                at /opt/rustwide/cargo-home/registry/src/index.crates.io-1949cf8c6b5b557f/tokio-1.37.0/src/runtime/scheduler/current_thread/mod.rs:737:68
[INFO] [stdout]   36:     0x59d5f3c51cdb - tokio::runtime::context::scoped::Scoped<T>::set::h38dc619000b2c016
[INFO] [stdout]                                at /opt/rustwide/cargo-home/registry/src/index.crates.io-1949cf8c6b5b557f/tokio-1.37.0/src/runtime/context/scoped.rs:40:9
[INFO] [stdout]   37:     0x59d5f3c4cc25 - tokio::runtime::context::set_scheduler::{{closure}}::h3aa15cfb5471c0d3
[INFO] [stdout]                                at /opt/rustwide/cargo-home/registry/src/index.crates.io-1949cf8c6b5b557f/tokio-1.37.0/src/runtime/context.rs:176:26
[INFO] [stdout]   38:     0x59d5f3c58712 - std::thread::local::LocalKey<T>::try_with::h776498e7b71946c0
[INFO] [stdout]                                at /rustc/6067b36314ab5eb2eb47cecc464545ba58e1ad24/library/std/src/thread/local.rs:308:12
[INFO] [stdout]   39:     0x59d5f3c583aa - std::thread::local::LocalKey<T>::with::h7e6b15772ec24350
[INFO] [stdout]                                at /rustc/6067b36314ab5eb2eb47cecc464545ba58e1ad24/library/std/src/thread/local.rs:272:9
[INFO] [stdout]   40:     0x59d5f3c4cbdd - tokio::runtime::context::set_scheduler::h17a70d21a3b1a6d1
[INFO] [stdout]                                at /opt/rustwide/cargo-home/registry/src/index.crates.io-1949cf8c6b5b557f/tokio-1.37.0/src/runtime/context.rs:176:9
[INFO] [stdout]   41:     0x59d5f3c67824 - tokio::runtime::scheduler::current_thread::CoreGuard::enter::h271f45700066920d
[INFO] [stdout]                                at /opt/rustwide/cargo-home/registry/src/index.crates.io-1949cf8c6b5b557f/tokio-1.37.0/src/runtime/scheduler/current_thread/mod.rs:737:27
[INFO] [stdout]   42:     0x59d5f3c67a93 - tokio::runtime::scheduler::current_thread::CoreGuard::block_on::hab91d72e50f78177
[INFO] [stdout]                                at /opt/rustwide/cargo-home/registry/src/index.crates.io-1949cf8c6b5b557f/tokio-1.37.0/src/runtime/scheduler/current_thread/mod.rs:646:19
[INFO] [stdout]   43:     0x59d5f3c66a9d - tokio::runtime::scheduler::current_thread::CurrentThread::block_on::{{closure}}::ha99aabe7a8328660
[INFO] [stdout]                                at /opt/rustwide/cargo-home/registry/src/index.crates.io-1949cf8c6b5b557f/tokio-1.37.0/src/runtime/scheduler/current_thread/mod.rs:175:28
[INFO] [stdout]   44:     0x59d5f3c5a2e6 - tokio::runtime::context::runtime::enter_runtime::h03c1d605815e774a
[INFO] [stdout]                                at /opt/rustwide/cargo-home/registry/src/index.crates.io-1949cf8c6b5b557f/tokio-1.37.0/src/runtime/context/runtime.rs:65:16
[INFO] [stdout]   45:     0x59d5f3c669b1 - tokio::runtime::scheduler::current_thread::CurrentThread::block_on::hf34c1986c4724e6b
[INFO] [stdout]                                at /opt/rustwide/cargo-home/registry/src/index.crates.io-1949cf8c6b5b557f/tokio-1.37.0/src/runtime/scheduler/current_thread/mod.rs:167:9
[INFO] [stdout]   46:     0x59d5f3c5a9d2 - tokio::runtime::runtime::Runtime::block_on::hca8b1534313b2053
[INFO] [stdout]                                at /opt/rustwide/cargo-home/registry/src/index.crates.io-1949cf8c6b5b557f/tokio-1.37.0/src/runtime/runtime.rs:349:47
[INFO] [stdout]   47:     0x59d5f3c62cc7 - translator_sv2::downstream_sv1::diff_management::test::test_converge_to_spm_from_low::hd79b975b6422ff05
[INFO] [stdout]                                at /opt/rustwide/workdir/src/lib/downstream_sv1/diff_management.rs:406:9
[INFO] [stdout]   48:     0x59d5f3c62b67 - translator_sv2::downstream_sv1::diff_management::test::test_converge_to_spm_from_low::{{closure}}::ha93d9f2c37e48c99
[INFO] [stdout]                                at /opt/rustwide/workdir/src/lib/downstream_sv1/diff_management.rs:405:45
[INFO] [stdout]   49:     0x59d5f3c44606 - core::ops::function::FnOnce::call_once::h8082c545df8e75ca
[INFO] [stdout]                                at /rustc/6067b36314ab5eb2eb47cecc464545ba58e1ad24/library/core/src/ops/function.rs:250:5
[INFO] [stdout]   50:     0x59d5f3cb277b - core::ops::function::FnOnce::call_once::he27718dfdd183f43
[INFO] [stdout]                                at /rustc/6067b36314ab5eb2eb47cecc464545ba58e1ad24/library/core/src/ops/function.rs:250:5
[INFO] [stdout]   51:     0x59d5f3cb277b - test::__rust_begin_short_backtrace::h4e84902998457a5d
[INFO] [stdout]                                at /rustc/6067b36314ab5eb2eb47cecc464545ba58e1ad24/library/test/src/lib.rs:632:18
[INFO] [stdout]   52:     0x59d5f3cb16b3 - test::run_test_in_process::{{closure}}::h7176fd18fc1feca0
[INFO] [stdout]                                at /rustc/6067b36314ab5eb2eb47cecc464545ba58e1ad24/library/test/src/lib.rs:655:60
[INFO] [stdout]   53:     0x59d5f3cb16b3 - <core::panic::unwind_safe::AssertUnwindSafe<F> as core::ops::function::FnOnce<()>>::call_once::hf79cff2a624d8cf7
[INFO] [stdout]                                at /rustc/6067b36314ab5eb2eb47cecc464545ba58e1ad24/library/core/src/panic/unwind_safe.rs:272:9
[INFO] [stdout]   54:     0x59d5f3cb16b3 - std::panicking::try::do_call::h3da0561d9ab99c25
[INFO] [stdout]                                at /rustc/6067b36314ab5eb2eb47cecc464545ba58e1ad24/library/std/src/panicking.rs:587:40
[INFO] [stdout]   55:     0x59d5f3cb16b3 - std::panicking::try::h41c9fa508bc61df6
[INFO] [stdout]                                at /rustc/6067b36314ab5eb2eb47cecc464545ba58e1ad24/library/std/src/panicking.rs:550:19
[INFO] [stdout]   56:     0x59d5f3cb16b3 - std::panic::catch_unwind::h6b3ff07bb5afad93
[INFO] [stdout]                                at /rustc/6067b36314ab5eb2eb47cecc464545ba58e1ad24/library/std/src/panic.rs:358:14
[INFO] [stdout]   57:     0x59d5f3cb16b3 - test::run_test_in_process::hc7253dd11b39b9f4
[INFO] [stdout]                                at /rustc/6067b36314ab5eb2eb47cecc464545ba58e1ad24/library/test/src/lib.rs:655:27
[INFO] [stdout]   58:     0x59d5f3cb16b3 - test::run_test::{{closure}}::hfb2007f8649c30bb
[INFO] [stdout]                                at /rustc/6067b36314ab5eb2eb47cecc464545ba58e1ad24/library/test/src/lib.rs:576:43
[INFO] [stdout]   59:     0x59d5f3c74795 - test::run_test::{{closure}}::h56a17aa7a282a9f4
[INFO] [stdout]                                at /rustc/6067b36314ab5eb2eb47cecc464545ba58e1ad24/library/test/src/lib.rs:606:41
[INFO] [stdout]   60:     0x59d5f3c74795 - std::sys::backtrace::__rust_begin_short_backtrace::hd2d2d2fb8e8c6aac
[INFO] [stdout]                                at /rustc/6067b36314ab5eb2eb47cecc464545ba58e1ad24/library/std/src/sys/backtrace.rs:152:18
[INFO] [stdout]   61:     0x59d5f3c7807a - std::thread::Builder::spawn_unchecked_::{{closure}}::{{closure}}::h4faa3f9db6133423
[INFO] [stdout]                                at /rustc/6067b36314ab5eb2eb47cecc464545ba58e1ad24/library/std/src/thread/mod.rs:559:17
[INFO] [stdout]   62:     0x59d5f3c7807a - <core::panic::unwind_safe::AssertUnwindSafe<F> as core::ops::function::FnOnce<()>>::call_once::hf2e855a36a4ea846
[INFO] [stdout]                                at /rustc/6067b36314ab5eb2eb47cecc464545ba58e1ad24/library/core/src/panic/unwind_safe.rs:272:9
[INFO] [stdout]   63:     0x59d5f3c7807a - std::panicking::try::do_call::h2f73af3616c35465
[INFO] [stdout]                                at /rustc/6067b36314ab5eb2eb47cecc464545ba58e1ad24/library/std/src/panicking.rs:587:40
[INFO] [stdout]   64:     0x59d5f3c7807a - std::panicking::try::hd1660ce9efadef5a
[INFO] [stdout]                                at /rustc/6067b36314ab5eb2eb47cecc464545ba58e1ad24/library/std/src/panicking.rs:550:19
[INFO] [stdout]   65:     0x59d5f3c7807a - std::panic::catch_unwind::h5ee8d7823b8ca744
[INFO] [stdout]                                at /rustc/6067b36314ab5eb2eb47cecc464545ba58e1ad24/library/std/src/panic.rs:358:14
[INFO] [stdout]   66:     0x59d5f3c7807a - std::thread::Builder::spawn_unchecked_::{{closure}}::h53c3a1894dce8407
[INFO] [stdout]                                at /rustc/6067b36314ab5eb2eb47cecc464545ba58e1ad24/library/std/src/thread/mod.rs:557:30
[INFO] [stdout]   67:     0x59d5f3c7807a - core::ops::function::FnOnce::call_once{{vtable.shim}}::h048ce291ad4f62bf
[INFO] [stdout]                                at /rustc/6067b36314ab5eb2eb47cecc464545ba58e1ad24/library/core/src/ops/function.rs:250:5
[INFO] [stdout]   68:     0x59d5f3e4ab4b - <alloc::boxed::Box<F,A> as core::ops::function::FnOnce<Args>>::call_once::ha52bedf99a3b4981
[INFO] [stdout]                                at /rustc/6067b36314ab5eb2eb47cecc464545ba58e1ad24/library/alloc/src/boxed.rs:2013:9
[INFO] [stdout]   69:     0x59d5f3e4ab4b - <alloc::boxed::Box<F,A> as core::ops::function::FnOnce<Args>>::call_once::h567748934d80ccf8
[INFO] [stdout]                                at /rustc/6067b36314ab5eb2eb47cecc464545ba58e1ad24/library/alloc/src/boxed.rs:2013:9
[INFO] [stdout]   70:     0x59d5f3e4ab4b - std::sys::pal::unix::thread::Thread::new::thread_start::h2d970728ae887adc
[INFO] [stdout]                                at /rustc/6067b36314ab5eb2eb47cecc464545ba58e1ad24/library/std/src/sys/pal/unix/thread.rs:106:17
[INFO] [stdout]   71:     0x7d4a9468fac3 - <unknown>
[INFO] [stdout]   72:     0x7d4a94720a04 - clone
[INFO] [stdout]   73:                0x0 - <unknown>
[INFO] [stdout] 
[INFO] [stdout] 
[INFO] [stdout] failures:
[INFO] [stdout]     downstream_sv1::diff_management::test::test_converge_to_spm_from_low
[INFO] [stdout] 
[INFO] [stdout] test result: FAILED. 3 passed; 1 failed; 0 ignored; 0 measured; 0 filtered out; finished in 16.12s
[INFO] [stdout] 
[INFO] [stderr] error: test failed, to rerun pass `--lib`
[INFO] running `Command { std: "docker" "inspect" "4eaa8539d7b25f800f54ba7619989cae694b4ae3fe411bf7a8d5d5da42b24d13", kill_on_drop: false }`
[INFO] running `Command { std: "docker" "rm" "-f" "4eaa8539d7b25f800f54ba7619989cae694b4ae3fe411bf7a8d5d5da42b24d13", kill_on_drop: false }`
[INFO] [stdout] 4eaa8539d7b25f800f54ba7619989cae694b4ae3fe411bf7a8d5d5da42b24d13
