[INFO] fetching crate north-common 0.1.10...
[INFO] testing north-common-0.1.10 against nightly-2025-01-18+rustflags=-Zrandomize-layout for randomize-layout-2
[INFO] extracting crate north-common 0.1.10 into /workspace/builds/worker-3-tc2/source
[INFO] validating manifest of crates.io crate north-common 0.1.10 on toolchain nightly-2025-01-18
[INFO] running `Command { std: CARGO_HOME="/workspace/cargo-home" RUSTUP_HOME="/workspace/rustup-home" "/workspace/cargo-home/bin/cargo" "+nightly-2025-01-18" "metadata" "--manifest-path" "Cargo.toml" "--no-deps", kill_on_drop: false }`
[INFO] started tweaking crates.io crate north-common 0.1.10
[INFO] finished tweaking crates.io crate north-common 0.1.10
[INFO] tweaked toml for crates.io crate north-common 0.1.10 written to /workspace/builds/worker-3-tc2/source/Cargo.toml
[INFO] running `Command { std: CARGO_HOME="/workspace/cargo-home" RUSTUP_HOME="/workspace/rustup-home" "/workspace/cargo-home/bin/cargo" "+nightly-2025-01-18" "generate-lockfile" "--manifest-path" "Cargo.toml", kill_on_drop: false }`
[INFO] [stderr]     Updating crates.io index
[INFO] [stderr]      Locking 107 packages to latest compatible versions
[INFO] [stderr]       Adding rstest v0.18.2 (available: v0.24.0)
[INFO] [stderr]       Adding yansi v0.5.1 (available: v1.0.1)
[INFO] running `Command { std: CARGO_HOME="/workspace/cargo-home" RUSTUP_HOME="/workspace/rustup-home" "/workspace/cargo-home/bin/cargo" "+nightly-2025-01-18" "fetch" "--manifest-path" "Cargo.toml", kill_on_drop: false }`
[INFO] running `Command { std: "docker" "create" "-v" "/var/lib/crater-agent-workspace/builds/worker-3-tc2/target:/opt/rustwide/target:rw,Z" "-v" "/var/lib/crater-agent-workspace/builds/worker-3-tc2/source:/opt/rustwide/workdir:ro,Z" "-v" "/var/lib/crater-agent-workspace/cargo-home:/opt/rustwide/cargo-home:ro,Z" "-v" "/var/lib/crater-agent-workspace/rustup-home:/opt/rustwide/rustup-home:ro,Z" "-e" "SOURCE_DIR=/opt/rustwide/workdir" "-e" "CARGO_TARGET_DIR=/opt/rustwide/target" "-e" "CARGO_HOME=/opt/rustwide/cargo-home" "-e" "RUSTUP_HOME=/opt/rustwide/rustup-home" "-w" "/opt/rustwide/workdir" "-m" "1610612736" "--user" "0:0" "--network" "none" "ghcr.io/rust-lang/crates-build-env/linux@sha256:819108c5571ea2e421544af4d832f968d213c87fbe3707a016657f43d2f853bc" "/opt/rustwide/cargo-home/bin/cargo" "+nightly-2025-01-18" "metadata" "--no-deps" "--format-version=1", kill_on_drop: false }`
[INFO] [stdout] 3f3d247e755305cec4ed45ae65c9e6d8a699f823a57f48cd5cb1445ab9ef8f79
[INFO] running `Command { std: "docker" "start" "-a" "3f3d247e755305cec4ed45ae65c9e6d8a699f823a57f48cd5cb1445ab9ef8f79", kill_on_drop: false }`
[INFO] running `Command { std: "docker" "inspect" "3f3d247e755305cec4ed45ae65c9e6d8a699f823a57f48cd5cb1445ab9ef8f79", kill_on_drop: false }`
[INFO] running `Command { std: "docker" "rm" "-f" "3f3d247e755305cec4ed45ae65c9e6d8a699f823a57f48cd5cb1445ab9ef8f79", kill_on_drop: false }`
[INFO] [stdout] 3f3d247e755305cec4ed45ae65c9e6d8a699f823a57f48cd5cb1445ab9ef8f79
[INFO] running `Command { std: "docker" "create" "-v" "/var/lib/crater-agent-workspace/builds/worker-3-tc2/target:/opt/rustwide/target:rw,Z" "-v" "/var/lib/crater-agent-workspace/builds/worker-3-tc2/source:/opt/rustwide/workdir:ro,Z" "-v" "/var/lib/crater-agent-workspace/cargo-home:/opt/rustwide/cargo-home:ro,Z" "-v" "/var/lib/crater-agent-workspace/rustup-home:/opt/rustwide/rustup-home:ro,Z" "-e" "SOURCE_DIR=/opt/rustwide/workdir" "-e" "CARGO_TARGET_DIR=/opt/rustwide/target" "-e" "CARGO_INCREMENTAL=0" "-e" "RUST_BACKTRACE=full" "-e" "RUSTFLAGS=--cap-lints=forbid -Zrandomize-layout" "-e" "RUSTDOCFLAGS=--cap-lints=forbid" "-e" "CARGO_HOME=/opt/rustwide/cargo-home" "-e" "RUSTUP_HOME=/opt/rustwide/rustup-home" "-w" "/opt/rustwide/workdir" "-m" "1610612736" "--user" "0:0" "--network" "none" "ghcr.io/rust-lang/crates-build-env/linux@sha256:819108c5571ea2e421544af4d832f968d213c87fbe3707a016657f43d2f853bc" "/opt/rustwide/cargo-home/bin/cargo" "+nightly-2025-01-18" "build" "--frozen" "--message-format=json", kill_on_drop: false }`
[INFO] [stdout] 0c2857fb1c4967a459d5b7ccf789ee7a260e97731edde97cfc15213d7ccb556a
[INFO] running `Command { std: "docker" "start" "-a" "0c2857fb1c4967a459d5b7ccf789ee7a260e97731edde97cfc15213d7ccb556a", kill_on_drop: false }`
[INFO] [stderr]    Compiling proc-macro2 v1.0.93
[INFO] [stderr]    Compiling unicode-ident v1.0.14
[INFO] [stderr]    Compiling autocfg v1.4.0
[INFO] [stderr]    Compiling libc v0.2.169
[INFO] [stderr]    Compiling cfg-if v1.0.0
[INFO] [stderr]    Compiling serde v1.0.217
[INFO] [stderr]    Compiling byteorder v1.5.0
[INFO] [stderr]    Compiling parking_lot_core v0.9.10
[INFO] [stderr]    Compiling syn v1.0.109
[INFO] [stderr]    Compiling equivalent v1.0.1
[INFO] [stderr]    Compiling serde_json v1.0.137
[INFO] [stderr]    Compiling scopeguard v1.2.0
[INFO] [stderr]    Compiling anyhow v1.0.95
[INFO] [stderr]    Compiling itoa v1.0.14
[INFO] [stderr]    Compiling thiserror v1.0.69
[INFO] [stderr]    Compiling smallvec v1.13.2
[INFO] [stderr]    Compiling ryu v1.0.18
[INFO] [stderr]    Compiling hashbrown v0.15.2
[INFO] [stderr]    Compiling destructure_traitobject v0.2.0
[INFO] [stderr]    Compiling num-traits v0.2.19
[INFO] [stderr]    Compiling lock_api v0.4.12
[INFO] [stderr]    Compiling unsafe-any-ors v1.0.0
[INFO] [stderr]    Compiling unsafe-libyaml v0.2.11
[INFO] [stderr]    Compiling iana-time-zone v0.1.61
[INFO] [stderr]    Compiling memchr v2.7.4
[INFO] [stderr]    Compiling typemap-ors v1.0.0
[INFO] [stderr]    Compiling quote v1.0.38
[INFO] [stderr]    Compiling getrandom v0.2.15
[INFO] [stderr]    Compiling indexmap v2.7.1
[INFO] [stderr]    Compiling syn v2.0.96
[INFO] [stderr]    Compiling rand_core v0.6.4
[INFO] [stderr]    Compiling parking_lot v0.12.3
[INFO] [stderr]    Compiling ordered-float v2.10.1
[INFO] [stderr]    Compiling chrono v0.4.39
[INFO] [stderr]    Compiling thread-id v4.2.2
[INFO] [stderr]    Compiling log-mdc v0.1.0
[INFO] [stderr]    Compiling fnv v1.0.7
[INFO] [stderr]    Compiling once_cell v1.20.2
[INFO] [stderr]    Compiling arc-swap v1.7.1
[INFO] [stderr]    Compiling humantime v2.1.0
[INFO] [stderr]    Compiling yansi v0.5.1
[INFO] [stderr]    Compiling derivative v2.2.0
[INFO] [stderr]    Compiling serde_derive v1.0.217
[INFO] [stderr]    Compiling zerocopy-derive v0.7.35
[INFO] [stderr]    Compiling thiserror-impl v1.0.69
[INFO] [stderr]    Compiling async-trait v0.1.85
[INFO] [stderr]    Compiling zerocopy v0.7.35
[INFO] [stderr]    Compiling ppv-lite86 v0.2.20
[INFO] [stderr]    Compiling rand_chacha v0.3.1
[INFO] [stderr]    Compiling rand v0.8.5
[INFO] [stderr]    Compiling serde-value v0.7.0
[INFO] [stderr]    Compiling serde_yaml v0.9.34+deprecated
[INFO] [stderr]    Compiling log v0.4.25
[INFO] [stderr]    Compiling log4rs v1.3.0
[INFO] [stderr]    Compiling north-common v0.1.10 (/opt/rustwide/workdir)
[INFO] [stdout] warning: unexpected `cfg` condition value: `tls`
[INFO] [stdout]  --> src/macros/server.rs:1:11
[INFO] [stdout]   |
[INFO] [stdout] 1 | #[cfg(not(feature = "tls"))]
[INFO] [stdout]   |           ^^^^^^^^^^^^^^^ help: remove the condition
[INFO] [stdout]   |
[INFO] [stdout]   = note: no expected values for `feature`
[INFO] [stdout]   = help: consider adding `tls` as a feature in `Cargo.toml`
[INFO] [stdout]   = note: see <https://doc.rust-lang.org/nightly/rustc/check-cfg/cargo-specifics.html> for more information about checking conditional configuration
[INFO] [stdout]   = note: `#[warn(unexpected_cfgs)]` on by default
[INFO] [stdout] 
[INFO] [stdout] 
[INFO] [stderr]     Finished `dev` profile [unoptimized + debuginfo] target(s) in 47.48s
[INFO] running `Command { std: "docker" "inspect" "0c2857fb1c4967a459d5b7ccf789ee7a260e97731edde97cfc15213d7ccb556a", kill_on_drop: false }`
[INFO] running `Command { std: "docker" "rm" "-f" "0c2857fb1c4967a459d5b7ccf789ee7a260e97731edde97cfc15213d7ccb556a", kill_on_drop: false }`
[INFO] [stdout] 0c2857fb1c4967a459d5b7ccf789ee7a260e97731edde97cfc15213d7ccb556a
[INFO] running `Command { std: "docker" "create" "-v" "/var/lib/crater-agent-workspace/builds/worker-3-tc2/target:/opt/rustwide/target:rw,Z" "-v" "/var/lib/crater-agent-workspace/builds/worker-3-tc2/source:/opt/rustwide/workdir:ro,Z" "-v" "/var/lib/crater-agent-workspace/cargo-home:/opt/rustwide/cargo-home:ro,Z" "-v" "/var/lib/crater-agent-workspace/rustup-home:/opt/rustwide/rustup-home:ro,Z" "-e" "SOURCE_DIR=/opt/rustwide/workdir" "-e" "CARGO_TARGET_DIR=/opt/rustwide/target" "-e" "CARGO_INCREMENTAL=0" "-e" "RUST_BACKTRACE=full" "-e" "RUSTFLAGS=--cap-lints=forbid -Zrandomize-layout" "-e" "RUSTDOCFLAGS=--cap-lints=forbid" "-e" "CARGO_HOME=/opt/rustwide/cargo-home" "-e" "RUSTUP_HOME=/opt/rustwide/rustup-home" "-w" "/opt/rustwide/workdir" "-m" "1610612736" "--user" "0:0" "--network" "none" "ghcr.io/rust-lang/crates-build-env/linux@sha256:819108c5571ea2e421544af4d832f968d213c87fbe3707a016657f43d2f853bc" "/opt/rustwide/cargo-home/bin/cargo" "+nightly-2025-01-18" "test" "--frozen" "--no-run" "--message-format=json", kill_on_drop: false }`
[INFO] [stdout] 3a4438e287548ebeb878f5cbbc896b5f2ce44006cbe8aba631308db4c75f459a
[INFO] running `Command { std: "docker" "start" "-a" "3a4438e287548ebeb878f5cbbc896b5f2ce44006cbe8aba631308db4c75f459a", kill_on_drop: false }`
[INFO] [stderr]    Compiling semver v1.0.25
[INFO] [stderr]    Compiling slab v0.4.9
[INFO] [stderr]    Compiling futures-core v0.3.31
[INFO] [stderr]    Compiling futures-sink v0.3.31
[INFO] [stderr]    Compiling aho-corasick v1.1.3
[INFO] [stderr]    Compiling futures-macro v0.3.31
[INFO] [stderr]    Compiling regex-syntax v0.8.5
[INFO] [stderr]    Compiling futures-task v0.3.31
[INFO] [stderr]    Compiling pin-project-lite v0.2.16
[INFO] [stderr]    Compiling futures-channel v0.3.31
[INFO] [stderr]    Compiling futures-io v0.3.31
[INFO] [stderr]    Compiling pin-utils v0.1.0
[INFO] [stderr]    Compiling relative-path v1.9.3
[INFO] [stderr]    Compiling glob v0.3.2
[INFO] [stderr]    Compiling futures-timer v3.0.3
[INFO] [stdout] warning: unexpected `cfg` condition value: `tls`
[INFO] [stdout]  --> src/macros/server.rs:1:11
[INFO] [stdout]   |
[INFO] [stdout] 1 | #[cfg(not(feature = "tls"))]
[INFO] [stdout]   |           ^^^^^^^^^^^^^^^ help: remove the condition
[INFO] [stdout]   |
[INFO] [stdout]   = note: no expected values for `feature`
[INFO] [stdout]   = help: consider adding `tls` as a feature in `Cargo.toml`
[INFO] [stdout]   = note: see <https://doc.rust-lang.org/nightly/rustc/check-cfg/cargo-specifics.html> for more information about checking conditional configuration
[INFO] [stdout]   = note: `#[warn(unexpected_cfgs)]` on by default
[INFO] [stdout] 
[INFO] [stdout] 
[INFO] [stderr]    Compiling rustc_version v0.4.1
[INFO] [stderr]    Compiling rstest_macros v0.18.2
[INFO] [stderr]    Compiling futures-util v0.3.31
[INFO] [stderr]    Compiling regex-automata v0.4.9
[INFO] [stderr]    Compiling futures-executor v0.3.31
[INFO] [stderr]    Compiling futures v0.3.31
[INFO] [stderr]    Compiling regex v1.11.1
[INFO] [stderr]    Compiling rstest v0.18.2
[INFO] [stderr]    Compiling north-common v0.1.10 (/opt/rustwide/workdir)
[INFO] [stdout] warning: unexpected `cfg` condition value: `tls`
[INFO] [stdout]  --> src/macros/server.rs:1:11
[INFO] [stdout]   |
[INFO] [stdout] 1 | #[cfg(not(feature = "tls"))]
[INFO] [stdout]   |           ^^^^^^^^^^^^^^^ help: remove the condition
[INFO] [stdout]   |
[INFO] [stdout]   = note: no expected values for `feature`
[INFO] [stdout]   = help: consider adding `tls` as a feature in `Cargo.toml`
[INFO] [stdout]   = note: see <https://doc.rust-lang.org/nightly/rustc/check-cfg/cargo-specifics.html> for more information about checking conditional configuration
[INFO] [stdout]   = note: `#[warn(unexpected_cfgs)]` on by default
[INFO] [stdout] 
[INFO] [stdout] 
[INFO] [stderr]     Finished `test` profile [unoptimized + debuginfo] target(s) in 21.58s
[INFO] running `Command { std: "docker" "inspect" "3a4438e287548ebeb878f5cbbc896b5f2ce44006cbe8aba631308db4c75f459a", kill_on_drop: false }`
[INFO] running `Command { std: "docker" "rm" "-f" "3a4438e287548ebeb878f5cbbc896b5f2ce44006cbe8aba631308db4c75f459a", kill_on_drop: false }`
[INFO] [stdout] 3a4438e287548ebeb878f5cbbc896b5f2ce44006cbe8aba631308db4c75f459a
[INFO] running `Command { std: "docker" "create" "-v" "/var/lib/crater-agent-workspace/builds/worker-3-tc2/target:/opt/rustwide/target:rw,Z" "-v" "/var/lib/crater-agent-workspace/builds/worker-3-tc2/source:/opt/rustwide/workdir:ro,Z" "-v" "/var/lib/crater-agent-workspace/cargo-home:/opt/rustwide/cargo-home:ro,Z" "-v" "/var/lib/crater-agent-workspace/rustup-home:/opt/rustwide/rustup-home:ro,Z" "-e" "SOURCE_DIR=/opt/rustwide/workdir" "-e" "CARGO_TARGET_DIR=/opt/rustwide/target" "-e" "CARGO_INCREMENTAL=0" "-e" "RUST_BACKTRACE=full" "-e" "RUSTFLAGS=--cap-lints=forbid -Zrandomize-layout" "-e" "RUSTDOCFLAGS=--cap-lints=forbid" "-e" "CARGO_HOME=/opt/rustwide/cargo-home" "-e" "RUSTUP_HOME=/opt/rustwide/rustup-home" "-w" "/opt/rustwide/workdir" "-m" "1610612736" "--user" "0:0" "--network" "none" "ghcr.io/rust-lang/crates-build-env/linux@sha256:819108c5571ea2e421544af4d832f968d213c87fbe3707a016657f43d2f853bc" "/opt/rustwide/cargo-home/bin/cargo" "+nightly-2025-01-18" "test" "--frozen", kill_on_drop: false }`
[INFO] [stdout] 82f3f998ca3c372563fc821887cf2f89dd320eb603fdd4c6e19855cea9f5b563
[INFO] running `Command { std: "docker" "start" "-a" "82f3f998ca3c372563fc821887cf2f89dd320eb603fdd4c6e19855cea9f5b563", kill_on_drop: false }`
[INFO] [stderr] warning: unexpected `cfg` condition value: `tls`
[INFO] [stderr]  --> src/macros/server.rs:1:11
[INFO] [stderr]   |
[INFO] [stderr] 1 | #[cfg(not(feature = "tls"))]
[INFO] [stderr]   |           ^^^^^^^^^^^^^^^ help: remove the condition
[INFO] [stderr]   |
[INFO] [stderr]   = note: no expected values for `feature`
[INFO] [stderr]   = help: consider adding `tls` as a feature in `Cargo.toml`
[INFO] [stderr]   = note: see <https://doc.rust-lang.org/nightly/rustc/check-cfg/cargo-specifics.html> for more information about checking conditional configuration
[INFO] [stderr]   = note: `#[warn(unexpected_cfgs)]` on by default
[INFO] [stderr] 
[INFO] [stderr] warning: `north-common` (lib) generated 1 warning
[INFO] [stderr] warning: `north-common` (lib test) generated 1 warning (1 duplicate)
[INFO] [stderr]     Finished `test` profile [unoptimized + debuginfo] target(s) in 0.13s
[INFO] [stderr]      Running unittests src/lib.rs (/opt/rustwide/target/debug/deps/north_common-5c1cf952503ddf98)
[INFO] [stdout] 
[INFO] [stdout] running 24 tests
[INFO] [stdout] test registry::default_service_instance::tests::it_can_check_service_scheme::case_1_secure ... ok
[INFO] [stdout] test registry::default_service_instance::tests::it_can_check_service_scheme::case_2_insecure ... ok
[INFO] [stdout] test registry::default_service_instance::tests::it_can_check_service_secure ... ok
[INFO] [stdout] test registry::default_service_instance::tests::it_can_check_service_uri::case_2_insecure ... ok
[INFO] [stdout] test registry::default_service_instance::tests::it_can_get_service_host ... ok
[INFO] [stdout] test registry::default_service_instance::tests::it_can_get_service_instance_id ... ok
[INFO] [stdout] test registry::default_service_instance::tests::it_can_get_service_node_id ... ok
[INFO] [stdout] test registry::default_service_instance::tests::it_can_get_service_port ... ok
[INFO] [stdout] test registry::default_service_instance::tests::it_can_get_service_service_id ... ok
[INFO] [stdout] test registry::default_service_instance::tests::it_can_get_service_tags ... ok
[INFO] [stdout] test utils::serde_utils::tests::can_merge_two_valid_jsons ... ok
[INFO] [stdout] test registry::default_service_instance::tests::it_can_check_service_uri::case_1_secure ... ok
[INFO] [stdout] test utils::serde_utils::tests::it_should_merge_array_string ... ok
[INFO] [stdout] test utils::serde_utils::tests::it_should_merge_an_array_in_a_specifique_field_path ... ok
[INFO] [stdout] test utils::serde_utils::tests::it_should_merge_an_array_in_specifique_path_position ... ok
[INFO] [stdout] test utils::serde_utils::tests::it_should_merge_in_an_object_in_specifique_path_position ... ok
[INFO] [stdout] test utils::serde_utils::tests::it_should_merge_in_root_array ... ok
[INFO] [stdout] test utils::serde_utils::tests::it_should_merge_in_root_object ... ok
[INFO] [stdout] test utils::serde_utils::tests::it_should_merge_null_in_specifique_path ... ok
[INFO] [stdout] test utils::serde_utils::tests::it_should_merge_object ... ok
[INFO] [stdout] test utils::serde_utils::tests::it_should_merge_string ... ok
[INFO] [stdout] test registry::default_service_instance::tests::it_can_get_service_metadata ... ok
[INFO] [stdout] test utils::serde_utils::tests::it_should_merge_an_object_in_a_specifique_field_path ... ok
[INFO] [stdout] test utils::serde_utils::tests::it_should_merge_array_object ... ok
[INFO] [stdout] 
[INFO] [stdout] test result: ok. 24 passed; 0 failed; 0 ignored; 0 measured; 0 filtered out; finished in 0.01s
[INFO] [stdout] 
[INFO] [stderr]    Doc-tests north_common
[INFO] [stdout] 
[INFO] [stdout] running 9 tests
[INFO] [stdout] test src/utils/serde_utils.rs - utils::serde_utils::Value::merge (line 94) ... ok
[INFO] [stdout] test src/utils/serde_utils.rs - utils::serde_utils::Value::merge_in (line 147) ... ok
[INFO] [stdout] test src/utils/serde_utils.rs - utils::serde_utils::Value::merge_in (line 127) ... FAILED
[INFO] [stdout] test src/utils/serde_utils.rs - utils::serde_utils::merge_json (line 15) ... FAILED
[INFO] [stdout] test src/utils/serde_utils.rs - utils::serde_utils::Value::merge (line 84) ... FAILED
[INFO] [stdout] test src/utils/serde_utils.rs - utils::serde_utils::Value::merge (line 104) ... FAILED
[INFO] [stdout] test src/utils/serde_utils.rs - utils::serde_utils::merge_json_and_yaml (line 62) ... FAILED
[INFO] [stdout] test src/utils/serde_utils.rs - utils::serde_utils::Value::merge (line 114) ... FAILED
[INFO] [stdout] test src/utils/serde_utils.rs - utils::serde_utils::Value::merge_in (line 137) ... FAILED
[INFO] [stdout] 
[INFO] [stdout] failures:
[INFO] [stdout] 
[INFO] [stdout] ---- src/utils/serde_utils.rs - utils::serde_utils::Value::merge_in (line 127) stdout ----
[INFO] [stdout] error: linking with `cc` failed: exit status: 1
[INFO] [stdout]   |
[INFO] [stdout]   = note: LC_ALL="C" PATH="/opt/rustwide/rustup-home/toolchains/nightly-2025-01-18-x86_64-unknown-linux-gnu/lib/rustlib/x86_64-unknown-linux-gnu/bin:/opt/rustwide/rustup-home/toolchains/nightly-2025-01-18-x86_64-unknown-linux-gnu/lib/rustlib/x86_64-unknown-linux-gnu/bin/self-contained:/opt/rustwide/cargo-home/bin:/usr/local/sbin:/usr/local/bin:/usr/sbin:/usr/bin:/sbin:/bin" VSLANG="1033" "cc" "-m64" "/tmp/rustcRdZKtx/symbols.o" "<2 object files omitted>" "-Wl,--as-needed" "-Wl,-Bstatic" "/opt/rustwide/target/debug/deps/{libnorth_common-dc6b012bf5268991.rlib,liblog4rs-46fd987a46270062.rlib,liblog_mdc-f515c2b75c040f21.rlib,libserde_json-841c42e1da97d305.rlib,libmemchr-c622a5b4f6a961b3.rlib,libthread_id-28474ef667d15ea5.rlib,libhumantime-9b4df544b2ec894d.rlib,libserde_yaml-ff9626597459cb5a.rlib,libryu-70ea9a7000b12dba.rlib,libitoa-5d32f20857b38e59.rlib,libindexmap-66a4d5d6fed4f75f.rlib,libequivalent-36fe78148bbac4ca.rlib,libhashbrown-49191a6fa1fcaf35.rlib,libunsafe_libyaml-fe735b36306ea696.rlib,libonce_cell-2bffb8f01566609a.rlib,libtypemap_ors-dc29135f52c81f52.rlib,libunsafe_any_ors-cc0685bfbb3fe53b.rlib,libdestructure_traitobject-b99e3db926b1dfd5.rlib,libthiserror-f168ed800e18d87f.rlib,librand-db00914eb528f2de.rlib,librand_chacha-ae40522e375a2dd9.rlib,libppv_lite86-2f8f70eb486e7392.rlib,libzerocopy-3649fb26bc98ba19.rlib,libbyteorder-e0e38b58a133abc4.rlib,librand_core-aba17450734f263e.rlib,libgetrandom-418f0cd9aa958ece.rlib,libanyhow-27c5699b16698fbd.rlib,libparking_lot-d0cfae80bddbaadd.rlib,libparking_lot_core-5f36485f2010db85.rlib,liblibc-bc7e97405f868017.rlib,libcfg_if-8f0231822091c729.rlib,libsmallvec-eac8be0f7215ab5a.rlib,liblock_api-7ed532b3ba6db1a6.rlib,libscopeguard-54efe0630e598d2f.rlib,libserde_value-c9c3e1d77dae0136.rlib,libordered_float-e2b67fa512e7f88c.rlib,libfnv-a0e84274df5e929e.rlib,libarc_swap-f58433ea651bfcc9.rlib,liblog-8ca6e70feb6db265.rlib,libserde-93d90a1761f80f28.rlib,libyansi-c081bdf603e7051c.rlib,libchrono-466920b322a259d6.rlib,libnum_traits-1bb4a13c537999d7.rlib,libiana_time_zone-7b37c435906b3282.rlib}" "/opt/rustwide/rustup-home/toolchains/nightly-2025-01-18-x86_64-unknown-linux-gnu/lib/rustlib/x86_64-unknown-linux-gnu/lib/{libstd-006123e2ce67e99d.rlib,libpanic_unwind-e1447e1efa6f1e57.rlib,libobject-f6963a4916fcf097.rlib,libmemchr-49a2d9af912f4524.rlib,libaddr2line-04d19aad3936869d.rlib,libgimli-483c235edb789db0.rlib,librustc_demangle-294281af50b8f748.rlib,libstd_detect-3b08295250aabc2a.rlib,libhashbrown-4472d1e05ba0dfaf.rlib,librustc_std_workspace_alloc-2ef099fac590e457.rlib,libminiz_oxide-8a51f5e848546c29.rlib,libadler2-3d3fa22b868db521.rlib,libunwind-0ffda8b08e22dbea.rlib,libcfg_if-b08f62458fdd43b9.rlib,liblibc-559675126e63b890.rlib,liballoc-fcf21c8d1c9c7b75.rlib,librustc_std_workspace_core-e0b0460135bcf21d.rlib,libcore-d4097fdcbddd3bc7.rlib,libcompiler_builtins-fea484ac1eed7881.rlib}" "-Wl,-Bdynamic" "-lgcc_s" "-lutil" "-lrt" "-lpthread" "-lm" "-ldl" "-lc" "-B/opt/rustwide/rustup-home/toolchains/nightly-2025-01-18-x86_64-unknown-linux-gnu/lib/rustlib/x86_64-unknown-linux-gnu/bin/gcc-ld" "-fuse-ld=lld" "-Wl,--eh-frame-hdr" "-Wl,-z,noexecstack" "-L" "/opt/rustwide/rustup-home/toolchains/nightly-2025-01-18-x86_64-unknown-linux-gnu/lib/rustlib/x86_64-unknown-linux-gnu/lib" "-o" "/tmp/rustdoctesteW2dWs/rust_out" "-Wl,--gc-sections" "-pie" "-Wl,-z,relro,-z,now" "-nodefaultlibs"
[INFO] [stdout]   = note: some arguments are omitted. use `--verbose` to show all linker arguments
[INFO] [stdout]   = note: PLEASE submit a bug report to https://github.com/llvm/llvm-project/issues/ and include the crash backtrace.
[INFO] [stdout]           collect2: fatal error: ld terminated with signal 7 [Bus error], core dumped
[INFO] [stdout]           compilation terminated.
[INFO] [stdout]           
[INFO] [stdout] 
[INFO] [stdout] error: aborting due to 1 previous error
[INFO] [stdout] 
[INFO] [stdout] Couldn't compile the test.
[INFO] [stdout] ---- src/utils/serde_utils.rs - utils::serde_utils::merge_json (line 15) stdout ----
[INFO] [stdout] error: linking with `cc` failed: exit status: 1
[INFO] [stdout]   |
[INFO] [stdout]   = note: LC_ALL="C" PATH="/opt/rustwide/rustup-home/toolchains/nightly-2025-01-18-x86_64-unknown-linux-gnu/lib/rustlib/x86_64-unknown-linux-gnu/bin:/opt/rustwide/rustup-home/toolchains/nightly-2025-01-18-x86_64-unknown-linux-gnu/lib/rustlib/x86_64-unknown-linux-gnu/bin/self-contained:/opt/rustwide/cargo-home/bin:/usr/local/sbin:/usr/local/bin:/usr/sbin:/usr/bin:/sbin:/bin" VSLANG="1033" "cc" "-m64" "/tmp/rustcKQmdzj/symbols.o" "<2 object files omitted>" "-Wl,--as-needed" "-Wl,-Bstatic" "/opt/rustwide/target/debug/deps/{libnorth_common-dc6b012bf5268991.rlib,liblog4rs-46fd987a46270062.rlib,liblog_mdc-f515c2b75c040f21.rlib,libserde_json-841c42e1da97d305.rlib,libmemchr-c622a5b4f6a961b3.rlib,libthread_id-28474ef667d15ea5.rlib,libhumantime-9b4df544b2ec894d.rlib,libserde_yaml-ff9626597459cb5a.rlib,libryu-70ea9a7000b12dba.rlib,libitoa-5d32f20857b38e59.rlib,libindexmap-66a4d5d6fed4f75f.rlib,libequivalent-36fe78148bbac4ca.rlib,libhashbrown-49191a6fa1fcaf35.rlib,libunsafe_libyaml-fe735b36306ea696.rlib,libonce_cell-2bffb8f01566609a.rlib,libtypemap_ors-dc29135f52c81f52.rlib,libunsafe_any_ors-cc0685bfbb3fe53b.rlib,libdestructure_traitobject-b99e3db926b1dfd5.rlib,libthiserror-f168ed800e18d87f.rlib,librand-db00914eb528f2de.rlib,librand_chacha-ae40522e375a2dd9.rlib,libppv_lite86-2f8f70eb486e7392.rlib,libzerocopy-3649fb26bc98ba19.rlib,libbyteorder-e0e38b58a133abc4.rlib,librand_core-aba17450734f263e.rlib,libgetrandom-418f0cd9aa958ece.rlib,libanyhow-27c5699b16698fbd.rlib,libparking_lot-d0cfae80bddbaadd.rlib,libparking_lot_core-5f36485f2010db85.rlib,liblibc-bc7e97405f868017.rlib,libcfg_if-8f0231822091c729.rlib,libsmallvec-eac8be0f7215ab5a.rlib,liblock_api-7ed532b3ba6db1a6.rlib,libscopeguard-54efe0630e598d2f.rlib,libserde_value-c9c3e1d77dae0136.rlib,libordered_float-e2b67fa512e7f88c.rlib,libfnv-a0e84274df5e929e.rlib,libarc_swap-f58433ea651bfcc9.rlib,liblog-8ca6e70feb6db265.rlib,libserde-93d90a1761f80f28.rlib,libyansi-c081bdf603e7051c.rlib,libchrono-466920b322a259d6.rlib,libnum_traits-1bb4a13c537999d7.rlib,libiana_time_zone-7b37c435906b3282.rlib}" "/opt/rustwide/rustup-home/toolchains/nightly-2025-01-18-x86_64-unknown-linux-gnu/lib/rustlib/x86_64-unknown-linux-gnu/lib/{libstd-006123e2ce67e99d.rlib,libpanic_unwind-e1447e1efa6f1e57.rlib,libobject-f6963a4916fcf097.rlib,libmemchr-49a2d9af912f4524.rlib,libaddr2line-04d19aad3936869d.rlib,libgimli-483c235edb789db0.rlib,librustc_demangle-294281af50b8f748.rlib,libstd_detect-3b08295250aabc2a.rlib,libhashbrown-4472d1e05ba0dfaf.rlib,librustc_std_workspace_alloc-2ef099fac590e457.rlib,libminiz_oxide-8a51f5e848546c29.rlib,libadler2-3d3fa22b868db521.rlib,libunwind-0ffda8b08e22dbea.rlib,libcfg_if-b08f62458fdd43b9.rlib,liblibc-559675126e63b890.rlib,liballoc-fcf21c8d1c9c7b75.rlib,librustc_std_workspace_core-e0b0460135bcf21d.rlib,libcore-d4097fdcbddd3bc7.rlib,libcompiler_builtins-fea484ac1eed7881.rlib}" "-Wl,-Bdynamic" "-lgcc_s" "-lutil" "-lrt" "-lpthread" "-lm" "-ldl" "-lc" "-B/opt/rustwide/rustup-home/toolchains/nightly-2025-01-18-x86_64-unknown-linux-gnu/lib/rustlib/x86_64-unknown-linux-gnu/bin/gcc-ld" "-fuse-ld=lld" "-Wl,--eh-frame-hdr" "-Wl,-z,noexecstack" "-L" "/opt/rustwide/rustup-home/toolchains/nightly-2025-01-18-x86_64-unknown-linux-gnu/lib/rustlib/x86_64-unknown-linux-gnu/lib" "-o" "/tmp/rustdoctestZEsjCW/rust_out" "-Wl,--gc-sections" "-pie" "-Wl,-z,relro,-z,now" "-nodefaultlibs"
[INFO] [stdout]   = note: some arguments are omitted. use `--verbose` to show all linker arguments
[INFO] [stdout]   = note: PLEASE submit a bug report to https://github.com/llvm/llvm-project/issues/ and include the crash backtrace.
[INFO] [stdout]           Stack dump:
[INFO] [stdout]           0.    Program arguments: /opt/rustwide/rustup-home/toolchains/nightly-2025-01-18-x86_64-unknown-linux-gnu/lib/rustlib/x86_64-unknown-linux-gnu/bin/rust-lld -flavor gnu -plugin /usr/lib/gcc/x86_64-linux-gnu/11/liblto_plugin.so -plugin-opt=/usr/lib/gcc/x86_64-linux-gnu/11/lto-wrapper -plugin-opt=-fresolution=/tmp/ccYn26PP.res --build-id --eh-frame-hdr -m elf_x86_64 --hash-style=gnu --as-needed -dynamic-linker /lib64/ld-linux-x86-64.so.2 -pie -z now -z relro -o /tmp/rustdoctestZEsjCW/rust_out /usr/lib/gcc/x86_64-linux-gnu/11/../../../x86_64-linux-gnu/Scrt1.o /usr/lib/gcc/x86_64-linux-gnu/11/../../../x86_64-linux-gnu/crti.o /usr/lib/gcc/x86_64-linux-gnu/11/crtbeginS.o -L/opt/rustwide/rustup-home/toolchains/nightly-2025-01-18-x86_64-unknown-linux-gnu/lib/rustlib/x86_64-unknown-linux-gnu/lib -L/opt/rustwide/rustup-home/toolchains/nightly-2025-01-18-x86_64-unknown-linux-gnu/lib/rustlib/x86_64-unknown-linux-gnu/bin/gcc-ld -L/usr/lib/gcc/x86_64-linux-gnu/11 -L/usr/lib/gcc/x86_64-linux-gnu/11/../../../x86_64-linux-gnu -L/usr/lib/gcc/x86_64-linux-gnu/11/../../../../lib -L/lib/x86_64-linux-gnu -L/lib/../lib -L/usr/lib/x86_64-linux-gnu -L/usr/lib/../lib -L/usr/lib/gcc/x86_64-linux-gnu/11/../../.. /tmp/rustcKQmdzj/symbols.o /tmp/rustdoctestZEsjCW/rust_out.rust_out.6a3e3f7878aae58b-cgu.0.rcgu.o /tmp/rustdoctestZEsjCW/rust_out.04lx7tfanwnzd5fu5mylfyri7.rcgu.o --as-needed -Bstatic /opt/rustwide/target/debug/deps/libnorth_common-dc6b012bf5268991.rlib /opt/rustwide/target/debug/deps/liblog4rs-46fd987a46270062.rlib /opt/rustwide/target/debug/deps/liblog_mdc-f515c2b75c040f21.rlib /opt/rustwide/target/debug/deps/libserde_json-841c42e1da97d305.rlib /opt/rustwide/target/debug/deps/libmemchr-c622a5b4f6a961b3.rlib /opt/rustwide/target/debug/deps/libthread_id-28474ef667d15ea5.rlib /opt/rustwide/target/debug/deps/libhumantime-9b4df544b2ec894d.rlib /opt/rustwide/target/debug/deps/libserde_yaml-ff9626597459cb5a.rlib /opt/rustwide/target/debug/deps/libryu-70ea9a7000b12dba.rlib /opt/rustwide/target/debug/deps/libitoa-5d32f20857b38e59.rlib /opt/rustwide/target/debug/deps/libindexmap-66a4d5d6fed4f75f.rlib /opt/rustwide/target/debug/deps/libequivalent-36fe78148bbac4ca.rlib /opt/rustwide/target/debug/deps/libhashbrown-49191a6fa1fcaf35.rlib /opt/rustwide/target/debug/deps/libunsafe_libyaml-fe735b36306ea696.rlib /opt/rustwide/target/debug/deps/libonce_cell-2bffb8f01566609a.rlib /opt/rustwide/target/debug/deps/libtypemap_ors-dc29135f52c81f52.rlib /opt/rustwide/target/debug/deps/libunsafe_any_ors-cc0685bfbb3fe53b.rlib /opt/rustwide/target/debug/deps/libdestructure_traitobject-b99e3db926b1dfd5.rlib /opt/rustwide/target/debug/deps/libthiserror-f168ed800e18d87f.rlib /opt/rustwide/target/debug/deps/librand-db00914eb528f2de.rlib /opt/rustwide/target/debug/deps/librand_chacha-ae40522e375a2dd9.rlib /opt/rustwide/target/debug/deps/libppv_lite86-2f8f70eb486e7392.rlib /opt/rustwide/target/debug/deps/libzerocopy-3649fb26bc98ba19.rlib /opt/rustwide/target/debug/deps/libbyteorder-e0e38b58a133abc4.rlib /opt/rustwide/target/debug/deps/librand_core-aba17450734f263e.rlib /opt/rustwide/target/debug/deps/libgetrandom-418f0cd9aa958ece.rlib /opt/rustwide/target/debug/deps/libanyhow-27c5699b16698fbd.rlib /opt/rustwide/target/debug/deps/libparking_lot-d0cfae80bddbaadd.rlib /opt/rustwide/target/debug/deps/libparking_lot_core-5f36485f2010db85.rlib /opt/rustwide/target/debug/deps/liblibc-bc7e97405f868017.rlib /opt/rustwide/target/debug/deps/libcfg_if-8f0231822091c729.rlib /opt/rustwide/target/debug/deps/libsmallvec-eac8be0f7215ab5a.rlib /opt/rustwide/target/debug/deps/liblock_api-7ed532b3ba6db1a6.rlib /opt/rustwide/target/debug/deps/libscopeguard-54efe0630e598d2f.rlib /opt/rustwide/target/debug/deps/libserde_value-c9c3e1d77dae0136.rlib /opt/rustwide/target/debug/deps/libordered_float-e2b67fa512e7f88c.rlib /opt/rustwide/target/debug/deps/libfnv-a0e84274df5e929e.rlib /opt/rustwide/target/debug/deps/libarc_swap-f58433ea651bfcc9.rlib /opt/rustwide/target/debug/deps/liblog-8ca6e70feb6db265.rlib /opt/rustwide/target/debug/deps/libserde-93d90a1761f80f28.rlib /opt/rustwide/target/debug/deps/libyansi-c081bdf603e7051c.rlib /opt/rustwide/target/debug/deps/libchrono-466920b322a259d6.rlib /opt/rustwide/target/debug/deps/libnum_traits-1bb4a13c537999d7.rlib /opt/rustwide/target/debug/deps/libiana_time_zone-7b37c435906b3282.rlib /opt/rustwide/rustup-home/toolchains/nightly-2025-01-18-x86_64-unknown-linux-gnu/lib/rustlib/x86_64-unknown-linux-gnu/lib/libstd-006123e2ce67e99d.rlib /opt/rustwide/rustup-home/toolchains/nightly-2025-01-18-x86_64-unknown-linux-gnu/lib/rustlib/x86_64-unknown-linux-gnu/lib/libpanic_unwind-e1447e1efa6f1e57.rlib /opt/rustwide/rustup-home/toolchains/nightly-2025-01-18-x86_64-unknown-linux-gnu/lib/rustlib/x86_64-unknown-linux-gnu/lib/libobject-f6963a4916fcf097.rlib /opt/rustwide/rustup-home/toolchains/nightly-2025-01-18-x86_64-unknown-linux-gnu/lib/rustlib/x86_64-unknown-linux-gnu/lib/libmemchr-49a2d9af912f4524.rlib /opt/rustwide/rustup-home/toolchains/nightly-2025-01-18-x86_64-unknown-linux-gnu/lib/rustlib/x86_64-unknown-linux-gnu/lib/libaddr2line-04d19aad3936869d.rlib /opt/rustwide/rustup-home/toolchains/nightly-2025-01-18-x86_64-unknown-linux-gnu/lib/rustlib/x86_64-unknown-linux-gnu/lib/libgimli-483c235edb789db0.rlib /opt/rustwide/rustup-home/toolchains/nightly-2025-01-18-x86_64-unknown-linux-gnu/lib/rustlib/x86_64-unknown-linux-gnu/lib/librustc_demangle-294281af50b8f748.rlib /opt/rustwide/rustup-home/toolchains/nightly-2025-01-18-x86_64-unknown-linux-gnu/lib/rustlib/x86_64-unknown-linux-gnu/lib/libstd_detect-3b08295250aabc2a.rlib /opt/rustwide/rustup-home/toolchains/nightly-2025-01-18-x86_64-unknown-linux-gnu/lib/rustlib/x86_64-unknown-linux-gnu/lib/libhashbrown-4472d1e05ba0dfaf.rlib /opt/rustwide/rustup-home/toolchains/nightly-2025-01-18-x86_64-unknown-linux-gnu/lib/rustlib/x86_64-unknown-linux-gnu/lib/librustc_std_workspace_alloc-2ef099fac590e457.rlib /opt/rustwide/rustup-home/toolchains/nightly-2025-01-18-x86_64-unknown-linux-gnu/lib/rustlib/x86_64-unknown-linux-gnu/lib/libminiz_oxide-8a51f5e848546c29.rlib /opt/rustwide/rustup-home/toolchains/nightly-2025-01-18-x86_64-unknown-linux-gnu/lib/rustlib/x86_64-unknown-linux-gnu/lib/libadler2-3d3fa22b868db521.rlib /opt/rustwide/rustup-home/toolchains/nightly-2025-01-18-x86_64-unknown-linux-gnu/lib/rustlib/x86_64-unknown-linux-gnu/lib/libunwind-0ffda8b08e22dbea.rlib /opt/rustwide/rustup-home/toolchains/nightly-2025-01-18-x86_64-unknown-linux-gnu/lib/rustlib/x86_64-unknown-linux-gnu/lib/libcfg_if-b08f62458fdd43b9.rlib /opt/rustwide/rustup-home/toolchains/nightly-2025-01-18-x86_64-unknown-linux-gnu/lib/rustlib/x86_64-unknown-linux-gnu/lib/liblibc-559675126e63b890.rlib /opt/rustwide/rustup-home/toolchains/nightly-2025-01-18-x86_64-unknown-linux-gnu/lib/rustlib/x86_64-unknown-linux-gnu/lib/liballoc-fcf21c8d1c9c7b75.rlib /opt/rustwide/rustup-home/toolchains/nightly-2025-01-18-x86_64-unknown-linux-gnu/lib/rustlib/x86_64-unknown-linux-gnu/lib/librustc_std_workspace_core-e0b0460135bcf21d.rlib /opt/rustwide/rustup-home/toolchains/nightly-2025-01-18-x86_64-unknown-linux-gnu/lib/rustlib/x86_64-unknown-linux-gnu/lib/libcore-d4097fdcbddd3bc7.rlib /opt/rustwide/rustup-home/toolchains/nightly-2025-01-18-x86_64-unknown-linux-gnu/lib/rustlib/x86_64-unknown-linux-gnu/lib/libcompiler_builtins-fea484ac1eed7881.rlib -Bdynamic -lgcc_s -lutil -lrt -lpthread -lm -ldl -lc --eh-frame-hdr -z noexecstack --gc-sections -z relro -z now /usr/lib/gcc/x86_64-linux-gnu/11/crtendS.o /usr/lib/gcc/x86_64-linux-gnu/11/../../../x86_64-linux-gnu/crtn.o
[INFO] [stdout]           LLVM ERROR: IO failure on output stream: No space left on device
[INFO] [stdout]           collect2: error: ld returned 1 exit status
[INFO] [stdout]           
[INFO] [stdout] 
[INFO] [stdout] error: aborting due to 1 previous error
[INFO] [stdout] 
[INFO] [stdout] Couldn't compile the test.
[INFO] [stdout] ---- src/utils/serde_utils.rs - utils::serde_utils::Value::merge (line 84) stdout ----
[INFO] [stdout] error: linking with `cc` failed: exit status: 1
[INFO] [stdout]   |
[INFO] [stdout]   = note: LC_ALL="C" PATH="/opt/rustwide/rustup-home/toolchains/nightly-2025-01-18-x86_64-unknown-linux-gnu/lib/rustlib/x86_64-unknown-linux-gnu/bin:/opt/rustwide/rustup-home/toolchains/nightly-2025-01-18-x86_64-unknown-linux-gnu/lib/rustlib/x86_64-unknown-linux-gnu/bin/self-contained:/opt/rustwide/cargo-home/bin:/usr/local/sbin:/usr/local/bin:/usr/sbin:/usr/bin:/sbin:/bin" VSLANG="1033" "cc" "-m64" "/tmp/rustcMnzbwY/symbols.o" "<2 object files omitted>" "-Wl,--as-needed" "-Wl,-Bstatic" "/opt/rustwide/target/debug/deps/{libnorth_common-dc6b012bf5268991.rlib,liblog4rs-46fd987a46270062.rlib,liblog_mdc-f515c2b75c040f21.rlib,libserde_json-841c42e1da97d305.rlib,libmemchr-c622a5b4f6a961b3.rlib,libthread_id-28474ef667d15ea5.rlib,libhumantime-9b4df544b2ec894d.rlib,libserde_yaml-ff9626597459cb5a.rlib,libryu-70ea9a7000b12dba.rlib,libitoa-5d32f20857b38e59.rlib,libindexmap-66a4d5d6fed4f75f.rlib,libequivalent-36fe78148bbac4ca.rlib,libhashbrown-49191a6fa1fcaf35.rlib,libunsafe_libyaml-fe735b36306ea696.rlib,libonce_cell-2bffb8f01566609a.rlib,libtypemap_ors-dc29135f52c81f52.rlib,libunsafe_any_ors-cc0685bfbb3fe53b.rlib,libdestructure_traitobject-b99e3db926b1dfd5.rlib,libthiserror-f168ed800e18d87f.rlib,librand-db00914eb528f2de.rlib,librand_chacha-ae40522e375a2dd9.rlib,libppv_lite86-2f8f70eb486e7392.rlib,libzerocopy-3649fb26bc98ba19.rlib,libbyteorder-e0e38b58a133abc4.rlib,librand_core-aba17450734f263e.rlib,libgetrandom-418f0cd9aa958ece.rlib,libanyhow-27c5699b16698fbd.rlib,libparking_lot-d0cfae80bddbaadd.rlib,libparking_lot_core-5f36485f2010db85.rlib,liblibc-bc7e97405f868017.rlib,libcfg_if-8f0231822091c729.rlib,libsmallvec-eac8be0f7215ab5a.rlib,liblock_api-7ed532b3ba6db1a6.rlib,libscopeguard-54efe0630e598d2f.rlib,libserde_value-c9c3e1d77dae0136.rlib,libordered_float-e2b67fa512e7f88c.rlib,libfnv-a0e84274df5e929e.rlib,libarc_swap-f58433ea651bfcc9.rlib,liblog-8ca6e70feb6db265.rlib,libserde-93d90a1761f80f28.rlib,libyansi-c081bdf603e7051c.rlib,libchrono-466920b322a259d6.rlib,libnum_traits-1bb4a13c537999d7.rlib,libiana_time_zone-7b37c435906b3282.rlib}" "/opt/rustwide/rustup-home/toolchains/nightly-2025-01-18-x86_64-unknown-linux-gnu/lib/rustlib/x86_64-unknown-linux-gnu/lib/{libstd-006123e2ce67e99d.rlib,libpanic_unwind-e1447e1efa6f1e57.rlib,libobject-f6963a4916fcf097.rlib,libmemchr-49a2d9af912f4524.rlib,libaddr2line-04d19aad3936869d.rlib,libgimli-483c235edb789db0.rlib,librustc_demangle-294281af50b8f748.rlib,libstd_detect-3b08295250aabc2a.rlib,libhashbrown-4472d1e05ba0dfaf.rlib,librustc_std_workspace_alloc-2ef099fac590e457.rlib,libminiz_oxide-8a51f5e848546c29.rlib,libadler2-3d3fa22b868db521.rlib,libunwind-0ffda8b08e22dbea.rlib,libcfg_if-b08f62458fdd43b9.rlib,liblibc-559675126e63b890.rlib,liballoc-fcf21c8d1c9c7b75.rlib,librustc_std_workspace_core-e0b0460135bcf21d.rlib,libcore-d4097fdcbddd3bc7.rlib,libcompiler_builtins-fea484ac1eed7881.rlib}" "-Wl,-Bdynamic" "-lgcc_s" "-lutil" "-lrt" "-lpthread" "-lm" "-ldl" "-lc" "-B/opt/rustwide/rustup-home/toolchains/nightly-2025-01-18-x86_64-unknown-linux-gnu/lib/rustlib/x86_64-unknown-linux-gnu/bin/gcc-ld" "-fuse-ld=lld" "-Wl,--eh-frame-hdr" "-Wl,-z,noexecstack" "-L" "/opt/rustwide/rustup-home/toolchains/nightly-2025-01-18-x86_64-unknown-linux-gnu/lib/rustlib/x86_64-unknown-linux-gnu/lib" "-o" "/tmp/rustdoctestcgi0bA/rust_out" "-Wl,--gc-sections" "-pie" "-Wl,-z,relro,-z,now" "-nodefaultlibs"
[INFO] [stdout]   = note: some arguments are omitted. use `--verbose` to show all linker arguments
[INFO] [stdout]   = note: PLEASE submit a bug report to https://github.com/llvm/llvm-project/issues/ and include the crash backtrace.
[INFO] [stdout]           LLVM ERROR: IO failure on output stream: No space left on device
[INFO] [stdout]           collect2: error: ld returned 1 exit status
[INFO] [stdout]           
[INFO] [stdout] 
[INFO] [stdout] error: aborting due to 1 previous error
[INFO] [stdout] 
[INFO] [stdout] Couldn't compile the test.
[INFO] [stdout] ---- src/utils/serde_utils.rs - utils::serde_utils::Value::merge (line 104) stdout ----
[INFO] [stdout] error: linking with `cc` failed: exit status: 1
[INFO] [stdout]   |
[INFO] [stdout]   = note: LC_ALL="C" PATH="/opt/rustwide/rustup-home/toolchains/nightly-2025-01-18-x86_64-unknown-linux-gnu/lib/rustlib/x86_64-unknown-linux-gnu/bin:/opt/rustwide/rustup-home/toolchains/nightly-2025-01-18-x86_64-unknown-linux-gnu/lib/rustlib/x86_64-unknown-linux-gnu/bin/self-contained:/opt/rustwide/cargo-home/bin:/usr/local/sbin:/usr/local/bin:/usr/sbin:/usr/bin:/sbin:/bin" VSLANG="1033" "cc" "-m64" "/tmp/rustcZqs4WB/symbols.o" "<2 object files omitted>" "-Wl,--as-needed" "-Wl,-Bstatic" "/opt/rustwide/target/debug/deps/{libnorth_common-dc6b012bf5268991.rlib,liblog4rs-46fd987a46270062.rlib,liblog_mdc-f515c2b75c040f21.rlib,libserde_json-841c42e1da97d305.rlib,libmemchr-c622a5b4f6a961b3.rlib,libthread_id-28474ef667d15ea5.rlib,libhumantime-9b4df544b2ec894d.rlib,libserde_yaml-ff9626597459cb5a.rlib,libryu-70ea9a7000b12dba.rlib,libitoa-5d32f20857b38e59.rlib,libindexmap-66a4d5d6fed4f75f.rlib,libequivalent-36fe78148bbac4ca.rlib,libhashbrown-49191a6fa1fcaf35.rlib,libunsafe_libyaml-fe735b36306ea696.rlib,libonce_cell-2bffb8f01566609a.rlib,libtypemap_ors-dc29135f52c81f52.rlib,libunsafe_any_ors-cc0685bfbb3fe53b.rlib,libdestructure_traitobject-b99e3db926b1dfd5.rlib,libthiserror-f168ed800e18d87f.rlib,librand-db00914eb528f2de.rlib,librand_chacha-ae40522e375a2dd9.rlib,libppv_lite86-2f8f70eb486e7392.rlib,libzerocopy-3649fb26bc98ba19.rlib,libbyteorder-e0e38b58a133abc4.rlib,librand_core-aba17450734f263e.rlib,libgetrandom-418f0cd9aa958ece.rlib,libanyhow-27c5699b16698fbd.rlib,libparking_lot-d0cfae80bddbaadd.rlib,libparking_lot_core-5f36485f2010db85.rlib,liblibc-bc7e97405f868017.rlib,libcfg_if-8f0231822091c729.rlib,libsmallvec-eac8be0f7215ab5a.rlib,liblock_api-7ed532b3ba6db1a6.rlib,libscopeguard-54efe0630e598d2f.rlib,libserde_value-c9c3e1d77dae0136.rlib,libordered_float-e2b67fa512e7f88c.rlib,libfnv-a0e84274df5e929e.rlib,libarc_swap-f58433ea651bfcc9.rlib,liblog-8ca6e70feb6db265.rlib,libserde-93d90a1761f80f28.rlib,libyansi-c081bdf603e7051c.rlib,libchrono-466920b322a259d6.rlib,libnum_traits-1bb4a13c537999d7.rlib,libiana_time_zone-7b37c435906b3282.rlib}" "/opt/rustwide/rustup-home/toolchains/nightly-2025-01-18-x86_64-unknown-linux-gnu/lib/rustlib/x86_64-unknown-linux-gnu/lib/{libstd-006123e2ce67e99d.rlib,libpanic_unwind-e1447e1efa6f1e57.rlib,libobject-f6963a4916fcf097.rlib,libmemchr-49a2d9af912f4524.rlib,libaddr2line-04d19aad3936869d.rlib,libgimli-483c235edb789db0.rlib,librustc_demangle-294281af50b8f748.rlib,libstd_detect-3b08295250aabc2a.rlib,libhashbrown-4472d1e05ba0dfaf.rlib,librustc_std_workspace_alloc-2ef099fac590e457.rlib,libminiz_oxide-8a51f5e848546c29.rlib,libadler2-3d3fa22b868db521.rlib,libunwind-0ffda8b08e22dbea.rlib,libcfg_if-b08f62458fdd43b9.rlib,liblibc-559675126e63b890.rlib,liballoc-fcf21c8d1c9c7b75.rlib,librustc_std_workspace_core-e0b0460135bcf21d.rlib,libcore-d4097fdcbddd3bc7.rlib,libcompiler_builtins-fea484ac1eed7881.rlib}" "-Wl,-Bdynamic" "-lgcc_s" "-lutil" "-lrt" "-lpthread" "-lm" "-ldl" "-lc" "-B/opt/rustwide/rustup-home/toolchains/nightly-2025-01-18-x86_64-unknown-linux-gnu/lib/rustlib/x86_64-unknown-linux-gnu/bin/gcc-ld" "-fuse-ld=lld" "-Wl,--eh-frame-hdr" "-Wl,-z,noexecstack" "-L" "/opt/rustwide/rustup-home/toolchains/nightly-2025-01-18-x86_64-unknown-linux-gnu/lib/rustlib/x86_64-unknown-linux-gnu/lib" "-o" "/tmp/rustdoctestRqLMBH/rust_out" "-Wl,--gc-sections" "-pie" "-Wl,-z,relro,-z,now" "-nodefaultlibs"
[INFO] [stdout]   = note: some arguments are omitted. use `--verbose` to show all linker arguments
[INFO] [stdout]   = note: PLEASE submit a bug report to https://github.com/llvm/llvm-project/issues/ and include the crash backtrace.
[INFO] [stdout]           collect2: fatal error: ld terminated with signal 7 [Bus error], core dumped
[INFO] [stdout]           compilation terminated.
[INFO] [stdout]           
[INFO] [stdout] 
[INFO] [stdout] error: aborting due to 1 previous error
[INFO] [stdout] 
[INFO] [stdout] Couldn't compile the test.
[INFO] [stdout] ---- src/utils/serde_utils.rs - utils::serde_utils::merge_json_and_yaml (line 62) stdout ----
[INFO] [stdout] error: linking with `cc` failed: exit status: 1
[INFO] [stdout]   |
[INFO] [stdout]   = note: LC_ALL="C" PATH="/opt/rustwide/rustup-home/toolchains/nightly-2025-01-18-x86_64-unknown-linux-gnu/lib/rustlib/x86_64-unknown-linux-gnu/bin:/opt/rustwide/rustup-home/toolchains/nightly-2025-01-18-x86_64-unknown-linux-gnu/lib/rustlib/x86_64-unknown-linux-gnu/bin/self-contained:/opt/rustwide/cargo-home/bin:/usr/local/sbin:/usr/local/bin:/usr/sbin:/usr/bin:/sbin:/bin" VSLANG="1033" "cc" "-m64" "/tmp/rustcxVOxwZ/symbols.o" "<2 object files omitted>" "-Wl,--as-needed" "-Wl,-Bstatic" "/opt/rustwide/target/debug/deps/{libnorth_common-dc6b012bf5268991.rlib,liblog4rs-46fd987a46270062.rlib,liblog_mdc-f515c2b75c040f21.rlib,libserde_json-841c42e1da97d305.rlib,libmemchr-c622a5b4f6a961b3.rlib,libthread_id-28474ef667d15ea5.rlib,libhumantime-9b4df544b2ec894d.rlib,libserde_yaml-ff9626597459cb5a.rlib,libryu-70ea9a7000b12dba.rlib,libitoa-5d32f20857b38e59.rlib,libindexmap-66a4d5d6fed4f75f.rlib,libequivalent-36fe78148bbac4ca.rlib,libhashbrown-49191a6fa1fcaf35.rlib,libunsafe_libyaml-fe735b36306ea696.rlib,libonce_cell-2bffb8f01566609a.rlib,libtypemap_ors-dc29135f52c81f52.rlib,libunsafe_any_ors-cc0685bfbb3fe53b.rlib,libdestructure_traitobject-b99e3db926b1dfd5.rlib,libthiserror-f168ed800e18d87f.rlib,librand-db00914eb528f2de.rlib,librand_chacha-ae40522e375a2dd9.rlib,libppv_lite86-2f8f70eb486e7392.rlib,libzerocopy-3649fb26bc98ba19.rlib,libbyteorder-e0e38b58a133abc4.rlib,librand_core-aba17450734f263e.rlib,libgetrandom-418f0cd9aa958ece.rlib,libanyhow-27c5699b16698fbd.rlib,libparking_lot-d0cfae80bddbaadd.rlib,libparking_lot_core-5f36485f2010db85.rlib,liblibc-bc7e97405f868017.rlib,libcfg_if-8f0231822091c729.rlib,libsmallvec-eac8be0f7215ab5a.rlib,liblock_api-7ed532b3ba6db1a6.rlib,libscopeguard-54efe0630e598d2f.rlib,libserde_value-c9c3e1d77dae0136.rlib,libordered_float-e2b67fa512e7f88c.rlib,libfnv-a0e84274df5e929e.rlib,libarc_swap-f58433ea651bfcc9.rlib,liblog-8ca6e70feb6db265.rlib,libserde-93d90a1761f80f28.rlib,libyansi-c081bdf603e7051c.rlib,libchrono-466920b322a259d6.rlib,libnum_traits-1bb4a13c537999d7.rlib,libiana_time_zone-7b37c435906b3282.rlib}" "/opt/rustwide/rustup-home/toolchains/nightly-2025-01-18-x86_64-unknown-linux-gnu/lib/rustlib/x86_64-unknown-linux-gnu/lib/{libstd-006123e2ce67e99d.rlib,libpanic_unwind-e1447e1efa6f1e57.rlib,libobject-f6963a4916fcf097.rlib,libmemchr-49a2d9af912f4524.rlib,libaddr2line-04d19aad3936869d.rlib,libgimli-483c235edb789db0.rlib,librustc_demangle-294281af50b8f748.rlib,libstd_detect-3b08295250aabc2a.rlib,libhashbrown-4472d1e05ba0dfaf.rlib,librustc_std_workspace_alloc-2ef099fac590e457.rlib,libminiz_oxide-8a51f5e848546c29.rlib,libadler2-3d3fa22b868db521.rlib,libunwind-0ffda8b08e22dbea.rlib,libcfg_if-b08f62458fdd43b9.rlib,liblibc-559675126e63b890.rlib,liballoc-fcf21c8d1c9c7b75.rlib,librustc_std_workspace_core-e0b0460135bcf21d.rlib,libcore-d4097fdcbddd3bc7.rlib,libcompiler_builtins-fea484ac1eed7881.rlib}" "-Wl,-Bdynamic" "-lgcc_s" "-lutil" "-lrt" "-lpthread" "-lm" "-ldl" "-lc" "-B/opt/rustwide/rustup-home/toolchains/nightly-2025-01-18-x86_64-unknown-linux-gnu/lib/rustlib/x86_64-unknown-linux-gnu/bin/gcc-ld" "-fuse-ld=lld" "-Wl,--eh-frame-hdr" "-Wl,-z,noexecstack" "-L" "/opt/rustwide/rustup-home/toolchains/nightly-2025-01-18-x86_64-unknown-linux-gnu/lib/rustlib/x86_64-unknown-linux-gnu/lib" "-o" "/tmp/rustdoctestnCRmyR/rust_out" "-Wl,--gc-sections" "-pie" "-Wl,-z,relro,-z,now" "-nodefaultlibs"
[INFO] [stdout]   = note: some arguments are omitted. use `--verbose` to show all linker arguments
[INFO] [stdout]   = note: PLEASE submit a bug report to https://github.com/llvm/llvm-project/issues/ and include the crash backtrace.
[INFO] [stdout]           collect2: fatal error: ld terminated with signal 7 [Bus error], core dumped
[INFO] [stdout]           compilation terminated.
[INFO] [stdout]           
[INFO] [stdout] 
[INFO] [stdout] error: aborting due to 1 previous error
[INFO] [stdout] 
[INFO] [stdout] Couldn't compile the test.
[INFO] [stdout] ---- src/utils/serde_utils.rs - utils::serde_utils::Value::merge (line 114) stdout ----
[INFO] [stdout] error: linking with `cc` failed: exit status: 1
[INFO] [stdout]   |
[INFO] [stdout]   = note: LC_ALL="C" PATH="/opt/rustwide/rustup-home/toolchains/nightly-2025-01-18-x86_64-unknown-linux-gnu/lib/rustlib/x86_64-unknown-linux-gnu/bin:/opt/rustwide/rustup-home/toolchains/nightly-2025-01-18-x86_64-unknown-linux-gnu/lib/rustlib/x86_64-unknown-linux-gnu/bin/self-contained:/opt/rustwide/cargo-home/bin:/usr/local/sbin:/usr/local/bin:/usr/sbin:/usr/bin:/sbin:/bin" VSLANG="1033" "cc" "-m64" "/tmp/rustcm3f0HP/symbols.o" "<2 object files omitted>" "-Wl,--as-needed" "-Wl,-Bstatic" "/opt/rustwide/target/debug/deps/{libnorth_common-dc6b012bf5268991.rlib,liblog4rs-46fd987a46270062.rlib,liblog_mdc-f515c2b75c040f21.rlib,libserde_json-841c42e1da97d305.rlib,libmemchr-c622a5b4f6a961b3.rlib,libthread_id-28474ef667d15ea5.rlib,libhumantime-9b4df544b2ec894d.rlib,libserde_yaml-ff9626597459cb5a.rlib,libryu-70ea9a7000b12dba.rlib,libitoa-5d32f20857b38e59.rlib,libindexmap-66a4d5d6fed4f75f.rlib,libequivalent-36fe78148bbac4ca.rlib,libhashbrown-49191a6fa1fcaf35.rlib,libunsafe_libyaml-fe735b36306ea696.rlib,libonce_cell-2bffb8f01566609a.rlib,libtypemap_ors-dc29135f52c81f52.rlib,libunsafe_any_ors-cc0685bfbb3fe53b.rlib,libdestructure_traitobject-b99e3db926b1dfd5.rlib,libthiserror-f168ed800e18d87f.rlib,librand-db00914eb528f2de.rlib,librand_chacha-ae40522e375a2dd9.rlib,libppv_lite86-2f8f70eb486e7392.rlib,libzerocopy-3649fb26bc98ba19.rlib,libbyteorder-e0e38b58a133abc4.rlib,librand_core-aba17450734f263e.rlib,libgetrandom-418f0cd9aa958ece.rlib,libanyhow-27c5699b16698fbd.rlib,libparking_lot-d0cfae80bddbaadd.rlib,libparking_lot_core-5f36485f2010db85.rlib,liblibc-bc7e97405f868017.rlib,libcfg_if-8f0231822091c729.rlib,libsmallvec-eac8be0f7215ab5a.rlib,liblock_api-7ed532b3ba6db1a6.rlib,libscopeguard-54efe0630e598d2f.rlib,libserde_value-c9c3e1d77dae0136.rlib,libordered_float-e2b67fa512e7f88c.rlib,libfnv-a0e84274df5e929e.rlib,libarc_swap-f58433ea651bfcc9.rlib,liblog-8ca6e70feb6db265.rlib,libserde-93d90a1761f80f28.rlib,libyansi-c081bdf603e7051c.rlib,libchrono-466920b322a259d6.rlib,libnum_traits-1bb4a13c537999d7.rlib,libiana_time_zone-7b37c435906b3282.rlib}" "/opt/rustwide/rustup-home/toolchains/nightly-2025-01-18-x86_64-unknown-linux-gnu/lib/rustlib/x86_64-unknown-linux-gnu/lib/{libstd-006123e2ce67e99d.rlib,libpanic_unwind-e1447e1efa6f1e57.rlib,libobject-f6963a4916fcf097.rlib,libmemchr-49a2d9af912f4524.rlib,libaddr2line-04d19aad3936869d.rlib,libgimli-483c235edb789db0.rlib,librustc_demangle-294281af50b8f748.rlib,libstd_detect-3b08295250aabc2a.rlib,libhashbrown-4472d1e05ba0dfaf.rlib,librustc_std_workspace_alloc-2ef099fac590e457.rlib,libminiz_oxide-8a51f5e848546c29.rlib,libadler2-3d3fa22b868db521.rlib,libunwind-0ffda8b08e22dbea.rlib,libcfg_if-b08f62458fdd43b9.rlib,liblibc-559675126e63b890.rlib,liballoc-fcf21c8d1c9c7b75.rlib,librustc_std_workspace_core-e0b0460135bcf21d.rlib,libcore-d4097fdcbddd3bc7.rlib,libcompiler_builtins-fea484ac1eed7881.rlib}" "-Wl,-Bdynamic" "-lgcc_s" "-lutil" "-lrt" "-lpthread" "-lm" "-ldl" "-lc" "-B/opt/rustwide/rustup-home/toolchains/nightly-2025-01-18-x86_64-unknown-linux-gnu/lib/rustlib/x86_64-unknown-linux-gnu/bin/gcc-ld" "-fuse-ld=lld" "-Wl,--eh-frame-hdr" "-Wl,-z,noexecstack" "-L" "/opt/rustwide/rustup-home/toolchains/nightly-2025-01-18-x86_64-unknown-linux-gnu/lib/rustlib/x86_64-unknown-linux-gnu/lib" "-o" "/tmp/rustdoctestfRBtIK/rust_out" "-Wl,--gc-sections" "-pie" "-Wl,-z,relro,-z,now" "-nodefaultlibs"
[INFO] [stdout]   = note: some arguments are omitted. use `--verbose` to show all linker arguments
[INFO] [stdout]   = note: PLEASE submit a bug report to https://github.com/llvm/llvm-project/issues/ and include the crash backtrace.
[INFO] [stdout]           collect2: fatal error: ld terminated with signal 7 [Bus error], core dumped
[INFO] [stdout]           compilation terminated.
[INFO] [stdout]           
[INFO] [stdout] 
[INFO] [stdout] error: aborting due to 1 previous error
[INFO] [stdout] 
[INFO] [stdout] Couldn't compile the test.
[INFO] [stdout] ---- src/utils/serde_utils.rs - utils::serde_utils::Value::merge_in (line 137) stdout ----
[INFO] [stdout] error: linking with `cc` failed: exit status: 1
[INFO] [stdout]   |
[INFO] [stdout]   = note: LC_ALL="C" PATH="/opt/rustwide/rustup-home/toolchains/nightly-2025-01-18-x86_64-unknown-linux-gnu/lib/rustlib/x86_64-unknown-linux-gnu/bin:/opt/rustwide/rustup-home/toolchains/nightly-2025-01-18-x86_64-unknown-linux-gnu/lib/rustlib/x86_64-unknown-linux-gnu/bin/self-contained:/opt/rustwide/cargo-home/bin:/usr/local/sbin:/usr/local/bin:/usr/sbin:/usr/bin:/sbin:/bin" VSLANG="1033" "cc" "-m64" "/tmp/rustc27rgmI/symbols.o" "<2 object files omitted>" "-Wl,--as-needed" "-Wl,-Bstatic" "/opt/rustwide/target/debug/deps/{libnorth_common-dc6b012bf5268991.rlib,liblog4rs-46fd987a46270062.rlib,liblog_mdc-f515c2b75c040f21.rlib,libserde_json-841c42e1da97d305.rlib,libmemchr-c622a5b4f6a961b3.rlib,libthread_id-28474ef667d15ea5.rlib,libhumantime-9b4df544b2ec894d.rlib,libserde_yaml-ff9626597459cb5a.rlib,libryu-70ea9a7000b12dba.rlib,libitoa-5d32f20857b38e59.rlib,libindexmap-66a4d5d6fed4f75f.rlib,libequivalent-36fe78148bbac4ca.rlib,libhashbrown-49191a6fa1fcaf35.rlib,libunsafe_libyaml-fe735b36306ea696.rlib,libonce_cell-2bffb8f01566609a.rlib,libtypemap_ors-dc29135f52c81f52.rlib,libunsafe_any_ors-cc0685bfbb3fe53b.rlib,libdestructure_traitobject-b99e3db926b1dfd5.rlib,libthiserror-f168ed800e18d87f.rlib,librand-db00914eb528f2de.rlib,librand_chacha-ae40522e375a2dd9.rlib,libppv_lite86-2f8f70eb486e7392.rlib,libzerocopy-3649fb26bc98ba19.rlib,libbyteorder-e0e38b58a133abc4.rlib,librand_core-aba17450734f263e.rlib,libgetrandom-418f0cd9aa958ece.rlib,libanyhow-27c5699b16698fbd.rlib,libparking_lot-d0cfae80bddbaadd.rlib,libparking_lot_core-5f36485f2010db85.rlib,liblibc-bc7e97405f868017.rlib,libcfg_if-8f0231822091c729.rlib,libsmallvec-eac8be0f7215ab5a.rlib,liblock_api-7ed532b3ba6db1a6.rlib,libscopeguard-54efe0630e598d2f.rlib,libserde_value-c9c3e1d77dae0136.rlib,libordered_float-e2b67fa512e7f88c.rlib,libfnv-a0e84274df5e929e.rlib,libarc_swap-f58433ea651bfcc9.rlib,liblog-8ca6e70feb6db265.rlib,libserde-93d90a1761f80f28.rlib,libyansi-c081bdf603e7051c.rlib,libchrono-466920b322a259d6.rlib,libnum_traits-1bb4a13c537999d7.rlib,libiana_time_zone-7b37c435906b3282.rlib}" "/opt/rustwide/rustup-home/toolchains/nightly-2025-01-18-x86_64-unknown-linux-gnu/lib/rustlib/x86_64-unknown-linux-gnu/lib/{libstd-006123e2ce67e99d.rlib,libpanic_unwind-e1447e1efa6f1e57.rlib,libobject-f6963a4916fcf097.rlib,libmemchr-49a2d9af912f4524.rlib,libaddr2line-04d19aad3936869d.rlib,libgimli-483c235edb789db0.rlib,librustc_demangle-294281af50b8f748.rlib,libstd_detect-3b08295250aabc2a.rlib,libhashbrown-4472d1e05ba0dfaf.rlib,librustc_std_workspace_alloc-2ef099fac590e457.rlib,libminiz_oxide-8a51f5e848546c29.rlib,libadler2-3d3fa22b868db521.rlib,libunwind-0ffda8b08e22dbea.rlib,libcfg_if-b08f62458fdd43b9.rlib,liblibc-559675126e63b890.rlib,liballoc-fcf21c8d1c9c7b75.rlib,librustc_std_workspace_core-e0b0460135bcf21d.rlib,libcore-d4097fdcbddd3bc7.rlib,libcompiler_builtins-fea484ac1eed7881.rlib}" "-Wl,-Bdynamic" "-lgcc_s" "-lutil" "-lrt" "-lpthread" "-lm" "-ldl" "-lc" "-B/opt/rustwide/rustup-home/toolchains/nightly-2025-01-18-x86_64-unknown-linux-gnu/lib/rustlib/x86_64-unknown-linux-gnu/bin/gcc-ld" "-fuse-ld=lld" "-Wl,--eh-frame-hdr" "-Wl,-z,noexecstack" "-L" "/opt/rustwide/rustup-home/toolchains/nightly-2025-01-18-x86_64-unknown-linux-gnu/lib/rustlib/x86_64-unknown-linux-gnu/lib" "-o" "/tmp/rustdoctestS9w6Vc/rust_out" "-Wl,--gc-sections" "-pie" "-Wl,-z,relro,-z,now" "-nodefaultlibs"
[INFO] [stdout]   = note: some arguments are omitted. use `--verbose` to show all linker arguments
[INFO] [stdout]   = note: PLEASE submit a bug report to https://github.com/llvm/llvm-project/issues/ and include the crash backtrace.
[INFO] [stdout]           LLVM ERROR: IO failure on output stream: No space left on device
[INFO] [stdout]           collect2: fatal error: ld terminated with signal 7 [Bus error], core dumped
[INFO] [stdout]           compilation terminated.
[INFO] [stdout]           
[INFO] [stdout] 
[INFO] [stdout] error: aborting due to 1 previous error
[INFO] [stdout] 
[INFO] [stdout] Couldn't compile the test.
[INFO] [stdout] 
[INFO] [stdout] failures:
[INFO] [stdout]     src/utils/serde_utils.rs - utils::serde_utils::Value::merge (line 104)
[INFO] [stdout]     src/utils/serde_utils.rs - utils::serde_utils::Value::merge (line 114)
[INFO] [stdout]     src/utils/serde_utils.rs - utils::serde_utils::Value::merge (line 84)
[INFO] [stdout]     src/utils/serde_utils.rs - utils::serde_utils::Value::merge_in (line 127)
[INFO] [stdout]     src/utils/serde_utils.rs - utils::serde_utils::Value::merge_in (line 137)
[INFO] [stdout]     src/utils/serde_utils.rs - utils::serde_utils::merge_json (line 15)
[INFO] [stdout]     src/utils/serde_utils.rs - utils::serde_utils::merge_json_and_yaml (line 62)
[INFO] [stdout] 
[INFO] [stdout] test result: FAILED. 2 passed; 7 failed; 0 ignored; 0 measured; 0 filtered out; finished in 2.36s
[INFO] [stdout] 
[INFO] [stderr] error: doctest failed, to rerun pass `--doc`
[INFO] running `Command { std: "docker" "inspect" "82f3f998ca3c372563fc821887cf2f89dd320eb603fdd4c6e19855cea9f5b563", kill_on_drop: false }`
[INFO] running `Command { std: "docker" "rm" "-f" "82f3f998ca3c372563fc821887cf2f89dd320eb603fdd4c6e19855cea9f5b563", kill_on_drop: false }`
[INFO] [stdout] 82f3f998ca3c372563fc821887cf2f89dd320eb603fdd4c6e19855cea9f5b563
