[INFO] cloning repository https://github.com/zthompson47/pseudotty
[INFO] running `Command { std: "git" "-c" "credential.helper=" "-c" "credential.helper=/workspace/cargo-home/bin/git-credential-null" "clone" "--bare" "https://github.com/zthompson47/pseudotty" "/workspace/cache/git-repos/https%3A%2F%2Fgithub.com%2Fzthompson47%2Fpseudotty", kill_on_drop: false }`
[INFO] [stderr] Cloning into bare repository '/workspace/cache/git-repos/https%3A%2F%2Fgithub.com%2Fzthompson47%2Fpseudotty'...
[INFO] running `Command { std: "git" "rev-parse" "HEAD", kill_on_drop: false }`
[INFO] [stdout] b33025d1ed6a4401ea5df87702274b6e5e1a2b36
[INFO] testing zthompson47/pseudotty against nightly-2025-01-18+rustflags=-Zrandomize-layout for randomize-layout-2
[INFO] running `Command { std: "git" "clone" "/workspace/cache/git-repos/https%3A%2F%2Fgithub.com%2Fzthompson47%2Fpseudotty" "/workspace/builds/worker-3-tc2/source", kill_on_drop: false }`
[INFO] [stderr] Cloning into '/workspace/builds/worker-3-tc2/source'...
[INFO] [stderr] done.
[INFO] validating manifest of git repo https://github.com/zthompson47/pseudotty on toolchain nightly-2025-01-18
[INFO] running `Command { std: CARGO_HOME="/workspace/cargo-home" RUSTUP_HOME="/workspace/rustup-home" "/workspace/cargo-home/bin/cargo" "+nightly-2025-01-18" "metadata" "--manifest-path" "Cargo.toml" "--no-deps", kill_on_drop: false }`
[INFO] started tweaking git repo https://github.com/zthompson47/pseudotty
[INFO] finished tweaking git repo https://github.com/zthompson47/pseudotty
[INFO] tweaked toml for git repo https://github.com/zthompson47/pseudotty written to /workspace/builds/worker-3-tc2/source/Cargo.toml
[INFO] crate git repo https://github.com/zthompson47/pseudotty already has a lockfile, it will not be regenerated
[INFO] running `Command { std: CARGO_HOME="/workspace/cargo-home" RUSTUP_HOME="/workspace/rustup-home" "/workspace/cargo-home/bin/cargo" "+nightly-2025-01-18" "fetch" "--manifest-path" "Cargo.toml", kill_on_drop: false }`
[INFO] running `Command { std: "docker" "create" "-v" "/var/lib/crater-agent-workspace/builds/worker-3-tc2/target:/opt/rustwide/target:rw,Z" "-v" "/var/lib/crater-agent-workspace/builds/worker-3-tc2/source:/opt/rustwide/workdir:ro,Z" "-v" "/var/lib/crater-agent-workspace/cargo-home:/opt/rustwide/cargo-home:ro,Z" "-v" "/var/lib/crater-agent-workspace/rustup-home:/opt/rustwide/rustup-home:ro,Z" "-e" "SOURCE_DIR=/opt/rustwide/workdir" "-e" "CARGO_TARGET_DIR=/opt/rustwide/target" "-e" "CARGO_HOME=/opt/rustwide/cargo-home" "-e" "RUSTUP_HOME=/opt/rustwide/rustup-home" "-w" "/opt/rustwide/workdir" "-m" "1610612736" "--user" "0:0" "--network" "none" "ghcr.io/rust-lang/crates-build-env/linux@sha256:819108c5571ea2e421544af4d832f968d213c87fbe3707a016657f43d2f853bc" "/opt/rustwide/cargo-home/bin/cargo" "+nightly-2025-01-18" "metadata" "--no-deps" "--format-version=1", kill_on_drop: false }`
[INFO] [stdout] 55c47b1178eaa4f9d51aa19365c37519f8f37ff9d1fa7b115c402d7b9344526e
[INFO] running `Command { std: "docker" "start" "-a" "55c47b1178eaa4f9d51aa19365c37519f8f37ff9d1fa7b115c402d7b9344526e", kill_on_drop: false }`
[INFO] running `Command { std: "docker" "inspect" "55c47b1178eaa4f9d51aa19365c37519f8f37ff9d1fa7b115c402d7b9344526e", kill_on_drop: false }`
[INFO] running `Command { std: "docker" "rm" "-f" "55c47b1178eaa4f9d51aa19365c37519f8f37ff9d1fa7b115c402d7b9344526e", kill_on_drop: false }`
[INFO] [stdout] 55c47b1178eaa4f9d51aa19365c37519f8f37ff9d1fa7b115c402d7b9344526e
[INFO] running `Command { std: "docker" "create" "-v" "/var/lib/crater-agent-workspace/builds/worker-3-tc2/target:/opt/rustwide/target:rw,Z" "-v" "/var/lib/crater-agent-workspace/builds/worker-3-tc2/source:/opt/rustwide/workdir:ro,Z" "-v" "/var/lib/crater-agent-workspace/cargo-home:/opt/rustwide/cargo-home:ro,Z" "-v" "/var/lib/crater-agent-workspace/rustup-home:/opt/rustwide/rustup-home:ro,Z" "-e" "SOURCE_DIR=/opt/rustwide/workdir" "-e" "CARGO_TARGET_DIR=/opt/rustwide/target" "-e" "CARGO_INCREMENTAL=0" "-e" "RUST_BACKTRACE=full" "-e" "RUSTFLAGS=--cap-lints=forbid -Zrandomize-layout" "-e" "RUSTDOCFLAGS=--cap-lints=forbid" "-e" "CARGO_HOME=/opt/rustwide/cargo-home" "-e" "RUSTUP_HOME=/opt/rustwide/rustup-home" "-w" "/opt/rustwide/workdir" "-m" "1610612736" "--user" "0:0" "--network" "none" "ghcr.io/rust-lang/crates-build-env/linux@sha256:819108c5571ea2e421544af4d832f968d213c87fbe3707a016657f43d2f853bc" "/opt/rustwide/cargo-home/bin/cargo" "+nightly-2025-01-18" "build" "--frozen" "--message-format=json", kill_on_drop: false }`
[INFO] [stdout] 57e148121412a2593c524517c8f61ee487610c2ade01e1253d4247b484a62611
[INFO] running `Command { std: "docker" "start" "-a" "57e148121412a2593c524517c8f61ee487610c2ade01e1253d4247b484a62611", kill_on_drop: false }`
[INFO] [stderr]    Compiling libc v0.2.126
[INFO] [stderr]    Compiling getrandom v0.1.16
[INFO] [stderr]    Compiling proc-macro2 v1.0.40
[INFO] [stderr]    Compiling unicode-ident v1.0.2
[INFO] [stderr]    Compiling quote v1.0.20
[INFO] [stderr]    Compiling syn v1.0.98
[INFO] [stderr]    Compiling ppv-lite86 v0.2.16
[INFO] [stderr]    Compiling version_check v0.9.4
[INFO] [stderr]    Compiling siphasher v0.3.10
[INFO] [stderr]    Compiling proc-macro-hack v0.5.19
[INFO] [stderr]    Compiling log v0.4.17
[INFO] [stderr]    Compiling ucd-trie v0.1.4
[INFO] [stderr]    Compiling typenum v1.15.0
[INFO] [stderr]    Compiling memchr v2.5.0
[INFO] [stderr]    Compiling memoffset v0.6.5
[INFO] [stderr]    Compiling num-traits v0.2.15
[INFO] [stderr]    Compiling phf_shared v0.8.0
[INFO] [stderr]    Compiling pest v2.1.3
[INFO] [stderr]    Compiling lock_api v0.4.7
[INFO] [stderr]    Compiling maplit v1.0.2
[INFO] [stderr]    Compiling parking_lot_core v0.9.3
[INFO] [stderr]    Compiling signal-hook v0.3.14
[INFO] [stderr]    Compiling smallvec v1.9.0
[INFO] [stderr]    Compiling cfg-if v0.1.10
[INFO] [stderr]    Compiling anyhow v1.0.58
[INFO] [stderr]    Compiling scopeguard v1.1.0
[INFO] [stderr]    Compiling generic-array v0.14.5
[INFO] [stderr]    Compiling nom v5.1.2
[INFO] [stderr]    Compiling lazy_static v1.4.0
[INFO] [stderr]    Compiling opaque-debug v0.3.0
[INFO] [stderr]    Compiling cpufeatures v0.2.2
[INFO] [stderr]    Compiling utf8parse v0.2.0
[INFO] [stderr]    Compiling fnv v1.0.7
[INFO] [stderr]    Compiling regex-syntax v0.6.27
[INFO] [stderr]    Compiling vtparse v0.6.1
[INFO] [stderr]    Compiling wezterm-bidi v0.1.0
[INFO] [stderr]    Compiling memmem v0.1.1
[INFO] [stderr]    Compiling unicode-segmentation v1.9.0
[INFO] [stderr]    Compiling hex v0.4.3
[INFO] [stderr]    Compiling base64 v0.13.0
[INFO] [stderr]    Compiling rand_core v0.5.1
[INFO] [stderr]    Compiling aho-corasick v0.7.18
[INFO] [stderr]    Compiling signal-hook-registry v1.4.0
[INFO] [stderr]    Compiling rand_pcg v0.2.1
[INFO] [stderr]    Compiling rand_chacha v0.2.2
[INFO] [stderr]    Compiling dirs-sys v0.3.7
[INFO] [stderr]    Compiling mio v0.8.4
[INFO] [stderr]    Compiling nix v0.23.1
[INFO] [stderr]    Compiling termios v0.3.3
[INFO] [stderr]    Compiling nix v0.24.2
[INFO] [stderr]    Compiling rand v0.7.3
[INFO] [stderr]    Compiling pest_meta v2.1.3
[INFO] [stderr]    Compiling block-buffer v0.9.0
[INFO] [stderr]    Compiling digest v0.9.0
[INFO] [stderr]    Compiling semver-parser v0.10.2
[INFO] [stderr]    Compiling dirs v2.0.2
[INFO] [stderr]    Compiling ordered-float v2.10.0
[INFO] [stderr]    Compiling signal-hook-mio v0.2.3
[INFO] [stderr]    Compiling parking_lot v0.12.1
[INFO] [stderr]    Compiling sha2 v0.9.9
[INFO] [stderr]    Compiling signal-hook v0.1.17
[INFO] [stderr]    Compiling semver v0.11.0
[INFO] [stderr]    Compiling phf_generator v0.8.0
[INFO] [stderr]    Compiling phf_codegen v0.8.0
[INFO] [stderr]    Compiling crossterm v0.24.0
[INFO] [stderr]    Compiling terminfo v0.7.3
[INFO] [stderr]    Compiling regex v1.6.0
[INFO] [stderr]    Compiling pest_generator v2.1.3
[INFO] [stderr]    Compiling phf_macros v0.8.0
[INFO] [stderr]    Compiling thiserror-impl v1.0.31
[INFO] [stderr]    Compiling num-derive v0.3.3
[INFO] [stderr]    Compiling pest_derive v2.1.0
[INFO] [stderr]    Compiling phf v0.8.0
[INFO] [stderr]    Compiling csscolorparser v0.5.0
[INFO] [stderr]    Compiling wezterm-color-types v0.1.0
[INFO] [stderr]    Compiling thiserror v1.0.31
[INFO] [stderr]    Compiling filedescriptor v0.8.2
[INFO] [stderr]    Compiling termwiz v0.16.0
[INFO] [stderr]    Compiling pseudopty v0.1.0 (/opt/rustwide/workdir)
[INFO] [stderr]     Finished `dev` profile [unoptimized + debuginfo] target(s) in 28.41s
[INFO] [stderr] warning: the following packages contain code that will be rejected by a future version of Rust: nom v5.1.2, terminfo v0.7.3
[INFO] [stderr] note: to see what the problems were, use the option `--future-incompat-report`, or run `cargo report future-incompatibilities --id 1`
[INFO] running `Command { std: "docker" "inspect" "57e148121412a2593c524517c8f61ee487610c2ade01e1253d4247b484a62611", kill_on_drop: false }`
[INFO] running `Command { std: "docker" "rm" "-f" "57e148121412a2593c524517c8f61ee487610c2ade01e1253d4247b484a62611", kill_on_drop: false }`
[INFO] [stdout] 57e148121412a2593c524517c8f61ee487610c2ade01e1253d4247b484a62611
[INFO] running `Command { std: "docker" "create" "-v" "/var/lib/crater-agent-workspace/builds/worker-3-tc2/target:/opt/rustwide/target:rw,Z" "-v" "/var/lib/crater-agent-workspace/builds/worker-3-tc2/source:/opt/rustwide/workdir:ro,Z" "-v" "/var/lib/crater-agent-workspace/cargo-home:/opt/rustwide/cargo-home:ro,Z" "-v" "/var/lib/crater-agent-workspace/rustup-home:/opt/rustwide/rustup-home:ro,Z" "-e" "SOURCE_DIR=/opt/rustwide/workdir" "-e" "CARGO_TARGET_DIR=/opt/rustwide/target" "-e" "CARGO_INCREMENTAL=0" "-e" "RUST_BACKTRACE=full" "-e" "RUSTFLAGS=--cap-lints=forbid -Zrandomize-layout" "-e" "RUSTDOCFLAGS=--cap-lints=forbid" "-e" "CARGO_HOME=/opt/rustwide/cargo-home" "-e" "RUSTUP_HOME=/opt/rustwide/rustup-home" "-w" "/opt/rustwide/workdir" "-m" "1610612736" "--user" "0:0" "--network" "none" "ghcr.io/rust-lang/crates-build-env/linux@sha256:819108c5571ea2e421544af4d832f968d213c87fbe3707a016657f43d2f853bc" "/opt/rustwide/cargo-home/bin/cargo" "+nightly-2025-01-18" "test" "--frozen" "--no-run" "--message-format=json", kill_on_drop: false }`
[INFO] [stdout] 59e3bede6d2304b57dfd32e106e267ee797df531dbcd19d78806f8d8b5b8fb01
[INFO] running `Command { std: "docker" "start" "-a" "59e3bede6d2304b57dfd32e106e267ee797df531dbcd19d78806f8d8b5b8fb01", kill_on_drop: false }`
[INFO] [stderr]    Compiling tokio v1.20.1
[INFO] [stderr]    Compiling crossterm v0.23.2
[INFO] [stderr]    Compiling tokio-macros v1.8.0
[INFO] [stderr]    Compiling pin-project-lite v0.2.9
[INFO] [stderr]    Compiling cassowary v0.3.0
[INFO] [stderr]    Compiling unicode-width v0.1.9
[INFO] [stderr]    Compiling once_cell v1.13.0
[INFO] [stderr]    Compiling tui v0.18.0
[INFO] [stderr]    Compiling pseudopty v0.1.0 (/opt/rustwide/workdir)
[INFO] [stderr]     Finished `test` profile [unoptimized + debuginfo] target(s) in 5.95s
[INFO] [stderr] warning: the following packages contain code that will be rejected by a future version of Rust: nom v5.1.2, terminfo v0.7.3
[INFO] [stderr] note: to see what the problems were, use the option `--future-incompat-report`, or run `cargo report future-incompatibilities --id 1`
[INFO] running `Command { std: "docker" "inspect" "59e3bede6d2304b57dfd32e106e267ee797df531dbcd19d78806f8d8b5b8fb01", kill_on_drop: false }`
[INFO] running `Command { std: "docker" "rm" "-f" "59e3bede6d2304b57dfd32e106e267ee797df531dbcd19d78806f8d8b5b8fb01", kill_on_drop: false }`
[INFO] [stdout] 59e3bede6d2304b57dfd32e106e267ee797df531dbcd19d78806f8d8b5b8fb01
[INFO] running `Command { std: "docker" "create" "-v" "/var/lib/crater-agent-workspace/builds/worker-3-tc2/target:/opt/rustwide/target:rw,Z" "-v" "/var/lib/crater-agent-workspace/builds/worker-3-tc2/source:/opt/rustwide/workdir:ro,Z" "-v" "/var/lib/crater-agent-workspace/cargo-home:/opt/rustwide/cargo-home:ro,Z" "-v" "/var/lib/crater-agent-workspace/rustup-home:/opt/rustwide/rustup-home:ro,Z" "-e" "SOURCE_DIR=/opt/rustwide/workdir" "-e" "CARGO_TARGET_DIR=/opt/rustwide/target" "-e" "CARGO_INCREMENTAL=0" "-e" "RUST_BACKTRACE=full" "-e" "RUSTFLAGS=--cap-lints=forbid -Zrandomize-layout" "-e" "RUSTDOCFLAGS=--cap-lints=forbid" "-e" "CARGO_HOME=/opt/rustwide/cargo-home" "-e" "RUSTUP_HOME=/opt/rustwide/rustup-home" "-w" "/opt/rustwide/workdir" "-m" "1610612736" "--user" "0:0" "--network" "none" "ghcr.io/rust-lang/crates-build-env/linux@sha256:819108c5571ea2e421544af4d832f968d213c87fbe3707a016657f43d2f853bc" "/opt/rustwide/cargo-home/bin/cargo" "+nightly-2025-01-18" "test" "--frozen", kill_on_drop: false }`
[INFO] [stdout] f7a1dc63f1675cc9792cc07226698d16fd8c47e181becb42f987b074e2193db2
[INFO] running `Command { std: "docker" "start" "-a" "f7a1dc63f1675cc9792cc07226698d16fd8c47e181becb42f987b074e2193db2", kill_on_drop: false }`
[INFO] [stderr]     Finished `test` profile [unoptimized + debuginfo] target(s) in 0.14s
[INFO] [stderr] warning: the following packages contain code that will be rejected by a future version of Rust: nom v5.1.2, terminfo v0.7.3
[INFO] [stderr] note: to see what the problems were, use the option `--future-incompat-report`, or run `cargo report future-incompatibilities --id 1`
[INFO] [stderr]      Running unittests src/lib.rs (/opt/rustwide/target/debug/deps/pseudopty-eabbd879b7578196)
[INFO] [stdout] 
[INFO] [stdout] running 6 tests
[INFO] [stdout] test tests::hello_world_simple ... ok
[INFO] [stdout] test tests::hello_world_tui ... ok
[INFO] [stderr] 
[INFO] [stderr] thread 'tests::test_println' panicked at src/lib.rs:204:9:
[INFO] [stderr] assertion `left == right` failed
[INFO] [stderr]   left: [Print('x'), Print('x'), Control(CarriageReturn), Control(LineFeed)]
[INFO] [stderr]  right: []
[INFO] [stderr] stack backtrace:
[INFO] [stdout] test tests_tui::test_main ... ok
[INFO] [stderr]    0:     0x624ac08da3ca - std::backtrace_rs::backtrace::libunwind::trace::hb059275cfc8d6126
[INFO] [stderr]                                at /rustc/6067b36314ab5eb2eb47cecc464545ba58e1ad24/library/std/src/../../backtrace/src/backtrace/libunwind.rs:116:5
[INFO] [stderr]    1:     0x624ac08da3ca - std::backtrace_rs::backtrace::trace_unsynchronized::h2da071e4327ce3ee
[INFO] [stderr]                                at /rustc/6067b36314ab5eb2eb47cecc464545ba58e1ad24/library/std/src/../../backtrace/src/backtrace/mod.rs:66:5
[INFO] [stderr]    2:     0x624ac08da3ca - std::sys::backtrace::_print_fmt::h842a1474e6f8d23f
[INFO] [stderr]                                at /rustc/6067b36314ab5eb2eb47cecc464545ba58e1ad24/library/std/src/sys/backtrace.rs:66:9
[INFO] [stderr]    3:     0x624ac08da3ca - <std::sys::backtrace::BacktraceLock::print::DisplayBacktrace as core::fmt::Display>::fmt::h71a62eb3b9696b12
[INFO] [stderr]                                at /rustc/6067b36314ab5eb2eb47cecc464545ba58e1ad24/library/std/src/sys/backtrace.rs:39:26
[INFO] [stderr]    4:     0x624ac0904fb3 - core::fmt::rt::Argument::fmt::hdb6b616786b41dc1
[INFO] [stderr]                                at /rustc/6067b36314ab5eb2eb47cecc464545ba58e1ad24/library/core/src/fmt/rt.rs:177:76
[INFO] [stderr]    5:     0x624ac0904fb3 - core::fmt::write::h2cc1698af7e2d686
[INFO] [stderr]                                at /rustc/6067b36314ab5eb2eb47cecc464545ba58e1ad24/library/core/src/fmt/mod.rs:1440:21
[INFO] [stderr]    6:     0x624ac08d61e3 - std::io::Write::write_fmt::h00c8700df393f328
[INFO] [stderr]                                at /rustc/6067b36314ab5eb2eb47cecc464545ba58e1ad24/library/std/src/io/mod.rs:1887:15
[INFO] [stderr]    7:     0x624ac08da212 - std::sys::backtrace::BacktraceLock::print::h147fe35b4ea13b08
[INFO] [stderr]                                at /rustc/6067b36314ab5eb2eb47cecc464545ba58e1ad24/library/std/src/sys/backtrace.rs:42:9
[INFO] [stderr]    8:     0x624ac08db7ef - std::panicking::default_hook::{{closure}}::hbd44223dbdc0d208
[INFO] [stderr]                                at /rustc/6067b36314ab5eb2eb47cecc464545ba58e1ad24/library/std/src/panicking.rs:298:22
[INFO] [stderr]    9:     0x624ac08db65a - std::panicking::default_hook::h20f81eb0576efcec
[INFO] [stderr]                                at /rustc/6067b36314ab5eb2eb47cecc464545ba58e1ad24/library/std/src/panicking.rs:325:9
[INFO] [stderr]   10:     0x624ac0743ee3 - <alloc::boxed::Box<F,A> as core::ops::function::Fn<Args>>::call::hdb53814c496a4d34
[INFO] [stderr]                                at /rustc/6067b36314ab5eb2eb47cecc464545ba58e1ad24/library/alloc/src/boxed.rs:2027:9
[INFO] [stderr]   11:     0x624ac0743ee3 - test::test_main::{{closure}}::hc0a4963c59427c24
[INFO] [stderr]                                at /rustc/6067b36314ab5eb2eb47cecc464545ba58e1ad24/library/test/src/lib.rs:134:21
[INFO] [stderr]   12:     0x624ac08dc2e3 - <alloc::boxed::Box<F,A> as core::ops::function::Fn<Args>>::call::h591b2225413a77e9
[INFO] [stderr]                                at /rustc/6067b36314ab5eb2eb47cecc464545ba58e1ad24/library/alloc/src/boxed.rs:2027:9
[INFO] [stderr]   13:     0x624ac08dc2e3 - std::panicking::rust_panic_with_hook::h625eea43051b2edc
[INFO] [stderr]                                at /rustc/6067b36314ab5eb2eb47cecc464545ba58e1ad24/library/std/src/panicking.rs:839:13
[INFO] [stderr]   14:     0x624ac08dbf9a - std::panicking::begin_panic_handler::{{closure}}::h4f9159cfbc3f6bd3
[INFO] [stderr]                                at /rustc/6067b36314ab5eb2eb47cecc464545ba58e1ad24/library/std/src/panicking.rs:704:13
[INFO] [stderr]   15:     0x624ac08da8c9 - std::sys::backtrace::__rust_end_short_backtrace::h0390abce48353151
[INFO] [stderr]                                at /rustc/6067b36314ab5eb2eb47cecc464545ba58e1ad24/library/std/src/sys/backtrace.rs:168:18
[INFO] [stderr]   16:     0x624ac08dbc2d - rust_begin_unwind
[INFO] [stderr]                                at /rustc/6067b36314ab5eb2eb47cecc464545ba58e1ad24/library/std/src/panicking.rs:695:5
[INFO] [stderr]   17:     0x624ac0902830 - core::panicking::panic_fmt::h9e7c637e9e5f29c9
[INFO] [stderr]                                at /rustc/6067b36314ab5eb2eb47cecc464545ba58e1ad24/library/core/src/panicking.rs:75:14
[INFO] [stderr]   18:     0x624ac0902c22 - core::panicking::assert_failed_inner::h538bec7c1374cd9c
[INFO] [stderr]   19:     0x624ac06b7e3f - core::panicking::assert_failed::ha1a31ae61c7ca4a7
[INFO] [stderr]                                at /rustc/6067b36314ab5eb2eb47cecc464545ba58e1ad24/library/core/src/panicking.rs:364:5
[INFO] [stderr]   20:     0x624ac06ccdc8 - pseudopty::Pty::expect::h2379785d02732179
[INFO] [stderr]                                at /opt/rustwide/workdir/src/lib.rs:204:9
[INFO] [stderr]   21:     0x624ac06cd6c7 - pseudopty::tests::test_println::h16d157e1826dde69
[INFO] [stderr]                                at /opt/rustwide/workdir/src/lib.rs:304:9
[INFO] [stderr]   22:     0x624ac06cd687 - pseudopty::tests::test_println::{{closure}}::h6032559ca00b8548
[INFO] [stderr]                                at /opt/rustwide/workdir/src/lib.rs:299:22
[INFO] [stderr]   23:     0x624ac06c58b6 - core::ops::function::FnOnce::call_once::h0a726c986dee7439
[INFO] [stderr]                                at /rustc/6067b36314ab5eb2eb47cecc464545ba58e1ad24/library/core/src/ops/function.rs:250:5
[INFO] [stderr]   24:     0x624ac074963b - core::ops::function::FnOnce::call_once::he27718dfdd183f43
[INFO] [stderr]                                at /rustc/6067b36314ab5eb2eb47cecc464545ba58e1ad24/library/core/src/ops/function.rs:250:5
[INFO] [stderr]   25:     0x624ac074963b - test::__rust_begin_short_backtrace::h4e84902998457a5d
[INFO] [stderr]                                at /rustc/6067b36314ab5eb2eb47cecc464545ba58e1ad24/library/test/src/lib.rs:632:18
[INFO] [stderr]   26:     0x624ac0748573 - test::run_test_in_process::{{closure}}::h7176fd18fc1feca0
[INFO] [stderr]                                at /rustc/6067b36314ab5eb2eb47cecc464545ba58e1ad24/library/test/src/lib.rs:655:60
[INFO] [stderr]   27:     0x624ac0748573 - <core::panic::unwind_safe::AssertUnwindSafe<F> as core::ops::function::FnOnce<()>>::call_once::hf79cff2a624d8cf7
[INFO] [stderr]                                at /rustc/6067b36314ab5eb2eb47cecc464545ba58e1ad24/library/core/src/panic/unwind_safe.rs:272:9
[INFO] [stderr]   28:     0x624ac0748573 - std::panicking::try::do_call::h3da0561d9ab99c25
[INFO] [stderr]                                at /rustc/6067b36314ab5eb2eb47cecc464545ba58e1ad24/library/std/src/panicking.rs:587:40
[INFO] [stdout] test tests::test_println ... FAILED
[INFO] [stderr]   29:     0x624ac0748573 - std::panicking::try::h41c9fa508bc61df6
[INFO] [stderr]                                at /rustc/6067b36314ab5eb2eb47cecc464545ba58e1ad24/library/std/src/panicking.rs:550:19
[INFO] [stderr]   30:     0x624ac0748573 - std::panic::catch_unwind::h6b3ff07bb5afad93
[INFO] [stderr]                                at /rustc/6067b36314ab5eb2eb47cecc464545ba58e1ad24/library/std/src/panic.rs:358:14
[INFO] [stderr]   31:     0x624ac0748573 - test::run_test_in_process::hc7253dd11b39b9f4
[INFO] [stderr]                                at /rustc/6067b36314ab5eb2eb47cecc464545ba58e1ad24/library/test/src/lib.rs:655:27
[INFO] [stderr]   32:     0x624ac0748573 - test::run_test::{{closure}}::hfb2007f8649c30bb
[INFO] [stderr]                                at /rustc/6067b36314ab5eb2eb47cecc464545ba58e1ad24/library/test/src/lib.rs:576:43
[INFO] [stderr]   33:     0x624ac070b655 - test::run_test::{{closure}}::h56a17aa7a282a9f4
[INFO] [stderr]                                at /rustc/6067b36314ab5eb2eb47cecc464545ba58e1ad24/library/test/src/lib.rs:606:41
[INFO] [stderr]   34:     0x624ac070b655 - std::sys::backtrace::__rust_begin_short_backtrace::hd2d2d2fb8e8c6aac
[INFO] [stderr]                                at /rustc/6067b36314ab5eb2eb47cecc464545ba58e1ad24/library/std/src/sys/backtrace.rs:152:18
[INFO] [stderr]   35:     0x624ac070ef3a - std::thread::Builder::spawn_unchecked_::{{closure}}::{{closure}}::h4faa3f9db6133423
[INFO] [stderr]                                at /rustc/6067b36314ab5eb2eb47cecc464545ba58e1ad24/library/std/src/thread/mod.rs:559:17
[INFO] [stderr]   36:     0x624ac070ef3a - <core::panic::unwind_safe::AssertUnwindSafe<F> as core::ops::function::FnOnce<()>>::call_once::hf2e855a36a4ea846
[INFO] [stderr]                                at /rustc/6067b36314ab5eb2eb47cecc464545ba58e1ad24/library/core/src/panic/unwind_safe.rs:272:9
[INFO] [stderr]   37:     0x624ac070ef3a - std::panicking::try::do_call::h2f73af3616c35465
[INFO] [stderr]                                at /rustc/6067b36314ab5eb2eb47cecc464545ba58e1ad24/library/std/src/panicking.rs:587:40
[INFO] [stderr]   38:     0x624ac070ef3a - std::panicking::try::hd1660ce9efadef5a
[INFO] [stderr]                                at /rustc/6067b36314ab5eb2eb47cecc464545ba58e1ad24/library/std/src/panicking.rs:550:19
[INFO] [stderr]   39:     0x624ac070ef3a - std::panic::catch_unwind::h5ee8d7823b8ca744
[INFO] [stderr]                                at /rustc/6067b36314ab5eb2eb47cecc464545ba58e1ad24/library/std/src/panic.rs:358:14
[INFO] [stderr]   40:     0x624ac070ef3a - std::thread::Builder::spawn_unchecked_::{{closure}}::h53c3a1894dce8407
[INFO] [stderr]                                at /rustc/6067b36314ab5eb2eb47cecc464545ba58e1ad24/library/std/src/thread/mod.rs:557:30
[INFO] [stderr]   41:     0x624ac070ef3a - core::ops::function::FnOnce::call_once{{vtable.shim}}::h048ce291ad4f62bf
[INFO] [stderr]                                at /rustc/6067b36314ab5eb2eb47cecc464545ba58e1ad24/library/core/src/ops/function.rs:250:5
[INFO] [stderr]   42:     0x624ac08e036b - <alloc::boxed::Box<F,A> as core::ops::function::FnOnce<Args>>::call_once::ha52bedf99a3b4981
[INFO] [stderr]                                at /rustc/6067b36314ab5eb2eb47cecc464545ba58e1ad24/library/alloc/src/boxed.rs:2013:9
[INFO] [stderr]   43:     0x624ac08e036b - <alloc::boxed::Box<F,A> as core::ops::function::FnOnce<Args>>::call_once::h567748934d80ccf8
[INFO] [stderr]                                at /rustc/6067b36314ab5eb2eb47cecc464545ba58e1ad24/library/alloc/src/boxed.rs:2013:9
[INFO] [stderr]   44:     0x624ac08e036b - std::sys::pal::unix::thread::Thread::new::thread_start::h2d970728ae887adc
[INFO] [stderr]                                at /rustc/6067b36314ab5eb2eb47cecc464545ba58e1ad24/library/std/src/sys/pal/unix/thread.rs:106:17
[INFO] [stderr]   45:     0x76de29b67ac3 - <unknown>
[INFO] [stderr]   46:     0x76de29bf8a04 - clone
[INFO] [stderr]   47:                0x0 - <unknown>
[INFO] [stdout] test tests::test_async_child ... ok
[INFO] [stdout] test tests::hello_world_ansi ... ok
[INFO] [stdout] 
[INFO] [stdout] failures:
[INFO] [stdout] 
[INFO] [stdout] failures:
[INFO] [stdout]     tests::test_println
[INFO] [stdout] 
[INFO] [stdout] test result: FAILED. 5 passed; 1 failed; 0 ignored; 0 measured; 0 filtered out; finished in 0.23s
[INFO] [stdout] 
[INFO] [stderr] error: test failed, to rerun pass `--lib`
[INFO] running `Command { std: "docker" "inspect" "f7a1dc63f1675cc9792cc07226698d16fd8c47e181becb42f987b074e2193db2", kill_on_drop: false }`
[INFO] running `Command { std: "docker" "rm" "-f" "f7a1dc63f1675cc9792cc07226698d16fd8c47e181becb42f987b074e2193db2", kill_on_drop: false }`
[INFO] [stdout] f7a1dc63f1675cc9792cc07226698d16fd8c47e181becb42f987b074e2193db2
