[INFO] cloning repository https://github.com/xxxasdfghjk/rust-osero
[INFO] running `Command { std: "git" "-c" "credential.helper=" "-c" "credential.helper=/workspace/cargo-home/bin/git-credential-null" "clone" "--bare" "https://github.com/xxxasdfghjk/rust-osero" "/workspace/cache/git-repos/https%3A%2F%2Fgithub.com%2Fxxxasdfghjk%2Frust-osero", kill_on_drop: false }`
[INFO] [stderr] Cloning into bare repository '/workspace/cache/git-repos/https%3A%2F%2Fgithub.com%2Fxxxasdfghjk%2Frust-osero'...
[INFO] running `Command { std: "git" "rev-parse" "HEAD", kill_on_drop: false }`
[INFO] [stdout] a675babd921bf3e8687d2637ca204135464a8406
[INFO] testing xxxasdfghjk/rust-osero against nightly-2025-01-18+rustflags=-Zrandomize-layout for randomize-layout-2
[INFO] running `Command { std: "git" "clone" "/workspace/cache/git-repos/https%3A%2F%2Fgithub.com%2Fxxxasdfghjk%2Frust-osero" "/workspace/builds/worker-0-tc2/source", kill_on_drop: false }`
[INFO] [stderr] Cloning into '/workspace/builds/worker-0-tc2/source'...
[INFO] [stderr] done.
[INFO] validating manifest of git repo https://github.com/xxxasdfghjk/rust-osero on toolchain nightly-2025-01-18
[INFO] running `Command { std: CARGO_HOME="/workspace/cargo-home" RUSTUP_HOME="/workspace/rustup-home" "/workspace/cargo-home/bin/cargo" "+nightly-2025-01-18" "metadata" "--manifest-path" "Cargo.toml" "--no-deps", kill_on_drop: false }`
[INFO] started tweaking git repo https://github.com/xxxasdfghjk/rust-osero
[INFO] finished tweaking git repo https://github.com/xxxasdfghjk/rust-osero
[INFO] tweaked toml for git repo https://github.com/xxxasdfghjk/rust-osero written to /workspace/builds/worker-0-tc2/source/Cargo.toml
[INFO] crate git repo https://github.com/xxxasdfghjk/rust-osero already has a lockfile, it will not be regenerated
[INFO] running `Command { std: CARGO_HOME="/workspace/cargo-home" RUSTUP_HOME="/workspace/rustup-home" "/workspace/cargo-home/bin/cargo" "+nightly-2025-01-18" "fetch" "--manifest-path" "Cargo.toml", kill_on_drop: false }`
[INFO] [stderr] warning: unused manifest key: package.assets
[INFO] running `Command { std: "docker" "create" "-v" "/var/lib/crater-agent-workspace/builds/worker-0-tc2/target:/opt/rustwide/target:rw,Z" "-v" "/var/lib/crater-agent-workspace/builds/worker-0-tc2/source:/opt/rustwide/workdir:ro,Z" "-v" "/var/lib/crater-agent-workspace/cargo-home:/opt/rustwide/cargo-home:ro,Z" "-v" "/var/lib/crater-agent-workspace/rustup-home:/opt/rustwide/rustup-home:ro,Z" "-e" "SOURCE_DIR=/opt/rustwide/workdir" "-e" "CARGO_TARGET_DIR=/opt/rustwide/target" "-e" "CARGO_HOME=/opt/rustwide/cargo-home" "-e" "RUSTUP_HOME=/opt/rustwide/rustup-home" "-w" "/opt/rustwide/workdir" "-m" "1610612736" "--user" "0:0" "--network" "none" "ghcr.io/rust-lang/crates-build-env/linux@sha256:819108c5571ea2e421544af4d832f968d213c87fbe3707a016657f43d2f853bc" "/opt/rustwide/cargo-home/bin/cargo" "+nightly-2025-01-18" "metadata" "--no-deps" "--format-version=1", kill_on_drop: false }`
[INFO] [stdout] 7f575523203799804176e67619bd629b8c6b8b32a5dd3526e6ed17d45cbecaa8
[INFO] running `Command { std: "docker" "start" "-a" "7f575523203799804176e67619bd629b8c6b8b32a5dd3526e6ed17d45cbecaa8", kill_on_drop: false }`
[INFO] running `Command { std: "docker" "inspect" "7f575523203799804176e67619bd629b8c6b8b32a5dd3526e6ed17d45cbecaa8", kill_on_drop: false }`
[INFO] running `Command { std: "docker" "rm" "-f" "7f575523203799804176e67619bd629b8c6b8b32a5dd3526e6ed17d45cbecaa8", kill_on_drop: false }`
[INFO] [stdout] 7f575523203799804176e67619bd629b8c6b8b32a5dd3526e6ed17d45cbecaa8
[INFO] running `Command { std: "docker" "create" "-v" "/var/lib/crater-agent-workspace/builds/worker-0-tc2/target:/opt/rustwide/target:rw,Z" "-v" "/var/lib/crater-agent-workspace/builds/worker-0-tc2/source:/opt/rustwide/workdir:ro,Z" "-v" "/var/lib/crater-agent-workspace/cargo-home:/opt/rustwide/cargo-home:ro,Z" "-v" "/var/lib/crater-agent-workspace/rustup-home:/opt/rustwide/rustup-home:ro,Z" "-e" "SOURCE_DIR=/opt/rustwide/workdir" "-e" "CARGO_TARGET_DIR=/opt/rustwide/target" "-e" "CARGO_INCREMENTAL=0" "-e" "RUST_BACKTRACE=full" "-e" "RUSTFLAGS=--cap-lints=forbid -Zrandomize-layout" "-e" "RUSTDOCFLAGS=--cap-lints=forbid" "-e" "CARGO_HOME=/opt/rustwide/cargo-home" "-e" "RUSTUP_HOME=/opt/rustwide/rustup-home" "-w" "/opt/rustwide/workdir" "-m" "1610612736" "--user" "0:0" "--network" "none" "ghcr.io/rust-lang/crates-build-env/linux@sha256:819108c5571ea2e421544af4d832f968d213c87fbe3707a016657f43d2f853bc" "/opt/rustwide/cargo-home/bin/cargo" "+nightly-2025-01-18" "build" "--frozen" "--message-format=json", kill_on_drop: false }`
[INFO] [stdout] a002aeeb73f3f9bc9a4a89066e223e1abcf52b9ea16fcfda327a463d8efe1141
[INFO] running `Command { std: "docker" "start" "-a" "a002aeeb73f3f9bc9a4a89066e223e1abcf52b9ea16fcfda327a463d8efe1141", kill_on_drop: false }`
[INFO] [stderr] warning: unused manifest key: package.assets
[INFO] [stderr]    Compiling cfg-if v1.0.0
[INFO] [stderr]    Compiling version_check v0.9.4
[INFO] [stderr]    Compiling libc v0.2.147
[INFO] [stderr]    Compiling vcpkg v0.2.15
[INFO] [stderr]    Compiling zerocopy v0.7.34
[INFO] [stderr]    Compiling once_cell v1.19.0
[INFO] [stderr]    Compiling pkg-config v0.3.30
[INFO] [stderr]    Compiling ppv-lite86 v0.2.17
[INFO] [stderr]    Compiling bitflags v2.6.0
[INFO] [stderr]    Compiling fallible-streaming-iterator v0.1.9
[INFO] [stderr]    Compiling smallvec v1.13.2
[INFO] [stderr]    Compiling fallible-iterator v0.3.0
[INFO] [stderr]    Compiling ahash v0.8.11
[INFO] [stderr]    Compiling libsqlite3-sys v0.28.0
[INFO] [stderr]    Compiling hashbrown v0.14.5
[INFO] [stderr]    Compiling getrandom v0.2.10
[INFO] [stderr]    Compiling rand_core v0.6.4
[INFO] [stderr]    Compiling rand_chacha v0.3.1
[INFO] [stderr]    Compiling hashlink v0.9.1
[INFO] [stderr]    Compiling rand v0.8.5
[INFO] [stderr]    Compiling rusqlite v0.31.0
[INFO] [stderr]    Compiling rust-osero v0.1.0 (/opt/rustwide/workdir)
[INFO] [stdout] warning: unused import: `fs`
[INFO] [stdout]  --> src/test/book_test.rs:2:5
[INFO] [stdout]   |
[INFO] [stdout] 2 |     fs,
[INFO] [stdout]   |     ^^
[INFO] [stdout]   |
[INFO] [stdout] help: if this is a test module, consider adding a `#[cfg(test)]` to the containing module
[INFO] [stdout]  --> src/test.rs:1:1
[INFO] [stdout]   |
[INFO] [stdout] 1 | pub mod book_test;
[INFO] [stdout]   | ^^^^^^^^^^^^^^^^^^
[INFO] [stdout]   = note: `#[warn(unused_imports)]` on by default
[INFO] [stdout] 
[INFO] [stdout] 
[INFO] [stdout] warning: unused imports: `Connection`, `Error`, `Result`, and `params`
[INFO] [stdout]  --> src/test/book_test.rs:6:16
[INFO] [stdout]   |
[INFO] [stdout] 6 | use rusqlite::{params, Connection, Error, Result};
[INFO] [stdout]   |                ^^^^^^  ^^^^^^^^^^  ^^^^^  ^^^^^^
[INFO] [stdout]   |
[INFO] [stdout] help: if this is a test module, consider adding a `#[cfg(test)]` to the containing module
[INFO] [stdout]  --> src/test.rs:1:1
[INFO] [stdout]   |
[INFO] [stdout] 1 | pub mod book_test;
[INFO] [stdout]   | ^^^^^^^^^^^^^^^^^^
[INFO] [stdout] 
[INFO] [stdout] 
[INFO] [stdout] warning: unused imports: `book::Book` and `computer::get_next_hand_from_book`
[INFO] [stdout]  --> src/test/book_test.rs:8:13
[INFO] [stdout]   |
[INFO] [stdout] 8 | use crate::{book::Book, computer::get_next_hand_from_book};
[INFO] [stdout]   |             ^^^^^^^^^^  ^^^^^^^^^^^^^^^^^^^^^^^^^^^^^^^^^
[INFO] [stdout]   |
[INFO] [stdout] help: if this is a test module, consider adding a `#[cfg(test)]` to the containing module
[INFO] [stdout]  --> src/test.rs:1:1
[INFO] [stdout]   |
[INFO] [stdout] 1 | pub mod book_test;
[INFO] [stdout]   | ^^^^^^^^^^^^^^^^^^
[INFO] [stdout] 
[INFO] [stdout] 
[INFO] [stdout] warning: unused import: `rand::seq::IteratorRandom`
[INFO] [stdout]  --> src/computer.rs:9:5
[INFO] [stdout]   |
[INFO] [stdout] 9 | use rand::seq::IteratorRandom;
[INFO] [stdout]   |     ^^^^^^^^^^^^^^^^^^^^^^^^^
[INFO] [stdout] 
[INFO] [stdout] 
[INFO] [stdout] warning: unused variable: `computer_color`
[INFO] [stdout]   --> src/test/computer_test.rs:13:9
[INFO] [stdout]    |
[INFO] [stdout] 13 |     let computer_color = 1;
[INFO] [stdout]    |         ^^^^^^^^^^^^^^ help: if this is intentional, prefix it with an underscore: `_computer_color`
[INFO] [stdout]    |
[INFO] [stdout]    = note: `#[warn(unused_variables)]` on by default
[INFO] [stdout] 
[INFO] [stdout] 
[INFO] [stdout] warning: constant `MAX_NODE_TRY_COUNT` is never used
[INFO] [stdout]   --> src/osero/game.rs:18:7
[INFO] [stdout]    |
[INFO] [stdout] 18 | const MAX_NODE_TRY_COUNT: f64 = 500.0;
[INFO] [stdout]    |       ^^^^^^^^^^^^^^^^^^
[INFO] [stdout]    |
[INFO] [stdout]    = note: `#[warn(dead_code)]` on by default
[INFO] [stdout] 
[INFO] [stdout] 
[INFO] [stdout] warning: constant `MAX_TRY_COUNT` is never used
[INFO] [stdout]   --> src/osero/game.rs:19:7
[INFO] [stdout]    |
[INFO] [stdout] 19 | const MAX_TRY_COUNT: i32 = 50000;
[INFO] [stdout]    |       ^^^^^^^^^^^^^
[INFO] [stdout] 
[INFO] [stdout] 
[INFO] [stdout] warning: function `get_relative_path` is never used
[INFO] [stdout]   --> src/test/book_test.rs:10:4
[INFO] [stdout]    |
[INFO] [stdout] 10 | fn get_relative_path(relative_path: &str) -> PathBuf {
[INFO] [stdout]    |    ^^^^^^^^^^^^^^^^^
[INFO] [stdout] 
[INFO] [stdout] 
[INFO] [stdout] warning: constant `INITIAL_WHITE` is never used
[INFO] [stdout]  --> src/test/computer_test.rs:7:11
[INFO] [stdout]   |
[INFO] [stdout] 7 | pub const INITIAL_WHITE: u64 = 1 << 27 | 1 << 36;
[INFO] [stdout]   |           ^^^^^^^^^^^^^
[INFO] [stdout] 
[INFO] [stdout] 
[INFO] [stdout] warning: constant `INITIAL_BLACK` is never used
[INFO] [stdout]  --> src/test/computer_test.rs:8:11
[INFO] [stdout]   |
[INFO] [stdout] 8 | pub const INITIAL_BLACK: u64 = 1 << 28 | 1 << 35;
[INFO] [stdout]   |           ^^^^^^^^^^^^^
[INFO] [stdout] 
[INFO] [stdout] 
[INFO] [stdout] warning: function `computer_vs_monkey` is never used
[INFO] [stdout]  --> src/test/computer_test.rs:9:4
[INFO] [stdout]   |
[INFO] [stdout] 9 | fn computer_vs_monkey() -> i32 {
[INFO] [stdout]   |    ^^^^^^^^^^^^^^^^^^
[INFO] [stdout] 
[INFO] [stdout] 
[INFO] [stdout] warning: function `read_buffer_str` is never used
[INFO] [stdout]   --> src/main.rs:15:4
[INFO] [stdout]    |
[INFO] [stdout] 15 | fn read_buffer_str() -> String {
[INFO] [stdout]    |    ^^^^^^^^^^^^^^^
[INFO] [stdout]    |
[INFO] [stdout]    = note: `#[warn(dead_code)]` on by default
[INFO] [stdout] 
[INFO] [stdout] 
[INFO] [stderr]     Finished `dev` profile [unoptimized + debuginfo] target(s) in 4.51s
[INFO] running `Command { std: "docker" "inspect" "a002aeeb73f3f9bc9a4a89066e223e1abcf52b9ea16fcfda327a463d8efe1141", kill_on_drop: false }`
[INFO] running `Command { std: "docker" "rm" "-f" "a002aeeb73f3f9bc9a4a89066e223e1abcf52b9ea16fcfda327a463d8efe1141", kill_on_drop: false }`
[INFO] [stdout] a002aeeb73f3f9bc9a4a89066e223e1abcf52b9ea16fcfda327a463d8efe1141
[INFO] running `Command { std: "docker" "create" "-v" "/var/lib/crater-agent-workspace/builds/worker-0-tc2/target:/opt/rustwide/target:rw,Z" "-v" "/var/lib/crater-agent-workspace/builds/worker-0-tc2/source:/opt/rustwide/workdir:ro,Z" "-v" "/var/lib/crater-agent-workspace/cargo-home:/opt/rustwide/cargo-home:ro,Z" "-v" "/var/lib/crater-agent-workspace/rustup-home:/opt/rustwide/rustup-home:ro,Z" "-e" "SOURCE_DIR=/opt/rustwide/workdir" "-e" "CARGO_TARGET_DIR=/opt/rustwide/target" "-e" "CARGO_INCREMENTAL=0" "-e" "RUST_BACKTRACE=full" "-e" "RUSTFLAGS=--cap-lints=forbid -Zrandomize-layout" "-e" "RUSTDOCFLAGS=--cap-lints=forbid" "-e" "CARGO_HOME=/opt/rustwide/cargo-home" "-e" "RUSTUP_HOME=/opt/rustwide/rustup-home" "-w" "/opt/rustwide/workdir" "-m" "1610612736" "--user" "0:0" "--network" "none" "ghcr.io/rust-lang/crates-build-env/linux@sha256:819108c5571ea2e421544af4d832f968d213c87fbe3707a016657f43d2f853bc" "/opt/rustwide/cargo-home/bin/cargo" "+nightly-2025-01-18" "test" "--frozen" "--no-run" "--message-format=json", kill_on_drop: false }`
[INFO] [stdout] 0999028cffdc5b0c78bfae5317d5f03f73f49d327979e193d48419bf50493569
[INFO] running `Command { std: "docker" "start" "-a" "0999028cffdc5b0c78bfae5317d5f03f73f49d327979e193d48419bf50493569", kill_on_drop: false }`
[INFO] [stderr] warning: unused manifest key: package.assets
[INFO] [stderr]    Compiling rust-osero v0.1.0 (/opt/rustwide/workdir)
[INFO] [stdout] warning: unused import: `fs`
[INFO] [stdout]  --> src/test/book_test.rs:2:5
[INFO] [stdout]   |
[INFO] [stdout] 2 |     fs,
[INFO] [stdout]   |     ^^
[INFO] [stdout]   |
[INFO] [stdout] help: if this is a test module, consider adding a `#[cfg(test)]` to the containing module
[INFO] [stdout]  --> src/test.rs:1:1
[INFO] [stdout]   |
[INFO] [stdout] 1 | pub mod book_test;
[INFO] [stdout]   | ^^^^^^^^^^^^^^^^^^
[INFO] [stdout]   = note: `#[warn(unused_imports)]` on by default
[INFO] [stdout] 
[INFO] [stdout] 
[INFO] [stdout] warning: unused imports: `Connection`, `Error`, `Result`, and `params`
[INFO] [stdout]  --> src/test/book_test.rs:6:16
[INFO] [stdout]   |
[INFO] [stdout] 6 | use rusqlite::{params, Connection, Error, Result};
[INFO] [stdout]   |                ^^^^^^  ^^^^^^^^^^  ^^^^^  ^^^^^^
[INFO] [stdout]   |
[INFO] [stdout] help: if this is a test module, consider adding a `#[cfg(test)]` to the containing module
[INFO] [stdout]  --> src/test.rs:1:1
[INFO] [stdout]   |
[INFO] [stdout] 1 | pub mod book_test;
[INFO] [stdout]   | ^^^^^^^^^^^^^^^^^^
[INFO] [stdout] 
[INFO] [stdout] 
[INFO] [stdout] warning: unused imports: `book::Book` and `computer::get_next_hand_from_book`
[INFO] [stdout]  --> src/test/book_test.rs:8:13
[INFO] [stdout]   |
[INFO] [stdout] 8 | use crate::{book::Book, computer::get_next_hand_from_book};
[INFO] [stdout]   |             ^^^^^^^^^^  ^^^^^^^^^^^^^^^^^^^^^^^^^^^^^^^^^
[INFO] [stdout]   |
[INFO] [stdout] help: if this is a test module, consider adding a `#[cfg(test)]` to the containing module
[INFO] [stdout]  --> src/test.rs:1:1
[INFO] [stdout]   |
[INFO] [stdout] 1 | pub mod book_test;
[INFO] [stdout]   | ^^^^^^^^^^^^^^^^^^
[INFO] [stdout] 
[INFO] [stdout] 
[INFO] [stdout] warning: unused import: `rand::seq::IteratorRandom`
[INFO] [stdout]  --> src/computer.rs:9:5
[INFO] [stdout]   |
[INFO] [stdout] 9 | use rand::seq::IteratorRandom;
[INFO] [stdout]   |     ^^^^^^^^^^^^^^^^^^^^^^^^^
[INFO] [stdout] 
[INFO] [stdout] 
[INFO] [stdout] warning: unused variable: `computer_color`
[INFO] [stdout]   --> src/test/computer_test.rs:13:9
[INFO] [stdout]    |
[INFO] [stdout] 13 |     let computer_color = 1;
[INFO] [stdout]    |         ^^^^^^^^^^^^^^ help: if this is intentional, prefix it with an underscore: `_computer_color`
[INFO] [stdout]    |
[INFO] [stdout]    = note: `#[warn(unused_variables)]` on by default
[INFO] [stdout] 
[INFO] [stdout] 
[INFO] [stdout] warning: constant `MAX_NODE_TRY_COUNT` is never used
[INFO] [stdout]   --> src/osero/game.rs:18:7
[INFO] [stdout]    |
[INFO] [stdout] 18 | const MAX_NODE_TRY_COUNT: f64 = 500.0;
[INFO] [stdout]    |       ^^^^^^^^^^^^^^^^^^
[INFO] [stdout]    |
[INFO] [stdout]    = note: `#[warn(dead_code)]` on by default
[INFO] [stdout] 
[INFO] [stdout] 
[INFO] [stdout] warning: constant `MAX_TRY_COUNT` is never used
[INFO] [stdout]   --> src/osero/game.rs:19:7
[INFO] [stdout]    |
[INFO] [stdout] 19 | const MAX_TRY_COUNT: i32 = 50000;
[INFO] [stdout]    |       ^^^^^^^^^^^^^
[INFO] [stdout] 
[INFO] [stdout] 
[INFO] [stdout] warning: function `get_relative_path` is never used
[INFO] [stdout]   --> src/test/book_test.rs:10:4
[INFO] [stdout]    |
[INFO] [stdout] 10 | fn get_relative_path(relative_path: &str) -> PathBuf {
[INFO] [stdout]    |    ^^^^^^^^^^^^^^^^^
[INFO] [stdout] 
[INFO] [stdout] 
[INFO] [stdout] warning: constant `INITIAL_WHITE` is never used
[INFO] [stdout]  --> src/test/computer_test.rs:7:11
[INFO] [stdout]   |
[INFO] [stdout] 7 | pub const INITIAL_WHITE: u64 = 1 << 27 | 1 << 36;
[INFO] [stdout]   |           ^^^^^^^^^^^^^
[INFO] [stdout] 
[INFO] [stdout] 
[INFO] [stdout] warning: constant `INITIAL_BLACK` is never used
[INFO] [stdout]  --> src/test/computer_test.rs:8:11
[INFO] [stdout]   |
[INFO] [stdout] 8 | pub const INITIAL_BLACK: u64 = 1 << 28 | 1 << 35;
[INFO] [stdout]   |           ^^^^^^^^^^^^^
[INFO] [stdout] 
[INFO] [stdout] 
[INFO] [stdout] warning: function `computer_vs_monkey` is never used
[INFO] [stdout]  --> src/test/computer_test.rs:9:4
[INFO] [stdout]   |
[INFO] [stdout] 9 | fn computer_vs_monkey() -> i32 {
[INFO] [stdout]   |    ^^^^^^^^^^^^^^^^^^
[INFO] [stdout] 
[INFO] [stdout] 
[INFO] [stdout] warning: function `read_buffer_str` is never used
[INFO] [stdout]   --> src/main.rs:15:4
[INFO] [stdout]    |
[INFO] [stdout] 15 | fn read_buffer_str() -> String {
[INFO] [stdout]    |    ^^^^^^^^^^^^^^^
[INFO] [stdout]    |
[INFO] [stdout]    = note: `#[warn(dead_code)]` on by default
[INFO] [stdout] 
[INFO] [stdout] 
[INFO] [stdout] warning: unused imports: `Error` and `Result`
[INFO] [stdout]  --> src/test/book_test.rs:6:36
[INFO] [stdout]   |
[INFO] [stdout] 6 | use rusqlite::{params, Connection, Error, Result};
[INFO] [stdout]   |                                    ^^^^^  ^^^^^^
[INFO] [stdout]   |
[INFO] [stdout]   = note: `#[warn(unused_imports)]` on by default
[INFO] [stdout] 
[INFO] [stdout] 
[INFO] [stdout] warning: unused import: `rand::seq::IteratorRandom`
[INFO] [stdout]  --> src/computer.rs:9:5
[INFO] [stdout]   |
[INFO] [stdout] 9 | use rand::seq::IteratorRandom;
[INFO] [stdout]   |     ^^^^^^^^^^^^^^^^^^^^^^^^^
[INFO] [stdout] 
[INFO] [stdout] 
[INFO] [stdout] warning: unused variable: `computer_color`
[INFO] [stdout]   --> src/test/computer_test.rs:13:9
[INFO] [stdout]    |
[INFO] [stdout] 13 |     let computer_color = 1;
[INFO] [stdout]    |         ^^^^^^^^^^^^^^ help: if this is intentional, prefix it with an underscore: `_computer_color`
[INFO] [stdout]    |
[INFO] [stdout]    = note: `#[warn(unused_variables)]` on by default
[INFO] [stdout] 
[INFO] [stdout] 
[INFO] [stdout] warning: constant `MAX_NODE_TRY_COUNT` is never used
[INFO] [stdout]   --> src/osero/game.rs:18:7
[INFO] [stdout]    |
[INFO] [stdout] 18 | const MAX_NODE_TRY_COUNT: f64 = 500.0;
[INFO] [stdout]    |       ^^^^^^^^^^^^^^^^^^
[INFO] [stdout]    |
[INFO] [stdout]    = note: `#[warn(dead_code)]` on by default
[INFO] [stdout] 
[INFO] [stdout] 
[INFO] [stdout] warning: constant `MAX_TRY_COUNT` is never used
[INFO] [stdout]   --> src/osero/game.rs:19:7
[INFO] [stdout]    |
[INFO] [stdout] 19 | const MAX_TRY_COUNT: i32 = 50000;
[INFO] [stdout]    |       ^^^^^^^^^^^^^
[INFO] [stdout] 
[INFO] [stdout] 
[INFO] [stdout] warning: variable `MAX` should have a snake case name
[INFO] [stdout]   --> src/test/computer_test.rs:63:9
[INFO] [stdout]    |
[INFO] [stdout] 63 |     let MAX = 10;
[INFO] [stdout]    |         ^^^ help: convert the identifier to snake case: `max`
[INFO] [stdout]    |
[INFO] [stdout]    = note: `#[warn(non_snake_case)]` on by default
[INFO] [stdout] 
[INFO] [stdout] 
[INFO] [stderr]     Finished `test` profile [unoptimized + debuginfo] target(s) in 1.05s
[INFO] running `Command { std: "docker" "inspect" "0999028cffdc5b0c78bfae5317d5f03f73f49d327979e193d48419bf50493569", kill_on_drop: false }`
[INFO] running `Command { std: "docker" "rm" "-f" "0999028cffdc5b0c78bfae5317d5f03f73f49d327979e193d48419bf50493569", kill_on_drop: false }`
[INFO] [stdout] 0999028cffdc5b0c78bfae5317d5f03f73f49d327979e193d48419bf50493569
[INFO] running `Command { std: "docker" "create" "-v" "/var/lib/crater-agent-workspace/builds/worker-0-tc2/target:/opt/rustwide/target:rw,Z" "-v" "/var/lib/crater-agent-workspace/builds/worker-0-tc2/source:/opt/rustwide/workdir:ro,Z" "-v" "/var/lib/crater-agent-workspace/cargo-home:/opt/rustwide/cargo-home:ro,Z" "-v" "/var/lib/crater-agent-workspace/rustup-home:/opt/rustwide/rustup-home:ro,Z" "-e" "SOURCE_DIR=/opt/rustwide/workdir" "-e" "CARGO_TARGET_DIR=/opt/rustwide/target" "-e" "CARGO_INCREMENTAL=0" "-e" "RUST_BACKTRACE=full" "-e" "RUSTFLAGS=--cap-lints=forbid -Zrandomize-layout" "-e" "RUSTDOCFLAGS=--cap-lints=forbid" "-e" "CARGO_HOME=/opt/rustwide/cargo-home" "-e" "RUSTUP_HOME=/opt/rustwide/rustup-home" "-w" "/opt/rustwide/workdir" "-m" "1610612736" "--user" "0:0" "--network" "none" "ghcr.io/rust-lang/crates-build-env/linux@sha256:819108c5571ea2e421544af4d832f968d213c87fbe3707a016657f43d2f853bc" "/opt/rustwide/cargo-home/bin/cargo" "+nightly-2025-01-18" "test" "--frozen", kill_on_drop: false }`
[INFO] [stdout] 232c1711e703396ce8a580c085ad64f63e458d9a19091fc0a923dfd1775a3d23
[INFO] running `Command { std: "docker" "start" "-a" "232c1711e703396ce8a580c085ad64f63e458d9a19091fc0a923dfd1775a3d23", kill_on_drop: false }`
[INFO] [stderr] warning: unused manifest key: package.assets
[INFO] [stderr] warning: unused import: `fs`
[INFO] [stderr]  --> src/test/book_test.rs:2:5
[INFO] [stderr]   |
[INFO] [stderr] 2 |     fs,
[INFO] [stderr]   |     ^^
[INFO] [stderr]   |
[INFO] [stderr] help: if this is a test module, consider adding a `#[cfg(test)]` to the containing module
[INFO] [stderr]  --> src/test.rs:1:1
[INFO] [stderr]   |
[INFO] [stderr] 1 | pub mod book_test;
[INFO] [stderr]   | ^^^^^^^^^^^^^^^^^^
[INFO] [stderr]   = note: `#[warn(unused_imports)]` on by default
[INFO] [stderr] 
[INFO] [stderr] warning: unused imports: `Connection`, `Error`, `Result`, and `params`
[INFO] [stderr]  --> src/test/book_test.rs:6:16
[INFO] [stderr]   |
[INFO] [stderr] 6 | use rusqlite::{params, Connection, Error, Result};
[INFO] [stderr]   |                ^^^^^^  ^^^^^^^^^^  ^^^^^  ^^^^^^
[INFO] [stderr]   |
[INFO] [stderr] help: if this is a test module, consider adding a `#[cfg(test)]` to the containing module
[INFO] [stderr]  --> src/test.rs:1:1
[INFO] [stderr]   |
[INFO] [stderr] 1 | pub mod book_test;
[INFO] [stderr]   | ^^^^^^^^^^^^^^^^^^
[INFO] [stderr] 
[INFO] [stderr] warning: unused imports: `book::Book` and `computer::get_next_hand_from_book`
[INFO] [stderr]  --> src/test/book_test.rs:8:13
[INFO] [stderr]   |
[INFO] [stderr] 8 | use crate::{book::Book, computer::get_next_hand_from_book};
[INFO] [stderr]   |             ^^^^^^^^^^  ^^^^^^^^^^^^^^^^^^^^^^^^^^^^^^^^^
[INFO] [stderr]   |
[INFO] [stderr] help: if this is a test module, consider adding a `#[cfg(test)]` to the containing module
[INFO] [stderr]  --> src/test.rs:1:1
[INFO] [stderr]   |
[INFO] [stderr] 1 | pub mod book_test;
[INFO] [stderr]   | ^^^^^^^^^^^^^^^^^^
[INFO] [stderr] 
[INFO] [stderr] warning: unused import: `rand::seq::IteratorRandom`
[INFO] [stderr]  --> src/computer.rs:9:5
[INFO] [stderr]   |
[INFO] [stderr] 9 | use rand::seq::IteratorRandom;
[INFO] [stderr]   |     ^^^^^^^^^^^^^^^^^^^^^^^^^
[INFO] [stderr] 
[INFO] [stderr] warning: unused variable: `computer_color`
[INFO] [stderr]   --> src/test/computer_test.rs:13:9
[INFO] [stderr]    |
[INFO] [stderr] 13 |     let computer_color = 1;
[INFO] [stderr]    |         ^^^^^^^^^^^^^^ help: if this is intentional, prefix it with an underscore: `_computer_color`
[INFO] [stderr]    |
[INFO] [stderr]    = note: `#[warn(unused_variables)]` on by default
[INFO] [stderr] 
[INFO] [stderr] warning: constant `MAX_NODE_TRY_COUNT` is never used
[INFO] [stderr]   --> src/osero/game.rs:18:7
[INFO] [stderr]    |
[INFO] [stderr] 18 | const MAX_NODE_TRY_COUNT: f64 = 500.0;
[INFO] [stderr]    |       ^^^^^^^^^^^^^^^^^^
[INFO] [stderr]    |
[INFO] [stderr]    = note: `#[warn(dead_code)]` on by default
[INFO] [stderr] 
[INFO] [stderr] warning: constant `MAX_TRY_COUNT` is never used
[INFO] [stderr]   --> src/osero/game.rs:19:7
[INFO] [stderr]    |
[INFO] [stderr] 19 | const MAX_TRY_COUNT: i32 = 50000;
[INFO] [stderr]    |       ^^^^^^^^^^^^^
[INFO] [stderr] 
[INFO] [stderr] warning: function `get_relative_path` is never used
[INFO] [stderr]   --> src/test/book_test.rs:10:4
[INFO] [stderr]    |
[INFO] [stderr] 10 | fn get_relative_path(relative_path: &str) -> PathBuf {
[INFO] [stderr]    |    ^^^^^^^^^^^^^^^^^
[INFO] [stderr] 
[INFO] [stderr] warning: constant `INITIAL_WHITE` is never used
[INFO] [stderr]  --> src/test/computer_test.rs:7:11
[INFO] [stderr]   |
[INFO] [stderr] 7 | pub const INITIAL_WHITE: u64 = 1 << 27 | 1 << 36;
[INFO] [stderr]   |           ^^^^^^^^^^^^^
[INFO] [stderr] 
[INFO] [stderr] warning: constant `INITIAL_BLACK` is never used
[INFO] [stderr]  --> src/test/computer_test.rs:8:11
[INFO] [stderr]   |
[INFO] [stderr] 8 | pub const INITIAL_BLACK: u64 = 1 << 28 | 1 << 35;
[INFO] [stderr]   |           ^^^^^^^^^^^^^
[INFO] [stderr] 
[INFO] [stderr] warning: function `computer_vs_monkey` is never used
[INFO] [stderr]  --> src/test/computer_test.rs:9:4
[INFO] [stderr]   |
[INFO] [stderr] 9 | fn computer_vs_monkey() -> i32 {
[INFO] [stderr]   |    ^^^^^^^^^^^^^^^^^^
[INFO] [stderr] 
[INFO] [stderr] warning: `rust-osero` (lib) generated 11 warnings (run `cargo fix --lib -p rust-osero` to apply 3 suggestions)
[INFO] [stderr] warning: function `read_buffer_str` is never used
[INFO] [stderr]   --> src/main.rs:15:4
[INFO] [stderr]    |
[INFO] [stderr] 15 | fn read_buffer_str() -> String {
[INFO] [stderr]    |    ^^^^^^^^^^^^^^^
[INFO] [stderr]    |
[INFO] [stderr]    = note: `#[warn(dead_code)]` on by default
[INFO] [stderr] 
[INFO] [stderr] warning: unused imports: `Error` and `Result`
[INFO] [stderr]  --> src/test/book_test.rs:6:36
[INFO] [stderr]   |
[INFO] [stderr] 6 | use rusqlite::{params, Connection, Error, Result};
[INFO] [stderr]   |                                    ^^^^^  ^^^^^^
[INFO] [stderr]   |
[INFO] [stderr]   = note: `#[warn(unused_imports)]` on by default
[INFO] [stderr] 
[INFO] [stderr] warning: variable `MAX` should have a snake case name
[INFO] [stderr]   --> src/test/computer_test.rs:63:9
[INFO] [stderr]    |
[INFO] [stderr] 63 |     let MAX = 10;
[INFO] [stderr]    |         ^^^ help: convert the identifier to snake case: `max`
[INFO] [stderr]    |
[INFO] [stderr]    = note: `#[warn(non_snake_case)]` on by default
[INFO] [stderr] 
[INFO] [stderr] warning: `rust-osero` (bin "rust-osero" test) generated 1 warning
[INFO] [stderr] warning: `rust-osero` (lib test) generated 6 warnings (4 duplicates) (run `cargo fix --lib -p rust-osero --tests` to apply 1 suggestion)
[INFO] [stderr]     Finished `test` profile [unoptimized + debuginfo] target(s) in 0.05s
[INFO] [stderr]      Running unittests src/lib.rs (/opt/rustwide/target/debug/deps/rust_osero-86aeff73b835c6d3)
[INFO] [stdout] 
[INFO] [stdout] running 10 tests
[INFO] [stdout] test test::book_test::open_my_db_test ... ok
[INFO] [stdout] test test::game_test::test_available_places_killer ... ok
[INFO] [stdout] test test::game_test::test_reverse_stone_killer ... ok
[INFO] [stdout] test test::game_test::test_reverse_stone_killer2 ... ok
[INFO] [stdout] test test::book_test::get_book_test ... ok
[INFO] [stdout] test test::game_test::test_reverse_stone ... ok
[INFO] [stdout] test test::game_test::test_available_places ... ok
[INFO] [stdout] test test::util_test::test_split_bit ... ok
[INFO] [stdout] test test::util_test::test_pop_count ... ok
[INFO] [stdout] test test::computer_test::computer_vs_monkey_multi ... FAILED
[INFO] [stderr] error: test failed, to rerun pass `--lib`
[INFO] [stdout] 
[INFO] [stdout] failures:
[INFO] [stdout] 
[INFO] [stdout] ---- test::computer_test::computer_vs_monkey_multi stdout ----
[INFO] [stdout] 　０１２３４５６７
[INFO] [stdout] ０＿＿＿＿＿＿＿＿
[INFO] [stdout] １＿＿＿＿＿＿＿＿
[INFO] [stdout] ２＿＿＿＿＿＿＿＿
[INFO] [stdout] ３＿＿＿⚫︎⚪︎＿＿＿
[INFO] [stdout] ４＿＿＿⚪︎⚫︎＿＿＿
[INFO] [stdout] ５＿＿＿＿＿＿＿＿
[INFO] [stdout] ６＿＿＿＿＿＿＿＿
[INFO] [stdout] ７＿＿＿＿＿＿＿＿
[INFO] [stdout] book founded : 1125 count , hisotry :  
[INFO] [stdout] book choice : 幽霊船
[INFO] [stdout] computer set
[INFO] [stdout] 　０１２３４５６７
[INFO] [stdout] ０＿＿＿＿＿＿＿＿
[INFO] [stdout] １＿＿＿＿＿＿＿＿
[INFO] [stdout] ２＿＿＿＿＿＿＿＿
[INFO] [stdout] ３＿＿＿⚫︎⚪︎＿＿＿
[INFO] [stdout] ４＿＿＿⚪︎⚪︎⚪︎＿＿
[INFO] [stdout] ５＿＿＿＿＿＿＿＿
[INFO] [stdout] ６＿＿＿＿＿＿＿＿
[INFO] [stdout] ７＿＿＿＿＿＿＿＿
[INFO] [stdout] monkey set
[INFO] [stdout] 　０１２３４５６７
[INFO] [stdout] ０＿＿＿＿＿＿＿＿
[INFO] [stdout] １＿＿＿＿＿＿＿＿
[INFO] [stdout] ２＿＿＿＿＿＿＿＿
[INFO] [stdout] ３＿＿＿⚫︎⚪︎＿＿＿
[INFO] [stdout] ４＿＿＿⚪︎⚫︎⚪︎＿＿
[INFO] [stdout] ５＿＿＿＿＿⚫︎＿＿
[INFO] [stdout] ６＿＿＿＿＿＿＿＿
[INFO] [stdout] ７＿＿＿＿＿＿＿＿
[INFO] [stdout] book founded : 81 count , hisotry : F5F6 
[INFO] [stdout] book choice : 沈没船
[INFO] [stdout] computer set
[INFO] [stdout] 　０１２３４５６７
[INFO] [stdout] ０＿＿＿＿＿＿＿＿
[INFO] [stdout] １＿＿＿＿＿＿＿＿
[INFO] [stdout] ２＿＿＿＿＿＿＿＿
[INFO] [stdout] ３＿＿＿⚫︎⚪︎＿＿＿
[INFO] [stdout] ４＿＿＿⚪︎⚪︎⚪︎＿＿
[INFO] [stdout] ５＿＿＿＿⚪︎⚫︎＿＿
[INFO] [stdout] ６＿＿＿＿＿＿＿＿
[INFO] [stdout] ７＿＿＿＿＿＿＿＿
[INFO] [stdout] monkey set
[INFO] [stdout] 　０１２３４５６７
[INFO] [stdout] ０＿＿＿＿＿＿＿＿
[INFO] [stdout] １＿＿＿＿＿＿＿＿
[INFO] [stdout] ２＿＿＿＿＿＿＿＿
[INFO] [stdout] ３＿＿＿⚫︎⚪︎＿＿＿
[INFO] [stdout] ４＿＿＿⚫︎⚪︎⚪︎＿＿
[INFO] [stdout] ５＿＿＿⚫︎⚫︎⚫︎＿＿
[INFO] [stdout] ６＿＿＿＿＿＿＿＿
[INFO] [stdout] ７＿＿＿＿＿＿＿＿
[INFO] [stdout] book founded : 2 count , hisotry : F5F6E6D6 
[INFO] [stdout] book choice : こうもり定石(KlingContinuation)
[INFO] [stdout] 
[INFO] [stdout] thread 'test::computer_test::computer_vs_monkey_multi' panicked at src/computer.rs:84:14:
[INFO] [stdout] explicit panic
[INFO] [stdout] stack backtrace:
[INFO] [stdout]    0:     0x58e6b6ccb0ba - std::backtrace_rs::backtrace::libunwind::trace::hb059275cfc8d6126
[INFO] [stdout]                                at /rustc/6067b36314ab5eb2eb47cecc464545ba58e1ad24/library/std/src/../../backtrace/src/backtrace/libunwind.rs:116:5
[INFO] [stdout]    1:     0x58e6b6ccb0ba - std::backtrace_rs::backtrace::trace_unsynchronized::h2da071e4327ce3ee
[INFO] [stdout]                                at /rustc/6067b36314ab5eb2eb47cecc464545ba58e1ad24/library/std/src/../../backtrace/src/backtrace/mod.rs:66:5
[INFO] [stdout]    2:     0x58e6b6ccb0ba - std::sys::backtrace::_print_fmt::h842a1474e6f8d23f
[INFO] [stdout]                                at /rustc/6067b36314ab5eb2eb47cecc464545ba58e1ad24/library/std/src/sys/backtrace.rs:66:9
[INFO] [stdout]    3:     0x58e6b6ccb0ba - <std::sys::backtrace::BacktraceLock::print::DisplayBacktrace as core::fmt::Display>::fmt::h71a62eb3b9696b12
[INFO] [stdout]                                at /rustc/6067b36314ab5eb2eb47cecc464545ba58e1ad24/library/std/src/sys/backtrace.rs:39:26
[INFO] [stdout]    4:     0x58e6b6cf2e13 - core::fmt::rt::Argument::fmt::hdb6b616786b41dc1
[INFO] [stdout]                                at /rustc/6067b36314ab5eb2eb47cecc464545ba58e1ad24/library/core/src/fmt/rt.rs:177:76
[INFO] [stdout]    5:     0x58e6b6cf2e13 - core::fmt::write::h2cc1698af7e2d686
[INFO] [stdout]                                at /rustc/6067b36314ab5eb2eb47cecc464545ba58e1ad24/library/core/src/fmt/mod.rs:1440:21
[INFO] [stdout]    6:     0x58e6b6cc79f3 - std::io::Write::write_fmt::hab1b4cd059a79022
[INFO] [stdout]                                at /rustc/6067b36314ab5eb2eb47cecc464545ba58e1ad24/library/std/src/io/mod.rs:1887:15
[INFO] [stdout]    7:     0x58e6b6ccaf02 - std::sys::backtrace::BacktraceLock::print::h147fe35b4ea13b08
[INFO] [stdout]                                at /rustc/6067b36314ab5eb2eb47cecc464545ba58e1ad24/library/std/src/sys/backtrace.rs:42:9
[INFO] [stdout]    8:     0x58e6b6ccc4df - std::panicking::default_hook::{{closure}}::hbd44223dbdc0d208
[INFO] [stdout]                                at /rustc/6067b36314ab5eb2eb47cecc464545ba58e1ad24/library/std/src/panicking.rs:298:22
[INFO] [stdout]    9:     0x58e6b6ccc2f8 - std::panicking::default_hook::h20f81eb0576efcec
[INFO] [stdout]                                at /rustc/6067b36314ab5eb2eb47cecc464545ba58e1ad24/library/std/src/panicking.rs:322:9
[INFO] [stdout]   10:     0x58e6b6c50a33 - <alloc::boxed::Box<F,A> as core::ops::function::Fn<Args>>::call::hdb53814c496a4d34
[INFO] [stdout]                                at /rustc/6067b36314ab5eb2eb47cecc464545ba58e1ad24/library/alloc/src/boxed.rs:2027:9
[INFO] [stdout]   11:     0x58e6b6c50a33 - test::test_main::{{closure}}::hc0a4963c59427c24
[INFO] [stdout]                                at /rustc/6067b36314ab5eb2eb47cecc464545ba58e1ad24/library/test/src/lib.rs:134:21
[INFO] [stdout]   12:     0x58e6b6cccfd3 - <alloc::boxed::Box<F,A> as core::ops::function::Fn<Args>>::call::h591b2225413a77e9
[INFO] [stdout]                                at /rustc/6067b36314ab5eb2eb47cecc464545ba58e1ad24/library/alloc/src/boxed.rs:2027:9
[INFO] [stdout]   13:     0x58e6b6cccfd3 - std::panicking::rust_panic_with_hook::h625eea43051b2edc
[INFO] [stdout]                                at /rustc/6067b36314ab5eb2eb47cecc464545ba58e1ad24/library/std/src/panicking.rs:839:13
[INFO] [stdout]   14:     0x58e6b6cccc8a - std::panicking::begin_panic_handler::{{closure}}::h4f9159cfbc3f6bd3
[INFO] [stdout]                                at /rustc/6067b36314ab5eb2eb47cecc464545ba58e1ad24/library/std/src/panicking.rs:704:13
[INFO] [stdout]   15:     0x58e6b6ccb5b9 - std::sys::backtrace::__rust_end_short_backtrace::h0390abce48353151
[INFO] [stdout]                                at /rustc/6067b36314ab5eb2eb47cecc464545ba58e1ad24/library/std/src/sys/backtrace.rs:168:18
[INFO] [stdout]   16:     0x58e6b6ccc91d - rust_begin_unwind
[INFO] [stdout]                                at /rustc/6067b36314ab5eb2eb47cecc464545ba58e1ad24/library/std/src/panicking.rs:695:5
[INFO] [stdout]   17:     0x58e6b6cf1790 - core::panicking::panic_fmt::h9e7c637e9e5f29c9
[INFO] [stdout]                                at /rustc/6067b36314ab5eb2eb47cecc464545ba58e1ad24/library/core/src/panicking.rs:75:14
[INFO] [stdout]   18:     0x58e6b6cf1916 - core::panicking::panic_display::hd8e666a41baebd7d
[INFO] [stdout]                                at /rustc/6067b36314ab5eb2eb47cecc464545ba58e1ad24/library/core/src/panicking.rs:261:5
[INFO] [stdout]   19:     0x58e6b6cf1916 - core::panicking::panic_explicit::h9407dada34874bb0
[INFO] [stdout]                                at /rustc/6067b36314ab5eb2eb47cecc464545ba58e1ad24/library/core/src/panicking.rs:234:5
[INFO] [stdout]   20:     0x58e6b6c1691a - rust_osero::computer::convert_cell_to_num::panic_cold_explicit::h09449f1ba5e2764d
[INFO] [stdout]                                at /rustc/6067b36314ab5eb2eb47cecc464545ba58e1ad24/library/core/src/panic.rs:88:13
[INFO] [stdout]   21:     0x58e6b6c14b76 - rust_osero::computer::convert_cell_to_num::hc3bbba6b09e910f8
[INFO] [stdout]                                at /opt/rustwide/workdir/src/computer.rs:84:14
[INFO] [stdout]   22:     0x58e6b6c158f8 - rust_osero::computer::get_next_hand_from_book::h87dae2062135314e
[INFO] [stdout]                                at /opt/rustwide/workdir/src/computer.rs:151:21
[INFO] [stdout]   23:     0x58e6b6c15e78 - rust_osero::computer::Tree::calc_next::hba93470629d617b2
[INFO] [stdout]                                at /opt/rustwide/workdir/src/computer.rs:159:25
[INFO] [stdout]   24:     0x58e6b6bfc8e2 - rust_osero::test::computer_test::computer_vs_monkey::hb1aa30dd6f64c9a0
[INFO] [stdout]                                at /opt/rustwide/workdir/src/test/computer_test.rs:41:27
[INFO] [stdout]   25:     0x58e6b6bfce13 - rust_osero::test::computer_test::computer_vs_monkey_multi::h49ebc134baf3b9b3
[INFO] [stdout]                                at /opt/rustwide/workdir/src/test/computer_test.rs:65:19
[INFO] [stdout]   26:     0x58e6b6bfcd87 - rust_osero::test::computer_test::computer_vs_monkey_multi::{{closure}}::h1da91fedb9b1dee4
[INFO] [stdout]                                at /opt/rustwide/workdir/src/test/computer_test.rs:61:30
[INFO] [stdout]   27:     0x58e6b6c0ecf6 - core::ops::function::FnOnce::call_once::he96eebd8d1de93e6
[INFO] [stdout]                                at /rustc/6067b36314ab5eb2eb47cecc464545ba58e1ad24/library/core/src/ops/function.rs:250:5
[INFO] [stdout]   28:     0x58e6b6c5618b - core::ops::function::FnOnce::call_once::he27718dfdd183f43
[INFO] [stdout]                                at /rustc/6067b36314ab5eb2eb47cecc464545ba58e1ad24/library/core/src/ops/function.rs:250:5
[INFO] [stdout]   29:     0x58e6b6c5618b - test::__rust_begin_short_backtrace::h4e84902998457a5d
[INFO] [stdout]                                at /rustc/6067b36314ab5eb2eb47cecc464545ba58e1ad24/library/test/src/lib.rs:632:18
[INFO] [stdout]   30:     0x58e6b6c550c3 - test::run_test_in_process::{{closure}}::h7176fd18fc1feca0
[INFO] [stdout]                                at /rustc/6067b36314ab5eb2eb47cecc464545ba58e1ad24/library/test/src/lib.rs:655:60
[INFO] [stdout]   31:     0x58e6b6c550c3 - <core::panic::unwind_safe::AssertUnwindSafe<F> as core::ops::function::FnOnce<()>>::call_once::hf79cff2a624d8cf7
[INFO] [stdout]                                at /rustc/6067b36314ab5eb2eb47cecc464545ba58e1ad24/library/core/src/panic/unwind_safe.rs:272:9
[INFO] [stdout]   32:     0x58e6b6c550c3 - std::panicking::try::do_call::h3da0561d9ab99c25
[INFO] [stdout]                                at /rustc/6067b36314ab5eb2eb47cecc464545ba58e1ad24/library/std/src/panicking.rs:587:40
[INFO] [stdout]   33:     0x58e6b6c550c3 - std::panicking::try::h41c9fa508bc61df6
[INFO] [stdout]                                at /rustc/6067b36314ab5eb2eb47cecc464545ba58e1ad24/library/std/src/panicking.rs:550:19
[INFO] [stdout]   34:     0x58e6b6c550c3 - std::panic::catch_unwind::h6b3ff07bb5afad93
[INFO] [stdout]                                at /rustc/6067b36314ab5eb2eb47cecc464545ba58e1ad24/library/std/src/panic.rs:358:14
[INFO] [stdout]   35:     0x58e6b6c550c3 - test::run_test_in_process::hc7253dd11b39b9f4
[INFO] [stdout]                                at /rustc/6067b36314ab5eb2eb47cecc464545ba58e1ad24/library/test/src/lib.rs:655:27
[INFO] [stdout]   36:     0x58e6b6c550c3 - test::run_test::{{closure}}::hfb2007f8649c30bb
[INFO] [stdout]                                at /rustc/6067b36314ab5eb2eb47cecc464545ba58e1ad24/library/test/src/lib.rs:576:43
[INFO] [stdout]   37:     0x58e6b6c181a5 - test::run_test::{{closure}}::h56a17aa7a282a9f4
[INFO] [stdout]                                at /rustc/6067b36314ab5eb2eb47cecc464545ba58e1ad24/library/test/src/lib.rs:606:41
[INFO] [stdout]   38:     0x58e6b6c181a5 - std::sys::backtrace::__rust_begin_short_backtrace::hd2d2d2fb8e8c6aac
[INFO] [stdout]                                at /rustc/6067b36314ab5eb2eb47cecc464545ba58e1ad24/library/std/src/sys/backtrace.rs:152:18
[INFO] [stdout]   39:     0x58e6b6c1ba8a - std::thread::Builder::spawn_unchecked_::{{closure}}::{{closure}}::h4faa3f9db6133423
[INFO] [stdout]                                at /rustc/6067b36314ab5eb2eb47cecc464545ba58e1ad24/library/std/src/thread/mod.rs:559:17
[INFO] [stdout]   40:     0x58e6b6c1ba8a - <core::panic::unwind_safe::AssertUnwindSafe<F> as core::ops::function::FnOnce<()>>::call_once::hf2e855a36a4ea846
[INFO] [stdout]                                at /rustc/6067b36314ab5eb2eb47cecc464545ba58e1ad24/library/core/src/panic/unwind_safe.rs:272:9
[INFO] [stdout]   41:     0x58e6b6c1ba8a - std::panicking::try::do_call::h2f73af3616c35465
[INFO] [stdout]                                at /rustc/6067b36314ab5eb2eb47cecc464545ba58e1ad24/library/std/src/panicking.rs:587:40
[INFO] [stdout]   42:     0x58e6b6c1ba8a - std::panicking::try::hd1660ce9efadef5a
[INFO] [stdout]                                at /rustc/6067b36314ab5eb2eb47cecc464545ba58e1ad24/library/std/src/panicking.rs:550:19
[INFO] [stdout]   43:     0x58e6b6c1ba8a - std::panic::catch_unwind::h5ee8d7823b8ca744
[INFO] [stdout]                                at /rustc/6067b36314ab5eb2eb47cecc464545ba58e1ad24/library/std/src/panic.rs:358:14
[INFO] [stdout]   44:     0x58e6b6c1ba8a - std::thread::Builder::spawn_unchecked_::{{closure}}::h53c3a1894dce8407
[INFO] [stdout]                                at /rustc/6067b36314ab5eb2eb47cecc464545ba58e1ad24/library/std/src/thread/mod.rs:557:30
[INFO] [stdout]   45:     0x58e6b6c1ba8a - core::ops::function::FnOnce::call_once{{vtable.shim}}::h048ce291ad4f62bf
[INFO] [stdout]                                at /rustc/6067b36314ab5eb2eb47cecc464545ba58e1ad24/library/core/src/ops/function.rs:250:5
[INFO] [stdout]   46:     0x58e6b6cd0f0b - <alloc::boxed::Box<F,A> as core::ops::function::FnOnce<Args>>::call_once::ha52bedf99a3b4981
[INFO] [stdout]                                at /rustc/6067b36314ab5eb2eb47cecc464545ba58e1ad24/library/alloc/src/boxed.rs:2013:9
[INFO] [stdout]   47:     0x58e6b6cd0f0b - <alloc::boxed::Box<F,A> as core::ops::function::FnOnce<Args>>::call_once::h567748934d80ccf8
[INFO] [stdout]                                at /rustc/6067b36314ab5eb2eb47cecc464545ba58e1ad24/library/alloc/src/boxed.rs:2013:9
[INFO] [stdout]   48:     0x58e6b6cd0f0b - std::sys::pal::unix::thread::Thread::new::thread_start::h2d970728ae887adc
[INFO] [stdout]                                at /rustc/6067b36314ab5eb2eb47cecc464545ba58e1ad24/library/std/src/sys/pal/unix/thread.rs:106:17
[INFO] [stdout]   49:     0x7436fe404ac3 - <unknown>
[INFO] [stdout]   50:     0x7436fe495a04 - clone
[INFO] [stdout]   51:                0x0 - <unknown>
[INFO] [stdout] 
[INFO] [stdout] 
[INFO] [stdout] failures:
[INFO] [stdout]     test::computer_test::computer_vs_monkey_multi
[INFO] [stdout] 
[INFO] [stdout] test result: FAILED. 9 passed; 1 failed; 0 ignored; 0 measured; 0 filtered out; finished in 0.08s
[INFO] [stdout] 
[INFO] running `Command { std: "docker" "inspect" "232c1711e703396ce8a580c085ad64f63e458d9a19091fc0a923dfd1775a3d23", kill_on_drop: false }`
[INFO] running `Command { std: "docker" "rm" "-f" "232c1711e703396ce8a580c085ad64f63e458d9a19091fc0a923dfd1775a3d23", kill_on_drop: false }`
[INFO] [stdout] 232c1711e703396ce8a580c085ad64f63e458d9a19091fc0a923dfd1775a3d23
