[INFO] cloning repository https://github.com/pjzhong/mini-lsm-solution
[INFO] running `Command { std: "git" "-c" "credential.helper=" "-c" "credential.helper=/workspace/cargo-home/bin/git-credential-null" "clone" "--bare" "https://github.com/pjzhong/mini-lsm-solution" "/workspace/cache/git-repos/https%3A%2F%2Fgithub.com%2Fpjzhong%2Fmini-lsm-solution", kill_on_drop: false }`
[INFO] [stderr] Cloning into bare repository '/workspace/cache/git-repos/https%3A%2F%2Fgithub.com%2Fpjzhong%2Fmini-lsm-solution'...
[INFO] running `Command { std: "git" "rev-parse" "HEAD", kill_on_drop: false }`
[INFO] [stdout] c566b03c226a37e9d030257482ef5d46019552d2
[INFO] testing pjzhong/mini-lsm-solution against nightly-2025-01-18+rustflags=-Zrandomize-layout for randomize-layout-2
[INFO] running `Command { std: "git" "clone" "/workspace/cache/git-repos/https%3A%2F%2Fgithub.com%2Fpjzhong%2Fmini-lsm-solution" "/workspace/builds/worker-2-tc2/source", kill_on_drop: false }`
[INFO] [stderr] Cloning into '/workspace/builds/worker-2-tc2/source'...
[INFO] [stderr] done.
[INFO] validating manifest of git repo https://github.com/pjzhong/mini-lsm-solution on toolchain nightly-2025-01-18
[INFO] running `Command { std: CARGO_HOME="/workspace/cargo-home" RUSTUP_HOME="/workspace/rustup-home" "/workspace/cargo-home/bin/cargo" "+nightly-2025-01-18" "metadata" "--manifest-path" "Cargo.toml" "--no-deps", kill_on_drop: false }`
[INFO] removed /workspace/builds/worker-2-tc2/source/.cargo/config.toml
[INFO] removed /workspace/builds/worker-2-tc2/source/rust-toolchain.toml
[INFO] started tweaking git repo https://github.com/pjzhong/mini-lsm-solution
[INFO] finished tweaking git repo https://github.com/pjzhong/mini-lsm-solution
[INFO] tweaked toml for git repo https://github.com/pjzhong/mini-lsm-solution written to /workspace/builds/worker-2-tc2/source/Cargo.toml
[INFO] crate git repo https://github.com/pjzhong/mini-lsm-solution already has a lockfile, it will not be regenerated
[INFO] running `Command { std: CARGO_HOME="/workspace/cargo-home" RUSTUP_HOME="/workspace/rustup-home" "/workspace/cargo-home/bin/cargo" "+nightly-2025-01-18" "fetch" "--manifest-path" "Cargo.toml", kill_on_drop: false }`
[INFO] [stderr]     Blocking waiting for file lock on package cache
[INFO] [stderr]     Blocking waiting for file lock on package cache
[INFO] running `Command { std: "docker" "create" "-v" "/var/lib/crater-agent-workspace/builds/worker-2-tc2/target:/opt/rustwide/target:rw,Z" "-v" "/var/lib/crater-agent-workspace/builds/worker-2-tc2/source:/opt/rustwide/workdir:ro,Z" "-v" "/var/lib/crater-agent-workspace/cargo-home:/opt/rustwide/cargo-home:ro,Z" "-v" "/var/lib/crater-agent-workspace/rustup-home:/opt/rustwide/rustup-home:ro,Z" "-e" "SOURCE_DIR=/opt/rustwide/workdir" "-e" "CARGO_TARGET_DIR=/opt/rustwide/target" "-e" "CARGO_HOME=/opt/rustwide/cargo-home" "-e" "RUSTUP_HOME=/opt/rustwide/rustup-home" "-w" "/opt/rustwide/workdir" "-m" "1610612736" "--user" "0:0" "--network" "none" "ghcr.io/rust-lang/crates-build-env/linux@sha256:819108c5571ea2e421544af4d832f968d213c87fbe3707a016657f43d2f853bc" "/opt/rustwide/cargo-home/bin/cargo" "+nightly-2025-01-18" "metadata" "--no-deps" "--format-version=1", kill_on_drop: false }`
[INFO] [stdout] fc74c635175e8c63743808707dee060d8fe7709b95d14a4c704cac356bfbbc58
[INFO] running `Command { std: "docker" "start" "-a" "fc74c635175e8c63743808707dee060d8fe7709b95d14a4c704cac356bfbbc58", kill_on_drop: false }`
[INFO] running `Command { std: "docker" "inspect" "fc74c635175e8c63743808707dee060d8fe7709b95d14a4c704cac356bfbbc58", kill_on_drop: false }`
[INFO] running `Command { std: "docker" "rm" "-f" "fc74c635175e8c63743808707dee060d8fe7709b95d14a4c704cac356bfbbc58", kill_on_drop: false }`
[INFO] [stdout] fc74c635175e8c63743808707dee060d8fe7709b95d14a4c704cac356bfbbc58
[INFO] running `Command { std: "docker" "create" "-v" "/var/lib/crater-agent-workspace/builds/worker-2-tc2/target:/opt/rustwide/target:rw,Z" "-v" "/var/lib/crater-agent-workspace/builds/worker-2-tc2/source:/opt/rustwide/workdir:ro,Z" "-v" "/var/lib/crater-agent-workspace/cargo-home:/opt/rustwide/cargo-home:ro,Z" "-v" "/var/lib/crater-agent-workspace/rustup-home:/opt/rustwide/rustup-home:ro,Z" "-e" "SOURCE_DIR=/opt/rustwide/workdir" "-e" "CARGO_TARGET_DIR=/opt/rustwide/target" "-e" "CARGO_INCREMENTAL=0" "-e" "RUST_BACKTRACE=full" "-e" "RUSTFLAGS=--cap-lints=forbid -Zrandomize-layout" "-e" "RUSTDOCFLAGS=--cap-lints=forbid" "-e" "CARGO_HOME=/opt/rustwide/cargo-home" "-e" "RUSTUP_HOME=/opt/rustwide/rustup-home" "-w" "/opt/rustwide/workdir" "-m" "1610612736" "--user" "0:0" "--network" "none" "ghcr.io/rust-lang/crates-build-env/linux@sha256:819108c5571ea2e421544af4d832f968d213c87fbe3707a016657f43d2f853bc" "/opt/rustwide/cargo-home/bin/cargo" "+nightly-2025-01-18" "build" "--frozen" "--message-format=json", kill_on_drop: false }`
[INFO] [stdout] 9d10c916cd4453d89031e54775db119b19cd2303a84b692725e2df1651964020
[INFO] running `Command { std: "docker" "start" "-a" "9d10c916cd4453d89031e54775db119b19cd2303a84b692725e2df1651964020", kill_on_drop: false }`
[INFO] [stderr]    Compiling libc v0.2.152
[INFO] [stderr]    Compiling proc-macro2 v1.0.76
[INFO] [stderr]    Compiling unicode-ident v1.0.6
[INFO] [stderr]    Compiling cfg-if v1.0.0
[INFO] [stderr]    Compiling syn v1.0.107
[INFO] [stderr]    Compiling crossbeam-utils v0.8.19
[INFO] [stderr]    Compiling smallvec v1.10.0
[INFO] [stderr]    Compiling utf8parse v0.2.1
[INFO] [stderr]    Compiling autocfg v1.1.0
[INFO] [stderr]    Compiling version_check v0.9.4
[INFO] [stderr]    Compiling heck v0.4.1
[INFO] [stderr]    Compiling parking_lot_core v0.9.5
[INFO] [stderr]    Compiling colorchoice v1.0.0
[INFO] [stderr]    Compiling once_cell v1.16.0
[INFO] [stderr]    Compiling rustix v0.38.30
[INFO] [stderr]    Compiling anstyle-query v1.0.2
[INFO] [stderr]    Compiling anstyle-parse v0.2.3
[INFO] [stderr]    Compiling scopeguard v1.1.0
[INFO] [stderr]    Compiling serde_derive v1.0.151
[INFO] [stderr]    Compiling bitflags v2.4.2
[INFO] [stderr]    Compiling memchr v2.5.0
[INFO] [stderr]    Compiling anstyle v1.0.4
[INFO] [stderr]    Compiling anyhow v1.0.68
[INFO] [stderr]    Compiling strsim v0.10.0
[INFO] [stderr]    Compiling thiserror v1.0.38
[INFO] [stderr]    Compiling proc-macro2-diagnostics v0.10.1
[INFO] [stderr]    Compiling unicode-width v0.1.10
[INFO] [stderr]    Compiling clap_lex v0.6.0
[INFO] [stderr]    Compiling either v1.9.0
[INFO] [stderr]    Compiling yansi v1.0.0-rc.1
[INFO] [stderr]    Compiling log v0.4.17
[INFO] [stderr]    Compiling anstream v0.6.7
[INFO] [stderr]    Compiling serde v1.0.151
[INFO] [stderr]    Compiling linux-raw-sys v0.4.13
[INFO] [stderr]    Compiling lock_api v0.4.9
[INFO] [stderr]    Compiling bitflags v1.3.2
[INFO] [stderr]    Compiling itertools v0.12.0
[INFO] [stderr]    Compiling crossbeam-epoch v0.9.18
[INFO] [stderr]    Compiling raw-cpuid v10.6.0
[INFO] [stderr]    Compiling nibble_vec v0.1.0
[INFO] [stderr]    Compiling moka v0.9.6
[INFO] [stderr]    Compiling serde_json v1.0.91
[INFO] [stderr]    Compiling ppv-lite86 v0.2.17
[INFO] [stderr]    Compiling endian-type v0.1.2
[INFO] [stderr]    Compiling clap_builder v4.4.17
[INFO] [stderr]    Compiling crossbeam-channel v0.5.11
[INFO] [stderr]    Compiling quote v1.0.35
[INFO] [stderr]    Compiling radix_trie v0.2.1
[INFO] [stderr]    Compiling itoa v1.0.5
[INFO] [stderr]    Compiling unicode-segmentation v1.10.1
[INFO] [stderr]    Compiling static_assertions v1.1.0
[INFO] [stderr]    Compiling tagptr v0.2.0
[INFO] [stderr]    Compiling triomphe v0.1.8
[INFO] [stderr]    Compiling syn v2.0.48
[INFO] [stderr]    Compiling minimal-lexical v0.2.1
[INFO] [stderr]    Compiling ryu v1.0.12
[INFO] [stderr]    Compiling aliasable v0.1.3
[INFO] [stderr]    Compiling home v0.5.9
[INFO] [stderr]    Compiling crossbeam-skiplist v0.1.3
[INFO] [stderr]    Compiling crc32fast v1.4.2
[INFO] [stderr]    Compiling bytes v1.3.0
[INFO] [stderr]    Compiling nom v7.1.3
[INFO] [stderr]    Compiling arc-swap v1.5.1
[INFO] [stderr]    Compiling farmhash v1.1.5
[INFO] [stderr]    Compiling lazy_static v1.4.0
[INFO] [stderr]    Compiling getrandom v0.2.8
[INFO] [stderr]    Compiling nix v0.27.1
[INFO] [stderr]    Compiling quanta v0.10.1
[INFO] [stderr]    Compiling num_cpus v1.15.0
[INFO] [stderr]    Compiling os_pipe v1.1.2
[INFO] [stderr]    Compiling shared_child v1.0.0
[INFO] [stderr]    Compiling terminal_size v0.1.17
[INFO] [stderr]    Compiling console v0.15.2
[INFO] [stderr]    Compiling rand_core v0.6.4
[INFO] [stderr]    Compiling uuid v1.2.2
[INFO] [stderr]    Compiling duct v0.13.6
[INFO] [stderr]    Compiling parking_lot v0.12.1
[INFO] [stderr]    Compiling rand_chacha v0.3.1
[INFO] [stderr]    Compiling scheduled-thread-pool v0.2.6
[INFO] [stderr]    Compiling rand v0.8.5
[INFO] [stderr]    Compiling fd-lock v4.0.2
[INFO] [stderr]    Compiling thiserror-impl v1.0.38
[INFO] [stderr]    Compiling rustyline v13.0.0
[INFO] [stderr]    Compiling clap_derive v4.4.7
[INFO] [stderr]    Compiling ouroboros_macro v0.18.2
[INFO] [stderr]    Compiling clap v4.4.17
[INFO] [stderr]    Compiling ouroboros v0.18.2
[INFO] [stderr]    Compiling mini-lsm-xtask v0.2.0 (/opt/rustwide/workdir/xtask)
[INFO] [stderr]    Compiling mini-lsm-starter v0.2.0 (/opt/rustwide/workdir/mini-lsm-starter)
[INFO] [stderr]    Compiling mini-lsm-mvcc v0.2.0 (/opt/rustwide/workdir/mini-lsm-mvcc)
[INFO] [stderr]    Compiling mini-lsm v0.2.0 (/opt/rustwide/workdir/mini-lsm)
[INFO] [stderr]     Finished `dev` profile [unoptimized + debuginfo] target(s) in 30.93s
[INFO] running `Command { std: "docker" "inspect" "9d10c916cd4453d89031e54775db119b19cd2303a84b692725e2df1651964020", kill_on_drop: false }`
[INFO] running `Command { std: "docker" "rm" "-f" "9d10c916cd4453d89031e54775db119b19cd2303a84b692725e2df1651964020", kill_on_drop: false }`
[INFO] [stdout] 9d10c916cd4453d89031e54775db119b19cd2303a84b692725e2df1651964020
[INFO] running `Command { std: "docker" "create" "-v" "/var/lib/crater-agent-workspace/builds/worker-2-tc2/target:/opt/rustwide/target:rw,Z" "-v" "/var/lib/crater-agent-workspace/builds/worker-2-tc2/source:/opt/rustwide/workdir:ro,Z" "-v" "/var/lib/crater-agent-workspace/cargo-home:/opt/rustwide/cargo-home:ro,Z" "-v" "/var/lib/crater-agent-workspace/rustup-home:/opt/rustwide/rustup-home:ro,Z" "-e" "SOURCE_DIR=/opt/rustwide/workdir" "-e" "CARGO_TARGET_DIR=/opt/rustwide/target" "-e" "CARGO_INCREMENTAL=0" "-e" "RUST_BACKTRACE=full" "-e" "RUSTFLAGS=--cap-lints=forbid -Zrandomize-layout" "-e" "RUSTDOCFLAGS=--cap-lints=forbid" "-e" "CARGO_HOME=/opt/rustwide/cargo-home" "-e" "RUSTUP_HOME=/opt/rustwide/rustup-home" "-w" "/opt/rustwide/workdir" "-m" "1610612736" "--user" "0:0" "--network" "none" "ghcr.io/rust-lang/crates-build-env/linux@sha256:819108c5571ea2e421544af4d832f968d213c87fbe3707a016657f43d2f853bc" "/opt/rustwide/cargo-home/bin/cargo" "+nightly-2025-01-18" "test" "--frozen" "--no-run" "--message-format=json", kill_on_drop: false }`
[INFO] [stdout] 24ae48b22ae3bf93d0b9fdc1deed9873e4a605a047dbac00d62baf1de15dc8b4
[INFO] running `Command { std: "docker" "start" "-a" "24ae48b22ae3bf93d0b9fdc1deed9873e4a605a047dbac00d62baf1de15dc8b4", kill_on_drop: false }`
[INFO] [stderr]    Compiling remove_dir_all v0.5.3
[INFO] [stderr]    Compiling fastrand v1.8.0
[INFO] [stderr]    Compiling mini-lsm-xtask v0.2.0 (/opt/rustwide/workdir/xtask)
[INFO] [stderr]    Compiling tempfile v3.3.0
[INFO] [stderr]    Compiling mini-lsm-mvcc v0.2.0 (/opt/rustwide/workdir/mini-lsm-mvcc)
[INFO] [stderr]    Compiling mini-lsm v0.2.0 (/opt/rustwide/workdir/mini-lsm)
[INFO] [stderr]    Compiling mini-lsm-starter v0.2.0 (/opt/rustwide/workdir/mini-lsm-starter)
[INFO] [stderr]     Finished `test` profile [unoptimized + debuginfo] target(s) in 8.66s
[INFO] running `Command { std: "docker" "inspect" "24ae48b22ae3bf93d0b9fdc1deed9873e4a605a047dbac00d62baf1de15dc8b4", kill_on_drop: false }`
[INFO] running `Command { std: "docker" "rm" "-f" "24ae48b22ae3bf93d0b9fdc1deed9873e4a605a047dbac00d62baf1de15dc8b4", kill_on_drop: false }`
[INFO] [stdout] 24ae48b22ae3bf93d0b9fdc1deed9873e4a605a047dbac00d62baf1de15dc8b4
[INFO] running `Command { std: "docker" "create" "-v" "/var/lib/crater-agent-workspace/builds/worker-2-tc2/target:/opt/rustwide/target:rw,Z" "-v" "/var/lib/crater-agent-workspace/builds/worker-2-tc2/source:/opt/rustwide/workdir:ro,Z" "-v" "/var/lib/crater-agent-workspace/cargo-home:/opt/rustwide/cargo-home:ro,Z" "-v" "/var/lib/crater-agent-workspace/rustup-home:/opt/rustwide/rustup-home:ro,Z" "-e" "SOURCE_DIR=/opt/rustwide/workdir" "-e" "CARGO_TARGET_DIR=/opt/rustwide/target" "-e" "CARGO_INCREMENTAL=0" "-e" "RUST_BACKTRACE=full" "-e" "RUSTFLAGS=--cap-lints=forbid -Zrandomize-layout" "-e" "RUSTDOCFLAGS=--cap-lints=forbid" "-e" "CARGO_HOME=/opt/rustwide/cargo-home" "-e" "RUSTUP_HOME=/opt/rustwide/rustup-home" "-w" "/opt/rustwide/workdir" "-m" "1610612736" "--user" "0:0" "--network" "none" "ghcr.io/rust-lang/crates-build-env/linux@sha256:819108c5571ea2e421544af4d832f968d213c87fbe3707a016657f43d2f853bc" "/opt/rustwide/cargo-home/bin/cargo" "+nightly-2025-01-18" "test" "--frozen", kill_on_drop: false }`
[INFO] [stdout] 5d22ea051c7f19bee6d7c081789d90bb6c67e6dd14742a4350fd1b045726970d
[INFO] running `Command { std: "docker" "start" "-a" "5d22ea051c7f19bee6d7c081789d90bb6c67e6dd14742a4350fd1b045726970d", kill_on_drop: false }`
[INFO] [stderr]     Finished `test` profile [unoptimized + debuginfo] target(s) in 0.56s
[INFO] [stderr]      Running unittests src/lib.rs (/opt/rustwide/target/debug/deps/mini_lsm-7451e84a64a7468f)
[INFO] [stdout] 
[INFO] [stdout] running 55 tests
[INFO] [stdout] test tests::week1_day1::test_task1_memtable_get ... ok
[INFO] [stdout] test tests::week1_day1::test_task1_memtable_overwrite ... ok
[INFO] [stdout] test tests::week1_day2::test_task1_empty_memtable_iter ... ok
[INFO] [stdout] test tests::week1_day2::test_task1_memtable_iter ... ok
[INFO] [stdout] test tests::week1_day2::test_task2_merge_1 ... ok
[INFO] [stdout] test tests::week1_day2::test_task2_merge_error ... ok
[INFO] [stdout] test tests::week1_day2::test_task3_fused_iterator ... ok
[INFO] [stdout] test tests::week1_day2::test_task2_merge_2 ... ok
[INFO] [stdout] test tests::week1_day3::test_block_build_all ... ok
[INFO] [stdout] test tests::week1_day3::test_block_build_full ... ok
[INFO] [stdout] test tests::week1_day2::test_task2_merge_empty ... ok
[INFO] [stdout] test tests::week1_day3::test_block_build_single_key ... ok
[INFO] [stdout] test tests::week1_day3::test_block_encode ... ok
[INFO] [stdout] test tests::week1_day3::test_block_decode ... ok
[INFO] [stdout] test tests::week1_day3::test_block_build_large_2 ... ok
[INFO] [stdout] test tests::week1_day3::test_block_build_large_1 ... ok
[INFO] [stdout] test tests::week1_day3::test_block_iterator ... ok
[INFO] [stdout] test tests::week1_day5::test_task1_merge_3 ... ok
[INFO] [stdout] test tests::week1_day5::test_task1_merge_5 ... ok
[INFO] [stdout] test tests::week1_day5::test_task1_merge_1 ... ok
[INFO] [stdout] test tests::week1_day5::test_task1_merge_2 ... ok
[INFO] [stdout] test tests::week1_day5::test_task1_merge_4 ... ok
[INFO] [stdout] test tests::week1_day3::test_block_seek_key ... ok
[INFO] [stdout] test tests::week1_day4::test_sst_iterator ... ok
[INFO] [stdout] test tests::week1_day4::test_sst_build_all ... ok
[INFO] [stdout] test tests::week1_day4::test_sst_decode ... ok
[INFO] [stdout] test tests::week1_day7::test_task1_bloom_filter ... ok
[INFO] [stdout] test tests::week1_day4::test_sst_build_two_blocks ... ok
[INFO] [stdout] test tests::week1_day4::test_sst_seek_key ... ok
[INFO] [stdout] test tests::week1_day1::test_task2_storage_integration ... ok
[INFO] [stdout] test tests::week1_day4::test_sst_build_single_key ... ok
[INFO] [stdout] test tests::week1_day7::test_task2_sst_decode ... ok
[INFO] [stdout] test tests::week1_day7::test_task3_block_key_compression ... ok
[INFO] [stdout] test tests::week1_day5::test_task3_storage_get ... ok
[INFO] [stdout] test tests::week1_day1::test_task4_storage_integration ... ok
[INFO] [stdout] test tests::week1_day2::test_task4_integration ... ok
[INFO] [stdout] test tests::week1_day1::test_task3_storage_integration ... ok
[INFO] [stdout] test tests::week1_day5::test_task2_storage_scan ... ok
[INFO] [stdout] test tests::week1_day1::test_task3_freeze_on_capacity ... ok
[INFO] [stdout] test tests::week2_day1::test_task2_concat_iterator ... ok
[INFO] [stdout] test tests::week1_day6::test_task1_storage_scan ... ok
[INFO] [stdout] test tests::week1_day6::test_task1_storage_get ... ok
[INFO] [stdout] test tests::week2_day1::test_task3_integration ... ok
[INFO] [stdout] test tests::week1_day6::test_task2_auto_flush ... ok
[INFO] [stdout] test tests::week2_day1::test_task1_full_compaction ... ok
[INFO] [stdout] test tests::week1_day6::test_task3_sst_filter ... ok
[INFO] [stdout] test tests::week2_day5::test_integration_leveled ... ok
[INFO] [stdout] test tests::week2_day5::test_integration_tiered ... ok
[INFO] [stdout] test tests::week2_day5::test_integration_simple ... ok
[INFO] [stdout] test tests::week2_day6::test_integration_leveled ... ok
[INFO] [stdout] test tests::week2_day6::test_integration_tiered ... ok
[INFO] [stdout] test tests::week2_day6::test_integration_simple ... ok
[INFO] [stdout] test tests::week2_day2::test_integration ... ok
[INFO] [stdout] test tests::week2_day3::test_integration ... ok
[INFO] [stdout] test tests::week2_day4::test_integration ... ok
[INFO] [stdout] 
[INFO] [stdout] test result: ok. 55 passed; 0 failed; 0 ignored; 0 measured; 0 filtered out; finished in 15.13s
[INFO] [stdout] 
[INFO] [stderr]      Running unittests src/bin/compaction-simulator.rs (/opt/rustwide/target/debug/deps/compaction_simulator_ref-5957f497fedc352d)
[INFO] [stdout] 
[INFO] [stdout] running 0 tests
[INFO] [stdout] 
[INFO] [stdout] test result: ok. 0 passed; 0 failed; 0 ignored; 0 measured; 0 filtered out; finished in 0.00s
[INFO] [stdout] 
[INFO] [stderr]      Running unittests src/bin/mini-lsm-cli.rs (/opt/rustwide/target/debug/deps/mini_lsm_cli_ref-d037326e62252d78)
[INFO] [stdout] 
[INFO] [stdout] running 0 tests
[INFO] [stdout] 
[INFO] [stdout] test result: ok. 0 passed; 0 failed; 0 ignored; 0 measured; 0 filtered out; finished in 0.00s
[INFO] [stdout] 
[INFO] [stdout] 
[INFO] [stdout] running 0 tests
[INFO] [stdout] 
[INFO] [stdout] test result: ok. 0 passed; 0 failed; 0 ignored; 0 measured; 0 filtered out; finished in 0.00s
[INFO] [stdout] 
[INFO] [stderr]      Running unittests src/bin/wrapper.rs (/opt/rustwide/target/debug/deps/mini_lsm_wrapper_ref-57266fbb0f245a3f)
[INFO] [stderr]      Running unittests src/lib.rs (/opt/rustwide/target/debug/deps/mini_lsm_mvcc-f32282c669b28ff5)
[INFO] [stdout] 
[INFO] [stdout] running 71 tests
[INFO] [stdout] test tests::week1_day1::test_task1_memtable_get ... ok
[INFO] [stdout] test tests::week1_day1::test_task1_memtable_overwrite ... ok
[INFO] [stdout] test tests::week1_day2::test_task1_empty_memtable_iter ... ok
[INFO] [stdout] test tests::week1_day2::test_task1_memtable_iter ... ok
[INFO] [stdout] test tests::week1_day2::test_task2_merge_1 ... ok
[INFO] [stdout] test tests::week1_day2::test_task2_merge_empty ... ok
[INFO] [stdout] test tests::week1_day2::test_task2_merge_2 ... ok
[INFO] [stdout] test tests::week1_day2::test_task2_merge_error ... ok
[INFO] [stdout] test tests::week1_day2::test_task3_fused_iterator ... ok
[INFO] [stdout] test tests::week1_day3::test_block_build_all ... ok
[INFO] [stdout] test tests::week1_day3::test_block_build_full ... ok
[INFO] [stdout] test tests::week1_day3::test_block_build_large_1 ... ok
[INFO] [stdout] test tests::week1_day3::test_block_build_large_2 ... ok
[INFO] [stdout] test tests::week1_day3::test_block_build_single_key ... ok
[INFO] [stdout] test tests::week1_day3::test_block_iterator ... ok
[INFO] [stdout] test tests::week1_day3::test_block_encode ... ok
[INFO] [stdout] test tests::week1_day3::test_block_decode ... ok
[INFO] [stdout] test tests::week1_day3::test_block_seek_key ... ok
[INFO] [stdout] test tests::week1_day5::test_task1_merge_1 ... ok
[INFO] [stdout] test tests::week1_day5::test_task1_merge_2 ... ok
[INFO] [stdout] test tests::week1_day5::test_task1_merge_3 ... ok
[INFO] [stdout] test tests::week1_day5::test_task1_merge_4 ... ok
[INFO] [stdout] test tests::week1_day5::test_task1_merge_5 ... ok
[INFO] [stdout] test tests::week1_day4::test_sst_build_single_key ... ok
[INFO] [stdout] test tests::week1_day4::test_sst_build_all ... ok
[INFO] [stdout] test tests::week1_day7::test_task1_bloom_filter ... ok
[INFO] [stdout] test tests::week1_day1::test_task2_storage_integration ... ok
[INFO] [stdout] test tests::week1_day4::test_sst_decode ... ok
[INFO] [stdout] test tests::week1_day4::test_sst_iterator ... ok
[INFO] [stdout] test tests::week1_day4::test_sst_build_two_blocks ... ok
[INFO] [stdout] test tests::week1_day4::test_sst_seek_key ... ok
[INFO] [stdout] test tests::week1_day1::test_task3_storage_integration ... ok
[INFO] [stdout] test tests::week1_day2::test_task4_integration ... ok
[INFO] [stdout] test tests::week1_day7::test_task3_block_key_compression ... ok
[INFO] [stdout] test tests::week1_day7::test_task2_sst_decode ... ok
[INFO] [stdout] test tests::week1_day5::test_task3_storage_get ... ok
[INFO] [stdout] test tests::week1_day5::test_task2_storage_scan ... ok
[INFO] [stdout] test tests::week1_day1::test_task4_storage_integration ... ok
[INFO] [stdout] test tests::week1_day6::test_task1_storage_scan ... ok
[INFO] [stdout] test tests::week2_day1::test_task2_concat_iterator ... ok
[INFO] [stdout] test tests::week1_day6::test_task1_storage_get ... ok
[INFO] [stdout] test tests::week3_day1::test_sst_build_multi_version_hard ... ok
[INFO] [stdout] test tests::week3_day1::test_sst_build_multi_version_simple ... ok
[INFO] [stdout] test tests::week2_day1::test_task3_integration ... ok
[INFO] [stdout] test tests::week2_day1::test_task1_full_compaction ... ok
[INFO] [stdout] test tests::week3_day3::test_task3_sst_ts ... ok
[INFO] [stdout] test tests::week3_day3::test_task2_lsm_iterator_mvcc ... ok
[INFO] [stdout] test tests::week3_day3::test_task2_memtable_mvcc ... ok
[INFO] [stdout] test tests::week3_day4::test_task1_watermark ... ok
[INFO] [stdout] test tests::week3_day4::test_task2_snapshot_watermark ... ok
[INFO] [stdout] test tests::week3_day5::test_txn_integration ... ok
[INFO] [stdout] test tests::week1_day1::test_task3_freeze_on_capacity ... ok
[INFO] [stdout] test tests::week3_day6::test_serializable_1 ... ok
[INFO] [stdout] test tests::week3_day6::test_serializable_2 ... ok
[INFO] [stdout] test tests::week3_day6::test_serializable_3_ts_range ... ok
[INFO] [stdout] test tests::week3_day6::test_serializable_4_scan ... ok
[INFO] [stdout] test tests::week3_day6::test_serializable_5_read_only ... ok
[INFO] [stdout] test tests::week3_day4::test_task3_mvcc_compaction ... ok
[INFO] [stdout] test tests::week3_day7::test_task3_mvcc_compaction ... ok
[INFO] [stdout] test tests::week1_day6::test_task2_auto_flush ... ok
[INFO] [stdout] test tests::week1_day6::test_task3_sst_filter ... ok
[INFO] [stdout] test tests::week2_day5::test_integration_tiered ... ok
[INFO] [stdout] test tests::week2_day5::test_integration_simple ... ok
[INFO] [stdout] test tests::week2_day5::test_integration_leveled ... ok
[INFO] [stdout] test tests::week2_day6::test_integration_leveled ... ok
[INFO] [stdout] test tests::week2_day6::test_integration_tiered ... ok
[INFO] [stdout] test tests::week2_day6::test_integration_simple ... ok
[INFO] [stdout] test tests::week2_day4::test_integration ... ok
[INFO] [stdout] test tests::week2_day3::test_integration ... ok
[INFO] [stdout] test tests::week2_day2::test_integration ... ok
[INFO] [stdout] test tests::week3_day2::test_task3_compaction_integration ... ok
[INFO] [stdout] 
[INFO] [stdout] test result: ok. 71 passed; 0 failed; 0 ignored; 0 measured; 0 filtered out; finished in 19.47s
[INFO] [stdout] 
[INFO] [stderr]      Running unittests src/bin/compaction-simulator.rs (/opt/rustwide/target/debug/deps/compaction_simulator_mvcc_ref-563ee472d5c815ea)
[INFO] [stdout] 
[INFO] [stdout] running 0 tests
[INFO] [stdout] 
[INFO] [stdout] test result: ok. 0 passed; 0 failed; 0 ignored; 0 measured; 0 filtered out; finished in 0.00s
[INFO] [stdout] 
[INFO] [stderr]      Running unittests src/bin/mini-lsm-cli.rs (/opt/rustwide/target/debug/deps/mini_lsm_cli_mvcc_ref-63471a4527b11e8f)
[INFO] [stdout] 
[INFO] [stdout] running 0 tests
[INFO] [stdout] 
[INFO] [stdout] test result: ok. 0 passed; 0 failed; 0 ignored; 0 measured; 0 filtered out; finished in 0.00s
[INFO] [stdout] 
[INFO] [stderr]      Running unittests src/bin/wrapper.rs (/opt/rustwide/target/debug/deps/mini_lsm_wrapper_mvcc_ref-b96033b298e9625a)
[INFO] [stdout] 
[INFO] [stdout] running 0 tests
[INFO] [stderr]      Running unittests src/lib.rs (/opt/rustwide/target/debug/deps/mini_lsm_starter-8a5297abcdbca658)
[INFO] [stdout] 
[INFO] [stdout] test result: ok. 0 passed; 0 failed; 0 ignored; 0 measured; 0 filtered out; finished in 0.00s
[INFO] [stdout] 
[INFO] [stdout] 
[INFO] [stdout] running 55 tests
[INFO] [stdout] test tests::week1_day1::test_task1_memtable_get ... ok
[INFO] [stdout] test tests::week1_day1::test_task1_memtable_overwrite ... ok
[INFO] [stdout] test tests::week1_day2::test_task1_empty_memtable_iter ... ok
[INFO] [stdout] test tests::week1_day2::test_task1_memtable_iter ... ok
[INFO] [stdout] test tests::week1_day2::test_task2_merge_1 ... ok
[INFO] [stdout] test tests::week1_day2::test_task2_merge_2 ... ok
[INFO] [stdout] test tests::week1_day2::test_task2_merge_empty ... ok
[INFO] [stdout] test tests::week1_day2::test_task2_merge_error ... ok
[INFO] [stdout] test tests::week1_day2::test_task3_fused_iterator ... ok
[INFO] [stdout] test tests::week1_day3::test_block_build_full ... ok
[INFO] [stdout] test tests::week1_day3::test_block_build_large_2 ... ok
[INFO] [stdout] test tests::week1_day3::test_block_build_large_1 ... ok
[INFO] [stdout] test tests::week1_day3::test_block_build_all ... ok
[INFO] [stdout] test tests::week1_day3::test_block_build_single_key ... ok
[INFO] [stdout] test tests::week1_day3::test_block_decode ... ok
[INFO] [stdout] test tests::week1_day5::test_task1_merge_1 ... ok
[INFO] [stdout] test tests::week1_day5::test_task1_merge_2 ... ok
[INFO] [stdout] test tests::week1_day3::test_block_iterator ... ok
[INFO] [stdout] test tests::week1_day5::test_task1_merge_4 ... ok
[INFO] [stdout] test tests::week1_day5::test_task1_merge_3 ... ok
[INFO] [stdout] test tests::week1_day3::test_block_encode ... ok
[INFO] [stdout] test tests::week1_day2::test_task4_integration ... ok
[INFO] [stdout] test tests::week1_day3::test_block_seek_key ... ok
[INFO] [stdout] test tests::week1_day1::test_task2_storage_integration ... ok
[INFO] [stdout] test tests::week1_day1::test_task3_storage_integration ... ok
[INFO] [stdout] test tests::week1_day4::test_sst_build_all ... ok
[INFO] [stdout] test tests::week1_day4::test_sst_build_single_key ... ok
[INFO] [stdout] test tests::week1_day4::test_sst_iterator ... ok
[INFO] [stdout] test tests::week1_day5::test_task1_merge_5 ... ok
[INFO] [stdout] test tests::week1_day4::test_sst_build_two_blocks ... ok
[INFO] [stdout] test tests::week1_day1::test_task4_storage_integration ... ok
[INFO] [stdout] test tests::week1_day7::test_task1_bloom_filter ... ok
[INFO] [stdout] test tests::week1_day1::test_task3_freeze_on_capacity ... ok
[INFO] [stdout] test tests::week1_day4::test_sst_seek_key ... ok
[INFO] [stdout] test tests::week1_day4::test_sst_decode ... ok
[INFO] [stdout] test tests::week1_day7::test_task2_sst_decode ... ok
[INFO] [stdout] test tests::week1_day5::test_task2_storage_scan ... ok
[INFO] [stdout] test tests::week1_day7::test_task3_block_key_compression ... ok
[INFO] [stdout] test tests::week1_day5::test_task3_storage_get ... ok
[INFO] [stdout] test tests::week1_day6::test_task1_storage_get ... ok
[INFO] [stdout] test tests::week1_day6::test_task1_storage_scan ... ok
[INFO] [stdout] test tests::week2_day6::test_integration_leveled ... ok
[INFO] [stdout] test tests::week2_day1::test_task3_integration ... ok
[INFO] [stdout] test tests::week2_day6::test_integration_tiered ... ok
[INFO] [stdout] test tests::week2_day1::test_task2_concat_iterator ... ok
[INFO] [stdout] test tests::week2_day1::test_task1_full_compaction ... ok
[INFO] [stdout] test tests::week2_day6::test_integration_simple ... ok
[INFO] [stdout] test tests::week2_day5::test_integration_leveled ... ok
[INFO] [stdout] test tests::week1_day6::test_task3_sst_filter ... ok
[INFO] [stdout] test tests::week2_day5::test_integration_tiered ... ok
[INFO] [stdout] test tests::week2_day5::test_integration_simple ... ok
[INFO] [stdout] test tests::week1_day6::test_task2_auto_flush ... ok
[INFO] [stdout] test tests::week2_day2::test_integration ... FAILED
[INFO] [stdout] test tests::week2_day4::test_integration ... ok
[INFO] [stdout] test tests::week2_day3::test_integration ... ok
[INFO] [stdout] 
[INFO] [stdout] failures:
[INFO] [stdout] 
[INFO] [stdout] ---- tests::week2_day2::test_integration stdout ----
[INFO] [stdout] L0 (1): [43]
[INFO] [stdout] L1 (7): [46, 47, 48, 49, 50, 51, 52]
[INFO] [stdout] L2 (0): []
[INFO] [stdout] L3 (0): []
[INFO] [stdout] This test case does not guarantee your compaction algorithm produces a LSM state as expected. It only does minimal checks on the size of the levels. Please use the compaction simulator to check if the compaction is correctly going on.
[INFO] [stdout] 
[INFO] [stdout] thread 'tests::week2_day2::test_integration' panicked at mini-lsm-starter/src/tests/harness.rs:323:17:
[INFO] [stdout] L1/L2, 0/7<200%
[INFO] [stdout] stack backtrace:
[INFO] [stdout]    0:     0x5aef837c8faa - std::backtrace_rs::backtrace::libunwind::trace::hb059275cfc8d6126
[INFO] [stdout]                                at /rustc/6067b36314ab5eb2eb47cecc464545ba58e1ad24/library/std/src/../../backtrace/src/backtrace/libunwind.rs:116:5
[INFO] [stdout]    1:     0x5aef837c8faa - std::backtrace_rs::backtrace::trace_unsynchronized::h2da071e4327ce3ee
[INFO] [stdout]                                at /rustc/6067b36314ab5eb2eb47cecc464545ba58e1ad24/library/std/src/../../backtrace/src/backtrace/mod.rs:66:5
[INFO] [stdout]    2:     0x5aef837c8faa - std::sys::backtrace::_print_fmt::h842a1474e6f8d23f
[INFO] [stdout]                                at /rustc/6067b36314ab5eb2eb47cecc464545ba58e1ad24/library/std/src/sys/backtrace.rs:66:9
[INFO] [stdout]    3:     0x5aef837c8faa - <std::sys::backtrace::BacktraceLock::print::DisplayBacktrace as core::fmt::Display>::fmt::h71a62eb3b9696b12
[INFO] [stdout]                                at /rustc/6067b36314ab5eb2eb47cecc464545ba58e1ad24/library/std/src/sys/backtrace.rs:39:26
[INFO] [stdout]    4:     0x5aef837f1ea3 - core::fmt::rt::Argument::fmt::hdb6b616786b41dc1
[INFO] [stdout]                                at /rustc/6067b36314ab5eb2eb47cecc464545ba58e1ad24/library/core/src/fmt/rt.rs:177:76
[INFO] [stdout]    5:     0x5aef837f1ea3 - core::fmt::write::h2cc1698af7e2d686
[INFO] [stdout]                                at /rustc/6067b36314ab5eb2eb47cecc464545ba58e1ad24/library/core/src/fmt/mod.rs:1440:21
[INFO] [stdout]    6:     0x5aef837c5783 - std::io::Write::write_fmt::hab1b4cd059a79022
[INFO] [stdout]                                at /rustc/6067b36314ab5eb2eb47cecc464545ba58e1ad24/library/std/src/io/mod.rs:1887:15
[INFO] [stdout]    7:     0x5aef837c8df2 - std::sys::backtrace::BacktraceLock::print::h147fe35b4ea13b08
[INFO] [stdout]                                at /rustc/6067b36314ab5eb2eb47cecc464545ba58e1ad24/library/std/src/sys/backtrace.rs:42:9
[INFO] [stdout]    8:     0x5aef837ca3cf - std::panicking::default_hook::{{closure}}::hbd44223dbdc0d208
[INFO] [stdout]                                at /rustc/6067b36314ab5eb2eb47cecc464545ba58e1ad24/library/std/src/panicking.rs:298:22
[INFO] [stdout]    9:     0x5aef837ca1e8 - std::panicking::default_hook::h20f81eb0576efcec
[INFO] [stdout]                                at /rustc/6067b36314ab5eb2eb47cecc464545ba58e1ad24/library/std/src/panicking.rs:322:9
[INFO] [stdout]   10:     0x5aef83750363 - <alloc::boxed::Box<F,A> as core::ops::function::Fn<Args>>::call::hdb53814c496a4d34
[INFO] [stdout]                                at /rustc/6067b36314ab5eb2eb47cecc464545ba58e1ad24/library/alloc/src/boxed.rs:2027:9
[INFO] [stdout]   11:     0x5aef83750363 - test::test_main::{{closure}}::hc0a4963c59427c24
[INFO] [stdout]                                at /rustc/6067b36314ab5eb2eb47cecc464545ba58e1ad24/library/test/src/lib.rs:134:21
[INFO] [stdout]   12:     0x5aef837caec3 - <alloc::boxed::Box<F,A> as core::ops::function::Fn<Args>>::call::h591b2225413a77e9
[INFO] [stdout]                                at /rustc/6067b36314ab5eb2eb47cecc464545ba58e1ad24/library/alloc/src/boxed.rs:2027:9
[INFO] [stdout]   13:     0x5aef837caec3 - std::panicking::rust_panic_with_hook::h625eea43051b2edc
[INFO] [stdout]                                at /rustc/6067b36314ab5eb2eb47cecc464545ba58e1ad24/library/std/src/panicking.rs:839:13
[INFO] [stdout]   14:     0x5aef837cab7a - std::panicking::begin_panic_handler::{{closure}}::h4f9159cfbc3f6bd3
[INFO] [stdout]                                at /rustc/6067b36314ab5eb2eb47cecc464545ba58e1ad24/library/std/src/panicking.rs:704:13
[INFO] [stdout]   15:     0x5aef837c94a9 - std::sys::backtrace::__rust_end_short_backtrace::h0390abce48353151
[INFO] [stdout]                                at /rustc/6067b36314ab5eb2eb47cecc464545ba58e1ad24/library/std/src/sys/backtrace.rs:168:18
[INFO] [stdout]   16:     0x5aef837ca80d - rust_begin_unwind
[INFO] [stdout]                                at /rustc/6067b36314ab5eb2eb47cecc464545ba58e1ad24/library/std/src/panicking.rs:695:5
[INFO] [stdout]   17:     0x5aef837f0880 - core::panicking::panic_fmt::h9e7c637e9e5f29c9
[INFO] [stdout]                                at /rustc/6067b36314ab5eb2eb47cecc464545ba58e1ad24/library/core/src/panicking.rs:75:14
[INFO] [stdout]   18:     0x5aef835ca5cc - mini_lsm_starter::tests::harness::check_compaction_ratio::ha8b96872ebb7ffaa
[INFO] [stdout]                                at /opt/rustwide/workdir/mini-lsm-starter/src/tests/harness.rs:323:17
[INFO] [stdout]   19:     0x5aef835f6407 - mini_lsm_starter::tests::week2_day2::test_integration::hae8ae61aa77856fe
[INFO] [stdout]                                at /opt/rustwide/workdir/mini-lsm-starter/src/tests/week2_day2.rs:26:5
[INFO] [stdout]   20:     0x5aef835f6137 - mini_lsm_starter::tests::week2_day2::test_integration::{{closure}}::h242c77c72a8f708d
[INFO] [stdout]                                at /opt/rustwide/workdir/mini-lsm-starter/src/tests/week2_day2.rs:11:22
[INFO] [stdout]   21:     0x5aef83678566 - core::ops::function::FnOnce::call_once::h5e4fb3e607f10363
[INFO] [stdout]                                at /rustc/6067b36314ab5eb2eb47cecc464545ba58e1ad24/library/core/src/ops/function.rs:250:5
[INFO] [stdout]   22:     0x5aef83755abb - core::ops::function::FnOnce::call_once::he27718dfdd183f43
[INFO] [stdout]                                at /rustc/6067b36314ab5eb2eb47cecc464545ba58e1ad24/library/core/src/ops/function.rs:250:5
[INFO] [stdout]   23:     0x5aef83755abb - test::__rust_begin_short_backtrace::h4e84902998457a5d
[INFO] [stdout]                                at /rustc/6067b36314ab5eb2eb47cecc464545ba58e1ad24/library/test/src/lib.rs:632:18
[INFO] [stdout]   24:     0x5aef837549f3 - test::run_test_in_process::{{closure}}::h7176fd18fc1feca0
[INFO] [stdout]                                at /rustc/6067b36314ab5eb2eb47cecc464545ba58e1ad24/library/test/src/lib.rs:655:60
[INFO] [stdout]   25:     0x5aef837549f3 - <core::panic::unwind_safe::AssertUnwindSafe<F> as core::ops::function::FnOnce<()>>::call_once::hf79cff2a624d8cf7
[INFO] [stdout]                                at /rustc/6067b36314ab5eb2eb47cecc464545ba58e1ad24/library/core/src/panic/unwind_safe.rs:272:9
[INFO] [stdout]   26:     0x5aef837549f3 - std::panicking::try::do_call::h3da0561d9ab99c25
[INFO] [stdout]                                at /rustc/6067b36314ab5eb2eb47cecc464545ba58e1ad24/library/std/src/panicking.rs:587:40
[INFO] [stdout]   27:     0x5aef837549f3 - std::panicking::try::h41c9fa508bc61df6
[INFO] [stdout]                                at /rustc/6067b36314ab5eb2eb47cecc464545ba58e1ad24/library/std/src/panicking.rs:550:19
[INFO] [stdout]   28:     0x5aef837549f3 - std::panic::catch_unwind::h6b3ff07bb5afad93
[INFO] [stdout]                                at /rustc/6067b36314ab5eb2eb47cecc464545ba58e1ad24/library/std/src/panic.rs:358:14
[INFO] [stdout]   29:     0x5aef837549f3 - test::run_test_in_process::hc7253dd11b39b9f4
[INFO] [stdout]                                at /rustc/6067b36314ab5eb2eb47cecc464545ba58e1ad24/library/test/src/lib.rs:655:27
[INFO] [stdout]   30:     0x5aef837549f3 - test::run_test::{{closure}}::hfb2007f8649c30bb
[INFO] [stdout]                                at /rustc/6067b36314ab5eb2eb47cecc464545ba58e1ad24/library/test/src/lib.rs:576:43
[INFO] [stdout]   31:     0x5aef83717ad5 - test::run_test::{{closure}}::h56a17aa7a282a9f4
[INFO] [stdout]                                at /rustc/6067b36314ab5eb2eb47cecc464545ba58e1ad24/library/test/src/lib.rs:606:41
[INFO] [stdout]   32:     0x5aef83717ad5 - std::sys::backtrace::__rust_begin_short_backtrace::hd2d2d2fb8e8c6aac
[INFO] [stdout]                                at /rustc/6067b36314ab5eb2eb47cecc464545ba58e1ad24/library/std/src/sys/backtrace.rs:152:18
[INFO] [stdout]   33:     0x5aef8371b3ba - std::thread::Builder::spawn_unchecked_::{{closure}}::{{closure}}::h4faa3f9db6133423
[INFO] [stdout]                                at /rustc/6067b36314ab5eb2eb47cecc464545ba58e1ad24/library/std/src/thread/mod.rs:559:17
[INFO] [stdout]   34:     0x5aef8371b3ba - <core::panic::unwind_safe::AssertUnwindSafe<F> as core::ops::function::FnOnce<()>>::call_once::hf2e855a36a4ea846
[INFO] [stdout]                                at /rustc/6067b36314ab5eb2eb47cecc464545ba58e1ad24/library/core/src/panic/unwind_safe.rs:272:9
[INFO] [stdout]   35:     0x5aef8371b3ba - std::panicking::try::do_call::h2f73af3616c35465
[INFO] [stdout]                                at /rustc/6067b36314ab5eb2eb47cecc464545ba58e1ad24/library/std/src/panicking.rs:587:40
[INFO] [stdout]   36:     0x5aef8371b3ba - std::panicking::try::hd1660ce9efadef5a
[INFO] [stdout]                                at /rustc/6067b36314ab5eb2eb47cecc464545ba58e1ad24/library/std/src/panicking.rs:550:19
[INFO] [stdout]   37:     0x5aef8371b3ba - std::panic::catch_unwind::h5ee8d7823b8ca744
[INFO] [stdout]                                at /rustc/6067b36314ab5eb2eb47cecc464545ba58e1ad24/library/std/src/panic.rs:358:14
[INFO] [stdout]   38:     0x5aef8371b3ba - std::thread::Builder::spawn_unchecked_::{{closure}}::h53c3a1894dce8407
[INFO] [stdout]                                at /rustc/6067b36314ab5eb2eb47cecc464545ba58e1ad24/library/std/src/thread/mod.rs:557:30
[INFO] [stdout]   39:     0x5aef8371b3ba - core::ops::function::FnOnce::call_once{{vtable.shim}}::h048ce291ad4f62bf
[INFO] [stdout]                                at /rustc/6067b36314ab5eb2eb47cecc464545ba58e1ad24/library/core/src/ops/function.rs:250:5
[INFO] [stdout]   40:     0x5aef837cfd6b - <alloc::boxed::Box<F,A> as core::ops::function::FnOnce<Args>>::call_once::ha52bedf99a3b4981
[INFO] [stdout]                                at /rustc/6067b36314ab5eb2eb47cecc464545ba58e1ad24/library/alloc/src/boxed.rs:2013:9
[INFO] [stdout]   41:     0x5aef837cfd6b - <alloc::boxed::Box<F,A> as core::ops::function::FnOnce<Args>>::call_once::h567748934d80ccf8
[INFO] [stdout]                                at /rustc/6067b36314ab5eb2eb47cecc464545ba58e1ad24/library/alloc/src/boxed.rs:2013:9
[INFO] [stdout]   42:     0x5aef837cfd6b - std::sys::pal::unix::thread::Thread::new::thread_start::h2d970728ae887adc
[INFO] [stdout]                                at /rustc/6067b36314ab5eb2eb47cecc464545ba58e1ad24/library/std/src/sys/pal/unix/thread.rs:106:17
[INFO] [stdout]   43:     0x7a09767f5ac3 - <unknown>
[INFO] [stdout]   44:     0x7a0976886a04 - clone
[INFO] [stdout]   45:                0x0 - <unknown>
[INFO] [stdout] 
[INFO] [stdout] 
[INFO] [stdout] failures:
[INFO] [stdout]     tests::week2_day2::test_integration
[INFO] [stdout] 
[INFO] [stdout] test result: FAILED. 54 passed; 1 failed; 0 ignored; 0 measured; 0 filtered out; finished in 16.74s
[INFO] [stdout] 
[INFO] [stderr] error: test failed, to rerun pass `-p mini-lsm-starter --lib`
[INFO] running `Command { std: "docker" "inspect" "5d22ea051c7f19bee6d7c081789d90bb6c67e6dd14742a4350fd1b045726970d", kill_on_drop: false }`
[INFO] running `Command { std: "docker" "rm" "-f" "5d22ea051c7f19bee6d7c081789d90bb6c67e6dd14742a4350fd1b045726970d", kill_on_drop: false }`
[INFO] [stdout] 5d22ea051c7f19bee6d7c081789d90bb6c67e6dd14742a4350fd1b045726970d
