[INFO] cloning repository https://github.com/michaelangeloio/does-it-throw
[INFO] running `Command { std: "git" "-c" "credential.helper=" "-c" "credential.helper=/workspace/cargo-home/bin/git-credential-null" "clone" "--bare" "https://github.com/michaelangeloio/does-it-throw" "/workspace/cache/git-repos/https%3A%2F%2Fgithub.com%2Fmichaelangeloio%2Fdoes-it-throw", kill_on_drop: false }`
[INFO] [stderr] Cloning into bare repository '/workspace/cache/git-repos/https%3A%2F%2Fgithub.com%2Fmichaelangeloio%2Fdoes-it-throw'...
[INFO] running `Command { std: "git" "rev-parse" "HEAD", kill_on_drop: false }`
[INFO] [stdout] ff9a325ff0cfba282d38c38db06922760b9a3b18
[INFO] testing michaelangeloio/does-it-throw against nightly-2025-01-18+rustflags=-Zrandomize-layout for randomize-layout-2
[INFO] running `Command { std: "git" "clone" "/workspace/cache/git-repos/https%3A%2F%2Fgithub.com%2Fmichaelangeloio%2Fdoes-it-throw" "/workspace/builds/worker-0-tc2/source", kill_on_drop: false }`
[INFO] [stderr] Cloning into '/workspace/builds/worker-0-tc2/source'...
[INFO] [stderr] done.
[INFO] validating manifest of git repo https://github.com/michaelangeloio/does-it-throw on toolchain nightly-2025-01-18
[INFO] running `Command { std: CARGO_HOME="/workspace/cargo-home" RUSTUP_HOME="/workspace/rustup-home" "/workspace/cargo-home/bin/cargo" "+nightly-2025-01-18" "metadata" "--manifest-path" "Cargo.toml" "--no-deps", kill_on_drop: false }`
[INFO] started tweaking git repo https://github.com/michaelangeloio/does-it-throw
[INFO] finished tweaking git repo https://github.com/michaelangeloio/does-it-throw
[INFO] tweaked toml for git repo https://github.com/michaelangeloio/does-it-throw written to /workspace/builds/worker-0-tc2/source/Cargo.toml
[INFO] crate git repo https://github.com/michaelangeloio/does-it-throw already has a lockfile, it will not be regenerated
[INFO] running `Command { std: CARGO_HOME="/workspace/cargo-home" RUSTUP_HOME="/workspace/rustup-home" "/workspace/cargo-home/bin/cargo" "+nightly-2025-01-18" "fetch" "--manifest-path" "Cargo.toml", kill_on_drop: false }`
[INFO] [stderr] warning: profiles for the non root package will be ignored, specify profiles at the workspace root:
[INFO] [stderr] package:   /workspace/builds/worker-0-tc2/source/crates/does-it-throw-wasm/Cargo.toml
[INFO] [stderr] workspace: /workspace/builds/worker-0-tc2/source/Cargo.toml
[INFO] [stderr] warning: /workspace/builds/worker-0-tc2/source/Cargo.toml: unused manifest key: workspace.authors
[INFO] [stderr] warning: /workspace/builds/worker-0-tc2/source/Cargo.toml: unused manifest key: workspace.version
[INFO] [stderr] warning: /workspace/builds/worker-0-tc2/source/crates/does-it-throw/Cargo.toml: no edition set: defaulting to the 2015 edition while the latest is 2024
[INFO] running `Command { std: "docker" "create" "-v" "/var/lib/crater-agent-workspace/builds/worker-0-tc2/target:/opt/rustwide/target:rw,Z" "-v" "/var/lib/crater-agent-workspace/builds/worker-0-tc2/source:/opt/rustwide/workdir:ro,Z" "-v" "/var/lib/crater-agent-workspace/cargo-home:/opt/rustwide/cargo-home:ro,Z" "-v" "/var/lib/crater-agent-workspace/rustup-home:/opt/rustwide/rustup-home:ro,Z" "-e" "SOURCE_DIR=/opt/rustwide/workdir" "-e" "CARGO_TARGET_DIR=/opt/rustwide/target" "-e" "CARGO_HOME=/opt/rustwide/cargo-home" "-e" "RUSTUP_HOME=/opt/rustwide/rustup-home" "-w" "/opt/rustwide/workdir" "-m" "1610612736" "--user" "0:0" "--network" "none" "ghcr.io/rust-lang/crates-build-env/linux@sha256:819108c5571ea2e421544af4d832f968d213c87fbe3707a016657f43d2f853bc" "/opt/rustwide/cargo-home/bin/cargo" "+nightly-2025-01-18" "metadata" "--no-deps" "--format-version=1", kill_on_drop: false }`
[INFO] [stdout] 933e128713fe3706ec0b3f8985afd77b67ddc6ceaa95d8978f156bad718c5b36
[INFO] running `Command { std: "docker" "start" "-a" "933e128713fe3706ec0b3f8985afd77b67ddc6ceaa95d8978f156bad718c5b36", kill_on_drop: false }`
[INFO] running `Command { std: "docker" "inspect" "933e128713fe3706ec0b3f8985afd77b67ddc6ceaa95d8978f156bad718c5b36", kill_on_drop: false }`
[INFO] running `Command { std: "docker" "rm" "-f" "933e128713fe3706ec0b3f8985afd77b67ddc6ceaa95d8978f156bad718c5b36", kill_on_drop: false }`
[INFO] [stdout] 933e128713fe3706ec0b3f8985afd77b67ddc6ceaa95d8978f156bad718c5b36
[INFO] running `Command { std: "docker" "create" "-v" "/var/lib/crater-agent-workspace/builds/worker-0-tc2/target:/opt/rustwide/target:rw,Z" "-v" "/var/lib/crater-agent-workspace/builds/worker-0-tc2/source:/opt/rustwide/workdir:ro,Z" "-v" "/var/lib/crater-agent-workspace/cargo-home:/opt/rustwide/cargo-home:ro,Z" "-v" "/var/lib/crater-agent-workspace/rustup-home:/opt/rustwide/rustup-home:ro,Z" "-e" "SOURCE_DIR=/opt/rustwide/workdir" "-e" "CARGO_TARGET_DIR=/opt/rustwide/target" "-e" "CARGO_INCREMENTAL=0" "-e" "RUST_BACKTRACE=full" "-e" "RUSTFLAGS=--cap-lints=forbid -Zrandomize-layout" "-e" "RUSTDOCFLAGS=--cap-lints=forbid" "-e" "CARGO_HOME=/opt/rustwide/cargo-home" "-e" "RUSTUP_HOME=/opt/rustwide/rustup-home" "-w" "/opt/rustwide/workdir" "-m" "1610612736" "--user" "0:0" "--network" "none" "ghcr.io/rust-lang/crates-build-env/linux@sha256:819108c5571ea2e421544af4d832f968d213c87fbe3707a016657f43d2f853bc" "/opt/rustwide/cargo-home/bin/cargo" "+nightly-2025-01-18" "build" "--frozen" "--message-format=json", kill_on_drop: false }`
[INFO] [stdout] ac6b52d6bf1b14d5e34a75c6a11d3a00f361a732554ee38ae56f2b430489299e
[INFO] running `Command { std: "docker" "start" "-a" "ac6b52d6bf1b14d5e34a75c6a11d3a00f361a732554ee38ae56f2b430489299e", kill_on_drop: false }`
[INFO] [stderr] warning: profiles for the non root package will be ignored, specify profiles at the workspace root:
[INFO] [stderr] package:   /opt/rustwide/workdir/crates/does-it-throw-wasm/Cargo.toml
[INFO] [stderr] workspace: /opt/rustwide/workdir/Cargo.toml
[INFO] [stderr] warning: /opt/rustwide/workdir/crates/does-it-throw/Cargo.toml: no edition set: defaulting to the 2015 edition while the latest is 2024
[INFO] [stderr] warning: /opt/rustwide/workdir/Cargo.toml: unused manifest key: workspace.authors
[INFO] [stderr] warning: /opt/rustwide/workdir/Cargo.toml: unused manifest key: workspace.version
[INFO] [stderr]    Compiling proc-macro2 v1.0.78
[INFO] [stderr]    Compiling unicode-ident v1.0.12
[INFO] [stderr]    Compiling once_cell v1.19.0
[INFO] [stderr]    Compiling memchr v2.7.1
[INFO] [stderr]    Compiling siphasher v0.3.11
[INFO] [stderr]    Compiling libc v0.2.152
[INFO] [stderr]    Compiling rand_core v0.6.4
[INFO] [stderr]    Compiling serde v1.0.195
[INFO] [stderr]    Compiling regex-syntax v0.8.2
[INFO] [stderr]    Compiling lazy_static v1.4.0
[INFO] [stderr]    Compiling tinyvec_macros v0.1.1
[INFO] [stderr]    Compiling unicode-bidi v0.3.15
[INFO] [stderr]    Compiling new_debug_unreachable v1.0.4
[INFO] [stderr]    Compiling rustc-hash v1.1.0
[INFO] [stderr]    Compiling num-traits v0.2.17
[INFO] [stderr]    Compiling num-integer v0.1.45
[INFO] [stderr]    Compiling tinyvec v1.6.0
[INFO] [stderr]    Compiling num-bigint v0.4.4
[INFO] [stderr]    Compiling percent-encoding v2.3.1
[INFO] [stderr]    Compiling wasm-bindgen-shared v0.2.90
[INFO] [stderr]    Compiling smallvec v1.13.1
[INFO] [stderr]    Compiling rand v0.8.5
[INFO] [stderr]    Compiling phf_shared v0.11.2
[INFO] [stderr]    Compiling tracing-core v0.1.32
[INFO] [stderr]    Compiling either v1.9.0
[INFO] [stderr]    Compiling scoped-tls v1.0.1
[INFO] [stderr]    Compiling form_urlencoded v1.2.1
[INFO] [stderr]    Compiling pin-project-lite v0.2.13
[INFO] [stderr]    Compiling aho-corasick v1.1.2
[INFO] [stderr]    Compiling better_scoped_tls v0.1.1
[INFO] [stderr]    Compiling bumpalo v3.14.0
[INFO] [stderr]    Compiling quote v1.0.35
[INFO] [stderr]    Compiling log v0.4.20
[INFO] [stderr]    Compiling unicode-width v0.1.11
[INFO] [stderr]    Compiling smartstring v1.0.1
[INFO] [stderr]    Compiling bitflags v2.4.2
[INFO] [stderr]    Compiling unicode-id v0.3.4
[INFO] [stderr]    Compiling wasm-bindgen v0.2.90
[INFO] [stderr]    Compiling static_assertions v1.1.0
[INFO] [stderr]    Compiling syn v2.0.48
[INFO] [stderr]    Compiling typed-arena v2.0.2
[INFO] [stderr]    Compiling serde_json v1.0.111
[INFO] [stderr]    Compiling itoa v1.0.10
[INFO] [stderr]    Compiling ryu v1.0.16
[INFO] [stderr]    Compiling phf_generator v0.11.2
[INFO] [stderr]    Compiling unicode-normalization v0.1.22
[INFO] [stderr]    Compiling cc v1.0.83
[INFO] [stderr]    Compiling idna v0.5.0
[INFO] [stderr]    Compiling url v2.5.0
[INFO] [stderr]    Compiling psm v0.1.21
[INFO] [stderr]    Compiling stacker v0.1.15
[INFO] [stderr]    Compiling regex-automata v0.4.4
[INFO] [stderr]    Compiling swc_macros_common v0.3.9
[INFO] [stderr]    Compiling pmutil v0.6.1
[INFO] [stderr]    Compiling wasm-bindgen-backend v0.2.90
[INFO] [stderr]    Compiling regex v1.10.3
[INFO] [stderr]    Compiling serde_derive v1.0.195
[INFO] [stderr]    Compiling phf_macros v0.11.2
[INFO] [stderr]    Compiling tracing-attributes v0.1.27
[INFO] [stderr]    Compiling swc_eq_ignore_macros v0.1.3
[INFO] [stderr]    Compiling ast_node v0.9.6
[INFO] [stderr]    Compiling from_variant v0.1.7
[INFO] [stderr]    Compiling string_enum v0.4.2
[INFO] [stderr]    Compiling Inflector v0.11.4
[INFO] [stderr]    Compiling swc_visit_macros v0.5.9
[INFO] [stderr]    Compiling is-macro v0.3.5
[INFO] [stderr]    Compiling phf v0.11.2
[INFO] [stderr]    Compiling hstr v0.2.7
[INFO] [stderr]    Compiling wasm-bindgen-macro-support v0.2.90
[INFO] [stderr]    Compiling tracing v0.1.40
[INFO] [stderr]    Compiling wasm-bindgen-macro v0.2.90
[INFO] [stderr]    Compiling js-sys v0.3.67
[INFO] [stderr]    Compiling swc_visit v0.5.8
[INFO] [stderr]    Compiling swc_atoms v0.6.5
[INFO] [stderr]    Compiling serde-wasm-bindgen v0.6.3
[INFO] [stderr]    Compiling swc_common v0.33.15
[INFO] [stderr]    Compiling swc_ecma_ast v0.111.1
[INFO] [stderr]    Compiling swc_ecma_visit v0.97.1
[INFO] [stderr]    Compiling swc_ecma_parser v0.142.1
[INFO] [stderr]    Compiling does-it-throw v0.3.0 (/opt/rustwide/workdir/crates/does-it-throw)
[INFO] [stdout] warning: unreachable pattern
[INFO] [stdout]    --> crates/does-it-throw/src/call_finder.rs:519:15
[INFO] [stdout]     |
[INFO] [stdout] 519 |               _ => {}
[INFO] [stdout]     |               ^ no value can reach this
[INFO] [stdout]     |
[INFO] [stdout] note: multiple earlier patterns match some of the same values
[INFO] [stdout]    --> crates/does-it-throw/src/call_finder.rs:519:15
[INFO] [stdout]     |
[INFO] [stdout] 486 |               swc_ecma_ast::PropOrSpread::Prop(boxed_prop) => {
[INFO] [stdout]     |               -------------------------------------------- matches some of the same values
[INFO] [stdout] ...
[INFO] [stdout] 515 |               swc_ecma_ast::PropOrSpread::Spread(spread) => {
[INFO] [stdout]     |               ------------------------------------------ matches some of the same values
[INFO] [stdout] ...
[INFO] [stdout] 519 |               _ => {}
[INFO] [stdout]     |               ^ collectively making this unreachable
[INFO] [stdout]     = note: `#[warn(unreachable_patterns)]` on by default
[INFO] [stdout] 
[INFO] [stdout] 
[INFO] [stderr]    Compiling does-it-throw-wasm v0.3.0 (/opt/rustwide/workdir/crates/does-it-throw-wasm)
[INFO] [stderr]     Finished `dev` profile [unoptimized + debuginfo] target(s) in 59.38s
[INFO] running `Command { std: "docker" "inspect" "ac6b52d6bf1b14d5e34a75c6a11d3a00f361a732554ee38ae56f2b430489299e", kill_on_drop: false }`
[INFO] running `Command { std: "docker" "rm" "-f" "ac6b52d6bf1b14d5e34a75c6a11d3a00f361a732554ee38ae56f2b430489299e", kill_on_drop: false }`
[INFO] [stdout] ac6b52d6bf1b14d5e34a75c6a11d3a00f361a732554ee38ae56f2b430489299e
[INFO] running `Command { std: "docker" "create" "-v" "/var/lib/crater-agent-workspace/builds/worker-0-tc2/target:/opt/rustwide/target:rw,Z" "-v" "/var/lib/crater-agent-workspace/builds/worker-0-tc2/source:/opt/rustwide/workdir:ro,Z" "-v" "/var/lib/crater-agent-workspace/cargo-home:/opt/rustwide/cargo-home:ro,Z" "-v" "/var/lib/crater-agent-workspace/rustup-home:/opt/rustwide/rustup-home:ro,Z" "-e" "SOURCE_DIR=/opt/rustwide/workdir" "-e" "CARGO_TARGET_DIR=/opt/rustwide/target" "-e" "CARGO_INCREMENTAL=0" "-e" "RUST_BACKTRACE=full" "-e" "RUSTFLAGS=--cap-lints=forbid -Zrandomize-layout" "-e" "RUSTDOCFLAGS=--cap-lints=forbid" "-e" "CARGO_HOME=/opt/rustwide/cargo-home" "-e" "RUSTUP_HOME=/opt/rustwide/rustup-home" "-w" "/opt/rustwide/workdir" "-m" "1610612736" "--user" "0:0" "--network" "none" "ghcr.io/rust-lang/crates-build-env/linux@sha256:819108c5571ea2e421544af4d832f968d213c87fbe3707a016657f43d2f853bc" "/opt/rustwide/cargo-home/bin/cargo" "+nightly-2025-01-18" "test" "--frozen" "--no-run" "--message-format=json", kill_on_drop: false }`
[INFO] [stdout] 9a4e886e50ecbe1a503b1f54fb9c3b2d1409f90d6b00848315877da8e18863f4
[INFO] running `Command { std: "docker" "start" "-a" "9a4e886e50ecbe1a503b1f54fb9c3b2d1409f90d6b00848315877da8e18863f4", kill_on_drop: false }`
[INFO] [stderr] warning: profiles for the non root package will be ignored, specify profiles at the workspace root:
[INFO] [stderr] package:   /opt/rustwide/workdir/crates/does-it-throw-wasm/Cargo.toml
[INFO] [stderr] workspace: /opt/rustwide/workdir/Cargo.toml
[INFO] [stderr] warning: /opt/rustwide/workdir/crates/does-it-throw/Cargo.toml: no edition set: defaulting to the 2015 edition while the latest is 2024
[INFO] [stderr] warning: /opt/rustwide/workdir/Cargo.toml: unused manifest key: workspace.authors
[INFO] [stderr] warning: /opt/rustwide/workdir/Cargo.toml: unused manifest key: workspace.version
[INFO] [stderr]    Compiling predicates-core v1.0.6
[INFO] [stderr]    Compiling termtree v0.4.1
[INFO] [stderr]    Compiling Inflector v0.11.4
[INFO] [stderr]    Compiling anstyle v1.0.4
[INFO] [stderr]    Compiling mockall_derive v0.12.1
[INFO] [stderr]    Compiling fragile v2.0.0
[INFO] [stderr]    Compiling downcast v0.11.0
[INFO] [stderr]    Compiling predicates-tree v1.0.9
[INFO] [stderr]    Compiling predicates v3.1.0
[INFO] [stderr]    Compiling swc_visit_macros v0.5.9
[INFO] [stderr]    Compiling is-macro v0.3.5
[INFO] [stderr]    Compiling swc_visit v0.5.8
[INFO] [stderr]    Compiling swc_common v0.33.15
[INFO] [stderr]    Compiling mockall v0.12.1
[INFO] [stderr]    Compiling swc_ecma_ast v0.111.1
[INFO] [stderr]    Compiling swc_ecma_parser v0.142.1
[INFO] [stderr]    Compiling swc_ecma_visit v0.97.1
[INFO] [stderr]    Compiling does-it-throw v0.3.0 (/opt/rustwide/workdir/crates/does-it-throw)
[INFO] [stdout] warning: unreachable pattern
[INFO] [stdout]    --> crates/does-it-throw/src/call_finder.rs:519:15
[INFO] [stdout]     |
[INFO] [stdout] 519 |               _ => {}
[INFO] [stdout]     |               ^ no value can reach this
[INFO] [stdout]     |
[INFO] [stdout] note: multiple earlier patterns match some of the same values
[INFO] [stdout]    --> crates/does-it-throw/src/call_finder.rs:519:15
[INFO] [stdout]     |
[INFO] [stdout] 486 |               swc_ecma_ast::PropOrSpread::Prop(boxed_prop) => {
[INFO] [stdout]     |               -------------------------------------------- matches some of the same values
[INFO] [stdout] ...
[INFO] [stdout] 515 |               swc_ecma_ast::PropOrSpread::Spread(spread) => {
[INFO] [stdout]     |               ------------------------------------------ matches some of the same values
[INFO] [stdout] ...
[INFO] [stdout] 519 |               _ => {}
[INFO] [stdout]     |               ^ collectively making this unreachable
[INFO] [stdout]     = note: `#[warn(unreachable_patterns)]` on by default
[INFO] [stdout] 
[INFO] [stdout] 
[INFO] [stdout] warning: unreachable pattern
[INFO] [stdout]    --> crates/does-it-throw/src/call_finder.rs:519:15
[INFO] [stdout]     |
[INFO] [stdout] 519 |               _ => {}
[INFO] [stdout]     |               ^ no value can reach this
[INFO] [stdout]     |
[INFO] [stdout] note: multiple earlier patterns match some of the same values
[INFO] [stdout]    --> crates/does-it-throw/src/call_finder.rs:519:15
[INFO] [stdout]     |
[INFO] [stdout] 486 |               swc_ecma_ast::PropOrSpread::Prop(boxed_prop) => {
[INFO] [stdout]     |               -------------------------------------------- matches some of the same values
[INFO] [stdout] ...
[INFO] [stdout] 515 |               swc_ecma_ast::PropOrSpread::Spread(spread) => {
[INFO] [stdout]     |               ------------------------------------------ matches some of the same values
[INFO] [stdout] ...
[INFO] [stdout] 519 |               _ => {}
[INFO] [stdout]     |               ^ collectively making this unreachable
[INFO] [stdout]     = note: `#[warn(unreachable_patterns)]` on by default
[INFO] [stdout] 
[INFO] [stdout] 
[INFO] [stderr]    Compiling does-it-throw-wasm v0.3.0 (/opt/rustwide/workdir/crates/does-it-throw-wasm)
[INFO] [stderr]     Finished `test` profile [unoptimized + debuginfo] target(s) in 36.73s
[INFO] running `Command { std: "docker" "inspect" "9a4e886e50ecbe1a503b1f54fb9c3b2d1409f90d6b00848315877da8e18863f4", kill_on_drop: false }`
[INFO] running `Command { std: "docker" "rm" "-f" "9a4e886e50ecbe1a503b1f54fb9c3b2d1409f90d6b00848315877da8e18863f4", kill_on_drop: false }`
[INFO] [stdout] 9a4e886e50ecbe1a503b1f54fb9c3b2d1409f90d6b00848315877da8e18863f4
[INFO] running `Command { std: "docker" "create" "-v" "/var/lib/crater-agent-workspace/builds/worker-0-tc2/target:/opt/rustwide/target:rw,Z" "-v" "/var/lib/crater-agent-workspace/builds/worker-0-tc2/source:/opt/rustwide/workdir:ro,Z" "-v" "/var/lib/crater-agent-workspace/cargo-home:/opt/rustwide/cargo-home:ro,Z" "-v" "/var/lib/crater-agent-workspace/rustup-home:/opt/rustwide/rustup-home:ro,Z" "-e" "SOURCE_DIR=/opt/rustwide/workdir" "-e" "CARGO_TARGET_DIR=/opt/rustwide/target" "-e" "CARGO_INCREMENTAL=0" "-e" "RUST_BACKTRACE=full" "-e" "RUSTFLAGS=--cap-lints=forbid -Zrandomize-layout" "-e" "RUSTDOCFLAGS=--cap-lints=forbid" "-e" "CARGO_HOME=/opt/rustwide/cargo-home" "-e" "RUSTUP_HOME=/opt/rustwide/rustup-home" "-w" "/opt/rustwide/workdir" "-m" "1610612736" "--user" "0:0" "--network" "none" "ghcr.io/rust-lang/crates-build-env/linux@sha256:819108c5571ea2e421544af4d832f968d213c87fbe3707a016657f43d2f853bc" "/opt/rustwide/cargo-home/bin/cargo" "+nightly-2025-01-18" "test" "--frozen", kill_on_drop: false }`
[INFO] [stdout] f280e014b2ac29109067e2e2bbe8e21345cb449b189eece6022850dd09c5cb1a
[INFO] running `Command { std: "docker" "start" "-a" "f280e014b2ac29109067e2e2bbe8e21345cb449b189eece6022850dd09c5cb1a", kill_on_drop: false }`
[INFO] [stderr] warning: profiles for the non root package will be ignored, specify profiles at the workspace root:
[INFO] [stderr] package:   /opt/rustwide/workdir/crates/does-it-throw-wasm/Cargo.toml
[INFO] [stderr] workspace: /opt/rustwide/workdir/Cargo.toml
[INFO] [stderr] warning: /opt/rustwide/workdir/crates/does-it-throw/Cargo.toml: no edition set: defaulting to the 2015 edition while the latest is 2024
[INFO] [stderr] warning: /opt/rustwide/workdir/Cargo.toml: unused manifest key: workspace.authors
[INFO] [stderr] warning: /opt/rustwide/workdir/Cargo.toml: unused manifest key: workspace.version
[INFO] [stderr] warning: unreachable pattern
[INFO] [stderr]    --> crates/does-it-throw/src/call_finder.rs:519:15
[INFO] [stderr]     |
[INFO] [stderr] 519 |               _ => {}
[INFO] [stderr]     |               ^ no value can reach this
[INFO] [stderr]     |
[INFO] [stderr] note: multiple earlier patterns match some of the same values
[INFO] [stderr]    --> crates/does-it-throw/src/call_finder.rs:519:15
[INFO] [stderr]     |
[INFO] [stderr] 486 |               swc_ecma_ast::PropOrSpread::Prop(boxed_prop) => {
[INFO] [stderr]     |               -------------------------------------------- matches some of the same values
[INFO] [stderr] ...
[INFO] [stderr] 515 |               swc_ecma_ast::PropOrSpread::Spread(spread) => {
[INFO] [stderr]     |               ------------------------------------------ matches some of the same values
[INFO] [stderr] ...
[INFO] [stderr] 519 |               _ => {}
[INFO] [stderr]     |               ^ collectively making this unreachable
[INFO] [stderr]     = note: `#[warn(unreachable_patterns)]` on by default
[INFO] [stderr] 
[INFO] [stderr] warning: `does-it-throw` (lib) generated 1 warning
[INFO] [stderr] warning: `does-it-throw` (lib test) generated 1 warning (1 duplicate)
[INFO] [stderr]     Finished `test` profile [unoptimized + debuginfo] target(s) in 0.17s
[INFO] [stderr]      Running unittests src/lib.rs (/opt/rustwide/target/debug/deps/does_it_throw-4986e89c182f915b)
[INFO] [stdout] 
[INFO] [stdout] running 0 tests
[INFO] [stdout] 
[INFO] [stderr]      Running unittests src/main.rs (/opt/rustwide/target/debug/deps/does_it_throw-ebcef335aaf82aa7)
[INFO] [stdout] test result: ok. 0 passed; 0 failed; 0 ignored; 0 measured; 0 filtered out; finished in 0.00s
[INFO] [stdout] 
[INFO] [stdout] 
[INFO] [stdout] running 21 tests
[INFO] [stdout] test integration_tests::imported_identifiers ... ok
[INFO] [stdout] test integration_tests::test_js_object_literal ... ok
[INFO] [stdout] test integration_tests::test_exports ... ok
[INFO] [stdout] test integration_tests::test_js_class ... ok
[INFO] [stdout] test integration_tests::test_js_exports ... ok
[INFO] [stdout] test integration_tests::test_object_literal ... ok
[INFO] [stdout] test integration_tests::test_call_expr ... ok
[INFO] [stdout] test integration_tests::test_try_statement_does_not_include_all_throws ... ok
[INFO] [stdout] test integration_tests::test_should_include_throws_for_no_ignore_statements_js ... ok
[INFO] [stdout] test integration_tests::test_should_include_throws_for_no_ignore_statements ... ok
[INFO] [stdout] test integration_tests::test_try_statement_nested_does_not_include_throws ... ok
[INFO] [stdout] test integration_tests::test_spread_expr ... ok
[INFO] [stdout] test integration_tests::test_try_statement_nested_including_all_throws ... ok
[INFO] [stdout] test integration_tests::test_should_not_include_throws_for_ignore_statements_js ... ok
[INFO] [stdout] test integration_tests::test_ts_class ... ok
[INFO] [stdout] test integration_tests::test_should_not_include_throws_for_ignore_statements ... ok
[INFO] [stdout] test integration_tests::test_tsx ... ok
[INFO] [stdout] test integration_tests::test_jsx ... ok
[INFO] [stdout] test integration_tests::test_try_statement_including_all_throws ... ok
[INFO] [stdout] test integration_tests::test_switch_statement ... ok
[INFO] [stdout] test integration_tests::test_should_handle_return_statements ... FAILED
[INFO] [stdout] 
[INFO] [stdout] failures:
[INFO] [stdout] 
[INFO] [stdout] ---- integration_tests::test_should_handle_return_statements stdout ----
[INFO] [stdout] 
[INFO] [stdout] thread 'integration_tests::test_should_handle_return_statements' panicked at crates/does-it-throw/src/main.rs:1006:5:
[INFO] [stdout] assertion `left == right` failed
[INFO] [stdout]   left: 6
[INFO] [stdout]  right: 7
[INFO] [stdout] stack backtrace:
[INFO] [stdout]    0:     0x605639596e1a - std::backtrace_rs::backtrace::libunwind::trace::hb059275cfc8d6126
[INFO] [stdout]                                at /rustc/6067b36314ab5eb2eb47cecc464545ba58e1ad24/library/std/src/../../backtrace/src/backtrace/libunwind.rs:116:5
[INFO] [stdout]    1:     0x605639596e1a - std::backtrace_rs::backtrace::trace_unsynchronized::h2da071e4327ce3ee
[INFO] [stdout]                                at /rustc/6067b36314ab5eb2eb47cecc464545ba58e1ad24/library/std/src/../../backtrace/src/backtrace/mod.rs:66:5
[INFO] [stdout]    2:     0x605639596e1a - std::sys::backtrace::_print_fmt::h842a1474e6f8d23f
[INFO] [stdout]                                at /rustc/6067b36314ab5eb2eb47cecc464545ba58e1ad24/library/std/src/sys/backtrace.rs:66:9
[INFO] [stdout]    3:     0x605639596e1a - <std::sys::backtrace::BacktraceLock::print::DisplayBacktrace as core::fmt::Display>::fmt::h71a62eb3b9696b12
[INFO] [stdout]                                at /rustc/6067b36314ab5eb2eb47cecc464545ba58e1ad24/library/std/src/sys/backtrace.rs:39:26
[INFO] [stdout]    4:     0x6056395bfc83 - core::fmt::rt::Argument::fmt::hdb6b616786b41dc1
[INFO] [stdout]                                at /rustc/6067b36314ab5eb2eb47cecc464545ba58e1ad24/library/core/src/fmt/rt.rs:177:76
[INFO] [stdout]    5:     0x6056395bfc83 - core::fmt::write::h2cc1698af7e2d686
[INFO] [stdout]                                at /rustc/6067b36314ab5eb2eb47cecc464545ba58e1ad24/library/core/src/fmt/mod.rs:1440:21
[INFO] [stdout]    6:     0x6056395937a3 - std::io::Write::write_fmt::hab1b4cd059a79022
[INFO] [stdout]                                at /rustc/6067b36314ab5eb2eb47cecc464545ba58e1ad24/library/std/src/io/mod.rs:1887:15
[INFO] [stdout]    7:     0x605639596c62 - std::sys::backtrace::BacktraceLock::print::h147fe35b4ea13b08
[INFO] [stdout]                                at /rustc/6067b36314ab5eb2eb47cecc464545ba58e1ad24/library/std/src/sys/backtrace.rs:42:9
[INFO] [stdout]    8:     0x60563959823f - std::panicking::default_hook::{{closure}}::hbd44223dbdc0d208
[INFO] [stdout]                                at /rustc/6067b36314ab5eb2eb47cecc464545ba58e1ad24/library/std/src/panicking.rs:298:22
[INFO] [stdout]    9:     0x605639598058 - std::panicking::default_hook::h20f81eb0576efcec
[INFO] [stdout]                                at /rustc/6067b36314ab5eb2eb47cecc464545ba58e1ad24/library/std/src/panicking.rs:322:9
[INFO] [stdout]   10:     0x6056392850d3 - <alloc::boxed::Box<F,A> as core::ops::function::Fn<Args>>::call::hdb53814c496a4d34
[INFO] [stdout]                                at /rustc/6067b36314ab5eb2eb47cecc464545ba58e1ad24/library/alloc/src/boxed.rs:2027:9
[INFO] [stdout]   11:     0x6056392850d3 - test::test_main::{{closure}}::hc0a4963c59427c24
[INFO] [stdout]                                at /rustc/6067b36314ab5eb2eb47cecc464545ba58e1ad24/library/test/src/lib.rs:134:21
[INFO] [stdout]   12:     0x605639598d33 - <alloc::boxed::Box<F,A> as core::ops::function::Fn<Args>>::call::h591b2225413a77e9
[INFO] [stdout]                                at /rustc/6067b36314ab5eb2eb47cecc464545ba58e1ad24/library/alloc/src/boxed.rs:2027:9
[INFO] [stdout]   13:     0x605639598d33 - std::panicking::rust_panic_with_hook::h625eea43051b2edc
[INFO] [stdout]                                at /rustc/6067b36314ab5eb2eb47cecc464545ba58e1ad24/library/std/src/panicking.rs:839:13
[INFO] [stdout]   14:     0x6056395989ea - std::panicking::begin_panic_handler::{{closure}}::h4f9159cfbc3f6bd3
[INFO] [stdout]                                at /rustc/6067b36314ab5eb2eb47cecc464545ba58e1ad24/library/std/src/panicking.rs:704:13
[INFO] [stdout]   15:     0x605639597319 - std::sys::backtrace::__rust_end_short_backtrace::h0390abce48353151
[INFO] [stdout]                                at /rustc/6067b36314ab5eb2eb47cecc464545ba58e1ad24/library/std/src/sys/backtrace.rs:168:18
[INFO] [stdout]   16:     0x60563959867d - rust_begin_unwind
[INFO] [stdout]                                at /rustc/6067b36314ab5eb2eb47cecc464545ba58e1ad24/library/std/src/panicking.rs:695:5
[INFO] [stdout]   17:     0x6056395be290 - core::panicking::panic_fmt::h9e7c637e9e5f29c9
[INFO] [stdout]                                at /rustc/6067b36314ab5eb2eb47cecc464545ba58e1ad24/library/core/src/panicking.rs:75:14
[INFO] [stdout]   18:     0x6056395be682 - core::panicking::assert_failed_inner::h538bec7c1374cd9c
[INFO] [stdout]   19:     0x6056395be539 - core::panicking::assert_failed::h7fe8c93d80615b71
[INFO] [stdout]                                at /rustc/6067b36314ab5eb2eb47cecc464545ba58e1ad24/library/core/src/panicking.rs:364:5
[INFO] [stdout]   20:     0x605639241a1e - does_it_throw::integration_tests::test_should_handle_return_statements::h2a02999f137a27e4
[INFO] [stdout]                                at /opt/rustwide/workdir/crates/does-it-throw/src/main.rs:1006:5
[INFO] [stdout]   21:     0x6056392413b7 - does_it_throw::integration_tests::test_should_handle_return_statements::{{closure}}::hb5ee703ac64c2224
[INFO] [stdout]                                at /opt/rustwide/workdir/crates/does-it-throw/src/main.rs:988:44
[INFO] [stdout]   22:     0x605639242dd6 - core::ops::function::FnOnce::call_once::h20b0b09eed052488
[INFO] [stdout]                                at /rustc/6067b36314ab5eb2eb47cecc464545ba58e1ad24/library/core/src/ops/function.rs:250:5
[INFO] [stdout]   23:     0x60563928a82b - core::ops::function::FnOnce::call_once::he27718dfdd183f43
[INFO] [stdout]                                at /rustc/6067b36314ab5eb2eb47cecc464545ba58e1ad24/library/core/src/ops/function.rs:250:5
[INFO] [stdout]   24:     0x60563928a82b - test::__rust_begin_short_backtrace::h4e84902998457a5d
[INFO] [stdout]                                at /rustc/6067b36314ab5eb2eb47cecc464545ba58e1ad24/library/test/src/lib.rs:632:18
[INFO] [stdout]   25:     0x605639289763 - test::run_test_in_process::{{closure}}::h7176fd18fc1feca0
[INFO] [stdout]                                at /rustc/6067b36314ab5eb2eb47cecc464545ba58e1ad24/library/test/src/lib.rs:655:60
[INFO] [stdout]   26:     0x605639289763 - <core::panic::unwind_safe::AssertUnwindSafe<F> as core::ops::function::FnOnce<()>>::call_once::hf79cff2a624d8cf7
[INFO] [stdout]                                at /rustc/6067b36314ab5eb2eb47cecc464545ba58e1ad24/library/core/src/panic/unwind_safe.rs:272:9
[INFO] [stdout]   27:     0x605639289763 - std::panicking::try::do_call::h3da0561d9ab99c25
[INFO] [stdout]                                at /rustc/6067b36314ab5eb2eb47cecc464545ba58e1ad24/library/std/src/panicking.rs:587:40
[INFO] [stdout]   28:     0x605639289763 - std::panicking::try::h41c9fa508bc61df6
[INFO] [stdout]                                at /rustc/6067b36314ab5eb2eb47cecc464545ba58e1ad24/library/std/src/panicking.rs:550:19
[INFO] [stdout]   29:     0x605639289763 - std::panic::catch_unwind::h6b3ff07bb5afad93
[INFO] [stdout]                                at /rustc/6067b36314ab5eb2eb47cecc464545ba58e1ad24/library/std/src/panic.rs:358:14
[INFO] [stdout]   30:     0x605639289763 - test::run_test_in_process::hc7253dd11b39b9f4
[INFO] [stdout]                                at /rustc/6067b36314ab5eb2eb47cecc464545ba58e1ad24/library/test/src/lib.rs:655:27
[INFO] [stdout]   31:     0x605639289763 - test::run_test::{{closure}}::hfb2007f8649c30bb
[INFO] [stdout]                                at /rustc/6067b36314ab5eb2eb47cecc464545ba58e1ad24/library/test/src/lib.rs:576:43
[INFO] [stdout]   32:     0x60563924c845 - test::run_test::{{closure}}::h56a17aa7a282a9f4
[INFO] [stdout]                                at /rustc/6067b36314ab5eb2eb47cecc464545ba58e1ad24/library/test/src/lib.rs:606:41
[INFO] [stdout]   33:     0x60563924c845 - std::sys::backtrace::__rust_begin_short_backtrace::hd2d2d2fb8e8c6aac
[INFO] [stdout]                                at /rustc/6067b36314ab5eb2eb47cecc464545ba58e1ad24/library/std/src/sys/backtrace.rs:152:18
[INFO] [stdout]   34:     0x60563925012a - std::thread::Builder::spawn_unchecked_::{{closure}}::{{closure}}::h4faa3f9db6133423
[INFO] [stdout]                                at /rustc/6067b36314ab5eb2eb47cecc464545ba58e1ad24/library/std/src/thread/mod.rs:559:17
[INFO] [stdout]   35:     0x60563925012a - <core::panic::unwind_safe::AssertUnwindSafe<F> as core::ops::function::FnOnce<()>>::call_once::hf2e855a36a4ea846
[INFO] [stdout]                                at /rustc/6067b36314ab5eb2eb47cecc464545ba58e1ad24/library/core/src/panic/unwind_safe.rs:272:9
[INFO] [stdout]   36:     0x60563925012a - std::panicking::try::do_call::h2f73af3616c35465
[INFO] [stdout]                                at /rustc/6067b36314ab5eb2eb47cecc464545ba58e1ad24/library/std/src/panicking.rs:587:40
[INFO] [stdout]   37:     0x60563925012a - std::panicking::try::hd1660ce9efadef5a
[INFO] [stdout]                                at /rustc/6067b36314ab5eb2eb47cecc464545ba58e1ad24/library/std/src/panicking.rs:550:19
[INFO] [stdout]   38:     0x60563925012a - std::panic::catch_unwind::h5ee8d7823b8ca744
[INFO] [stdout]                                at /rustc/6067b36314ab5eb2eb47cecc464545ba58e1ad24/library/std/src/panic.rs:358:14
[INFO] [stdout]   39:     0x60563925012a - std::thread::Builder::spawn_unchecked_::{{closure}}::h53c3a1894dce8407
[INFO] [stdout]                                at /rustc/6067b36314ab5eb2eb47cecc464545ba58e1ad24/library/std/src/thread/mod.rs:557:30
[INFO] [stdout]   40:     0x60563925012a - core::ops::function::FnOnce::call_once{{vtable.shim}}::h048ce291ad4f62bf
[INFO] [stdout]                                at /rustc/6067b36314ab5eb2eb47cecc464545ba58e1ad24/library/core/src/ops/function.rs:250:5
[INFO] [stdout]   41:     0x60563959ce0b - <alloc::boxed::Box<F,A> as core::ops::function::FnOnce<Args>>::call_once::ha52bedf99a3b4981
[INFO] [stdout]                                at /rustc/6067b36314ab5eb2eb47cecc464545ba58e1ad24/library/alloc/src/boxed.rs:2013:9
[INFO] [stdout]   42:     0x60563959ce0b - <alloc::boxed::Box<F,A> as core::ops::function::FnOnce<Args>>::call_once::h567748934d80ccf8
[INFO] [stdout]                                at /rustc/6067b36314ab5eb2eb47cecc464545ba58e1ad24/library/alloc/src/boxed.rs:2013:9
[INFO] [stdout]   43:     0x60563959ce0b - std::sys::pal::unix::thread::Thread::new::thread_start::h2d970728ae887adc
[INFO] [stdout]                                at /rustc/6067b36314ab5eb2eb47cecc464545ba58e1ad24/library/std/src/sys/pal/unix/thread.rs:106:17
[INFO] [stdout]   44:     0x7f71cb9dbac3 - <unknown>
[INFO] [stdout]   45:     0x7f71cba6ca04 - clone
[INFO] [stdout]   46:                0x0 - <unknown>
[INFO] [stdout] 
[INFO] [stdout] 
[INFO] [stdout] failures:
[INFO] [stdout]     integration_tests::test_should_handle_return_statements
[INFO] [stdout] 
[INFO] [stdout] test result: FAILED. 20 passed; 1 failed; 0 ignored; 0 measured; 0 filtered out; finished in 0.10s
[INFO] [stdout] 
[INFO] [stderr] error: test failed, to rerun pass `-p does-it-throw --bin does-it-throw`
[INFO] running `Command { std: "docker" "inspect" "f280e014b2ac29109067e2e2bbe8e21345cb449b189eece6022850dd09c5cb1a", kill_on_drop: false }`
[INFO] running `Command { std: "docker" "rm" "-f" "f280e014b2ac29109067e2e2bbe8e21345cb449b189eece6022850dd09c5cb1a", kill_on_drop: false }`
[INFO] [stdout] f280e014b2ac29109067e2e2bbe8e21345cb449b189eece6022850dd09c5cb1a
