[INFO] cloning repository https://github.com/kamadorueda/alejandra
[INFO] running `Command { std: "git" "-c" "credential.helper=" "-c" "credential.helper=/workspace/cargo-home/bin/git-credential-null" "clone" "--bare" "https://github.com/kamadorueda/alejandra" "/workspace/cache/git-repos/https%3A%2F%2Fgithub.com%2Fkamadorueda%2Falejandra", kill_on_drop: false }`
[INFO] [stderr] Cloning into bare repository '/workspace/cache/git-repos/https%3A%2F%2Fgithub.com%2Fkamadorueda%2Falejandra'...
[INFO] running `Command { std: "git" "rev-parse" "HEAD", kill_on_drop: false }`
[INFO] [stdout] 6db88764334bd6a8b7a33cb312c318baad1d5e93
[INFO] testing kamadorueda/alejandra against nightly-2025-01-18+rustflags=-Zrandomize-layout for randomize-layout-2
[INFO] running `Command { std: "git" "clone" "/workspace/cache/git-repos/https%3A%2F%2Fgithub.com%2Fkamadorueda%2Falejandra" "/workspace/builds/worker-3-tc2/source", kill_on_drop: false }`
[INFO] [stderr] Cloning into '/workspace/builds/worker-3-tc2/source'...
[INFO] [stderr] done.
[INFO] validating manifest of git repo https://github.com/kamadorueda/alejandra on toolchain nightly-2025-01-18
[INFO] running `Command { std: CARGO_HOME="/workspace/cargo-home" RUSTUP_HOME="/workspace/rustup-home" "/workspace/cargo-home/bin/cargo" "+nightly-2025-01-18" "metadata" "--manifest-path" "Cargo.toml" "--no-deps", kill_on_drop: false }`
[INFO] started tweaking git repo https://github.com/kamadorueda/alejandra
[INFO] finished tweaking git repo https://github.com/kamadorueda/alejandra
[INFO] tweaked toml for git repo https://github.com/kamadorueda/alejandra written to /workspace/builds/worker-3-tc2/source/Cargo.toml
[INFO] crate git repo https://github.com/kamadorueda/alejandra already has a lockfile, it will not be regenerated
[INFO] running `Command { std: CARGO_HOME="/workspace/cargo-home" RUSTUP_HOME="/workspace/rustup-home" "/workspace/cargo-home/bin/cargo" "+nightly-2025-01-18" "fetch" "--manifest-path" "Cargo.toml", kill_on_drop: false }`
[INFO] [stderr]     Blocking waiting for file lock on package cache
[INFO] [stderr]     Blocking waiting for file lock on package cache
[INFO] running `Command { std: "docker" "create" "-v" "/var/lib/crater-agent-workspace/builds/worker-3-tc2/target:/opt/rustwide/target:rw,Z" "-v" "/var/lib/crater-agent-workspace/builds/worker-3-tc2/source:/opt/rustwide/workdir:ro,Z" "-v" "/var/lib/crater-agent-workspace/cargo-home:/opt/rustwide/cargo-home:ro,Z" "-v" "/var/lib/crater-agent-workspace/rustup-home:/opt/rustwide/rustup-home:ro,Z" "-e" "SOURCE_DIR=/opt/rustwide/workdir" "-e" "CARGO_TARGET_DIR=/opt/rustwide/target" "-e" "CARGO_HOME=/opt/rustwide/cargo-home" "-e" "RUSTUP_HOME=/opt/rustwide/rustup-home" "-w" "/opt/rustwide/workdir" "-m" "1610612736" "--user" "0:0" "--network" "none" "ghcr.io/rust-lang/crates-build-env/linux@sha256:819108c5571ea2e421544af4d832f968d213c87fbe3707a016657f43d2f853bc" "/opt/rustwide/cargo-home/bin/cargo" "+nightly-2025-01-18" "metadata" "--no-deps" "--format-version=1", kill_on_drop: false }`
[INFO] [stdout] cb24935563dd7f872e6e3a26e1273ecb6db8423937a2ef52c5e77dd2ff8009f2
[INFO] running `Command { std: "docker" "start" "-a" "cb24935563dd7f872e6e3a26e1273ecb6db8423937a2ef52c5e77dd2ff8009f2", kill_on_drop: false }`
[INFO] running `Command { std: "docker" "inspect" "cb24935563dd7f872e6e3a26e1273ecb6db8423937a2ef52c5e77dd2ff8009f2", kill_on_drop: false }`
[INFO] running `Command { std: "docker" "rm" "-f" "cb24935563dd7f872e6e3a26e1273ecb6db8423937a2ef52c5e77dd2ff8009f2", kill_on_drop: false }`
[INFO] [stdout] cb24935563dd7f872e6e3a26e1273ecb6db8423937a2ef52c5e77dd2ff8009f2
[INFO] running `Command { std: "docker" "create" "-v" "/var/lib/crater-agent-workspace/builds/worker-3-tc2/target:/opt/rustwide/target:rw,Z" "-v" "/var/lib/crater-agent-workspace/builds/worker-3-tc2/source:/opt/rustwide/workdir:ro,Z" "-v" "/var/lib/crater-agent-workspace/cargo-home:/opt/rustwide/cargo-home:ro,Z" "-v" "/var/lib/crater-agent-workspace/rustup-home:/opt/rustwide/rustup-home:ro,Z" "-e" "SOURCE_DIR=/opt/rustwide/workdir" "-e" "CARGO_TARGET_DIR=/opt/rustwide/target" "-e" "CARGO_INCREMENTAL=0" "-e" "RUST_BACKTRACE=full" "-e" "RUSTFLAGS=--cap-lints=forbid -Zrandomize-layout" "-e" "RUSTDOCFLAGS=--cap-lints=forbid" "-e" "CARGO_HOME=/opt/rustwide/cargo-home" "-e" "RUSTUP_HOME=/opt/rustwide/rustup-home" "-w" "/opt/rustwide/workdir" "-m" "1610612736" "--user" "0:0" "--network" "none" "ghcr.io/rust-lang/crates-build-env/linux@sha256:819108c5571ea2e421544af4d832f968d213c87fbe3707a016657f43d2f853bc" "/opt/rustwide/cargo-home/bin/cargo" "+nightly-2025-01-18" "build" "--frozen" "--message-format=json", kill_on_drop: false }`
[INFO] [stdout] a29d3eeb3e0123dce5fdcd5791f0df43b1914b1dd8798c66d43bcaa7df287910
[INFO] running `Command { std: "docker" "start" "-a" "a29d3eeb3e0123dce5fdcd5791f0df43b1914b1dd8798c66d43bcaa7df287910", kill_on_drop: false }`
[INFO] [stderr]    Compiling autocfg v1.4.0
[INFO] [stderr]    Compiling proc-macro2 v1.0.89
[INFO] [stderr]    Compiling unicode-ident v1.0.13
[INFO] [stderr]    Compiling libc v0.2.161
[INFO] [stderr]    Compiling serde v1.0.214
[INFO] [stderr]    Compiling version_check v0.9.5
[INFO] [stderr]    Compiling shlex v1.3.0
[INFO] [stderr]    Compiling syn v1.0.109
[INFO] [stderr]    Compiling futures-sink v0.3.31
[INFO] [stderr]    Compiling futures-core v0.3.31
[INFO] [stderr]    Compiling pin-project-lite v0.2.15
[INFO] [stderr]    Compiling hashbrown v0.15.2
[INFO] [stderr]    Compiling cfg-if v1.0.0
[INFO] [stderr]    Compiling equivalent v1.0.1
[INFO] [stderr]    Compiling hashbrown v0.9.1
[INFO] [stderr]    Compiling futures-task v0.3.31
[INFO] [stderr]    Compiling text-size v1.1.1
[INFO] [stderr]    Compiling futures-channel v0.3.31
[INFO] [stderr]    Compiling memchr v2.7.4
[INFO] [stderr]    Compiling futures-io v0.3.31
[INFO] [stderr]    Compiling pin-utils v0.1.0
[INFO] [stderr]    Compiling rustc-hash v1.1.0
[INFO] [stderr]    Compiling countme v2.0.4
[INFO] [stderr]    Compiling cc v1.1.34
[INFO] [stderr]    Compiling heck v0.4.1
[INFO] [stderr]    Compiling winnow v0.6.20
[INFO] [stderr]    Compiling hashbrown v0.12.3
[INFO] [stderr]    Compiling os_str_bytes v6.6.1
[INFO] [stderr]    Compiling proc-macro-error-attr v1.0.4
[INFO] [stderr]    Compiling proc-macro-error v1.0.4
[INFO] [stderr]    Compiling termcolor v1.4.1
[INFO] [stderr]    Compiling same-file v1.0.6
[INFO] [stderr]    Compiling strsim v0.10.0
[INFO] [stderr]    Compiling textwrap v0.16.1
[INFO] [stderr]    Compiling slab v0.4.9
[INFO] [stderr]    Compiling memoffset v0.6.5
[INFO] [stderr]    Compiling num-traits v0.2.19
[INFO] [stderr]    Compiling indexmap v1.9.3
[INFO] [stderr]    Compiling bitflags v1.3.2
[INFO] [stderr]    Compiling clap_lex v0.2.4
[INFO] [stderr]    Compiling rowan v0.12.6
[INFO] [stderr]    Compiling once_cell v1.20.2
[INFO] [stderr]    Compiling walkdir v2.5.0
[INFO] [stderr]    Compiling indexmap v2.7.0
[INFO] [stderr]    Compiling futures-util v0.3.31
[INFO] [stderr]    Compiling quote v1.0.37
[INFO] [stderr]    Compiling getrandom v0.2.15
[INFO] [stderr]    Compiling num_cpus v1.16.0
[INFO] [stderr]    Compiling syn v2.0.87
[INFO] [stderr]    Compiling rand_core v0.6.4
[INFO] [stderr]    Compiling atty v0.2.14
[INFO] [stderr]    Compiling rand v0.8.5
[INFO] [stderr]    Compiling cbitset v0.2.0
[INFO] [stderr]    Compiling libmimalloc-sys v0.1.39
[INFO] [stderr]    Compiling serde_derive v1.0.214
[INFO] [stderr]    Compiling clap_derive v3.2.25
[INFO] [stderr]    Compiling futures-executor v0.3.31
[INFO] [stderr]    Compiling futures v0.3.31
[INFO] [stderr]    Compiling clap v3.2.25
[INFO] [stderr]    Compiling mimalloc v0.1.43
[INFO] [stderr]    Compiling toml_datetime v0.6.8
[INFO] [stderr]    Compiling smol_str v0.1.24
[INFO] [stderr]    Compiling serde_spanned v0.6.8
[INFO] [stderr]    Compiling toml_edit v0.22.22
[INFO] [stderr]    Compiling rnix v0.10.2
[INFO] [stderr]    Compiling alejandra v3.1.0 (/opt/rustwide/workdir/src/alejandra)
[INFO] [stderr]    Compiling toml v0.8.19
[INFO] [stderr]    Compiling alejandra_cli v3.1.0 (/opt/rustwide/workdir/src/alejandra_cli)
[INFO] [stderr]     Finished `dev` profile [optimized + debuginfo] target(s) in 18.88s
[INFO] running `Command { std: "docker" "inspect" "a29d3eeb3e0123dce5fdcd5791f0df43b1914b1dd8798c66d43bcaa7df287910", kill_on_drop: false }`
[INFO] running `Command { std: "docker" "rm" "-f" "a29d3eeb3e0123dce5fdcd5791f0df43b1914b1dd8798c66d43bcaa7df287910", kill_on_drop: false }`
[INFO] [stdout] a29d3eeb3e0123dce5fdcd5791f0df43b1914b1dd8798c66d43bcaa7df287910
[INFO] running `Command { std: "docker" "create" "-v" "/var/lib/crater-agent-workspace/builds/worker-3-tc2/target:/opt/rustwide/target:rw,Z" "-v" "/var/lib/crater-agent-workspace/builds/worker-3-tc2/source:/opt/rustwide/workdir:ro,Z" "-v" "/var/lib/crater-agent-workspace/cargo-home:/opt/rustwide/cargo-home:ro,Z" "-v" "/var/lib/crater-agent-workspace/rustup-home:/opt/rustwide/rustup-home:ro,Z" "-e" "SOURCE_DIR=/opt/rustwide/workdir" "-e" "CARGO_TARGET_DIR=/opt/rustwide/target" "-e" "CARGO_INCREMENTAL=0" "-e" "RUST_BACKTRACE=full" "-e" "RUSTFLAGS=--cap-lints=forbid -Zrandomize-layout" "-e" "RUSTDOCFLAGS=--cap-lints=forbid" "-e" "CARGO_HOME=/opt/rustwide/cargo-home" "-e" "RUSTUP_HOME=/opt/rustwide/rustup-home" "-w" "/opt/rustwide/workdir" "-m" "1610612736" "--user" "0:0" "--network" "none" "ghcr.io/rust-lang/crates-build-env/linux@sha256:819108c5571ea2e421544af4d832f968d213c87fbe3707a016657f43d2f853bc" "/opt/rustwide/cargo-home/bin/cargo" "+nightly-2025-01-18" "test" "--frozen" "--no-run" "--message-format=json", kill_on_drop: false }`
[INFO] [stdout] 5236a670c728a95a605c501257c38e750e0db378c2965e69126fdb3f6f53fbf0
[INFO] running `Command { std: "docker" "start" "-a" "5236a670c728a95a605c501257c38e750e0db378c2965e69126fdb3f6f53fbf0", kill_on_drop: false }`
[INFO] [stderr]    Compiling diff v0.1.13
[INFO] [stderr]    Compiling yansi v1.0.1
[INFO] [stderr]    Compiling alejandra_cli v3.1.0 (/opt/rustwide/workdir/src/alejandra_cli)
[INFO] [stderr]    Compiling pretty_assertions v1.4.1
[INFO] [stderr]    Compiling alejandra v3.1.0 (/opt/rustwide/workdir/src/alejandra)
[INFO] [stderr]     Finished `test` profile [optimized + debuginfo] target(s) in 1.15s
[INFO] running `Command { std: "docker" "inspect" "5236a670c728a95a605c501257c38e750e0db378c2965e69126fdb3f6f53fbf0", kill_on_drop: false }`
[INFO] running `Command { std: "docker" "rm" "-f" "5236a670c728a95a605c501257c38e750e0db378c2965e69126fdb3f6f53fbf0", kill_on_drop: false }`
[INFO] [stdout] 5236a670c728a95a605c501257c38e750e0db378c2965e69126fdb3f6f53fbf0
[INFO] running `Command { std: "docker" "create" "-v" "/var/lib/crater-agent-workspace/builds/worker-3-tc2/target:/opt/rustwide/target:rw,Z" "-v" "/var/lib/crater-agent-workspace/builds/worker-3-tc2/source:/opt/rustwide/workdir:ro,Z" "-v" "/var/lib/crater-agent-workspace/cargo-home:/opt/rustwide/cargo-home:ro,Z" "-v" "/var/lib/crater-agent-workspace/rustup-home:/opt/rustwide/rustup-home:ro,Z" "-e" "SOURCE_DIR=/opt/rustwide/workdir" "-e" "CARGO_TARGET_DIR=/opt/rustwide/target" "-e" "CARGO_INCREMENTAL=0" "-e" "RUST_BACKTRACE=full" "-e" "RUSTFLAGS=--cap-lints=forbid -Zrandomize-layout" "-e" "RUSTDOCFLAGS=--cap-lints=forbid" "-e" "CARGO_HOME=/opt/rustwide/cargo-home" "-e" "RUSTUP_HOME=/opt/rustwide/rustup-home" "-w" "/opt/rustwide/workdir" "-m" "1610612736" "--user" "0:0" "--network" "none" "ghcr.io/rust-lang/crates-build-env/linux@sha256:819108c5571ea2e421544af4d832f968d213c87fbe3707a016657f43d2f853bc" "/opt/rustwide/cargo-home/bin/cargo" "+nightly-2025-01-18" "test" "--frozen", kill_on_drop: false }`
[INFO] [stdout] b7da88c6f1009b9f5037cf93a2b0bf51bfa85eb1a9ed3f8c984b6a6180a4a018
[INFO] running `Command { std: "docker" "start" "-a" "b7da88c6f1009b9f5037cf93a2b0bf51bfa85eb1a9ed3f8c984b6a6180a4a018", kill_on_drop: false }`
[INFO] [stderr]     Finished `test` profile [optimized + debuginfo] target(s) in 0.05s
[INFO] [stderr]      Running unittests src/lib.rs (/opt/rustwide/target/debug/deps/alejandra-79ab5f032cb64625)
[INFO] [stdout] 
[INFO] [stdout] running 0 tests
[INFO] [stdout] 
[INFO] [stdout] test result: ok. 0 passed; 0 failed; 0 ignored; 0 measured; 0 filtered out; finished in 0.00s
[INFO] [stdout] 
[INFO] [stderr]      Running tests/fmt.rs (/opt/rustwide/target/debug/deps/fmt-4a7f85ab15f09241)
[INFO] [stdout] 
[INFO] [stdout] running 1 test
[INFO] [stdout] test cases ... ok
[INFO] [stdout] 
[INFO] [stdout] test result: ok. 1 passed; 0 failed; 0 ignored; 0 measured; 0 filtered out; finished in 0.86s
[INFO] [stdout] 
[INFO] [stderr]      Running unittests src/lib.rs (/opt/rustwide/target/debug/deps/alejandra_cli-449e97993ba0fb15)
[INFO] [stdout] 
[INFO] [stdout] running 0 tests
[INFO] [stdout] 
[INFO] [stdout] test result: ok. 0 passed; 0 failed; 0 ignored; 0 measured; 0 filtered out; finished in 0.00s
[INFO] [stdout] 
[INFO] [stderr]      Running unittests src/main.rs (/opt/rustwide/target/debug/deps/alejandra-d78fd76cd3374bdd)
[INFO] [stdout] 
[INFO] [stdout] running 0 tests
[INFO] [stdout] 
[INFO] [stdout] test result: ok. 0 passed; 0 failed; 0 ignored; 0 measured; 0 filtered out; finished in 0.00s
[INFO] [stdout] 
[INFO] [stderr]      Running tests/cli.rs (/opt/rustwide/target/debug/deps/cli-6a27be7740b77332)
[INFO] [stdout] 
[INFO] [stdout] running 1 test
[INFO] [stdout] test cases ... FAILED
[INFO] [stdout] 
[INFO] [stdout] failures:
[INFO] [stdout] 
[INFO] [stdout] ---- cases stdout ----
[INFO] [stdout] 
[INFO] [stdout] thread 'cases' panicked at src/alejandra_cli/tests/cli.rs:156:5:
[INFO] [stdout] assertion `left == right` failed
[INFO] [stdout]   left: "===\nargs: [\"--help\"]\nstdout:\n  Alejandra 3.1.0\n  The Uncompromising Nix Code Formatter\n  \n  USAGE:\n      alejandra [OPTIONS] [INCLUDE]...\n  \n  ARGS:\n      <INCLUDE>...    Files or directories, or a single \"-\" (or leave empty)\n                      to format stdin\n  \n  OPTIONS:\n      -c, --check\n              Check if the input is already formatted and disable writing in-place\n              the modified content\n  \n      -e, --exclude <EXCLUDE>\n              Files or directories to exclude from formatting\n  \n          --experimental-config <EXPERIMENTAL_CONFIG>\n              [Experimental] Path to a config file. If not provided, it'll default\n              to `alejandra.toml` in the current directory. If not found, it'll\n              use the default style\n  \n      -h, --help\n              Print help information\n  \n      -q, --quiet\n              Use once to hide informational messages, twice to hide error\n              messages\n  \n      -t, --threads <THREADS>\n              Number of formatting threads to spawn. Defaults to the number of\n              physical CPUs\n  \n      -V, --version\n              Print version information\n  \n  Alejandra will exit with status code:\n    1, if any error occurs.\n    2, if --check was used and any file requires formatting.\n    0, otherwise.\n\nexit code: Some(0)\n===\nargs: [\"--version\"]\nstdout:\n  Alejandra 3.1.0\n\nexit code: Some(0)\n===\nargs: []\nstderr:\n  Formatting stdin.\n  Use --help to see all command line options.\n  use --quiet to suppress this and other messages.\n  \n  Failed! 1 error found at:\n  - <anonymous file on stdin>: unexpected end of file\n\nexit code: Some(1)\n===\nargs: [\"--quiet\"]\nstdin: \"[]\"\nstdout:\n  []\n\nexit code: Some(0)\n===\nargs: [\"--quiet\", \"--quiet\"]\nstdin: \"[]\"\nstdout:\n  []\n\nexit code: Some(0)\n===\nargs: [\"--check\", \"--quiet\"]\nstdin: \"[]\\n\"\nstdout:\n  []\n\nexit code: Some(0)\n===\nargs: [\"--check\", \"--quiet\"]\nstdin: \"[\\t]\"\nstdout:\n  []\n\nexit code: Some(2)\n===\nargs: [\"--check\", \"--quiet\", \"--quiet\"]\nstdin: \"[]\\n\"\nstdout:\n  []\n\nexit code: Some(0)\n===\nargs: [\"--check\", \"--quiet\", \"--quiet\"]\nstdin: \"[\\t]\"\nstdout:\n  []\n\nexit code: Some(2)\n===\nargs: [\"--quiet\"]\nstdin: \"[\"\nstdout:\n  [\n\nstderr:\n  \n  Failed! 1 error found at:\n  - <anonymous file on stdin>: unexpected end of file\n\nexit code: Some(1)\n===\nargs: [\"--quiet\", \"--quiet\"]\nstdin: \"[\"\nstdout:\n  [\n\nexit code: Some(1)\n===\nargs: [\".\", \"--exclude\", \".\", \"--quiet\"]\nexit code: Some(0)\n===\nargs: [\"--exclude\", \".\", \"--quiet\", \"--quiet\", \"--\", \".\"]\nexit code: Some(0)\n===\nargs: [\"--check\", \"tests/inputs/changed.nix\", \"--quiet\"]\nexit code: Some(2)\n===\nargs: [\"-c\", \"tests/inputs/changed.nix\", \"-q\", \"-e\", \"tests/changed.nix\"]\nexit code: Some(2)\n===\nargs: [\"--check\", \"tests/inputs/changed.nix\", \"-qq\"]\nexit code: Some(2)\n===\nargs: [\"--check\", \"tests/inputs/unchanged.nix\", \"-q\"]\nexit code: Some(0)\n===\nargs: [\"--check\", \"tests/inputs/unchanged.nix\", \"-qq\"]\nexit code: Some(0)\n===\nargs: [\"--check\", \"tests/inputs/error.nix\", \"-q\"]\nstderr:\n  \n  Failed! 1 error found at:\n  - tests/inputs/error.nix: unexpected end of file\n\nexit code: Some(1)\n===\nargs: [\"--check\", \"tests/inputs/error.nix\", \"-qq\"]\nexit code: Some(1)\n===\nargs: [\"--check\", \"tests/inputs/unchanged.nix\", \"--experimental-config\", \"../../alejandra.toml\", \"--threads\", \"1\"]\nstderr:\n  Using config from: ../../alejandra.toml\n  Checking style in 1 file using 1 thread.\n  \n  \n  Congratulations! Your code complies with the Alejandra style.\n  \n\nexit code: Some(0)\n===\nargs: [\"--check\", \"tests/inputs/unchanged.nix\", \"--experimental-config\", \"tests/configs/empty_config.toml\", \"-t\", \"1\"]\nstderr:\n  Using config from: tests/configs/empty_config.toml\n  Checking style in 1 file using 1 thread.\n  \n  \n  Congratulations! Your code complies with the Alejandra style.\n  \n\nexit code: Some(0)\n===\nargs: [\"--check\", \"tests/inputs/unchanged.nix\", \"--experimental-config\", \"tests/configs/wrong_key.toml\"]\nstderr:\n  Using config from: tests/configs/wrong_key.toml\n  Errors found in config: TOML parse error at line 1, column 1\n    |\n  1 | asdf = \"asdf\"\n    | ^^^^\n  unknown field `asdf`, expected `indentation`\n  \n\nexit code: Some(1)\n"
[INFO] [stdout]  right: "===\nargs: [\"--help\"]\nstdout:\n  Alejandra 3.1.0\n  The Uncompromising Nix Code Formatter\n  \n  USAGE:\n      alejandra [OPTIONS] [INCLUDE]...\n  \n  ARGS:\n      <INCLUDE>...    Files or directories, or a single \"-\" (or leave empty)\n                      to format stdin\n  \n  OPTIONS:\n      -c, --check\n              Check if the input is already formatted and disable writing in-place\n              the modified content\n  \n      -e, --exclude <EXCLUDE>\n              Files or directories to exclude from formatting\n  \n          --experimental-config <EXPERIMENTAL_CONFIG>\n              [Experimental] Path to a config file. If not provided, it'll default\n              to `alejandra.toml` in the current directory. If not found, it'll\n              use the default style\n  \n      -h, --help\n              Print help information\n  \n      -q, --quiet\n              Use once to hide informational messages, twice to hide error\n              messages\n  \n      -t, --threads <THREADS>\n              Number of formatting threads to spawn. Defaults to the number of\n              physical CPUs\n  \n      -V, --version\n              Print version information\n  \n  Alejandra will exit with status code:\n    1, if any error occurs.\n    2, if --check was used and any file requires formatting.\n    0, otherwise.\n\nexit code: Some(0)\n===\nargs: [\"--version\"]\nstdout:\n  Alejandra 3.1.0\n\nexit code: Some(0)\n===\nargs: []\nstderr:\n  Formatting stdin.\n  Use --help to see all command line options.\n  use --quiet to suppress this and other messages.\n  \n  Failed! 1 error found at:\n  - <anonymous file on stdin>: unexpected end of file\n\nexit code: Some(1)\n===\nargs: [\"--quiet\"]\nstdin: \"[]\"\nstdout:\n  []\n\nexit code: Some(0)\n===\nargs: [\"--quiet\", \"--quiet\"]\nstdin: \"[]\"\nstdout:\n  []\n\nexit code: Some(0)\n===\nargs: [\"--check\", \"--quiet\"]\nstdin: \"[]\\n\"\nstdout:\n  []\n\nexit code: Some(0)\n===\nargs: [\"--check\", \"--quiet\"]\nstdin: \"[\\t]\"\nstdout:\n  []\n\nexit code: Some(2)\n===\nargs: [\"--check\", \"--quiet\", \"--quiet\"]\nstdin: \"[]\\n\"\nstdout:\n  []\n\nexit code: Some(0)\n===\nargs: [\"--check\", \"--quiet\", \"--quiet\"]\nstdin: \"[\\t]\"\nstdout:\n  []\n\nexit code: Some(2)\n===\nargs: [\"--quiet\"]\nstdin: \"[\"\nstdout:\n  [\n\nstderr:\n  \n  Failed! 1 error found at:\n  - <anonymous file on stdin>: unexpected end of file\n\nexit code: Some(1)\n===\nargs: [\"--quiet\", \"--quiet\"]\nstdin: \"[\"\nstdout:\n  [\n\nexit code: Some(1)\n===\nargs: [\".\", \"--exclude\", \".\", \"--quiet\"]\nexit code: Some(0)\n===\nargs: [\"--exclude\", \".\", \"--quiet\", \"--quiet\", \"--\", \".\"]\nexit code: Some(0)\n===\nargs: [\"--check\", \"tests/inputs/changed.nix\", \"--quiet\"]\nexit code: Some(2)\n===\nargs: [\"-c\", \"tests/inputs/changed.nix\", \"-q\", \"-e\", \"tests/changed.nix\"]\nexit code: Some(2)\n===\nargs: [\"--check\", \"tests/inputs/changed.nix\", \"-qq\"]\nexit code: Some(2)\n===\nargs: [\"--check\", \"tests/inputs/unchanged.nix\", \"-q\"]\nexit code: Some(0)\n===\nargs: [\"--check\", \"tests/inputs/unchanged.nix\", \"-qq\"]\nexit code: Some(0)\n===\nargs: [\"--check\", \"tests/inputs/error.nix\", \"-q\"]\nstderr:\n  \n  Failed! 1 error found at:\n  - tests/inputs/error.nix: unexpected end of file\n\nexit code: Some(1)\n===\nargs: [\"--check\", \"tests/inputs/error.nix\", \"-qq\"]\nexit code: Some(1)\n===\nargs: [\"--check\", \"tests/inputs/unchanged.nix\", \"--experimental-config\", \"../../alejandra.toml\", \"--threads\", \"1\"]\nstderr:\n  Using config from: ../../alejandra.toml\n  Checking style in 1 file using 1 thread.\n  \n  \n  Congratulations! Your code complies with the Alejandra style.\n  \n  https://github.com/DavHau\n\nexit code: Some(0)\n===\nargs: [\"--check\", \"tests/inputs/unchanged.nix\", \"--experimental-config\", \"tests/configs/empty_config.toml\", \"-t\", \"1\"]\nstderr:\n  Using config from: tests/configs/empty_config.toml\n  Checking style in 1 file using 1 thread.\n  \n  \n  Congratulations! Your code complies with the Alejandra style.\n  \n\nexit code: Some(0)\n===\nargs: [\"--check\", \"tests/inputs/unchanged.nix\", \"--experimental-config\", \"tests/configs/wrong_key.toml\"]\nstderr:\n  Using config from: tests/configs/wrong_key.toml\n  Errors found in config: TOML parse error at line 1, column 1\n    |\n  1 | asdf = \"asdf\"\n    | ^^^^\n  unknown field `asdf`, expected `indentation`\n  \n\nexit code: Some(1)\n"
[INFO] [stdout] stack backtrace:
[INFO] [stdout]    0:     0x628a6aa8480a - std::backtrace_rs::backtrace::libunwind::trace::hb059275cfc8d6126
[INFO] [stdout]                                at /rustc/6067b36314ab5eb2eb47cecc464545ba58e1ad24/library/std/src/../../backtrace/src/backtrace/libunwind.rs:116:5
[INFO] [stdout]    1:     0x628a6aa8480a - std::backtrace_rs::backtrace::trace_unsynchronized::h2da071e4327ce3ee
[INFO] [stdout]                                at /rustc/6067b36314ab5eb2eb47cecc464545ba58e1ad24/library/std/src/../../backtrace/src/backtrace/mod.rs:66:5
[INFO] [stdout]    2:     0x628a6aa8480a - std::sys::backtrace::_print_fmt::h842a1474e6f8d23f
[INFO] [stdout]                                at /rustc/6067b36314ab5eb2eb47cecc464545ba58e1ad24/library/std/src/sys/backtrace.rs:66:9
[INFO] [stdout]    3:     0x628a6aa8480a - <std::sys::backtrace::BacktraceLock::print::DisplayBacktrace as core::fmt::Display>::fmt::h71a62eb3b9696b12
[INFO] [stdout]                                at /rustc/6067b36314ab5eb2eb47cecc464545ba58e1ad24/library/std/src/sys/backtrace.rs:39:26
[INFO] [stdout]    4:     0x628a6aaabfb3 - core::fmt::rt::Argument::fmt::hdb6b616786b41dc1
[INFO] [stdout]                                at /rustc/6067b36314ab5eb2eb47cecc464545ba58e1ad24/library/core/src/fmt/rt.rs:177:76
[INFO] [stdout]    5:     0x628a6aaabfb3 - core::fmt::write::h2cc1698af7e2d686
[INFO] [stdout]                                at /rustc/6067b36314ab5eb2eb47cecc464545ba58e1ad24/library/core/src/fmt/mod.rs:1440:21
[INFO] [stdout]    6:     0x628a6aa80e83 - std::io::Write::write_fmt::hab1b4cd059a79022
[INFO] [stdout]                                at /rustc/6067b36314ab5eb2eb47cecc464545ba58e1ad24/library/std/src/io/mod.rs:1887:15
[INFO] [stdout]    7:     0x628a6aa84652 - std::sys::backtrace::BacktraceLock::print::h147fe35b4ea13b08
[INFO] [stdout]                                at /rustc/6067b36314ab5eb2eb47cecc464545ba58e1ad24/library/std/src/sys/backtrace.rs:42:9
[INFO] [stdout]    8:     0x628a6aa85c2f - std::panicking::default_hook::{{closure}}::hbd44223dbdc0d208
[INFO] [stdout]                                at /rustc/6067b36314ab5eb2eb47cecc464545ba58e1ad24/library/std/src/panicking.rs:298:22
[INFO] [stdout]    9:     0x628a6aa85a48 - std::panicking::default_hook::h20f81eb0576efcec
[INFO] [stdout]                                at /rustc/6067b36314ab5eb2eb47cecc464545ba58e1ad24/library/std/src/panicking.rs:322:9
[INFO] [stdout]   10:     0x628a6aa4dbe3 - <alloc::boxed::Box<F,A> as core::ops::function::Fn<Args>>::call::hdb53814c496a4d34
[INFO] [stdout]                                at /rustc/6067b36314ab5eb2eb47cecc464545ba58e1ad24/library/alloc/src/boxed.rs:2027:9
[INFO] [stdout]   11:     0x628a6aa4dbe3 - test::test_main::{{closure}}::hc0a4963c59427c24
[INFO] [stdout]                                at /rustc/6067b36314ab5eb2eb47cecc464545ba58e1ad24/library/test/src/lib.rs:134:21
[INFO] [stdout]   12:     0x628a6aa86723 - <alloc::boxed::Box<F,A> as core::ops::function::Fn<Args>>::call::h591b2225413a77e9
[INFO] [stdout]                                at /rustc/6067b36314ab5eb2eb47cecc464545ba58e1ad24/library/alloc/src/boxed.rs:2027:9
[INFO] [stdout]   13:     0x628a6aa86723 - std::panicking::rust_panic_with_hook::h625eea43051b2edc
[INFO] [stdout]                                at /rustc/6067b36314ab5eb2eb47cecc464545ba58e1ad24/library/std/src/panicking.rs:839:13
[INFO] [stdout]   14:     0x628a6aa863da - std::panicking::begin_panic_handler::{{closure}}::h4f9159cfbc3f6bd3
[INFO] [stdout]                                at /rustc/6067b36314ab5eb2eb47cecc464545ba58e1ad24/library/std/src/panicking.rs:704:13
[INFO] [stdout]   15:     0x628a6aa84d09 - std::sys::backtrace::__rust_end_short_backtrace::h0390abce48353151
[INFO] [stdout]                                at /rustc/6067b36314ab5eb2eb47cecc464545ba58e1ad24/library/std/src/sys/backtrace.rs:168:18
[INFO] [stdout]   16:     0x628a6aa8606d - rust_begin_unwind
[INFO] [stdout]                                at /rustc/6067b36314ab5eb2eb47cecc464545ba58e1ad24/library/std/src/panicking.rs:695:5
[INFO] [stdout]   17:     0x628a6aaaaa60 - core::panicking::panic_fmt::h9e7c637e9e5f29c9
[INFO] [stdout]                                at /rustc/6067b36314ab5eb2eb47cecc464545ba58e1ad24/library/core/src/panicking.rs:75:14
[INFO] [stdout]   18:     0x628a6aaaad82 - core::panicking::assert_failed_inner::h538bec7c1374cd9c
[INFO] [stdout]   19:     0x628a6aa126b1 - core::panicking::assert_failed::hbccb2bd29979f6ee
[INFO] [stdout]                                at /rustc/6067b36314ab5eb2eb47cecc464545ba58e1ad24/library/core/src/panicking.rs:364:5
[INFO] [stdout]   20:     0x628a6aa10ef2 - cli::cases::h1ee273c07d889bbd
[INFO] [stdout]                                at /opt/rustwide/workdir/src/alejandra_cli/tests/cli.rs:156:5
[INFO] [stdout]   21:     0x628a6aa10ef2 - cli::cases::{{closure}}::h4ca5c5ee5b41a3e8
[INFO] [stdout]                                at /opt/rustwide/workdir/src/alejandra_cli/tests/cli.rs:98:11
[INFO] [stdout]   22:     0x628a6aa10ef2 - core::ops::function::FnOnce::call_once::h78e8eda9631be691
[INFO] [stdout]                                at /rustc/6067b36314ab5eb2eb47cecc464545ba58e1ad24/library/core/src/ops/function.rs:250:5
[INFO] [stdout]   23:     0x628a6aa5333b - core::ops::function::FnOnce::call_once::he27718dfdd183f43
[INFO] [stdout]                                at /rustc/6067b36314ab5eb2eb47cecc464545ba58e1ad24/library/core/src/ops/function.rs:250:5
[INFO] [stdout]   24:     0x628a6aa5333b - test::__rust_begin_short_backtrace::h4e84902998457a5d
[INFO] [stdout]                                at /rustc/6067b36314ab5eb2eb47cecc464545ba58e1ad24/library/test/src/lib.rs:632:18
[INFO] [stdout]   25:     0x628a6aa52273 - test::run_test_in_process::{{closure}}::h7176fd18fc1feca0
[INFO] [stdout]                                at /rustc/6067b36314ab5eb2eb47cecc464545ba58e1ad24/library/test/src/lib.rs:655:60
[INFO] [stdout]   26:     0x628a6aa52273 - <core::panic::unwind_safe::AssertUnwindSafe<F> as core::ops::function::FnOnce<()>>::call_once::hf79cff2a624d8cf7
[INFO] [stdout]                                at /rustc/6067b36314ab5eb2eb47cecc464545ba58e1ad24/library/core/src/panic/unwind_safe.rs:272:9
[INFO] [stdout]   27:     0x628a6aa52273 - std::panicking::try::do_call::h3da0561d9ab99c25
[INFO] [stdout]                                at /rustc/6067b36314ab5eb2eb47cecc464545ba58e1ad24/library/std/src/panicking.rs:587:40
[INFO] [stdout]   28:     0x628a6aa52273 - std::panicking::try::h41c9fa508bc61df6
[INFO] [stdout]                                at /rustc/6067b36314ab5eb2eb47cecc464545ba58e1ad24/library/std/src/panicking.rs:550:19
[INFO] [stdout]   29:     0x628a6aa52273 - std::panic::catch_unwind::h6b3ff07bb5afad93
[INFO] [stdout]                                at /rustc/6067b36314ab5eb2eb47cecc464545ba58e1ad24/library/std/src/panic.rs:358:14
[INFO] [stdout]   30:     0x628a6aa52273 - test::run_test_in_process::hc7253dd11b39b9f4
[INFO] [stdout]                                at /rustc/6067b36314ab5eb2eb47cecc464545ba58e1ad24/library/test/src/lib.rs:655:27
[INFO] [stdout]   31:     0x628a6aa52273 - test::run_test::{{closure}}::hfb2007f8649c30bb
[INFO] [stdout]                                at /rustc/6067b36314ab5eb2eb47cecc464545ba58e1ad24/library/test/src/lib.rs:576:43
[INFO] [stdout]   32:     0x628a6aa15355 - test::run_test::{{closure}}::h56a17aa7a282a9f4
[INFO] [stdout]                                at /rustc/6067b36314ab5eb2eb47cecc464545ba58e1ad24/library/test/src/lib.rs:606:41
[INFO] [stdout]   33:     0x628a6aa15355 - std::sys::backtrace::__rust_begin_short_backtrace::hd2d2d2fb8e8c6aac
[INFO] [stdout]                                at /rustc/6067b36314ab5eb2eb47cecc464545ba58e1ad24/library/std/src/sys/backtrace.rs:152:18
[INFO] [stdout]   34:     0x628a6aa18c3a - std::thread::Builder::spawn_unchecked_::{{closure}}::{{closure}}::h4faa3f9db6133423
[INFO] [stdout]                                at /rustc/6067b36314ab5eb2eb47cecc464545ba58e1ad24/library/std/src/thread/mod.rs:559:17
[INFO] [stdout]   35:     0x628a6aa18c3a - <core::panic::unwind_safe::AssertUnwindSafe<F> as core::ops::function::FnOnce<()>>::call_once::hf2e855a36a4ea846
[INFO] [stdout]                                at /rustc/6067b36314ab5eb2eb47cecc464545ba58e1ad24/library/core/src/panic/unwind_safe.rs:272:9
[INFO] [stdout]   36:     0x628a6aa18c3a - std::panicking::try::do_call::h2f73af3616c35465
[INFO] [stdout]                                at /rustc/6067b36314ab5eb2eb47cecc464545ba58e1ad24/library/std/src/panicking.rs:587:40
[INFO] [stdout]   37:     0x628a6aa18c3a - std::panicking::try::hd1660ce9efadef5a
[INFO] [stdout]                                at /rustc/6067b36314ab5eb2eb47cecc464545ba58e1ad24/library/std/src/panicking.rs:550:19
[INFO] [stdout]   38:     0x628a6aa18c3a - std::panic::catch_unwind::h5ee8d7823b8ca744
[INFO] [stdout]                                at /rustc/6067b36314ab5eb2eb47cecc464545ba58e1ad24/library/std/src/panic.rs:358:14
[INFO] [stdout]   39:     0x628a6aa18c3a - std::thread::Builder::spawn_unchecked_::{{closure}}::h53c3a1894dce8407
[INFO] [stdout]                                at /rustc/6067b36314ab5eb2eb47cecc464545ba58e1ad24/library/std/src/thread/mod.rs:557:30
[INFO] [stdout]   40:     0x628a6aa18c3a - core::ops::function::FnOnce::call_once{{vtable.shim}}::h048ce291ad4f62bf
[INFO] [stdout]                                at /rustc/6067b36314ab5eb2eb47cecc464545ba58e1ad24/library/core/src/ops/function.rs:250:5
[INFO] [stdout]   41:     0x628a6aa8a7eb - <alloc::boxed::Box<F,A> as core::ops::function::FnOnce<Args>>::call_once::ha52bedf99a3b4981
[INFO] [stdout]                                at /rustc/6067b36314ab5eb2eb47cecc464545ba58e1ad24/library/alloc/src/boxed.rs:2013:9
[INFO] [stdout]   42:     0x628a6aa8a7eb - <alloc::boxed::Box<F,A> as core::ops::function::FnOnce<Args>>::call_once::h567748934d80ccf8
[INFO] [stdout]                                at /rustc/6067b36314ab5eb2eb47cecc464545ba58e1ad24/library/alloc/src/boxed.rs:2013:9
[INFO] [stdout]   43:     0x628a6aa8a7eb - std::sys::pal::unix::thread::Thread::new::thread_start::h2d970728ae887adc
[INFO] [stdout]                                at /rustc/6067b36314ab5eb2eb47cecc464545ba58e1ad24/library/std/src/sys/pal/unix/thread.rs:106:17
[INFO] [stdout]   44:     0x7898f5f29ac3 - <unknown>
[INFO] [stdout]   45:     0x7898f5fbaa04 - clone
[INFO] [stdout]   46:                0x0 - <unknown>
[INFO] [stdout] 
[INFO] [stdout] 
[INFO] [stdout] failures:
[INFO] [stdout]     cases
[INFO] [stdout] 
[INFO] [stdout] test result: FAILED. 0 passed; 1 failed; 0 ignored; 0 measured; 0 filtered out; finished in 2.32s
[INFO] [stdout] 
[INFO] [stderr] error: test failed, to rerun pass `-p alejandra_cli --test cli`
[INFO] running `Command { std: "docker" "inspect" "b7da88c6f1009b9f5037cf93a2b0bf51bfa85eb1a9ed3f8c984b6a6180a4a018", kill_on_drop: false }`
[INFO] running `Command { std: "docker" "rm" "-f" "b7da88c6f1009b9f5037cf93a2b0bf51bfa85eb1a9ed3f8c984b6a6180a4a018", kill_on_drop: false }`
[INFO] [stdout] b7da88c6f1009b9f5037cf93a2b0bf51bfa85eb1a9ed3f8c984b6a6180a4a018
