[INFO] cloning repository https://github.com/joao-neves95/redis-clone-rs
[INFO] running `Command { std: "git" "-c" "credential.helper=" "-c" "credential.helper=/workspace/cargo-home/bin/git-credential-null" "clone" "--bare" "https://github.com/joao-neves95/redis-clone-rs" "/workspace/cache/git-repos/https%3A%2F%2Fgithub.com%2Fjoao-neves95%2Fredis-clone-rs", kill_on_drop: false }`
[INFO] [stderr] Cloning into bare repository '/workspace/cache/git-repos/https%3A%2F%2Fgithub.com%2Fjoao-neves95%2Fredis-clone-rs'...
[INFO] running `Command { std: "git" "rev-parse" "HEAD", kill_on_drop: false }`
[INFO] [stdout] ddd85fc43f36d63604ee5af5e1489c74a4718d57
[INFO] testing joao-neves95/redis-clone-rs against nightly-2025-01-18+rustflags=-Zrandomize-layout for randomize-layout-2
[INFO] running `Command { std: "git" "clone" "/workspace/cache/git-repos/https%3A%2F%2Fgithub.com%2Fjoao-neves95%2Fredis-clone-rs" "/workspace/builds/worker-4-tc2/source", kill_on_drop: false }`
[INFO] [stderr] Cloning into '/workspace/builds/worker-4-tc2/source'...
[INFO] [stderr] done.
[INFO] validating manifest of git repo https://github.com/joao-neves95/redis-clone-rs on toolchain nightly-2025-01-18
[INFO] running `Command { std: CARGO_HOME="/workspace/cargo-home" RUSTUP_HOME="/workspace/rustup-home" "/workspace/cargo-home/bin/cargo" "+nightly-2025-01-18" "metadata" "--manifest-path" "Cargo.toml" "--no-deps", kill_on_drop: false }`
[INFO] started tweaking git repo https://github.com/joao-neves95/redis-clone-rs
[INFO] finished tweaking git repo https://github.com/joao-neves95/redis-clone-rs
[INFO] tweaked toml for git repo https://github.com/joao-neves95/redis-clone-rs written to /workspace/builds/worker-4-tc2/source/Cargo.toml
[INFO] crate git repo https://github.com/joao-neves95/redis-clone-rs already has a lockfile, it will not be regenerated
[INFO] running `Command { std: CARGO_HOME="/workspace/cargo-home" RUSTUP_HOME="/workspace/rustup-home" "/workspace/cargo-home/bin/cargo" "+nightly-2025-01-18" "fetch" "--manifest-path" "Cargo.toml", kill_on_drop: false }`
[INFO] running `Command { std: "docker" "create" "-v" "/var/lib/crater-agent-workspace/builds/worker-4-tc2/target:/opt/rustwide/target:rw,Z" "-v" "/var/lib/crater-agent-workspace/builds/worker-4-tc2/source:/opt/rustwide/workdir:ro,Z" "-v" "/var/lib/crater-agent-workspace/cargo-home:/opt/rustwide/cargo-home:ro,Z" "-v" "/var/lib/crater-agent-workspace/rustup-home:/opt/rustwide/rustup-home:ro,Z" "-e" "SOURCE_DIR=/opt/rustwide/workdir" "-e" "CARGO_TARGET_DIR=/opt/rustwide/target" "-e" "CARGO_HOME=/opt/rustwide/cargo-home" "-e" "RUSTUP_HOME=/opt/rustwide/rustup-home" "-w" "/opt/rustwide/workdir" "-m" "1610612736" "--user" "0:0" "--network" "none" "ghcr.io/rust-lang/crates-build-env/linux@sha256:819108c5571ea2e421544af4d832f968d213c87fbe3707a016657f43d2f853bc" "/opt/rustwide/cargo-home/bin/cargo" "+nightly-2025-01-18" "metadata" "--no-deps" "--format-version=1", kill_on_drop: false }`
[INFO] [stdout] ef3160902ad48858e6d0d8f01a3216d627afbb60445f79c75b3beec3df7d334f
[INFO] running `Command { std: "docker" "start" "-a" "ef3160902ad48858e6d0d8f01a3216d627afbb60445f79c75b3beec3df7d334f", kill_on_drop: false }`
[INFO] running `Command { std: "docker" "inspect" "ef3160902ad48858e6d0d8f01a3216d627afbb60445f79c75b3beec3df7d334f", kill_on_drop: false }`
[INFO] running `Command { std: "docker" "rm" "-f" "ef3160902ad48858e6d0d8f01a3216d627afbb60445f79c75b3beec3df7d334f", kill_on_drop: false }`
[INFO] [stdout] ef3160902ad48858e6d0d8f01a3216d627afbb60445f79c75b3beec3df7d334f
[INFO] running `Command { std: "docker" "create" "-v" "/var/lib/crater-agent-workspace/builds/worker-4-tc2/target:/opt/rustwide/target:rw,Z" "-v" "/var/lib/crater-agent-workspace/builds/worker-4-tc2/source:/opt/rustwide/workdir:ro,Z" "-v" "/var/lib/crater-agent-workspace/cargo-home:/opt/rustwide/cargo-home:ro,Z" "-v" "/var/lib/crater-agent-workspace/rustup-home:/opt/rustwide/rustup-home:ro,Z" "-e" "SOURCE_DIR=/opt/rustwide/workdir" "-e" "CARGO_TARGET_DIR=/opt/rustwide/target" "-e" "CARGO_INCREMENTAL=0" "-e" "RUST_BACKTRACE=full" "-e" "RUSTFLAGS=--cap-lints=forbid -Zrandomize-layout" "-e" "RUSTDOCFLAGS=--cap-lints=forbid" "-e" "CARGO_HOME=/opt/rustwide/cargo-home" "-e" "RUSTUP_HOME=/opt/rustwide/rustup-home" "-w" "/opt/rustwide/workdir" "-m" "1610612736" "--user" "0:0" "--network" "none" "ghcr.io/rust-lang/crates-build-env/linux@sha256:819108c5571ea2e421544af4d832f968d213c87fbe3707a016657f43d2f853bc" "/opt/rustwide/cargo-home/bin/cargo" "+nightly-2025-01-18" "build" "--frozen" "--message-format=json", kill_on_drop: false }`
[INFO] [stdout] f69f40bf86041dee4f9cf6a8d03188cdc6ff5a9dc7f4015f1c8ff55dd7fa24ed
[INFO] running `Command { std: "docker" "start" "-a" "f69f40bf86041dee4f9cf6a8d03188cdc6ff5a9dc7f4015f1c8ff55dd7fa24ed", kill_on_drop: false }`
[INFO] [stderr]    Compiling libc v0.2.138
[INFO] [stderr]    Compiling proc-macro2 v1.0.24
[INFO] [stderr]    Compiling unicode-xid v0.2.1
[INFO] [stderr]    Compiling autocfg v1.1.0
[INFO] [stderr]    Compiling syn v1.0.67
[INFO] [stderr]    Compiling parking_lot_core v0.9.5
[INFO] [stderr]    Compiling log v0.4.11
[INFO] [stderr]    Compiling memchr v2.3.4
[INFO] [stderr]    Compiling cfg-if v1.0.0
[INFO] [stderr]    Compiling scopeguard v1.1.0
[INFO] [stderr]    Compiling smallvec v1.10.0
[INFO] [stderr]    Compiling cfg-if v0.1.10
[INFO] [stderr]    Compiling anyhow v1.0.59
[INFO] [stderr]    Compiling pin-project-lite v0.2.9
[INFO] [stderr]    Compiling bytes v1.3.0
[INFO] [stderr]    Compiling lock_api v0.4.9
[INFO] [stderr]    Compiling tokio v1.23.0
[INFO] [stderr]    Compiling quote v1.0.7
[INFO] [stderr]    Compiling socket2 v0.4.7
[INFO] [stderr]    Compiling num_cpus v1.13.0
[INFO] [stderr]    Compiling mio v0.8.5
[INFO] [stderr]    Compiling signal-hook-registry v1.2.2
[INFO] [stderr]    Compiling parking_lot v0.12.1
[INFO] [stderr]    Compiling tokio-macros v1.8.2
[INFO] [stderr]    Compiling thiserror-impl v1.0.32
[INFO] [stderr]    Compiling thiserror v1.0.32
[INFO] [stderr]    Compiling redis-starter-rust v0.1.0 (/opt/rustwide/workdir)
[INFO] [stdout] warning: unused import: `RespDataTypesFirstByte`
[INFO] [stdout]  --> src/node/replica.rs:5:44
[INFO] [stdout]   |
[INFO] [stdout] 5 |         shared::{RespCommandResponseNames, RespDataTypesFirstByte},
[INFO] [stdout]   |                                            ^^^^^^^^^^^^^^^^^^^^^^
[INFO] [stdout]   |
[INFO] [stdout]   = note: `#[warn(unused_imports)]` on by default
[INFO] [stdout] 
[INFO] [stdout] 
[INFO] [stdout] warning: unused imports: `iter::Map` and `ops::Index`
[INFO] [stdout]  --> src/utils.rs:1:11
[INFO] [stdout]   |
[INFO] [stdout] 1 | use std::{iter::Map, ops::Index, time::SystemTime};
[INFO] [stdout]   |           ^^^^^^^^^  ^^^^^^^^^^
[INFO] [stdout] 
[INFO] [stdout] 
[INFO] [stdout] warning: methods `local_addr` and `peer_addr` are never used
[INFO] [stdout]   --> src/models/t_stream.rs:12:8
[INFO] [stdout]    |
[INFO] [stdout] 11 | pub trait TStream: AsyncRead + AsyncWrite + Send + Unpin + Debug {
[INFO] [stdout]    |           ------- methods in this trait
[INFO] [stdout] 12 |     fn local_addr(&self) -> io::Result<SocketAddr>;
[INFO] [stdout]    |        ^^^^^^^^^^
[INFO] [stdout] 13 |
[INFO] [stdout] 14 |     fn peer_addr(&self) -> io::Result<SocketAddr>;
[INFO] [stdout]    |        ^^^^^^^^^
[INFO] [stdout]    |
[INFO] [stdout]    = note: `#[warn(dead_code)]` on by default
[INFO] [stdout] 
[INFO] [stdout] 
[INFO] [stdout] warning: associated constants `ARRAYS_STR` and `SIMPLE_STRINGS_BYTE` are never used
[INFO] [stdout]   --> src/resp_parser/shared.rs:4:15
[INFO] [stdout]    |
[INFO] [stdout] 3  | impl RespDataTypesFirstByte {
[INFO] [stdout]    | --------------------------- associated constants in this implementation
[INFO] [stdout] 4  |     pub const ARRAYS_STR: &'static str = "*";
[INFO] [stdout]    |               ^^^^^^^^^^
[INFO] [stdout] ...
[INFO] [stdout] 10 |     pub const SIMPLE_STRINGS_BYTE: u8 = b'+';
[INFO] [stdout]    |               ^^^^^^^^^^^^^^^^^^^
[INFO] [stdout] 
[INFO] [stdout] 
[INFO] [stdout] warning: field `size` is never read
[INFO] [stdout]   --> src/resp_parser/shared.rs:61:18
[INFO] [stdout]    |
[INFO] [stdout] 61 |     BulkString { size: u32, value: String },
[INFO] [stdout]    |     ----------   ^^^^
[INFO] [stdout]    |     |
[INFO] [stdout]    |     field in this variant
[INFO] [stdout]    |
[INFO] [stdout]    = note: `RespDataType` has a derived impl for the trait `Debug`, but this is intentionally ignored during dead code analysis
[INFO] [stdout] 
[INFO] [stdout] 
[INFO] [stdout] warning: associated constants `CRLF_STR`, `LF_BYTE`, and `CR_BYTE` are never used
[INFO] [stdout]   --> src/utils.rs:28:15
[INFO] [stdout]    |
[INFO] [stdout] 27 | impl LineEndings {
[INFO] [stdout]    | ---------------- associated constants in this implementation
[INFO] [stdout] 28 |     pub const CRLF_STR: &'static str = "\r\n";
[INFO] [stdout]    |               ^^^^^^^^
[INFO] [stdout] ...
[INFO] [stdout] 32 |     pub const LF_BYTE: u8 = b'\n';
[INFO] [stdout]    |               ^^^^^^^
[INFO] [stdout] ...
[INFO] [stdout] 35 |     pub const CR_BYTE: u8 = b'\r';
[INFO] [stdout]    |               ^^^^^^^
[INFO] [stdout] 
[INFO] [stdout] 
[INFO] [stdout] warning: function `delete_bytes_after_first_crlf` is never used
[INFO] [stdout]    --> src/utils.rs:105:8
[INFO] [stdout]     |
[INFO] [stdout] 105 | pub fn delete_bytes_after_first_crlf(buff: &mut [u8]) -> &[u8] {
[INFO] [stdout]     |        ^^^^^^^^^^^^^^^^^^^^^^^^^^^^^
[INFO] [stdout] 
[INFO] [stdout] 
[INFO] [stdout] warning: function `copy_to_array_until` is never used
[INFO] [stdout]    --> src/utils.rs:160:8
[INFO] [stdout]     |
[INFO] [stdout] 160 | pub fn copy_to_array_until<T, F>(target: &mut [T], source: &[T], start: usize, until: F)
[INFO] [stdout]     |        ^^^^^^^^^^^^^^^^^^^
[INFO] [stdout] 
[INFO] [stdout] 
[INFO] [stderr]     Finished `dev` profile [unoptimized + debuginfo] target(s) in 21.05s
[INFO] running `Command { std: "docker" "inspect" "f69f40bf86041dee4f9cf6a8d03188cdc6ff5a9dc7f4015f1c8ff55dd7fa24ed", kill_on_drop: false }`
[INFO] running `Command { std: "docker" "rm" "-f" "f69f40bf86041dee4f9cf6a8d03188cdc6ff5a9dc7f4015f1c8ff55dd7fa24ed", kill_on_drop: false }`
[INFO] [stdout] f69f40bf86041dee4f9cf6a8d03188cdc6ff5a9dc7f4015f1c8ff55dd7fa24ed
[INFO] running `Command { std: "docker" "create" "-v" "/var/lib/crater-agent-workspace/builds/worker-4-tc2/target:/opt/rustwide/target:rw,Z" "-v" "/var/lib/crater-agent-workspace/builds/worker-4-tc2/source:/opt/rustwide/workdir:ro,Z" "-v" "/var/lib/crater-agent-workspace/cargo-home:/opt/rustwide/cargo-home:ro,Z" "-v" "/var/lib/crater-agent-workspace/rustup-home:/opt/rustwide/rustup-home:ro,Z" "-e" "SOURCE_DIR=/opt/rustwide/workdir" "-e" "CARGO_TARGET_DIR=/opt/rustwide/target" "-e" "CARGO_INCREMENTAL=0" "-e" "RUST_BACKTRACE=full" "-e" "RUSTFLAGS=--cap-lints=forbid -Zrandomize-layout" "-e" "RUSTDOCFLAGS=--cap-lints=forbid" "-e" "CARGO_HOME=/opt/rustwide/cargo-home" "-e" "RUSTUP_HOME=/opt/rustwide/rustup-home" "-w" "/opt/rustwide/workdir" "-m" "1610612736" "--user" "0:0" "--network" "none" "ghcr.io/rust-lang/crates-build-env/linux@sha256:819108c5571ea2e421544af4d832f968d213c87fbe3707a016657f43d2f853bc" "/opt/rustwide/cargo-home/bin/cargo" "+nightly-2025-01-18" "test" "--frozen" "--no-run" "--message-format=json", kill_on_drop: false }`
[INFO] [stdout] a8b10dbd841e2608cfc9dfa9cd859f3d86075a27baf5c6a37f3dacbd7f2c5ad2
[INFO] running `Command { std: "docker" "start" "-a" "a8b10dbd841e2608cfc9dfa9cd859f3d86075a27baf5c6a37f3dacbd7f2c5ad2", kill_on_drop: false }`
[INFO] [stderr]    Compiling redis-starter-rust v0.1.0 (/opt/rustwide/workdir)
[INFO] [stdout] warning: unused import: `RespDataTypesFirstByte`
[INFO] [stdout]  --> src/node/replica.rs:5:44
[INFO] [stdout]   |
[INFO] [stdout] 5 |         shared::{RespCommandResponseNames, RespDataTypesFirstByte},
[INFO] [stdout]   |                                            ^^^^^^^^^^^^^^^^^^^^^^
[INFO] [stdout]   |
[INFO] [stdout]   = note: `#[warn(unused_imports)]` on by default
[INFO] [stdout] 
[INFO] [stdout] 
[INFO] [stdout] warning: unused imports: `iter::Map` and `ops::Index`
[INFO] [stdout]  --> src/utils.rs:1:11
[INFO] [stdout]   |
[INFO] [stdout] 1 | use std::{iter::Map, ops::Index, time::SystemTime};
[INFO] [stdout]   |           ^^^^^^^^^  ^^^^^^^^^^
[INFO] [stdout] 
[INFO] [stdout] 
[INFO] [stdout] warning: methods `local_addr` and `peer_addr` are never used
[INFO] [stdout]   --> src/models/t_stream.rs:12:8
[INFO] [stdout]    |
[INFO] [stdout] 11 | pub trait TStream: AsyncRead + AsyncWrite + Send + Unpin + Debug {
[INFO] [stdout]    |           ------- methods in this trait
[INFO] [stdout] 12 |     fn local_addr(&self) -> io::Result<SocketAddr>;
[INFO] [stdout]    |        ^^^^^^^^^^
[INFO] [stdout] 13 |
[INFO] [stdout] 14 |     fn peer_addr(&self) -> io::Result<SocketAddr>;
[INFO] [stdout]    |        ^^^^^^^^^
[INFO] [stdout]    |
[INFO] [stdout]    = note: `#[warn(dead_code)]` on by default
[INFO] [stdout] 
[INFO] [stdout] 
[INFO] [stdout] warning: associated constants `ARRAYS_STR` and `SIMPLE_STRINGS_BYTE` are never used
[INFO] [stdout]   --> src/resp_parser/shared.rs:4:15
[INFO] [stdout]    |
[INFO] [stdout] 3  | impl RespDataTypesFirstByte {
[INFO] [stdout]    | --------------------------- associated constants in this implementation
[INFO] [stdout] 4  |     pub const ARRAYS_STR: &'static str = "*";
[INFO] [stdout]    |               ^^^^^^^^^^
[INFO] [stdout] ...
[INFO] [stdout] 10 |     pub const SIMPLE_STRINGS_BYTE: u8 = b'+';
[INFO] [stdout]    |               ^^^^^^^^^^^^^^^^^^^
[INFO] [stdout] 
[INFO] [stdout] 
[INFO] [stdout] warning: field `size` is never read
[INFO] [stdout]   --> src/resp_parser/shared.rs:61:18
[INFO] [stdout]    |
[INFO] [stdout] 61 |     BulkString { size: u32, value: String },
[INFO] [stdout]    |     ----------   ^^^^
[INFO] [stdout]    |     |
[INFO] [stdout]    |     field in this variant
[INFO] [stdout]    |
[INFO] [stdout]    = note: `RespDataType` has a derived impl for the trait `Debug`, but this is intentionally ignored during dead code analysis
[INFO] [stdout] 
[INFO] [stdout] 
[INFO] [stdout] warning: associated constants `CRLF_STR`, `LF_BYTE`, and `CR_BYTE` are never used
[INFO] [stdout]   --> src/utils.rs:28:15
[INFO] [stdout]    |
[INFO] [stdout] 27 | impl LineEndings {
[INFO] [stdout]    | ---------------- associated constants in this implementation
[INFO] [stdout] 28 |     pub const CRLF_STR: &'static str = "\r\n";
[INFO] [stdout]    |               ^^^^^^^^
[INFO] [stdout] ...
[INFO] [stdout] 32 |     pub const LF_BYTE: u8 = b'\n';
[INFO] [stdout]    |               ^^^^^^^
[INFO] [stdout] ...
[INFO] [stdout] 35 |     pub const CR_BYTE: u8 = b'\r';
[INFO] [stdout]    |               ^^^^^^^
[INFO] [stdout] 
[INFO] [stdout] 
[INFO] [stdout] warning: function `delete_bytes_after_first_crlf` is never used
[INFO] [stdout]    --> src/utils.rs:105:8
[INFO] [stdout]     |
[INFO] [stdout] 105 | pub fn delete_bytes_after_first_crlf(buff: &mut [u8]) -> &[u8] {
[INFO] [stdout]     |        ^^^^^^^^^^^^^^^^^^^^^^^^^^^^^
[INFO] [stdout] 
[INFO] [stdout] 
[INFO] [stderr]     Finished `test` profile [unoptimized + debuginfo] target(s) in 1.71s
[INFO] running `Command { std: "docker" "inspect" "a8b10dbd841e2608cfc9dfa9cd859f3d86075a27baf5c6a37f3dacbd7f2c5ad2", kill_on_drop: false }`
[INFO] running `Command { std: "docker" "rm" "-f" "a8b10dbd841e2608cfc9dfa9cd859f3d86075a27baf5c6a37f3dacbd7f2c5ad2", kill_on_drop: false }`
[INFO] [stdout] a8b10dbd841e2608cfc9dfa9cd859f3d86075a27baf5c6a37f3dacbd7f2c5ad2
[INFO] running `Command { std: "docker" "create" "-v" "/var/lib/crater-agent-workspace/builds/worker-4-tc2/target:/opt/rustwide/target:rw,Z" "-v" "/var/lib/crater-agent-workspace/builds/worker-4-tc2/source:/opt/rustwide/workdir:ro,Z" "-v" "/var/lib/crater-agent-workspace/cargo-home:/opt/rustwide/cargo-home:ro,Z" "-v" "/var/lib/crater-agent-workspace/rustup-home:/opt/rustwide/rustup-home:ro,Z" "-e" "SOURCE_DIR=/opt/rustwide/workdir" "-e" "CARGO_TARGET_DIR=/opt/rustwide/target" "-e" "CARGO_INCREMENTAL=0" "-e" "RUST_BACKTRACE=full" "-e" "RUSTFLAGS=--cap-lints=forbid -Zrandomize-layout" "-e" "RUSTDOCFLAGS=--cap-lints=forbid" "-e" "CARGO_HOME=/opt/rustwide/cargo-home" "-e" "RUSTUP_HOME=/opt/rustwide/rustup-home" "-w" "/opt/rustwide/workdir" "-m" "1610612736" "--user" "0:0" "--network" "none" "ghcr.io/rust-lang/crates-build-env/linux@sha256:819108c5571ea2e421544af4d832f968d213c87fbe3707a016657f43d2f853bc" "/opt/rustwide/cargo-home/bin/cargo" "+nightly-2025-01-18" "test" "--frozen", kill_on_drop: false }`
[INFO] [stdout] b9fed66079c15be3c3c429db1ee39eba1054925b734e2c70ed42505291860c63
[INFO] running `Command { std: "docker" "start" "-a" "b9fed66079c15be3c3c429db1ee39eba1054925b734e2c70ed42505291860c63", kill_on_drop: false }`
[INFO] [stderr] warning: unused import: `RespDataTypesFirstByte`
[INFO] [stderr]  --> src/node/replica.rs:5:44
[INFO] [stderr]   |
[INFO] [stderr] 5 |         shared::{RespCommandResponseNames, RespDataTypesFirstByte},
[INFO] [stderr]   |                                            ^^^^^^^^^^^^^^^^^^^^^^
[INFO] [stderr]   |
[INFO] [stderr]   = note: `#[warn(unused_imports)]` on by default
[INFO] [stderr] 
[INFO] [stderr] warning: unused imports: `iter::Map` and `ops::Index`
[INFO] [stderr]  --> src/utils.rs:1:11
[INFO] [stderr]   |
[INFO] [stderr] 1 | use std::{iter::Map, ops::Index, time::SystemTime};
[INFO] [stderr]   |           ^^^^^^^^^  ^^^^^^^^^^
[INFO] [stderr] 
[INFO] [stderr] warning: methods `local_addr` and `peer_addr` are never used
[INFO] [stderr]   --> src/models/t_stream.rs:12:8
[INFO] [stderr]    |
[INFO] [stderr] 11 | pub trait TStream: AsyncRead + AsyncWrite + Send + Unpin + Debug {
[INFO] [stderr]    |           ------- methods in this trait
[INFO] [stderr] 12 |     fn local_addr(&self) -> io::Result<SocketAddr>;
[INFO] [stderr]    |        ^^^^^^^^^^
[INFO] [stderr] 13 |
[INFO] [stderr] 14 |     fn peer_addr(&self) -> io::Result<SocketAddr>;
[INFO] [stderr]    |        ^^^^^^^^^
[INFO] [stderr]    |
[INFO] [stderr]    = note: `#[warn(dead_code)]` on by default
[INFO] [stderr] 
[INFO] [stderr] warning: associated constants `ARRAYS_STR` and `SIMPLE_STRINGS_BYTE` are never used
[INFO] [stderr]   --> src/resp_parser/shared.rs:4:15
[INFO] [stderr]    |
[INFO] [stderr] 3  | impl RespDataTypesFirstByte {
[INFO] [stderr]    | --------------------------- associated constants in this implementation
[INFO] [stderr] 4  |     pub const ARRAYS_STR: &'static str = "*";
[INFO] [stderr]    |               ^^^^^^^^^^
[INFO] [stderr] ...
[INFO] [stderr] 10 |     pub const SIMPLE_STRINGS_BYTE: u8 = b'+';
[INFO] [stderr]    |               ^^^^^^^^^^^^^^^^^^^
[INFO] [stderr] 
[INFO] [stderr] warning: field `size` is never read
[INFO] [stderr]   --> src/resp_parser/shared.rs:61:18
[INFO] [stderr]    |
[INFO] [stderr] 61 |     BulkString { size: u32, value: String },
[INFO] [stderr]    |     ----------   ^^^^
[INFO] [stderr]    |     |
[INFO] [stderr]    |     field in this variant
[INFO] [stderr]    |
[INFO] [stderr]    = note: `RespDataType` has a derived impl for the trait `Debug`, but this is intentionally ignored during dead code analysis
[INFO] [stderr] 
[INFO] [stderr] warning: associated constants `CRLF_STR`, `LF_BYTE`, and `CR_BYTE` are never used
[INFO] [stderr]   --> src/utils.rs:28:15
[INFO] [stderr]    |
[INFO] [stderr] 27 | impl LineEndings {
[INFO] [stderr]    | ---------------- associated constants in this implementation
[INFO] [stderr] 28 |     pub const CRLF_STR: &'static str = "\r\n";
[INFO] [stderr]    |               ^^^^^^^^
[INFO] [stderr] ...
[INFO] [stderr] 32 |     pub const LF_BYTE: u8 = b'\n';
[INFO] [stderr]    |               ^^^^^^^
[INFO] [stderr] ...
[INFO] [stderr] 35 |     pub const CR_BYTE: u8 = b'\r';
[INFO] [stderr]    |               ^^^^^^^
[INFO] [stderr] 
[INFO] [stderr] warning: function `delete_bytes_after_first_crlf` is never used
[INFO] [stderr]    --> src/utils.rs:105:8
[INFO] [stderr]     |
[INFO] [stderr] 105 | pub fn delete_bytes_after_first_crlf(buff: &mut [u8]) -> &[u8] {
[INFO] [stderr]     |        ^^^^^^^^^^^^^^^^^^^^^^^^^^^^^
[INFO] [stderr] 
[INFO] [stderr] warning: `redis-starter-rust` (bin "redis-starter-rust" test) generated 7 warnings (run `cargo fix --bin "redis-starter-rust" --tests` to apply 2 suggestions)
[INFO] [stderr]     Finished `test` profile [unoptimized + debuginfo] target(s) in 0.05s
[INFO] [stderr]      Running unittests src/main.rs (/opt/rustwide/target/debug/deps/redis_starter_rust-38bb022225e0207a)
[INFO] [stdout] 
[INFO] [stdout] running 13 tests
[INFO] [stdout] test node::command_listener::tests::handle_command_handles_echo ... ok
[INFO] [stdout] test utils::tests::pseudo_random_ascii_alphanumeric_passes ... ok
[INFO] [stdout] test utils::tests::pseudo_random_number_passes ... ok
[INFO] [stdout] test resp_parser::commands::tests::parse_resp_proc_command_should_parse_known_commands ... ok
[INFO] [stdout] test resp_parser::responses::tests::parse_redis_resp_proc_response_should_parse_simple_strings ... ok
[INFO] [stdout] test utils::tests::split_slice_once_passes ... ok
[INFO] [stdout] test node::command_listener::tests::handle_command_handles_set_get ... ok
[INFO] [stdout] test utils::tests::pseudo_random_ascii_passes ... ok
[INFO] [stdout] test utils::tests::find_first_index_in_slice_passes ... ok
[INFO] [stdout] test node::command_listener::tests::handle_command_handles_ping ... ok
[INFO] [stdout] test utils::tests::u32_count_passes ... ok
[INFO] [stdout] test utils::tests::pseudo_random_number_should_panic_if_length_more_10 - should panic ... ok
[INFO] [stdout] test models::db::in_memory_record::tests::has_expired_passes ... FAILED
[INFO] [stderr] error: test failed, to rerun pass `--bin redis-starter-rust`
[INFO] [stdout] 
[INFO] [stdout] failures:
[INFO] [stdout] 
[INFO] [stdout] ---- models::db::in_memory_record::tests::has_expired_passes stdout ----
[INFO] [stdout] 
[INFO] [stdout] thread 'models::db::in_memory_record::tests::has_expired_passes' panicked at src/models/db/in_memory_record.rs:45:9:
[INFO] [stdout] assertion `left == right` failed
[INFO] [stdout]   left: true
[INFO] [stdout]  right: false
[INFO] [stdout] stack backtrace:
[INFO] [stdout]    0:     0x62c12a8216ea - std::backtrace_rs::backtrace::libunwind::trace::hb059275cfc8d6126
[INFO] [stdout]                                at /rustc/6067b36314ab5eb2eb47cecc464545ba58e1ad24/library/std/src/../../backtrace/src/backtrace/libunwind.rs:116:5
[INFO] [stdout]    1:     0x62c12a8216ea - std::backtrace_rs::backtrace::trace_unsynchronized::h2da071e4327ce3ee
[INFO] [stdout]                                at /rustc/6067b36314ab5eb2eb47cecc464545ba58e1ad24/library/std/src/../../backtrace/src/backtrace/mod.rs:66:5
[INFO] [stdout]    2:     0x62c12a8216ea - std::sys::backtrace::_print_fmt::h842a1474e6f8d23f
[INFO] [stdout]                                at /rustc/6067b36314ab5eb2eb47cecc464545ba58e1ad24/library/std/src/sys/backtrace.rs:66:9
[INFO] [stdout]    3:     0x62c12a8216ea - <std::sys::backtrace::BacktraceLock::print::DisplayBacktrace as core::fmt::Display>::fmt::h71a62eb3b9696b12
[INFO] [stdout]                                at /rustc/6067b36314ab5eb2eb47cecc464545ba58e1ad24/library/std/src/sys/backtrace.rs:39:26
[INFO] [stdout]    4:     0x62c12a84a403 - core::fmt::rt::Argument::fmt::hdb6b616786b41dc1
[INFO] [stdout]                                at /rustc/6067b36314ab5eb2eb47cecc464545ba58e1ad24/library/core/src/fmt/rt.rs:177:76
[INFO] [stdout]    5:     0x62c12a84a403 - core::fmt::write::h2cc1698af7e2d686
[INFO] [stdout]                                at /rustc/6067b36314ab5eb2eb47cecc464545ba58e1ad24/library/core/src/fmt/mod.rs:1440:21
[INFO] [stdout]    6:     0x62c12a81de93 - std::io::Write::write_fmt::hab1b4cd059a79022
[INFO] [stdout]                                at /rustc/6067b36314ab5eb2eb47cecc464545ba58e1ad24/library/std/src/io/mod.rs:1887:15
[INFO] [stdout]    7:     0x62c12a821532 - std::sys::backtrace::BacktraceLock::print::h147fe35b4ea13b08
[INFO] [stdout]                                at /rustc/6067b36314ab5eb2eb47cecc464545ba58e1ad24/library/std/src/sys/backtrace.rs:42:9
[INFO] [stdout]    8:     0x62c12a822b0f - std::panicking::default_hook::{{closure}}::hbd44223dbdc0d208
[INFO] [stdout]                                at /rustc/6067b36314ab5eb2eb47cecc464545ba58e1ad24/library/std/src/panicking.rs:298:22
[INFO] [stdout]    9:     0x62c12a822928 - std::panicking::default_hook::h20f81eb0576efcec
[INFO] [stdout]                                at /rustc/6067b36314ab5eb2eb47cecc464545ba58e1ad24/library/std/src/panicking.rs:322:9
[INFO] [stdout]   10:     0x62c12a748273 - <alloc::boxed::Box<F,A> as core::ops::function::Fn<Args>>::call::hdb53814c496a4d34
[INFO] [stdout]                                at /rustc/6067b36314ab5eb2eb47cecc464545ba58e1ad24/library/alloc/src/boxed.rs:2027:9
[INFO] [stdout]   11:     0x62c12a748273 - test::test_main::{{closure}}::hc0a4963c59427c24
[INFO] [stdout]                                at /rustc/6067b36314ab5eb2eb47cecc464545ba58e1ad24/library/test/src/lib.rs:134:21
[INFO] [stdout]   12:     0x62c12a823603 - <alloc::boxed::Box<F,A> as core::ops::function::Fn<Args>>::call::h591b2225413a77e9
[INFO] [stdout]                                at /rustc/6067b36314ab5eb2eb47cecc464545ba58e1ad24/library/alloc/src/boxed.rs:2027:9
[INFO] [stdout]   13:     0x62c12a823603 - std::panicking::rust_panic_with_hook::h625eea43051b2edc
[INFO] [stdout]                                at /rustc/6067b36314ab5eb2eb47cecc464545ba58e1ad24/library/std/src/panicking.rs:839:13
[INFO] [stdout]   14:     0x62c12a8232ba - std::panicking::begin_panic_handler::{{closure}}::h4f9159cfbc3f6bd3
[INFO] [stdout]                                at /rustc/6067b36314ab5eb2eb47cecc464545ba58e1ad24/library/std/src/panicking.rs:704:13
[INFO] [stdout]   15:     0x62c12a821be9 - std::sys::backtrace::__rust_end_short_backtrace::h0390abce48353151
[INFO] [stdout]                                at /rustc/6067b36314ab5eb2eb47cecc464545ba58e1ad24/library/std/src/sys/backtrace.rs:168:18
[INFO] [stdout]   16:     0x62c12a822f4d - rust_begin_unwind
[INFO] [stdout]                                at /rustc/6067b36314ab5eb2eb47cecc464545ba58e1ad24/library/std/src/panicking.rs:695:5
[INFO] [stdout]   17:     0x62c12a848570 - core::panicking::panic_fmt::h9e7c637e9e5f29c9
[INFO] [stdout]                                at /rustc/6067b36314ab5eb2eb47cecc464545ba58e1ad24/library/core/src/panicking.rs:75:14
[INFO] [stdout]   18:     0x62c12a848962 - core::panicking::assert_failed_inner::h538bec7c1374cd9c
[INFO] [stdout]   19:     0x62c12a6fd468 - core::panicking::assert_failed::h5d25c7deff071e1a
[INFO] [stdout]                                at /rustc/6067b36314ab5eb2eb47cecc464545ba58e1ad24/library/core/src/panicking.rs:364:5
[INFO] [stdout]   20:     0x62c12a70e134 - redis_starter_rust::models::db::in_memory_record::tests::has_expired_passes::h172b82f2755ae82e
[INFO] [stdout]                                at /opt/rustwide/workdir/src/models/db/in_memory_record.rs:45:9
[INFO] [stdout]   21:     0x62c12a70ddb7 - redis_starter_rust::models::db::in_memory_record::tests::has_expired_passes::{{closure}}::h429fe4be6f2f5524
[INFO] [stdout]                                at /opt/rustwide/workdir/src/models/db/in_memory_record.rs:38:32
[INFO] [stdout]   22:     0x62c12a6ec886 - core::ops::function::FnOnce::call_once::hc3fad669ad581692
[INFO] [stdout]                                at /rustc/6067b36314ab5eb2eb47cecc464545ba58e1ad24/library/core/src/ops/function.rs:250:5
[INFO] [stdout]   23:     0x62c12a74d9cb - core::ops::function::FnOnce::call_once::he27718dfdd183f43
[INFO] [stdout]                                at /rustc/6067b36314ab5eb2eb47cecc464545ba58e1ad24/library/core/src/ops/function.rs:250:5
[INFO] [stdout]   24:     0x62c12a74d9cb - test::__rust_begin_short_backtrace::h4e84902998457a5d
[INFO] [stdout]                                at /rustc/6067b36314ab5eb2eb47cecc464545ba58e1ad24/library/test/src/lib.rs:632:18
[INFO] [stdout]   25:     0x62c12a74c903 - test::run_test_in_process::{{closure}}::h7176fd18fc1feca0
[INFO] [stdout]                                at /rustc/6067b36314ab5eb2eb47cecc464545ba58e1ad24/library/test/src/lib.rs:655:60
[INFO] [stdout]   26:     0x62c12a74c903 - <core::panic::unwind_safe::AssertUnwindSafe<F> as core::ops::function::FnOnce<()>>::call_once::hf79cff2a624d8cf7
[INFO] [stdout]                                at /rustc/6067b36314ab5eb2eb47cecc464545ba58e1ad24/library/core/src/panic/unwind_safe.rs:272:9
[INFO] [stdout]   27:     0x62c12a74c903 - std::panicking::try::do_call::h3da0561d9ab99c25
[INFO] [stdout]                                at /rustc/6067b36314ab5eb2eb47cecc464545ba58e1ad24/library/std/src/panicking.rs:587:40
[INFO] [stdout]   28:     0x62c12a74c903 - std::panicking::try::h41c9fa508bc61df6
[INFO] [stdout]                                at /rustc/6067b36314ab5eb2eb47cecc464545ba58e1ad24/library/std/src/panicking.rs:550:19
[INFO] [stdout]   29:     0x62c12a74c903 - std::panic::catch_unwind::h6b3ff07bb5afad93
[INFO] [stdout]                                at /rustc/6067b36314ab5eb2eb47cecc464545ba58e1ad24/library/std/src/panic.rs:358:14
[INFO] [stdout]   30:     0x62c12a74c903 - test::run_test_in_process::hc7253dd11b39b9f4
[INFO] [stdout]                                at /rustc/6067b36314ab5eb2eb47cecc464545ba58e1ad24/library/test/src/lib.rs:655:27
[INFO] [stdout]   31:     0x62c12a74c903 - test::run_test::{{closure}}::hfb2007f8649c30bb
[INFO] [stdout]                                at /rustc/6067b36314ab5eb2eb47cecc464545ba58e1ad24/library/test/src/lib.rs:576:43
[INFO] [stdout]   32:     0x62c12a70f9e5 - test::run_test::{{closure}}::h56a17aa7a282a9f4
[INFO] [stdout]                                at /rustc/6067b36314ab5eb2eb47cecc464545ba58e1ad24/library/test/src/lib.rs:606:41
[INFO] [stdout]   33:     0x62c12a70f9e5 - std::sys::backtrace::__rust_begin_short_backtrace::hd2d2d2fb8e8c6aac
[INFO] [stdout]                                at /rustc/6067b36314ab5eb2eb47cecc464545ba58e1ad24/library/std/src/sys/backtrace.rs:152:18
[INFO] [stdout]   34:     0x62c12a7132ca - std::thread::Builder::spawn_unchecked_::{{closure}}::{{closure}}::h4faa3f9db6133423
[INFO] [stdout]                                at /rustc/6067b36314ab5eb2eb47cecc464545ba58e1ad24/library/std/src/thread/mod.rs:559:17
[INFO] [stdout]   35:     0x62c12a7132ca - <core::panic::unwind_safe::AssertUnwindSafe<F> as core::ops::function::FnOnce<()>>::call_once::hf2e855a36a4ea846
[INFO] [stdout]                                at /rustc/6067b36314ab5eb2eb47cecc464545ba58e1ad24/library/core/src/panic/unwind_safe.rs:272:9
[INFO] [stdout]   36:     0x62c12a7132ca - std::panicking::try::do_call::h2f73af3616c35465
[INFO] [stdout]                                at /rustc/6067b36314ab5eb2eb47cecc464545ba58e1ad24/library/std/src/panicking.rs:587:40
[INFO] [stdout]   37:     0x62c12a7132ca - std::panicking::try::hd1660ce9efadef5a
[INFO] [stdout]                                at /rustc/6067b36314ab5eb2eb47cecc464545ba58e1ad24/library/std/src/panicking.rs:550:19
[INFO] [stdout]   38:     0x62c12a7132ca - std::panic::catch_unwind::h5ee8d7823b8ca744
[INFO] [stdout]                                at /rustc/6067b36314ab5eb2eb47cecc464545ba58e1ad24/library/std/src/panic.rs:358:14
[INFO] [stdout]   39:     0x62c12a7132ca - std::thread::Builder::spawn_unchecked_::{{closure}}::h53c3a1894dce8407
[INFO] [stdout]                                at /rustc/6067b36314ab5eb2eb47cecc464545ba58e1ad24/library/std/src/thread/mod.rs:557:30
[INFO] [stdout]   40:     0x62c12a7132ca - core::ops::function::FnOnce::call_once{{vtable.shim}}::h048ce291ad4f62bf
[INFO] [stdout]                                at /rustc/6067b36314ab5eb2eb47cecc464545ba58e1ad24/library/core/src/ops/function.rs:250:5
[INFO] [stdout]   41:     0x62c12a8277cb - <alloc::boxed::Box<F,A> as core::ops::function::FnOnce<Args>>::call_once::ha52bedf99a3b4981
[INFO] [stdout]                                at /rustc/6067b36314ab5eb2eb47cecc464545ba58e1ad24/library/alloc/src/boxed.rs:2013:9
[INFO] [stdout]   42:     0x62c12a8277cb - <alloc::boxed::Box<F,A> as core::ops::function::FnOnce<Args>>::call_once::h567748934d80ccf8
[INFO] [stdout]                                at /rustc/6067b36314ab5eb2eb47cecc464545ba58e1ad24/library/alloc/src/boxed.rs:2013:9
[INFO] [stdout]   43:     0x62c12a8277cb - std::sys::pal::unix::thread::Thread::new::thread_start::h2d970728ae887adc
[INFO] [stdout]                                at /rustc/6067b36314ab5eb2eb47cecc464545ba58e1ad24/library/std/src/sys/pal/unix/thread.rs:106:17
[INFO] [stdout]   44:     0x729074e50ac3 - <unknown>
[INFO] [stdout]   45:     0x729074ee1a04 - clone
[INFO] [stdout]   46:                0x0 - <unknown>
[INFO] [stdout] 
[INFO] [stdout] 
[INFO] [stdout] failures:
[INFO] [stdout]     models::db::in_memory_record::tests::has_expired_passes
[INFO] [stdout] 
[INFO] [stdout] test result: FAILED. 12 passed; 1 failed; 0 ignored; 0 measured; 0 filtered out; finished in 0.06s
[INFO] [stdout] 
[INFO] running `Command { std: "docker" "inspect" "b9fed66079c15be3c3c429db1ee39eba1054925b734e2c70ed42505291860c63", kill_on_drop: false }`
[INFO] running `Command { std: "docker" "rm" "-f" "b9fed66079c15be3c3c429db1ee39eba1054925b734e2c70ed42505291860c63", kill_on_drop: false }`
[INFO] [stdout] b9fed66079c15be3c3c429db1ee39eba1054925b734e2c70ed42505291860c63
