[INFO] cloning repository https://github.com/hushmesh/mini-teaclave-sgx-sdk
[INFO] running `Command { std: "git" "-c" "credential.helper=" "-c" "credential.helper=/workspace/cargo-home/bin/git-credential-null" "clone" "--bare" "https://github.com/hushmesh/mini-teaclave-sgx-sdk" "/workspace/cache/git-repos/https%3A%2F%2Fgithub.com%2Fhushmesh%2Fmini-teaclave-sgx-sdk", kill_on_drop: false }`
[INFO] [stderr] Cloning into bare repository '/workspace/cache/git-repos/https%3A%2F%2Fgithub.com%2Fhushmesh%2Fmini-teaclave-sgx-sdk'...
[INFO] running `Command { std: "git" "rev-parse" "HEAD", kill_on_drop: false }`
[INFO] [stdout] fa0f52edfad6e64e4a9415f112baaeea73a02033
[INFO] testing hushmesh/mini-teaclave-sgx-sdk against nightly-2025-01-18 for randomize-layout-2
[INFO] running `Command { std: "git" "clone" "/workspace/cache/git-repos/https%3A%2F%2Fgithub.com%2Fhushmesh%2Fmini-teaclave-sgx-sdk" "/workspace/builds/worker-0-tc1/source", kill_on_drop: false }`
[INFO] [stderr] Cloning into '/workspace/builds/worker-0-tc1/source'...
[INFO] [stderr] done.
[INFO] validating manifest of git repo https://github.com/hushmesh/mini-teaclave-sgx-sdk on toolchain nightly-2025-01-18
[INFO] running `Command { std: CARGO_HOME="/workspace/cargo-home" RUSTUP_HOME="/workspace/rustup-home" "/workspace/cargo-home/bin/cargo" "+nightly-2025-01-18" "metadata" "--manifest-path" "Cargo.toml" "--no-deps", kill_on_drop: false }`
[INFO] started tweaking git repo https://github.com/hushmesh/mini-teaclave-sgx-sdk
[INFO] finished tweaking git repo https://github.com/hushmesh/mini-teaclave-sgx-sdk
[INFO] tweaked toml for git repo https://github.com/hushmesh/mini-teaclave-sgx-sdk written to /workspace/builds/worker-0-tc1/source/Cargo.toml
[INFO] crate git repo https://github.com/hushmesh/mini-teaclave-sgx-sdk already has a lockfile, it will not be regenerated
[INFO] running `Command { std: CARGO_HOME="/workspace/cargo-home" RUSTUP_HOME="/workspace/rustup-home" "/workspace/cargo-home/bin/cargo" "+nightly-2025-01-18" "fetch" "--manifest-path" "Cargo.toml", kill_on_drop: false }`
[INFO] running `Command { std: "docker" "create" "-v" "/var/lib/crater-agent-workspace/builds/worker-0-tc1/target:/opt/rustwide/target:rw,Z" "-v" "/var/lib/crater-agent-workspace/builds/worker-0-tc1/source:/opt/rustwide/workdir:ro,Z" "-v" "/var/lib/crater-agent-workspace/cargo-home:/opt/rustwide/cargo-home:ro,Z" "-v" "/var/lib/crater-agent-workspace/rustup-home:/opt/rustwide/rustup-home:ro,Z" "-e" "SOURCE_DIR=/opt/rustwide/workdir" "-e" "CARGO_TARGET_DIR=/opt/rustwide/target" "-e" "CARGO_HOME=/opt/rustwide/cargo-home" "-e" "RUSTUP_HOME=/opt/rustwide/rustup-home" "-w" "/opt/rustwide/workdir" "-m" "1610612736" "--user" "0:0" "--network" "none" "ghcr.io/rust-lang/crates-build-env/linux@sha256:819108c5571ea2e421544af4d832f968d213c87fbe3707a016657f43d2f853bc" "/opt/rustwide/cargo-home/bin/cargo" "+nightly-2025-01-18" "metadata" "--no-deps" "--format-version=1", kill_on_drop: false }`
[INFO] [stdout] 0c810fedede9e92faf735ac4cd565a45639096116cee35fd4f008e6c9d1d102a
[INFO] running `Command { std: "docker" "start" "-a" "0c810fedede9e92faf735ac4cd565a45639096116cee35fd4f008e6c9d1d102a", kill_on_drop: false }`
[INFO] running `Command { std: "docker" "inspect" "0c810fedede9e92faf735ac4cd565a45639096116cee35fd4f008e6c9d1d102a", kill_on_drop: false }`
[INFO] running `Command { std: "docker" "rm" "-f" "0c810fedede9e92faf735ac4cd565a45639096116cee35fd4f008e6c9d1d102a", kill_on_drop: false }`
[INFO] [stdout] 0c810fedede9e92faf735ac4cd565a45639096116cee35fd4f008e6c9d1d102a
[INFO] running `Command { std: "docker" "create" "-v" "/var/lib/crater-agent-workspace/builds/worker-0-tc1/target:/opt/rustwide/target:rw,Z" "-v" "/var/lib/crater-agent-workspace/builds/worker-0-tc1/source:/opt/rustwide/workdir:ro,Z" "-v" "/var/lib/crater-agent-workspace/cargo-home:/opt/rustwide/cargo-home:ro,Z" "-v" "/var/lib/crater-agent-workspace/rustup-home:/opt/rustwide/rustup-home:ro,Z" "-e" "SOURCE_DIR=/opt/rustwide/workdir" "-e" "CARGO_TARGET_DIR=/opt/rustwide/target" "-e" "CARGO_INCREMENTAL=0" "-e" "RUST_BACKTRACE=full" "-e" "RUSTFLAGS=--cap-lints=forbid" "-e" "RUSTDOCFLAGS=--cap-lints=forbid" "-e" "CARGO_HOME=/opt/rustwide/cargo-home" "-e" "RUSTUP_HOME=/opt/rustwide/rustup-home" "-w" "/opt/rustwide/workdir" "-m" "1610612736" "--user" "0:0" "--network" "none" "ghcr.io/rust-lang/crates-build-env/linux@sha256:819108c5571ea2e421544af4d832f968d213c87fbe3707a016657f43d2f853bc" "/opt/rustwide/cargo-home/bin/cargo" "+nightly-2025-01-18" "build" "--frozen" "--message-format=json", kill_on_drop: false }`
[INFO] [stdout] 010d94d0e3ff5ffc2f5d2fe3fcb4f87366dda6aa5fad83ca6a3751fbaf11ff5c
[INFO] running `Command { std: "docker" "start" "-a" "010d94d0e3ff5ffc2f5d2fe3fcb4f87366dda6aa5fad83ca6a3751fbaf11ff5c", kill_on_drop: false }`
[INFO] [stderr]    Compiling sgx_mini_types v1.1.6 (/opt/rustwide/workdir/sgx_mini_types)
[INFO] [stderr]    Compiling libc v0.2.155
[INFO] [stderr]    Compiling log v0.4.22
[INFO] [stderr]    Compiling sgx_mini_ushim v1.1.6 (/opt/rustwide/workdir/sgx_mini_ushim)
[INFO] [stderr]    Compiling sgx_mini_alloc v1.1.6 (/opt/rustwide/workdir/sgx_mini_alloc)
[INFO] [stderr]    Compiling sgx_mini_tshim v1.1.6 (/opt/rustwide/workdir/sgx_mini_tshim)
[INFO] [stderr]    Compiling sgx_mini_panic_abort v1.1.6 (/opt/rustwide/workdir/sgx_mini_panic_abort)
[INFO] [stderr]    Compiling sgx_mini_tunittest v1.1.6 (/opt/rustwide/workdir/sgx_mini_tunittest)
[INFO] [stderr]    Compiling sgx_mini_tseal v1.1.6 (/opt/rustwide/workdir/sgx_mini_tseal)
[INFO] [stderr]    Compiling sgx_mini_tdh v1.1.6 (/opt/rustwide/workdir/sgx_mini_tdh)
[INFO] [stderr]    Compiling sgx_mini_tse v1.1.6 (/opt/rustwide/workdir/sgx_mini_tse)
[INFO] [stderr]    Compiling sgx_mini_urts v1.1.6 (/opt/rustwide/workdir/sgx_mini_urts)
[INFO] [stderr]     Finished `dev` profile [unoptimized + debuginfo] target(s) in 0.63s
[INFO] running `Command { std: "docker" "inspect" "010d94d0e3ff5ffc2f5d2fe3fcb4f87366dda6aa5fad83ca6a3751fbaf11ff5c", kill_on_drop: false }`
[INFO] running `Command { std: "docker" "rm" "-f" "010d94d0e3ff5ffc2f5d2fe3fcb4f87366dda6aa5fad83ca6a3751fbaf11ff5c", kill_on_drop: false }`
[INFO] [stdout] 010d94d0e3ff5ffc2f5d2fe3fcb4f87366dda6aa5fad83ca6a3751fbaf11ff5c
[INFO] running `Command { std: "docker" "create" "-v" "/var/lib/crater-agent-workspace/builds/worker-0-tc1/target:/opt/rustwide/target:rw,Z" "-v" "/var/lib/crater-agent-workspace/builds/worker-0-tc1/source:/opt/rustwide/workdir:ro,Z" "-v" "/var/lib/crater-agent-workspace/cargo-home:/opt/rustwide/cargo-home:ro,Z" "-v" "/var/lib/crater-agent-workspace/rustup-home:/opt/rustwide/rustup-home:ro,Z" "-e" "SOURCE_DIR=/opt/rustwide/workdir" "-e" "CARGO_TARGET_DIR=/opt/rustwide/target" "-e" "CARGO_INCREMENTAL=0" "-e" "RUST_BACKTRACE=full" "-e" "RUSTFLAGS=--cap-lints=forbid" "-e" "RUSTDOCFLAGS=--cap-lints=forbid" "-e" "CARGO_HOME=/opt/rustwide/cargo-home" "-e" "RUSTUP_HOME=/opt/rustwide/rustup-home" "-w" "/opt/rustwide/workdir" "-m" "1610612736" "--user" "0:0" "--network" "none" "ghcr.io/rust-lang/crates-build-env/linux@sha256:819108c5571ea2e421544af4d832f968d213c87fbe3707a016657f43d2f853bc" "/opt/rustwide/cargo-home/bin/cargo" "+nightly-2025-01-18" "test" "--frozen" "--no-run" "--message-format=json", kill_on_drop: false }`
[INFO] [stdout] fffeae68f8a9fe80af3651a5db42b9221b6c705a5fe2e2e6cf2285416292442f
[INFO] running `Command { std: "docker" "start" "-a" "fffeae68f8a9fe80af3651a5db42b9221b6c705a5fe2e2e6cf2285416292442f", kill_on_drop: false }`
[INFO] [stderr]    Compiling sgx_mini_panic_abort v1.1.6 (/opt/rustwide/workdir/sgx_mini_panic_abort)
[INFO] [stderr]    Compiling sgx_mini_tunittest v1.1.6 (/opt/rustwide/workdir/sgx_mini_tunittest)
[INFO] [stderr]    Compiling sgx_mini_tse v1.1.6 (/opt/rustwide/workdir/sgx_mini_tse)
[INFO] [stderr]    Compiling sgx_mini_tseal v1.1.6 (/opt/rustwide/workdir/sgx_mini_tseal)
[INFO] [stderr]    Compiling sgx_mini_tdh v1.1.6 (/opt/rustwide/workdir/sgx_mini_tdh)
[INFO] [stderr]    Compiling sgx_mini_alloc v1.1.6 (/opt/rustwide/workdir/sgx_mini_alloc)
[INFO] [stderr]    Compiling sgx_mini_types v1.1.6 (/opt/rustwide/workdir/sgx_mini_types)
[INFO] [stderr]    Compiling sgx_mini_tshim v1.1.6 (/opt/rustwide/workdir/sgx_mini_tshim)
[INFO] [stderr]    Compiling sgx_mini_ushim v1.1.6 (/opt/rustwide/workdir/sgx_mini_ushim)
[INFO] [stderr]    Compiling sgx_mini_urts v1.1.6 (/opt/rustwide/workdir/sgx_mini_urts)
[INFO] [stderr]     Finished `test` profile [unoptimized + debuginfo] target(s) in 0.38s
[INFO] running `Command { std: "docker" "inspect" "fffeae68f8a9fe80af3651a5db42b9221b6c705a5fe2e2e6cf2285416292442f", kill_on_drop: false }`
[INFO] running `Command { std: "docker" "rm" "-f" "fffeae68f8a9fe80af3651a5db42b9221b6c705a5fe2e2e6cf2285416292442f", kill_on_drop: false }`
[INFO] [stdout] fffeae68f8a9fe80af3651a5db42b9221b6c705a5fe2e2e6cf2285416292442f
[INFO] running `Command { std: "docker" "create" "-v" "/var/lib/crater-agent-workspace/builds/worker-0-tc1/target:/opt/rustwide/target:rw,Z" "-v" "/var/lib/crater-agent-workspace/builds/worker-0-tc1/source:/opt/rustwide/workdir:ro,Z" "-v" "/var/lib/crater-agent-workspace/cargo-home:/opt/rustwide/cargo-home:ro,Z" "-v" "/var/lib/crater-agent-workspace/rustup-home:/opt/rustwide/rustup-home:ro,Z" "-e" "SOURCE_DIR=/opt/rustwide/workdir" "-e" "CARGO_TARGET_DIR=/opt/rustwide/target" "-e" "CARGO_INCREMENTAL=0" "-e" "RUST_BACKTRACE=full" "-e" "RUSTFLAGS=--cap-lints=forbid" "-e" "RUSTDOCFLAGS=--cap-lints=forbid" "-e" "CARGO_HOME=/opt/rustwide/cargo-home" "-e" "RUSTUP_HOME=/opt/rustwide/rustup-home" "-w" "/opt/rustwide/workdir" "-m" "1610612736" "--user" "0:0" "--network" "none" "ghcr.io/rust-lang/crates-build-env/linux@sha256:819108c5571ea2e421544af4d832f968d213c87fbe3707a016657f43d2f853bc" "/opt/rustwide/cargo-home/bin/cargo" "+nightly-2025-01-18" "test" "--frozen", kill_on_drop: false }`
[INFO] [stdout] 5008ab617c5586d68f26634c98b5bc833b7dc3d688fed0dbc8e598375f8c95af
[INFO] running `Command { std: "docker" "start" "-a" "5008ab617c5586d68f26634c98b5bc833b7dc3d688fed0dbc8e598375f8c95af", kill_on_drop: false }`
[INFO] [stderr]     Finished `test` profile [unoptimized + debuginfo] target(s) in 0.05s
[INFO] [stderr]      Running unittests src/lib.rs (/opt/rustwide/target/debug/deps/sgx_mini_alloc-ae9c44914fd37613)
[INFO] [stdout] 
[INFO] [stdout] running 0 tests
[INFO] [stdout] 
[INFO] [stdout] test result: ok. 0 passed; 0 failed; 0 ignored; 0 measured; 0 filtered out; finished in 0.00s
[INFO] [stdout] 
[INFO] [stderr]      Running unittests src/lib.rs (/opt/rustwide/target/debug/deps/sgx_mini_panic_abort-e36d8c832db128d0)
[INFO] [stdout] 
[INFO] [stdout] running 0 tests
[INFO] [stdout] 
[INFO] [stdout] test result: ok. 0 passed; 0 failed; 0 ignored; 0 measured; 0 filtered out; finished in 0.00s
[INFO] [stdout] 
[INFO] [stderr]      Running unittests src/lib.rs (/opt/rustwide/target/debug/deps/sgx_mini_tdh-35035b5ee17d3a0a)
[INFO] [stdout] 
[INFO] [stdout] running 0 tests
[INFO] [stdout] 
[INFO] [stdout] test result: ok. 0 passed; 0 failed; 0 ignored; 0 measured; 0 filtered out; finished in 0.00s
[INFO] [stdout] 
[INFO] [stderr]      Running unittests src/lib.rs (/opt/rustwide/target/debug/deps/sgx_mini_tse-577a728ab8d51c38)
[INFO] [stdout] 
[INFO] [stdout] running 0 tests
[INFO] [stdout] 
[INFO] [stdout] test result: ok. 0 passed; 0 failed; 0 ignored; 0 measured; 0 filtered out; finished in 0.00s
[INFO] [stdout] 
[INFO] [stderr]      Running unittests src/lib.rs (/opt/rustwide/target/debug/deps/sgx_mini_tseal-32375633ca67f844)
[INFO] [stdout] 
[INFO] [stdout] running 0 tests
[INFO] [stdout] 
[INFO] [stdout] test result: ok. 0 passed; 0 failed; 0 ignored; 0 measured; 0 filtered out; finished in 0.00s
[INFO] [stdout] 
[INFO] [stderr]      Running unittests src/lib.rs (/opt/rustwide/target/debug/deps/sgx_mini_tshim-11f7ca4f9f916841)
[INFO] [stdout] 
[INFO] [stdout] running 0 tests
[INFO] [stdout] 
[INFO] [stdout] test result: ok. 0 passed; 0 failed; 0 ignored; 0 measured; 0 filtered out; finished in 0.00s
[INFO] [stdout] 
[INFO] [stderr]      Running unittests src/lib.rs (/opt/rustwide/target/debug/deps/sgx_mini_tunittest-861f34ce54c78a6d)
[INFO] [stdout] 
[INFO] [stdout] running 0 tests
[INFO] [stdout] 
[INFO] [stdout] test result: ok. 0 passed; 0 failed; 0 ignored; 0 measured; 0 filtered out; finished in 0.00s
[INFO] [stdout] 
[INFO] [stderr]      Running unittests src/lib.rs (/opt/rustwide/target/debug/deps/sgx_mini_types-dd20f47f4095378c)
[INFO] [stdout] 
[INFO] [stdout] running 0 tests
[INFO] [stdout] 
[INFO] [stdout] test result: ok. 0 passed; 0 failed; 0 ignored; 0 measured; 0 filtered out; finished in 0.00s
[INFO] [stdout] 
[INFO] [stderr]      Running unittests src/lib.rs (/opt/rustwide/target/debug/deps/sgx_mini_urts-d5c23fb44a408ef1)
[INFO] [stdout] 
[INFO] [stdout] running 0 tests
[INFO] [stdout] 
[INFO] [stdout] test result: ok. 0 passed; 0 failed; 0 ignored; 0 measured; 0 filtered out; finished in 0.00s
[INFO] [stdout] 
[INFO] [stderr]      Running unittests src/lib.rs (/opt/rustwide/target/debug/deps/sgx_mini_ushim-fdcbd2401670bac4)
[INFO] [stdout] 
[INFO] [stdout] running 0 tests
[INFO] [stdout] 
[INFO] [stdout] test result: ok. 0 passed; 0 failed; 0 ignored; 0 measured; 0 filtered out; finished in 0.00s
[INFO] [stdout] 
[INFO] [stderr]    Doc-tests sgx_mini_alloc
[INFO] [stdout] 
[INFO] [stdout] running 0 tests
[INFO] [stdout] 
[INFO] [stdout] test result: ok. 0 passed; 0 failed; 0 ignored; 0 measured; 0 filtered out; finished in 0.00s
[INFO] [stdout] 
[INFO] [stderr]    Doc-tests sgx_mini_panic_abort
[INFO] [stdout] 
[INFO] [stdout] running 0 tests
[INFO] [stdout] 
[INFO] [stdout] test result: ok. 0 passed; 0 failed; 0 ignored; 0 measured; 0 filtered out; finished in 0.00s
[INFO] [stdout] 
[INFO] [stderr]    Doc-tests sgx_mini_tdh
[INFO] [stdout] 
[INFO] [stdout] running 2 tests
[INFO] [stdout] test sgx_mini_tdh/src/dh.rs - dh::SgxDhResponder::proc_msg2 (line 329) ... FAILED
[INFO] [stdout] test sgx_mini_tdh/src/dh.rs - dh::SgxDhInitiator::proc_msg3 (line 740) ... FAILED
[INFO] [stdout] 
[INFO] [stdout] failures:
[INFO] [stdout] 
[INFO] [stdout] ---- sgx_mini_tdh/src/dh.rs - dh::SgxDhResponder::proc_msg2 (line 329) stdout ----
[INFO] [stdout] error: expected one of `!`, `.`, `::`, `;`, `?`, `{`, `}`, or an operator, found `:`
[INFO] [stdout]  --> sgx_mini_tdh/src/dh.rs:330:5
[INFO] [stdout]   |
[INFO] [stdout] 3 | KDK := CMAC(key0, LittleEndian(gab x-coordinate))
[INFO] [stdout]   |     ^ expected one of 8 possible tokens
[INFO] [stdout] 
[INFO] [stdout] error: aborting due to 1 previous error
[INFO] [stdout] 
[INFO] [stdout] Couldn't compile the test.
[INFO] [stdout] ---- sgx_mini_tdh/src/dh.rs - dh::SgxDhInitiator::proc_msg3 (line 740) stdout ----
[INFO] [stdout] error: expected one of `!`, `.`, `::`, `;`, `?`, `{`, `}`, or an operator, found `:`
[INFO] [stdout]  --> sgx_mini_tdh/src/dh.rs:741:4
[INFO] [stdout]   |
[INFO] [stdout] 3 | KDK:= CMAC(key0, LittleEndian(gab x-coordinate))
[INFO] [stdout]   |    ^ expected one of 8 possible tokens
[INFO] [stdout] 
[INFO] [stdout] error: aborting due to 1 previous error
[INFO] [stdout] 
[INFO] [stdout] Couldn't compile the test.
[INFO] [stdout] 
[INFO] [stdout] failures:
[INFO] [stdout]     sgx_mini_tdh/src/dh.rs - dh::SgxDhInitiator::proc_msg3 (line 740)
[INFO] [stdout]     sgx_mini_tdh/src/dh.rs - dh::SgxDhResponder::proc_msg2 (line 329)
[INFO] [stdout] 
[INFO] [stdout] test result: FAILED. 0 passed; 2 failed; 0 ignored; 0 measured; 0 filtered out; finished in 0.02s
[INFO] [stdout] 
[INFO] [stderr] error: doctest failed, to rerun pass `-p sgx_mini_tdh --doc`
[INFO] running `Command { std: "docker" "inspect" "5008ab617c5586d68f26634c98b5bc833b7dc3d688fed0dbc8e598375f8c95af", kill_on_drop: false }`
[INFO] running `Command { std: "docker" "rm" "-f" "5008ab617c5586d68f26634c98b5bc833b7dc3d688fed0dbc8e598375f8c95af", kill_on_drop: false }`
[INFO] [stdout] 5008ab617c5586d68f26634c98b5bc833b7dc3d688fed0dbc8e598375f8c95af
