[INFO] cloning repository https://github.com/brownben/bang3
[INFO] running `Command { std: "git" "-c" "credential.helper=" "-c" "credential.helper=/workspace/cargo-home/bin/git-credential-null" "clone" "--bare" "https://github.com/brownben/bang3" "/workspace/cache/git-repos/https%3A%2F%2Fgithub.com%2Fbrownben%2Fbang3", kill_on_drop: false }`
[INFO] [stderr] Cloning into bare repository '/workspace/cache/git-repos/https%3A%2F%2Fgithub.com%2Fbrownben%2Fbang3'...
[INFO] running `Command { std: "git" "rev-parse" "HEAD", kill_on_drop: false }`
[INFO] [stdout] e7475fab4c818d7953e5ee74cd8140b2841c9c60
[INFO] testing brownben/bang3 against nightly-2025-01-18+rustflags=-Zrandomize-layout for randomize-layout-2
[INFO] running `Command { std: "git" "clone" "/workspace/cache/git-repos/https%3A%2F%2Fgithub.com%2Fbrownben%2Fbang3" "/workspace/builds/worker-1-tc2/source", kill_on_drop: false }`
[INFO] [stderr] Cloning into '/workspace/builds/worker-1-tc2/source'...
[INFO] [stderr] done.
[INFO] validating manifest of git repo https://github.com/brownben/bang3 on toolchain nightly-2025-01-18
[INFO] running `Command { std: CARGO_HOME="/workspace/cargo-home" RUSTUP_HOME="/workspace/rustup-home" "/workspace/cargo-home/bin/cargo" "+nightly-2025-01-18" "metadata" "--manifest-path" "Cargo.toml" "--no-deps", kill_on_drop: false }`
[INFO] started tweaking git repo https://github.com/brownben/bang3
[INFO] finished tweaking git repo https://github.com/brownben/bang3
[INFO] tweaked toml for git repo https://github.com/brownben/bang3 written to /workspace/builds/worker-1-tc2/source/Cargo.toml
[INFO] crate git repo https://github.com/brownben/bang3 already has a lockfile, it will not be regenerated
[INFO] running `Command { std: CARGO_HOME="/workspace/cargo-home" RUSTUP_HOME="/workspace/rustup-home" "/workspace/cargo-home/bin/cargo" "+nightly-2025-01-18" "fetch" "--manifest-path" "Cargo.toml", kill_on_drop: false }`
[INFO] running `Command { std: "docker" "create" "-v" "/var/lib/crater-agent-workspace/builds/worker-1-tc2/target:/opt/rustwide/target:rw,Z" "-v" "/var/lib/crater-agent-workspace/builds/worker-1-tc2/source:/opt/rustwide/workdir:ro,Z" "-v" "/var/lib/crater-agent-workspace/cargo-home:/opt/rustwide/cargo-home:ro,Z" "-v" "/var/lib/crater-agent-workspace/rustup-home:/opt/rustwide/rustup-home:ro,Z" "-e" "SOURCE_DIR=/opt/rustwide/workdir" "-e" "CARGO_TARGET_DIR=/opt/rustwide/target" "-e" "CARGO_HOME=/opt/rustwide/cargo-home" "-e" "RUSTUP_HOME=/opt/rustwide/rustup-home" "-w" "/opt/rustwide/workdir" "-m" "1610612736" "--user" "0:0" "--network" "none" "ghcr.io/rust-lang/crates-build-env/linux@sha256:819108c5571ea2e421544af4d832f968d213c87fbe3707a016657f43d2f853bc" "/opt/rustwide/cargo-home/bin/cargo" "+nightly-2025-01-18" "metadata" "--no-deps" "--format-version=1", kill_on_drop: false }`
[INFO] [stdout] fa373154bd32aedccf0283e912fdc95065eeac080d3d41b02a507b456c8e6bb6
[INFO] running `Command { std: "docker" "start" "-a" "fa373154bd32aedccf0283e912fdc95065eeac080d3d41b02a507b456c8e6bb6", kill_on_drop: false }`
[INFO] running `Command { std: "docker" "inspect" "fa373154bd32aedccf0283e912fdc95065eeac080d3d41b02a507b456c8e6bb6", kill_on_drop: false }`
[INFO] running `Command { std: "docker" "rm" "-f" "fa373154bd32aedccf0283e912fdc95065eeac080d3d41b02a507b456c8e6bb6", kill_on_drop: false }`
[INFO] [stdout] fa373154bd32aedccf0283e912fdc95065eeac080d3d41b02a507b456c8e6bb6
[INFO] running `Command { std: "docker" "create" "-v" "/var/lib/crater-agent-workspace/builds/worker-1-tc2/target:/opt/rustwide/target:rw,Z" "-v" "/var/lib/crater-agent-workspace/builds/worker-1-tc2/source:/opt/rustwide/workdir:ro,Z" "-v" "/var/lib/crater-agent-workspace/cargo-home:/opt/rustwide/cargo-home:ro,Z" "-v" "/var/lib/crater-agent-workspace/rustup-home:/opt/rustwide/rustup-home:ro,Z" "-e" "SOURCE_DIR=/opt/rustwide/workdir" "-e" "CARGO_TARGET_DIR=/opt/rustwide/target" "-e" "CARGO_INCREMENTAL=0" "-e" "RUST_BACKTRACE=full" "-e" "RUSTFLAGS=--cap-lints=forbid -Zrandomize-layout" "-e" "RUSTDOCFLAGS=--cap-lints=forbid" "-e" "CARGO_HOME=/opt/rustwide/cargo-home" "-e" "RUSTUP_HOME=/opt/rustwide/rustup-home" "-w" "/opt/rustwide/workdir" "-m" "1610612736" "--user" "0:0" "--network" "none" "ghcr.io/rust-lang/crates-build-env/linux@sha256:819108c5571ea2e421544af4d832f968d213c87fbe3707a016657f43d2f853bc" "/opt/rustwide/cargo-home/bin/cargo" "+nightly-2025-01-18" "build" "--frozen" "--message-format=json", kill_on_drop: false }`
[INFO] [stdout] 67a4ba0c694079a4c9f130009c454875f1450cc180dfff97a7c43bfed8410dd8
[INFO] running `Command { std: "docker" "start" "-a" "67a4ba0c694079a4c9f130009c454875f1450cc180dfff97a7c43bfed8410dd8", kill_on_drop: false }`
[INFO] [stderr]    Compiling proc-macro2 v1.0.89
[INFO] [stderr]    Compiling unicode-ident v1.0.13
[INFO] [stderr]    Compiling version_check v0.9.5
[INFO] [stderr]    Compiling autocfg v1.4.0
[INFO] [stderr]    Compiling thin-vec v0.2.13
[INFO] [stderr]    Compiling serde v1.0.215
[INFO] [stderr]    Compiling crossbeam-utils v0.8.20
[INFO] [stderr]    Compiling memchr v2.7.4
[INFO] [stderr]    Compiling static_assertions v1.1.0
[INFO] [stderr]    Compiling serde_json v1.0.133
[INFO] [stderr]    Compiling utf8parse v0.2.2
[INFO] [stderr]    Compiling ryu v1.0.18
[INFO] [stderr]    Compiling bang-syntax v3.0.0 (/opt/rustwide/workdir/crates/syntax)
[INFO] [stderr]    Compiling bang-gc v3.0.0 (/opt/rustwide/workdir/crates/gc)
[INFO] [stderr]    Compiling itoa v1.0.11
[INFO] [stderr]    Compiling bitflags v2.6.0
[INFO] [stderr]    Compiling rustc-hash v2.0.0
[INFO] [stderr]    Compiling rustix v0.38.41
[INFO] [stderr]    Compiling libc v0.2.164
[INFO] [stderr]    Compiling cfg_aliases v0.2.1
[INFO] [stderr]    Compiling smartstring v1.0.1
[INFO] [stderr]    Compiling nix v0.29.0
[INFO] [stderr]    Compiling quote v1.0.37
[INFO] [stderr]    Compiling syn v2.0.87
[INFO] [stderr]    Compiling anstyle-parse v0.2.6
[INFO] [stderr]    Compiling smallvec v1.13.2
[INFO] [stderr]    Compiling cfg-if v1.0.0
[INFO] [stderr]    Compiling bitflags v1.3.2
[INFO] [stderr]    Compiling colorchoice v1.0.3
[INFO] [stderr]    Compiling is_terminal_polyfill v1.70.1
[INFO] [stderr]    Compiling linux-raw-sys v0.4.14
[INFO] [stderr]    Compiling anstyle v1.0.10
[INFO] [stderr]    Compiling anstyle-query v1.1.2
[INFO] [stderr]    Compiling log v0.4.22
[INFO] [stderr]    Compiling nibble_vec v0.1.0
[INFO] [stderr]    Compiling bang-interpreter v3.0.0 (/opt/rustwide/workdir/crates/interpreter)
[INFO] [stderr]    Compiling anstream v0.6.18
[INFO] [stderr]    Compiling crossbeam-channel v0.5.13
[INFO] [stderr]    Compiling fluent-uri v0.1.4
[INFO] [stderr]    Compiling owo-colors v4.1.0
[INFO] [stderr]    Compiling strsim v0.11.1
[INFO] [stderr]    Compiling clap_lex v0.7.3
[INFO] [stderr]    Compiling bang-stdlib v3.0.0 (/opt/rustwide/workdir/crates/stdlib)
[INFO] [stderr]    Compiling indoc v2.0.5
[INFO] [stderr]    Compiling heck v0.5.0
[INFO] [stderr]    Compiling endian-type v0.1.2
[INFO] [stderr]    Compiling bumpalo v3.16.0
[INFO] [stderr]    Compiling radix_trie v0.2.1
[INFO] [stderr]    Compiling clap_builder v4.5.21
[INFO] [stderr]    Compiling bang-typechecker v3.0.0 (/opt/rustwide/workdir/crates/typechecker)
[INFO] [stderr]    Compiling bang-linter v3.0.0 (/opt/rustwide/workdir/crates/linter)
[INFO] [stderr]    Compiling unicode-segmentation v1.12.0
[INFO] [stderr]    Compiling bang-formatter v3.0.0 (/opt/rustwide/workdir/crates/formatter)
[INFO] [stderr]    Compiling home v0.5.9
[INFO] [stderr]    Compiling unicode-width v0.2.0
[INFO] [stderr]    Compiling fd-lock v4.0.2
[INFO] [stderr]    Compiling serde_derive v1.0.215
[INFO] [stderr]    Compiling serde_repr v0.1.19
[INFO] [stderr]    Compiling rustyline-derive v0.11.0
[INFO] [stderr]    Compiling clap_derive v4.5.18
[INFO] [stderr]    Compiling rustyline v15.0.0
[INFO] [stderr]    Compiling clap v4.5.21
[INFO] [stderr]    Compiling lsp-server v0.7.7
[INFO] [stderr]    Compiling lsp-types v0.97.0
[INFO] [stderr]    Compiling bang-lsp v3.0.0 (/opt/rustwide/workdir/crates/lsp)
[INFO] [stderr]    Compiling bang v3.0.0 (/opt/rustwide/workdir/crates/cli)
[INFO] [stderr]     Finished `dev` profile [unoptimized + debuginfo] target(s) in 1m 02s
[INFO] running `Command { std: "docker" "inspect" "67a4ba0c694079a4c9f130009c454875f1450cc180dfff97a7c43bfed8410dd8", kill_on_drop: false }`
[INFO] running `Command { std: "docker" "rm" "-f" "67a4ba0c694079a4c9f130009c454875f1450cc180dfff97a7c43bfed8410dd8", kill_on_drop: false }`
[INFO] [stdout] 67a4ba0c694079a4c9f130009c454875f1450cc180dfff97a7c43bfed8410dd8
[INFO] running `Command { std: "docker" "create" "-v" "/var/lib/crater-agent-workspace/builds/worker-1-tc2/target:/opt/rustwide/target:rw,Z" "-v" "/var/lib/crater-agent-workspace/builds/worker-1-tc2/source:/opt/rustwide/workdir:ro,Z" "-v" "/var/lib/crater-agent-workspace/cargo-home:/opt/rustwide/cargo-home:ro,Z" "-v" "/var/lib/crater-agent-workspace/rustup-home:/opt/rustwide/rustup-home:ro,Z" "-e" "SOURCE_DIR=/opt/rustwide/workdir" "-e" "CARGO_TARGET_DIR=/opt/rustwide/target" "-e" "CARGO_INCREMENTAL=0" "-e" "RUST_BACKTRACE=full" "-e" "RUSTFLAGS=--cap-lints=forbid -Zrandomize-layout" "-e" "RUSTDOCFLAGS=--cap-lints=forbid" "-e" "CARGO_HOME=/opt/rustwide/cargo-home" "-e" "RUSTUP_HOME=/opt/rustwide/rustup-home" "-w" "/opt/rustwide/workdir" "-m" "1610612736" "--user" "0:0" "--network" "none" "ghcr.io/rust-lang/crates-build-env/linux@sha256:819108c5571ea2e421544af4d832f968d213c87fbe3707a016657f43d2f853bc" "/opt/rustwide/cargo-home/bin/cargo" "+nightly-2025-01-18" "test" "--frozen" "--no-run" "--message-format=json", kill_on_drop: false }`
[INFO] [stdout] 807312a716dbdbad2eecb53e84968765c775a9567ab9c30eb9e854849cb5d059
[INFO] running `Command { std: "docker" "start" "-a" "807312a716dbdbad2eecb53e84968765c775a9567ab9c30eb9e854849cb5d059", kill_on_drop: false }`
[INFO] [stderr]    Compiling predicates-core v1.0.8
[INFO] [stderr]    Compiling doc-comment v0.3.3
[INFO] [stderr]    Compiling difflib v0.4.0
[INFO] [stderr]    Compiling regex-automata v0.4.9
[INFO] [stderr]    Compiling assert_cmd v2.0.16
[INFO] [stderr]    Compiling termtree v0.4.1
[INFO] [stderr]    Compiling wait-timeout v0.2.0
[INFO] [stderr]    Compiling predicates-tree v1.0.11
[INFO] [stderr]    Compiling predicates v3.1.2
[INFO] [stderr]    Compiling bstr v1.11.0
[INFO] [stderr]    Compiling bang v3.0.0 (/opt/rustwide/workdir/crates/cli)
[INFO] [stderr]     Finished `test` profile [unoptimized + debuginfo] target(s) in 5.10s
[INFO] running `Command { std: "docker" "inspect" "807312a716dbdbad2eecb53e84968765c775a9567ab9c30eb9e854849cb5d059", kill_on_drop: false }`
[INFO] running `Command { std: "docker" "rm" "-f" "807312a716dbdbad2eecb53e84968765c775a9567ab9c30eb9e854849cb5d059", kill_on_drop: false }`
[INFO] [stdout] 807312a716dbdbad2eecb53e84968765c775a9567ab9c30eb9e854849cb5d059
[INFO] running `Command { std: "docker" "create" "-v" "/var/lib/crater-agent-workspace/builds/worker-1-tc2/target:/opt/rustwide/target:rw,Z" "-v" "/var/lib/crater-agent-workspace/builds/worker-1-tc2/source:/opt/rustwide/workdir:ro,Z" "-v" "/var/lib/crater-agent-workspace/cargo-home:/opt/rustwide/cargo-home:ro,Z" "-v" "/var/lib/crater-agent-workspace/rustup-home:/opt/rustwide/rustup-home:ro,Z" "-e" "SOURCE_DIR=/opt/rustwide/workdir" "-e" "CARGO_TARGET_DIR=/opt/rustwide/target" "-e" "CARGO_INCREMENTAL=0" "-e" "RUST_BACKTRACE=full" "-e" "RUSTFLAGS=--cap-lints=forbid -Zrandomize-layout" "-e" "RUSTDOCFLAGS=--cap-lints=forbid" "-e" "CARGO_HOME=/opt/rustwide/cargo-home" "-e" "RUSTUP_HOME=/opt/rustwide/rustup-home" "-w" "/opt/rustwide/workdir" "-m" "1610612736" "--user" "0:0" "--network" "none" "ghcr.io/rust-lang/crates-build-env/linux@sha256:819108c5571ea2e421544af4d832f968d213c87fbe3707a016657f43d2f853bc" "/opt/rustwide/cargo-home/bin/cargo" "+nightly-2025-01-18" "test" "--frozen", kill_on_drop: false }`
[INFO] [stdout] c2596e91db716c2d325f05525ca0519e335677439aa9f4752466e598494b1007
[INFO] running `Command { std: "docker" "start" "-a" "c2596e91db716c2d325f05525ca0519e335677439aa9f4752466e598494b1007", kill_on_drop: false }`
[INFO] [stderr]     Finished `test` profile [unoptimized + debuginfo] target(s) in 0.15s
[INFO] [stderr]      Running unittests src/main.rs (/opt/rustwide/target/debug/deps/bang-2a066dab343db97c)
[INFO] [stdout] 
[INFO] [stdout] running 0 tests
[INFO] [stdout] 
[INFO] [stdout] test result: ok. 0 passed; 0 failed; 0 ignored; 0 measured; 0 filtered out; finished in 0.00s
[INFO] [stdout] 
[INFO] [stderr]      Running tests/ui_test_lint.rs (/opt/rustwide/target/debug/deps/ui_test_lint-df3a592075e44682)
[INFO] [stdout] 
[INFO] [stdout] running 17 tests
[INFO] [stdout] test fibonacci_example ... ok
[INFO] [stdout] test loss_of_precision ... ok
[INFO] [stdout] test constant_string_in_format_string ... ok
[INFO] [stdout] test identical_branches ... ok
[INFO] [stdout] test erasing_operation ... ok
[INFO] [stdout] test double_comparison_chain ... ok
[INFO] [stdout] test constant_conditions ... ok
[INFO] [stdout] test self_assignment ... ok
[INFO] [stdout] test negative_zero ... ok
[INFO] [stdout] test underscore_variable_use ... ok
[INFO] [stdout] test self_comparison ... ok
[INFO] [stdout] test empty_imports ... ok
[INFO] [stdout] test unnecessary_return ... ok
[INFO] [stdout] test unnecessary_closure ... ok
[INFO] [stdout] test useless_match ... ok
[INFO] [stdout] test yoda_equality ... ok
[INFO] [stdout] test unreachable_code ... ok
[INFO] [stdout] 
[INFO] [stdout] test result: ok. 17 passed; 0 failed; 0 ignored; 0 measured; 0 filtered out; finished in 0.08s
[INFO] [stdout] 
[INFO] [stderr]      Running tests/ui_test_parse_errors.rs (/opt/rustwide/target/debug/deps/ui_test_parse_errors-7814327e82183405)
[INFO] [stdout] 
[INFO] [stdout] running 16 tests
[INFO] [stdout] test expected_import_item ... ok
[INFO] [stdout] test expected_type ... ok
[INFO] [stdout] test expected_expression ... ok
[INFO] [stdout] test expected ... ok
[INFO] [stdout] test expected_pattern ... ok
[INFO] [stdout] test extra_arguments ... ok
[INFO] [stdout] test missing_identifier ... ok
[INFO] [stdout] test missing_module_name ... ok
[INFO] [stdout] test expected_pattern_range_end ... ok
[INFO] [stdout] test nested_pattern ... ok
[INFO] [stdout] test no_single_equal_operator ... ok
[INFO] [stdout] test return_outside_function ... ok
[INFO] [stdout] test keyword_as_import_item ... ok
[INFO] [stdout] test unknown_character ... ok
[INFO] [stdout] test block_end_with_expression ... ok
[INFO] [stdout] test unterminated_string ... ok
[INFO] [stderr]      Running tests/ui_test_print.rs (/opt/rustwide/target/debug/deps/ui_test_print-a226fe2dad8262f0)
[INFO] [stdout] 
[INFO] [stdout] test result: ok. 16 passed; 0 failed; 0 ignored; 0 measured; 0 filtered out; finished in 0.06s
[INFO] [stdout] 
[INFO] [stdout] 
[INFO] [stdout] running 3 tests
[INFO] [stdout] test bytecode_fibonacci_example ... ok
[INFO] [stdout] test ast_fibonacci_example ... ok
[INFO] [stdout] test tokens_fibonacci_example ... ok
[INFO] [stdout] 
[INFO] [stdout] test result: ok. 3 passed; 0 failed; 0 ignored; 0 measured; 0 filtered out; finished in 0.02s
[INFO] [stdout] 
[INFO] [stderr]      Running tests/ui_test_runtime_error.rs (/opt/rustwide/target/debug/deps/ui_test_runtime_error-0cedb048ef8d1dd0)
[INFO] [stdout] 
[INFO] [stdout] running 11 tests
[INFO] [stdout] test not_callable ... ok
[INFO] [stdout] test expected_ordered ... ok
[INFO] [stdout] test panics ... ok
[INFO] [stdout] test import_not_found ... ok
[INFO] [stdout] test traceback ... ok
[INFO] [stdout] test assertions ... ok
[INFO] [stdout] test expected_number ... ok
[INFO] [stdout] test undefined_variable ... ok
[INFO] [stdout] test traceback_native_functions ... ok
[INFO] [stdout] test stack_overflow ... FAILED
[INFO] [stdout] test fibonacci_example ... ok
[INFO] [stdout] 
[INFO] [stdout] failures:
[INFO] [stdout] 
[INFO] [stdout] ---- stack_overflow stdout ----
[INFO] [stdout] 
[INFO] [stdout] thread 'stack_overflow' panicked at crates/cli/tests/ui_test_runtime_error.rs:340:3:
[INFO] [stdout] assertion `left == right` failed
[INFO] [stdout]   left: "✕ Error: Stack Overflow\nthe stack has overflowed. consider increasing the stack size\n\n    ╭─[STDIN:1]\n  1 │ let infiniteLoop = x => infiniteLoop(x)\n────╯\n\nin function 'infiniteLoop' at line 1\nin function 'infiniteLoop' at line 1\nin function 'infiniteLoop' at line 1\nin function 'infiniteLoop' at line 1\nin function 'infiniteLoop' at line 1\nin function 'infiniteLoop' at line 1\nin function 'infiniteLoop' at line 1\nin function 'infiniteLoop' at line 1\nin function 'infiniteLoop' at line 1\nin function 'infiniteLoop' at line 1\n... 87 frames hidden\nin function 'infiniteLoop' at line 1\nin function 'infiniteLoop' at line 1\nin function 'infiniteLoop' at line 1\nin function 'infiniteLoop' at line 1\nin function 'infiniteLoop' at line 1\nat line 2\n"
[INFO] [stdout]  right: "✕ Error: Stack Overflow\nthe stack has overflowed. consider increasing the stack size\n\n    ╭─[STDIN:1]\n  1 │ let infiniteLoop = x => infiniteLoop(x)\n────╯\n\nin function 'infiniteLoop' at line 1\nin function 'infiniteLoop' at line 1\nin function 'infiniteLoop' at line 1\nin function 'infiniteLoop' at line 1\nin function 'infiniteLoop' at line 1\nin function 'infiniteLoop' at line 1\nin function 'infiniteLoop' at line 1\nin function 'infiniteLoop' at line 1\nin function 'infiniteLoop' at line 1\nin function 'infiniteLoop' at line 1\n... 48 frames hidden\nin function 'infiniteLoop' at line 1\nin function 'infiniteLoop' at line 1\nin function 'infiniteLoop' at line 1\nin function 'infiniteLoop' at line 1\nin function 'infiniteLoop' at line 1\nat line 2\n"
[INFO] [stdout] stack backtrace:
[INFO] [stdout]    0:     0x57a7879e1f4a - std::backtrace_rs::backtrace::libunwind::trace::hb059275cfc8d6126
[INFO] [stdout]                                at /rustc/6067b36314ab5eb2eb47cecc464545ba58e1ad24/library/std/src/../../backtrace/src/backtrace/libunwind.rs:116:5
[INFO] [stdout]    1:     0x57a7879e1f4a - std::backtrace_rs::backtrace::trace_unsynchronized::h2da071e4327ce3ee
[INFO] [stdout]                                at /rustc/6067b36314ab5eb2eb47cecc464545ba58e1ad24/library/std/src/../../backtrace/src/backtrace/mod.rs:66:5
[INFO] [stdout]    2:     0x57a7879e1f4a - std::sys::backtrace::_print_fmt::h842a1474e6f8d23f
[INFO] [stdout]                                at /rustc/6067b36314ab5eb2eb47cecc464545ba58e1ad24/library/std/src/sys/backtrace.rs:66:9
[INFO] [stdout]    3:     0x57a7879e1f4a - <std::sys::backtrace::BacktraceLock::print::DisplayBacktrace as core::fmt::Display>::fmt::h71a62eb3b9696b12
[INFO] [stdout]                                at /rustc/6067b36314ab5eb2eb47cecc464545ba58e1ad24/library/std/src/sys/backtrace.rs:39:26
[INFO] [stdout]    4:     0x57a787a0a163 - core::fmt::rt::Argument::fmt::hdb6b616786b41dc1
[INFO] [stdout]                                at /rustc/6067b36314ab5eb2eb47cecc464545ba58e1ad24/library/core/src/fmt/rt.rs:177:76
[INFO] [stdout]    5:     0x57a787a0a163 - core::fmt::write::h2cc1698af7e2d686
[INFO] [stdout]                                at /rustc/6067b36314ab5eb2eb47cecc464545ba58e1ad24/library/core/src/fmt/mod.rs:1440:21
[INFO] [stdout]    6:     0x57a7879de403 - std::io::Write::write_fmt::hab1b4cd059a79022
[INFO] [stdout]                                at /rustc/6067b36314ab5eb2eb47cecc464545ba58e1ad24/library/std/src/io/mod.rs:1887:15
[INFO] [stdout]    7:     0x57a7879e1d92 - std::sys::backtrace::BacktraceLock::print::h147fe35b4ea13b08
[INFO] [stdout]                                at /rustc/6067b36314ab5eb2eb47cecc464545ba58e1ad24/library/std/src/sys/backtrace.rs:42:9
[INFO] [stdout]    8:     0x57a7879e336f - std::panicking::default_hook::{{closure}}::hbd44223dbdc0d208
[INFO] [stdout]                                at /rustc/6067b36314ab5eb2eb47cecc464545ba58e1ad24/library/std/src/panicking.rs:298:22
[INFO] [stdout]    9:     0x57a7879e3188 - std::panicking::default_hook::h20f81eb0576efcec
[INFO] [stdout]                                at /rustc/6067b36314ab5eb2eb47cecc464545ba58e1ad24/library/std/src/panicking.rs:322:9
[INFO] [stdout]   10:     0x57a787989ce3 - <alloc::boxed::Box<F,A> as core::ops::function::Fn<Args>>::call::hdb53814c496a4d34
[INFO] [stdout]                                at /rustc/6067b36314ab5eb2eb47cecc464545ba58e1ad24/library/alloc/src/boxed.rs:2027:9
[INFO] [stdout]   11:     0x57a787989ce3 - test::test_main::{{closure}}::hc0a4963c59427c24
[INFO] [stdout]                                at /rustc/6067b36314ab5eb2eb47cecc464545ba58e1ad24/library/test/src/lib.rs:134:21
[INFO] [stdout]   12:     0x57a7879e3e63 - <alloc::boxed::Box<F,A> as core::ops::function::Fn<Args>>::call::h591b2225413a77e9
[INFO] [stdout]                                at /rustc/6067b36314ab5eb2eb47cecc464545ba58e1ad24/library/alloc/src/boxed.rs:2027:9
[INFO] [stdout]   13:     0x57a7879e3e63 - std::panicking::rust_panic_with_hook::h625eea43051b2edc
[INFO] [stdout]                                at /rustc/6067b36314ab5eb2eb47cecc464545ba58e1ad24/library/std/src/panicking.rs:839:13
[INFO] [stdout]   14:     0x57a7879e3b1a - std::panicking::begin_panic_handler::{{closure}}::h4f9159cfbc3f6bd3
[INFO] [stdout]                                at /rustc/6067b36314ab5eb2eb47cecc464545ba58e1ad24/library/std/src/panicking.rs:704:13
[INFO] [stdout]   15:     0x57a7879e2449 - std::sys::backtrace::__rust_end_short_backtrace::h0390abce48353151
[INFO] [stdout]                                at /rustc/6067b36314ab5eb2eb47cecc464545ba58e1ad24/library/std/src/sys/backtrace.rs:168:18
[INFO] [stdout]   16:     0x57a7879e37ad - rust_begin_unwind
[INFO] [stdout]                                at /rustc/6067b36314ab5eb2eb47cecc464545ba58e1ad24/library/std/src/panicking.rs:695:5
[INFO] [stdout]   17:     0x57a787a08c10 - core::panicking::panic_fmt::h9e7c637e9e5f29c9
[INFO] [stdout]                                at /rustc/6067b36314ab5eb2eb47cecc464545ba58e1ad24/library/core/src/panicking.rs:75:14
[INFO] [stdout]   18:     0x57a787a08f32 - core::panicking::assert_failed_inner::h538bec7c1374cd9c
[INFO] [stdout]   19:     0x57a78794cfe5 - core::panicking::assert_failed::h2f2e4702a3fae253
[INFO] [stdout]                                at /rustc/6067b36314ab5eb2eb47cecc464545ba58e1ad24/library/core/src/panicking.rs:364:5
[INFO] [stdout]   20:     0x57a78794fbb0 - ui_test_runtime_error::stack_overflow::h8532d3d90203af8c
[INFO] [stdout]                                at /opt/rustwide/workdir/crates/cli/tests/ui_test_runtime_error.rs:340:3
[INFO] [stdout]   21:     0x57a78794faf7 - ui_test_runtime_error::stack_overflow::{{closure}}::h4fede5789568b3cd
[INFO] [stdout]                                at /opt/rustwide/workdir/crates/cli/tests/ui_test_runtime_error.rs:338:20
[INFO] [stdout]   22:     0x57a78794c716 - core::ops::function::FnOnce::call_once::h8378da1c85522b0c
[INFO] [stdout]                                at /rustc/6067b36314ab5eb2eb47cecc464545ba58e1ad24/library/core/src/ops/function.rs:250:5
[INFO] [stdout]   23:     0x57a78798f43b - core::ops::function::FnOnce::call_once::he27718dfdd183f43
[INFO] [stdout]                                at /rustc/6067b36314ab5eb2eb47cecc464545ba58e1ad24/library/core/src/ops/function.rs:250:5
[INFO] [stdout]   24:     0x57a78798f43b - test::__rust_begin_short_backtrace::h4e84902998457a5d
[INFO] [stdout]                                at /rustc/6067b36314ab5eb2eb47cecc464545ba58e1ad24/library/test/src/lib.rs:632:18
[INFO] [stdout]   25:     0x57a78798e373 - test::run_test_in_process::{{closure}}::h7176fd18fc1feca0
[INFO] [stdout]                                at /rustc/6067b36314ab5eb2eb47cecc464545ba58e1ad24/library/test/src/lib.rs:655:60
[INFO] [stdout]   26:     0x57a78798e373 - <core::panic::unwind_safe::AssertUnwindSafe<F> as core::ops::function::FnOnce<()>>::call_once::hf79cff2a624d8cf7
[INFO] [stdout]                                at /rustc/6067b36314ab5eb2eb47cecc464545ba58e1ad24/library/core/src/panic/unwind_safe.rs:272:9
[INFO] [stdout]   27:     0x57a78798e373 - std::panicking::try::do_call::h3da0561d9ab99c25
[INFO] [stdout]                                at /rustc/6067b36314ab5eb2eb47cecc464545ba58e1ad24/library/std/src/panicking.rs:587:40
[INFO] [stdout]   28:     0x57a78798e373 - std::panicking::try::h41c9fa508bc61df6
[INFO] [stdout]                                at /rustc/6067b36314ab5eb2eb47cecc464545ba58e1ad24/library/std/src/panicking.rs:550:19
[INFO] [stdout]   29:     0x57a78798e373 - std::panic::catch_unwind::h6b3ff07bb5afad93
[INFO] [stdout]                                at /rustc/6067b36314ab5eb2eb47cecc464545ba58e1ad24/library/std/src/panic.rs:358:14
[INFO] [stdout]   30:     0x57a78798e373 - test::run_test_in_process::hc7253dd11b39b9f4
[INFO] [stdout]                                at /rustc/6067b36314ab5eb2eb47cecc464545ba58e1ad24/library/test/src/lib.rs:655:27
[INFO] [stdout]   31:     0x57a78798e373 - test::run_test::{{closure}}::hfb2007f8649c30bb
[INFO] [stdout]                                at /rustc/6067b36314ab5eb2eb47cecc464545ba58e1ad24/library/test/src/lib.rs:576:43
[INFO] [stdout]   32:     0x57a787951455 - test::run_test::{{closure}}::h56a17aa7a282a9f4
[INFO] [stdout]                                at /rustc/6067b36314ab5eb2eb47cecc464545ba58e1ad24/library/test/src/lib.rs:606:41
[INFO] [stdout]   33:     0x57a787951455 - std::sys::backtrace::__rust_begin_short_backtrace::hd2d2d2fb8e8c6aac
[INFO] [stdout]                                at /rustc/6067b36314ab5eb2eb47cecc464545ba58e1ad24/library/std/src/sys/backtrace.rs:152:18
[INFO] [stdout]   34:     0x57a787954d3a - std::thread::Builder::spawn_unchecked_::{{closure}}::{{closure}}::h4faa3f9db6133423
[INFO] [stdout]                                at /rustc/6067b36314ab5eb2eb47cecc464545ba58e1ad24/library/std/src/thread/mod.rs:559:17
[INFO] [stdout]   35:     0x57a787954d3a - <core::panic::unwind_safe::AssertUnwindSafe<F> as core::ops::function::FnOnce<()>>::call_once::hf2e855a36a4ea846
[INFO] [stdout]                                at /rustc/6067b36314ab5eb2eb47cecc464545ba58e1ad24/library/core/src/panic/unwind_safe.rs:272:9
[INFO] [stdout]   36:     0x57a787954d3a - std::panicking::try::do_call::h2f73af3616c35465
[INFO] [stdout]                                at /rustc/6067b36314ab5eb2eb47cecc464545ba58e1ad24/library/std/src/panicking.rs:587:40
[INFO] [stdout]   37:     0x57a787954d3a - std::panicking::try::hd1660ce9efadef5a
[INFO] [stdout]                                at /rustc/6067b36314ab5eb2eb47cecc464545ba58e1ad24/library/std/src/panicking.rs:550:19
[INFO] [stdout]   38:     0x57a787954d3a - std::panic::catch_unwind::h5ee8d7823b8ca744
[INFO] [stdout]                                at /rustc/6067b36314ab5eb2eb47cecc464545ba58e1ad24/library/std/src/panic.rs:358:14
[INFO] [stdout]   39:     0x57a787954d3a - std::thread::Builder::spawn_unchecked_::{{closure}}::h53c3a1894dce8407
[INFO] [stdout]                                at /rustc/6067b36314ab5eb2eb47cecc464545ba58e1ad24/library/std/src/thread/mod.rs:557:30
[INFO] [stdout]   40:     0x57a787954d3a - core::ops::function::FnOnce::call_once{{vtable.shim}}::h048ce291ad4f62bf
[INFO] [stdout]                                at /rustc/6067b36314ab5eb2eb47cecc464545ba58e1ad24/library/core/src/ops/function.rs:250:5
[INFO] [stdout]   41:     0x57a7879e805b - <alloc::boxed::Box<F,A> as core::ops::function::FnOnce<Args>>::call_once::ha52bedf99a3b4981
[INFO] [stdout]                                at /rustc/6067b36314ab5eb2eb47cecc464545ba58e1ad24/library/alloc/src/boxed.rs:2013:9
[INFO] [stdout]   42:     0x57a7879e805b - <alloc::boxed::Box<F,A> as core::ops::function::FnOnce<Args>>::call_once::h567748934d80ccf8
[INFO] [stdout]                                at /rustc/6067b36314ab5eb2eb47cecc464545ba58e1ad24/library/alloc/src/boxed.rs:2013:9
[INFO] [stdout]   43:     0x57a7879e805b - std::sys::pal::unix::thread::Thread::new::thread_start::h2d970728ae887adc
[INFO] [stdout]                                at /rustc/6067b36314ab5eb2eb47cecc464545ba58e1ad24/library/std/src/sys/pal/unix/thread.rs:106:17
[INFO] [stdout]   44:     0x7a19536b6ac3 - <unknown>
[INFO] [stdout]   45:     0x7a1953747a04 - clone
[INFO] [stdout]   46:                0x0 - <unknown>
[INFO] [stdout] 
[INFO] [stdout] 
[INFO] [stdout] failures:
[INFO] [stdout]     stack_overflow
[INFO] [stdout] 
[INFO] [stdout] test result: FAILED. 10 passed; 1 failed; 0 ignored; 0 measured; 0 filtered out; finished in 1.08s
[INFO] [stdout] 
[INFO] [stderr] error: test failed, to rerun pass `--test ui_test_runtime_error`
[INFO] running `Command { std: "docker" "inspect" "c2596e91db716c2d325f05525ca0519e335677439aa9f4752466e598494b1007", kill_on_drop: false }`
[INFO] running `Command { std: "docker" "rm" "-f" "c2596e91db716c2d325f05525ca0519e335677439aa9f4752466e598494b1007", kill_on_drop: false }`
[INFO] [stdout] c2596e91db716c2d325f05525ca0519e335677439aa9f4752466e598494b1007
