[INFO] cloning repository https://github.com/bdmendes/camel
[INFO] running `Command { std: "git" "-c" "credential.helper=" "-c" "credential.helper=/workspace/cargo-home/bin/git-credential-null" "clone" "--bare" "https://github.com/bdmendes/camel" "/workspace/cache/git-repos/https%3A%2F%2Fgithub.com%2Fbdmendes%2Fcamel", kill_on_drop: false }`
[INFO] [stderr] Cloning into bare repository '/workspace/cache/git-repos/https%3A%2F%2Fgithub.com%2Fbdmendes%2Fcamel'...
[INFO] running `Command { std: "git" "rev-parse" "HEAD", kill_on_drop: false }`
[INFO] [stdout] 7016c1db97983772d0a1ca1a4099608a1be06ac2
[INFO] testing bdmendes/camel against nightly-2025-01-18 for randomize-layout-2
[INFO] running `Command { std: "git" "clone" "/workspace/cache/git-repos/https%3A%2F%2Fgithub.com%2Fbdmendes%2Fcamel" "/workspace/builds/worker-0-tc1/source", kill_on_drop: false }`
[INFO] [stderr] Cloning into '/workspace/builds/worker-0-tc1/source'...
[INFO] [stderr] done.
[INFO] [stderr] Updating files:  29% (18/61)
Updating files:  31% (19/61)
Updating files:  32% (20/61)
Updating files:  34% (21/61)
Updating files:  36% (22/61)
Updating files:  37% (23/61)
Updating files:  39% (24/61)
Updating files:  40% (25/61)
Updating files:  42% (26/61)
Updating files:  44% (27/61)
Updating files:  45% (28/61)
Updating files:  47% (29/61)
Updating files:  49% (30/61)
Updating files:  50% (31/61)
Updating files:  52% (32/61)
Updating files:  54% (33/61)
Updating files:  55% (34/61)
Updating files:  57% (35/61)
Updating files:  59% (36/61)
Updating files:  60% (37/61)
Updating files:  62% (38/61)
Updating files:  63% (39/61)
Updating files:  65% (40/61)
Updating files:  67% (41/61)
Updating files:  68% (42/61)
Updating files:  70% (43/61)
Updating files:  72% (44/61)
Updating files:  73% (45/61)
Updating files:  75% (46/61)
Updating files:  77% (47/61)
Updating files:  78% (48/61)
Updating files:  80% (49/61)
Updating files:  81% (50/61)
Updating files:  83% (51/61)
Updating files:  85% (52/61)
Updating files:  86% (53/61)
Updating files:  88% (54/61)
Updating files:  90% (55/61)
Updating files:  91% (56/61)
Updating files:  93% (57/61)
Updating files:  95% (58/61)
Updating files:  96% (59/61)
Updating files:  98% (60/61)
Updating files: 100% (61/61)
Updating files: 100% (61/61), done.
[INFO] validating manifest of git repo https://github.com/bdmendes/camel on toolchain nightly-2025-01-18
[INFO] running `Command { std: CARGO_HOME="/workspace/cargo-home" RUSTUP_HOME="/workspace/rustup-home" "/workspace/cargo-home/bin/cargo" "+nightly-2025-01-18" "metadata" "--manifest-path" "Cargo.toml" "--no-deps", kill_on_drop: false }`
[INFO] removed /workspace/builds/worker-0-tc1/source/.cargo/config.toml
[INFO] started tweaking git repo https://github.com/bdmendes/camel
[INFO] finished tweaking git repo https://github.com/bdmendes/camel
[INFO] tweaked toml for git repo https://github.com/bdmendes/camel written to /workspace/builds/worker-0-tc1/source/Cargo.toml
[INFO] crate git repo https://github.com/bdmendes/camel already has a lockfile, it will not be regenerated
[INFO] running `Command { std: CARGO_HOME="/workspace/cargo-home" RUSTUP_HOME="/workspace/rustup-home" "/workspace/cargo-home/bin/cargo" "+nightly-2025-01-18" "fetch" "--manifest-path" "Cargo.toml", kill_on_drop: false }`
[INFO] [stderr]     Updating crates.io index
[INFO] [stderr]  Downloading crates ...
[INFO] [stderr]   Downloaded primitive_enum v1.2.0
[INFO] [stderr]   Downloaded memchr v2.6.2
[INFO] [stderr]   Downloaded anstyle v1.0.2
[INFO] [stderr]   Downloaded clap_builder v4.4.1
[INFO] [stderr]   Downloaded clap v4.4.1
[INFO] running `Command { std: "docker" "create" "-v" "/var/lib/crater-agent-workspace/builds/worker-0-tc1/target:/opt/rustwide/target:rw,Z" "-v" "/var/lib/crater-agent-workspace/builds/worker-0-tc1/source:/opt/rustwide/workdir:ro,Z" "-v" "/var/lib/crater-agent-workspace/cargo-home:/opt/rustwide/cargo-home:ro,Z" "-v" "/var/lib/crater-agent-workspace/rustup-home:/opt/rustwide/rustup-home:ro,Z" "-e" "SOURCE_DIR=/opt/rustwide/workdir" "-e" "CARGO_TARGET_DIR=/opt/rustwide/target" "-e" "CARGO_HOME=/opt/rustwide/cargo-home" "-e" "RUSTUP_HOME=/opt/rustwide/rustup-home" "-w" "/opt/rustwide/workdir" "-m" "1610612736" "--user" "0:0" "--network" "none" "ghcr.io/rust-lang/crates-build-env/linux@sha256:819108c5571ea2e421544af4d832f968d213c87fbe3707a016657f43d2f853bc" "/opt/rustwide/cargo-home/bin/cargo" "+nightly-2025-01-18" "metadata" "--no-deps" "--format-version=1", kill_on_drop: false }`
[INFO] [stdout] 941e887815d729a7c4d9b6162a60dd5dd68361c5bc00f4624bae6e2daded0e18
[INFO] running `Command { std: "docker" "start" "-a" "941e887815d729a7c4d9b6162a60dd5dd68361c5bc00f4624bae6e2daded0e18", kill_on_drop: false }`
[INFO] running `Command { std: "docker" "inspect" "941e887815d729a7c4d9b6162a60dd5dd68361c5bc00f4624bae6e2daded0e18", kill_on_drop: false }`
[INFO] running `Command { std: "docker" "rm" "-f" "941e887815d729a7c4d9b6162a60dd5dd68361c5bc00f4624bae6e2daded0e18", kill_on_drop: false }`
[INFO] [stdout] 941e887815d729a7c4d9b6162a60dd5dd68361c5bc00f4624bae6e2daded0e18
[INFO] running `Command { std: "docker" "create" "-v" "/var/lib/crater-agent-workspace/builds/worker-0-tc1/target:/opt/rustwide/target:rw,Z" "-v" "/var/lib/crater-agent-workspace/builds/worker-0-tc1/source:/opt/rustwide/workdir:ro,Z" "-v" "/var/lib/crater-agent-workspace/cargo-home:/opt/rustwide/cargo-home:ro,Z" "-v" "/var/lib/crater-agent-workspace/rustup-home:/opt/rustwide/rustup-home:ro,Z" "-e" "SOURCE_DIR=/opt/rustwide/workdir" "-e" "CARGO_TARGET_DIR=/opt/rustwide/target" "-e" "CARGO_INCREMENTAL=0" "-e" "RUST_BACKTRACE=full" "-e" "RUSTFLAGS=--cap-lints=forbid" "-e" "RUSTDOCFLAGS=--cap-lints=forbid" "-e" "CARGO_HOME=/opt/rustwide/cargo-home" "-e" "RUSTUP_HOME=/opt/rustwide/rustup-home" "-w" "/opt/rustwide/workdir" "-m" "1610612736" "--user" "0:0" "--network" "none" "ghcr.io/rust-lang/crates-build-env/linux@sha256:819108c5571ea2e421544af4d832f968d213c87fbe3707a016657f43d2f853bc" "/opt/rustwide/cargo-home/bin/cargo" "+nightly-2025-01-18" "build" "--frozen" "--message-format=json", kill_on_drop: false }`
[INFO] [stdout] 10d02f5257d0de289e31b0020288570969c335eaa23b6fa596130e366b051905
[INFO] running `Command { std: "docker" "start" "-a" "10d02f5257d0de289e31b0020288570969c335eaa23b6fa596130e366b051905", kill_on_drop: false }`
[INFO] [stderr]    Compiling autocfg v1.1.0
[INFO] [stderr]    Compiling cfg-if v1.0.0
[INFO] [stderr]    Compiling proc-macro2 v1.0.66
[INFO] [stderr]    Compiling unicode-ident v1.0.11
[INFO] [stderr]    Compiling libc v0.2.147
[INFO] [stderr]    Compiling crossbeam-utils v0.8.16
[INFO] [stderr]    Compiling scopeguard v1.2.0
[INFO] [stderr]    Compiling rayon-core v1.12.1
[INFO] [stderr]    Compiling syn v1.0.109
[INFO] [stderr]    Compiling ppv-lite86 v0.2.17
[INFO] [stderr]    Compiling either v1.9.0
[INFO] [stderr]    Compiling convert_case v0.4.0
[INFO] [stderr]    Compiling bitflags v2.5.0
[INFO] [stderr]    Compiling primitive_enum v1.2.0
[INFO] [stderr]    Compiling memoffset v0.9.0
[INFO] [stderr]    Compiling crossbeam-epoch v0.9.15
[INFO] [stderr]    Compiling getrandom v0.2.10
[INFO] [stderr]    Compiling quote v1.0.33
[INFO] [stderr]    Compiling crossbeam-deque v0.8.3
[INFO] [stderr]    Compiling rand_core v0.6.4
[INFO] [stderr]    Compiling syn v2.0.29
[INFO] [stderr]    Compiling rand_chacha v0.3.1
[INFO] [stderr]    Compiling rand v0.8.5
[INFO] [stderr]    Compiling rayon v1.10.0
[INFO] [stderr]    Compiling derive_more v0.99.17
[INFO] [stderr]    Compiling ctor v0.2.8
[INFO] [stderr]    Compiling camel v1.6.0 (/opt/rustwide/workdir)
[INFO] [stderr]     Finished `dev` profile [optimized + debuginfo] target(s) in 33.83s
[INFO] running `Command { std: "docker" "inspect" "10d02f5257d0de289e31b0020288570969c335eaa23b6fa596130e366b051905", kill_on_drop: false }`
[INFO] running `Command { std: "docker" "rm" "-f" "10d02f5257d0de289e31b0020288570969c335eaa23b6fa596130e366b051905", kill_on_drop: false }`
[INFO] [stdout] 10d02f5257d0de289e31b0020288570969c335eaa23b6fa596130e366b051905
[INFO] running `Command { std: "docker" "create" "-v" "/var/lib/crater-agent-workspace/builds/worker-0-tc1/target:/opt/rustwide/target:rw,Z" "-v" "/var/lib/crater-agent-workspace/builds/worker-0-tc1/source:/opt/rustwide/workdir:ro,Z" "-v" "/var/lib/crater-agent-workspace/cargo-home:/opt/rustwide/cargo-home:ro,Z" "-v" "/var/lib/crater-agent-workspace/rustup-home:/opt/rustwide/rustup-home:ro,Z" "-e" "SOURCE_DIR=/opt/rustwide/workdir" "-e" "CARGO_TARGET_DIR=/opt/rustwide/target" "-e" "CARGO_INCREMENTAL=0" "-e" "RUST_BACKTRACE=full" "-e" "RUSTFLAGS=--cap-lints=forbid" "-e" "RUSTDOCFLAGS=--cap-lints=forbid" "-e" "CARGO_HOME=/opt/rustwide/cargo-home" "-e" "RUSTUP_HOME=/opt/rustwide/rustup-home" "-w" "/opt/rustwide/workdir" "-m" "1610612736" "--user" "0:0" "--network" "none" "ghcr.io/rust-lang/crates-build-env/linux@sha256:819108c5571ea2e421544af4d832f968d213c87fbe3707a016657f43d2f853bc" "/opt/rustwide/cargo-home/bin/cargo" "+nightly-2025-01-18" "test" "--frozen" "--no-run" "--message-format=json", kill_on_drop: false }`
[INFO] [stdout] ca42ec027da768af8c93dc1d3e826e69d31512c19a72bd3543eeb46dd778e449
[INFO] running `Command { std: "docker" "start" "-a" "ca42ec027da768af8c93dc1d3e826e69d31512c19a72bd3543eeb46dd778e449", kill_on_drop: false }`
[INFO] [stderr]    Compiling serde v1.0.188
[INFO] [stderr]    Compiling either v1.9.0
[INFO] [stderr]    Compiling bitflags v2.5.0
[INFO] [stderr]    Compiling num-traits v0.2.16
[INFO] [stderr]    Compiling syn v2.0.29
[INFO] [stderr]    Compiling serde_json v1.0.105
[INFO] [stderr]    Compiling rustix v0.38.10
[INFO] [stderr]    Compiling ryu v1.0.15
[INFO] [stderr]    Compiling rayon v1.10.0
[INFO] [stderr]    Compiling linux-raw-sys v0.4.5
[INFO] [stderr]    Compiling regex-syntax v0.7.5
[INFO] [stderr]    Compiling ciborium-io v0.2.1
[INFO] [stderr]    Compiling itoa v1.0.9
[INFO] [stderr]    Compiling anstyle v1.0.2
[INFO] [stderr]    Compiling clap_lex v0.5.1
[INFO] [stderr]    Compiling plotters-backend v0.3.5
[INFO] [stderr]    Compiling half v1.8.2
[INFO] [stderr]    Compiling clap_builder v4.4.1
[INFO] [stderr]    Compiling ciborium-ll v0.2.1
[INFO] [stderr]    Compiling plotters-svg v0.3.5
[INFO] [stderr]    Compiling itertools v0.10.5
[INFO] [stderr]    Compiling cast v0.3.0
[INFO] [stderr]    Compiling same-file v1.0.6
[INFO] [stderr]    Compiling walkdir v2.3.3
[INFO] [stderr]    Compiling regex-automata v0.3.7
[INFO] [stderr]    Compiling plotters v0.3.5
[INFO] [stderr]    Compiling criterion-plot v0.5.0
[INFO] [stderr]    Compiling clap v4.4.1
[INFO] [stderr]    Compiling is-terminal v0.4.9
[INFO] [stderr]    Compiling anes v0.1.6
[INFO] [stderr]    Compiling oorandom v11.1.3
[INFO] [stderr]    Compiling once_cell v1.19.0
[INFO] [stderr]    Compiling regex v1.9.4
[INFO] [stderr]    Compiling serde_derive v1.0.188
[INFO] [stderr]    Compiling ctor v0.2.8
[INFO] [stderr]    Compiling camel v1.6.0 (/opt/rustwide/workdir)
[INFO] [stderr]    Compiling ciborium v0.2.1
[INFO] [stderr]    Compiling tinytemplate v1.2.1
[INFO] [stderr]    Compiling criterion v0.5.1
[INFO] [stderr]     Finished `test` profile [optimized + debuginfo] target(s) in 1m 59s
[INFO] running `Command { std: "docker" "inspect" "ca42ec027da768af8c93dc1d3e826e69d31512c19a72bd3543eeb46dd778e449", kill_on_drop: false }`
[INFO] running `Command { std: "docker" "rm" "-f" "ca42ec027da768af8c93dc1d3e826e69d31512c19a72bd3543eeb46dd778e449", kill_on_drop: false }`
[INFO] [stdout] ca42ec027da768af8c93dc1d3e826e69d31512c19a72bd3543eeb46dd778e449
[INFO] running `Command { std: "docker" "create" "-v" "/var/lib/crater-agent-workspace/builds/worker-0-tc1/target:/opt/rustwide/target:rw,Z" "-v" "/var/lib/crater-agent-workspace/builds/worker-0-tc1/source:/opt/rustwide/workdir:ro,Z" "-v" "/var/lib/crater-agent-workspace/cargo-home:/opt/rustwide/cargo-home:ro,Z" "-v" "/var/lib/crater-agent-workspace/rustup-home:/opt/rustwide/rustup-home:ro,Z" "-e" "SOURCE_DIR=/opt/rustwide/workdir" "-e" "CARGO_TARGET_DIR=/opt/rustwide/target" "-e" "CARGO_INCREMENTAL=0" "-e" "RUST_BACKTRACE=full" "-e" "RUSTFLAGS=--cap-lints=forbid" "-e" "RUSTDOCFLAGS=--cap-lints=forbid" "-e" "CARGO_HOME=/opt/rustwide/cargo-home" "-e" "RUSTUP_HOME=/opt/rustwide/rustup-home" "-w" "/opt/rustwide/workdir" "-m" "1610612736" "--user" "0:0" "--network" "none" "ghcr.io/rust-lang/crates-build-env/linux@sha256:819108c5571ea2e421544af4d832f968d213c87fbe3707a016657f43d2f853bc" "/opt/rustwide/cargo-home/bin/cargo" "+nightly-2025-01-18" "test" "--frozen", kill_on_drop: false }`
[INFO] [stdout] f3548808482050722df39c4bfeef8ae4d65482a6f2af85f758b98a922a0428b1
[INFO] running `Command { std: "docker" "start" "-a" "f3548808482050722df39c4bfeef8ae4d65482a6f2af85f758b98a922a0428b1", kill_on_drop: false }`
[INFO] [stderr]     Finished `test` profile [optimized + debuginfo] target(s) in 0.15s
[INFO] [stderr]      Running unittests src/lib.rs (/opt/rustwide/target/debug/deps/camel-b510083fbdf1b621)
[INFO] [stdout] 
[INFO] [stdout] running 96 tests
[INFO] [stdout] test evaluation::position::king::tests::broken_shelter_soft ... ok
[INFO] [stdout] test evaluation::position::king::tests::broken_shelter_hard ... ok
[INFO] [stdout] test evaluation::position::king::tests::ok_shelter ... ok
[INFO] [stdout] test evaluation::position::pawns::tests::doubled_pawns_1 ... ok
[INFO] [stdout] test evaluation::moves::tests::eval_move_heuristic_value ... ok
[INFO] [stdout] test evaluation::position::king::tests::shelter_smoke ... ok
[INFO] [stdout] test evaluation::position::king::tests::tropism_smoke ... ok
[INFO] [stdout] test evaluation::position::pawns::tests::passed_pawns_1 ... ok
[INFO] [stdout] test evaluation::position::pawns::tests::pawn_islands_4 ... ok
[INFO] [stdout] test evaluation::position::bishops::tests::bishop_pair ... ok
[INFO] [stdout] test evaluation::position::king::tests::tropism_strong ... ok
[INFO] [stdout] test evaluation::position::pawns::tests::double_pawns_2 ... ok
[INFO] [stdout] test evaluation::position::pawns::tests::pawn_islands_3 ... ok
[INFO] [stdout] test evaluation::position::tests::eval_passed_extra_pawn_midgame ... ok
[INFO] [stdout] test evaluation::position::tests::eval_starts_zero ... ok
[INFO] [stdout] test moves::attacks::leapers::tests::center_clean_knight ... ok
[INFO] [stdout] test evaluation::position::tests::eval_forces_king_cornering ... ok
[INFO] [stdout] test moves::attacks::leapers::tests::kiwipete_quiesce_knight ... ok
[INFO] [stdout] test evaluation::position::pawns::tests::passed_pawns_2 ... ok
[INFO] [stdout] test evaluation::position::pawns::tests::pawn_islands_1 ... ok
[INFO] [stdout] test moves::attacks::leapers::tests::kiwipete_regular_knight ... ok
[INFO] [stdout] test moves::attacks::leapers::tests::top_left_knight ... ok
[INFO] [stdout] test evaluation::position::pawns::tests::pawn_islands_5 ... ok
[INFO] [stdout] test evaluation::position::rooks::tests::rook_semi_connected_white_open_file_white ... ok
[INFO] [stdout] test evaluation::position::pawns::tests::pawn_islands_2 ... ok
[INFO] [stdout] test moves::attacks::sliders::tests::rook_on_center ... ok
[INFO] [stdout] test moves::attacks::sliders::tests::rook_on_center_mask ... ok
[INFO] [stdout] test moves::attacks::sliders::tests::rook_on_corner_mask ... ok
[INFO] [stdout] test moves::attacks::sliders::tests::rook_attacks_complex ... ok
[INFO] [stdout] test moves::attacks::specials::tests::castle_blocked_white ... ok
[INFO] [stdout] test moves::attacks::specials::tests::castle_free_black ... ok
[INFO] [stdout] test moves::attacks::specials::tests::pawn_moves_black ... ok
[INFO] [stdout] test moves::attacks::specials::tests::castle_free_white ... ok
[INFO] [stdout] test moves::attacks::specials::tests::pawn_moves_white ... ok
[INFO] [stdout] test moves::attacks::magics::tests::bitsets_simple ... ok
[INFO] [stdout] test moves::gen::tests::gen_simple_all ... ok
[INFO] [stdout] test moves::gen::tests::gen_in_check_captures ... ok
[INFO] [stdout] test moves::attacks::specials::tests::castle_blocked_black ... ok
[INFO] [stdout] test moves::gen::tests::gen_in_check_all ... ok
[INFO] [stdout] test moves::gen::tests::gen_simple_captures ... ok
[INFO] [stdout] test moves::attacks::sliders::tests::bishop_on_center ... ok
[INFO] [stdout] test moves::attacks::sliders::tests::rook_on_center_blocked ... ok
[INFO] [stdout] test moves::gen::tests::gen_simple_non_captures ... ok
[INFO] [stdout] test moves::gen::tests::square_attackers_2 ... ok
[INFO] [stdout] test moves::gen::tests::square_attackers_3 ... ok
[INFO] [stdout] test moves::tests::make_move_simple ... ok
[INFO] [stdout] test moves::tests::pseudo_legal_chess ... ok
[INFO] [stdout] test moves::tests::pseudo_legal_chess960 ... ok
[INFO] [stdout] test moves::tests::unpack_move ... ok
[INFO] [stdout] test moves::tests::make_move_double_pawn_push ... ok
[INFO] [stdout] test moves::tests::make_move_promotion ... ok
[INFO] [stdout] test moves::gen::tests::square_attackers_1 ... ok
[INFO] [stdout] test moves::tests::make_move_castle_short ... ok
[INFO] [stdout] test moves::tests::make_move_castle_long ... ok
[INFO] [stdout] test moves::tests::write_move ... ok
[INFO] [stdout] test position::bitboard::tests::color_squares ... ok
[INFO] [stdout] test position::bitboard::tests::files_masks ... ok
[INFO] [stdout] test position::bitboard::tests::pop_lsb ... ok
[INFO] [stdout] test position::bitboard::tests::file_range ... ok
[INFO] [stdout] test position::bitboard::tests::pop_msb ... ok
[INFO] [stdout] test position::bitboard::tests::ranks_masks ... ok
[INFO] [stdout] test position::board::tests::at ... ok
[INFO] [stdout] test position::board::tests::set_clear ... ok
[INFO] [stdout] test position::bitboard::tests::single_masks ... ok
[INFO] [stdout] test position::fen::tests::fails_when_fen_is_invalid ... ok
[INFO] [stdout] test position::fen::tests::parses_board ... ok
[INFO] [stdout] test position::fen::tests::parses_position_info ... ok
[INFO] [stdout] test position::square::tests::fails_when_string_is_invalid ... ok
[INFO] [stdout] test position::square::tests::flip_square ... ok
[INFO] [stdout] test position::square::tests::same_diagonal ... ok
[INFO] [stdout] test position::square::tests::square_color ... ok
[INFO] [stdout] test position::square::tests::square_distance ... ok
[INFO] [stdout] test position::square::tests::square_file ... ok
[INFO] [stdout] test position::square::tests::square_rank ... ok
[INFO] [stdout] test position::square::tests::write_reflexive ... ok
[INFO] [stdout] test search::constraint::tests::stop_search_external_order ... ok
[INFO] [stdout] test search::history::tests::repeated_times ... ok
[INFO] [stdout] test position::fen::tests::to_fen_reflexive ... ok
[INFO] [stdout] test position::bitboard::tests::rank_range ... ok
[INFO] [stdout] test position::square::tests::parses_string ... ok
[INFO] [stdout] test search::see::tests::see_2 ... ok
[INFO] [stdout] test search::see::tests::see_1 ... ok
[INFO] [stdout] test search::see::tests::see_3 ... ok
[INFO] [stdout] test search::see::tests::see_4 ... ok
[INFO] [stdout] test search::see::tests::see_5 ... ok
[INFO] [stdout] test search::table::tests::entry_packing ... ok
[INFO] [stdout] test search::see::tests::see_6 ... ok
[INFO] [stdout] test search::table::tests::entry_transmutation ... ok
[INFO] [stdout] test search::table::tests::tt_raw_contents ... ok
[INFO] [stdout] test search::table::tests::killers_raw_contents ... ok
[INFO] [stdout] test search::pvs::tests::mate_us_1 ... ok
[INFO] [stdout] test search::pvs::tests::mate_them_2 ... ok
[INFO] [stdout] test search::constraint::tests::stop_search_time ... FAILED
[INFO] [stdout] test moves::attacks::magics::tests::bishop_magics ... ok
[INFO] [stdout] test search::pvs::tests::mate_us_3 ... ok
[INFO] [stdout] test moves::attacks::magics::tests::rook_magics ... ok
[INFO] [stdout] 
[INFO] [stdout] failures:
[INFO] [stdout] 
[INFO] [stdout] ---- search::constraint::tests::stop_search_time stdout ----
[INFO] [stdout] 
[INFO] [stdout] thread 'search::constraint::tests::stop_search_time' panicked at src/search/constraint.rs:88:9:
[INFO] [stdout] assertion failed: !constraint.should_stop_search()
[INFO] [stdout] stack backtrace:
[INFO] [stdout]    0:     0x64a8cb0682ba - std::backtrace_rs::backtrace::libunwind::trace::hb059275cfc8d6126
[INFO] [stdout]                                at /rustc/6067b36314ab5eb2eb47cecc464545ba58e1ad24/library/std/src/../../backtrace/src/backtrace/libunwind.rs:116:5
[INFO] [stdout]    1:     0x64a8cb0682ba - std::backtrace_rs::backtrace::trace_unsynchronized::h2da071e4327ce3ee
[INFO] [stdout]                                at /rustc/6067b36314ab5eb2eb47cecc464545ba58e1ad24/library/std/src/../../backtrace/src/backtrace/mod.rs:66:5
[INFO] [stdout]    2:     0x64a8cb0682ba - std::sys::backtrace::_print_fmt::h842a1474e6f8d23f
[INFO] [stdout]                                at /rustc/6067b36314ab5eb2eb47cecc464545ba58e1ad24/library/std/src/sys/backtrace.rs:66:9
[INFO] [stdout]    3:     0x64a8cb0682ba - <std::sys::backtrace::BacktraceLock::print::DisplayBacktrace as core::fmt::Display>::fmt::h71a62eb3b9696b12
[INFO] [stdout]                                at /rustc/6067b36314ab5eb2eb47cecc464545ba58e1ad24/library/std/src/sys/backtrace.rs:39:26
[INFO] [stdout]    4:     0x64a8cb08ff23 - core::fmt::rt::Argument::fmt::hdb6b616786b41dc1
[INFO] [stdout]                                at /rustc/6067b36314ab5eb2eb47cecc464545ba58e1ad24/library/core/src/fmt/rt.rs:177:76
[INFO] [stdout]    5:     0x64a8cb08ff23 - core::fmt::write::h2cc1698af7e2d686
[INFO] [stdout]                                at /rustc/6067b36314ab5eb2eb47cecc464545ba58e1ad24/library/core/src/fmt/mod.rs:1440:21
[INFO] [stdout]    6:     0x64a8cb064e13 - std::io::Write::write_fmt::hab1b4cd059a79022
[INFO] [stdout]                                at /rustc/6067b36314ab5eb2eb47cecc464545ba58e1ad24/library/std/src/io/mod.rs:1887:15
[INFO] [stdout]    7:     0x64a8cb068102 - std::sys::backtrace::BacktraceLock::print::h147fe35b4ea13b08
[INFO] [stdout]                                at /rustc/6067b36314ab5eb2eb47cecc464545ba58e1ad24/library/std/src/sys/backtrace.rs:42:9
[INFO] [stdout]    8:     0x64a8cb0696df - std::panicking::default_hook::{{closure}}::hbd44223dbdc0d208
[INFO] [stdout]                                at /rustc/6067b36314ab5eb2eb47cecc464545ba58e1ad24/library/std/src/panicking.rs:298:22
[INFO] [stdout]    9:     0x64a8cb0694f8 - std::panicking::default_hook::h20f81eb0576efcec
[INFO] [stdout]                                at /rustc/6067b36314ab5eb2eb47cecc464545ba58e1ad24/library/std/src/panicking.rs:322:9
[INFO] [stdout]   10:     0x64a8cb02d403 - <alloc::boxed::Box<F,A> as core::ops::function::Fn<Args>>::call::hdb53814c496a4d34
[INFO] [stdout]                                at /rustc/6067b36314ab5eb2eb47cecc464545ba58e1ad24/library/alloc/src/boxed.rs:2027:9
[INFO] [stdout]   11:     0x64a8cb02d403 - test::test_main::{{closure}}::hc0a4963c59427c24
[INFO] [stdout]                                at /rustc/6067b36314ab5eb2eb47cecc464545ba58e1ad24/library/test/src/lib.rs:134:21
[INFO] [stdout]   12:     0x64a8cb06a1d3 - <alloc::boxed::Box<F,A> as core::ops::function::Fn<Args>>::call::h591b2225413a77e9
[INFO] [stdout]                                at /rustc/6067b36314ab5eb2eb47cecc464545ba58e1ad24/library/alloc/src/boxed.rs:2027:9
[INFO] [stdout]   13:     0x64a8cb06a1d3 - std::panicking::rust_panic_with_hook::h625eea43051b2edc
[INFO] [stdout]                                at /rustc/6067b36314ab5eb2eb47cecc464545ba58e1ad24/library/std/src/panicking.rs:839:13
[INFO] [stdout]   14:     0x64a8cb069e56 - std::panicking::begin_panic_handler::{{closure}}::h4f9159cfbc3f6bd3
[INFO] [stdout]                                at /rustc/6067b36314ab5eb2eb47cecc464545ba58e1ad24/library/std/src/panicking.rs:697:13
[INFO] [stdout]   15:     0x64a8cb0687b9 - std::sys::backtrace::__rust_end_short_backtrace::h0390abce48353151
[INFO] [stdout]                                at /rustc/6067b36314ab5eb2eb47cecc464545ba58e1ad24/library/std/src/sys/backtrace.rs:168:18
[INFO] [stdout]   16:     0x64a8cb069b1d - rust_begin_unwind
[INFO] [stdout]                                at /rustc/6067b36314ab5eb2eb47cecc464545ba58e1ad24/library/std/src/panicking.rs:695:5
[INFO] [stdout]   17:     0x64a8cb08e900 - core::panicking::panic_fmt::h9e7c637e9e5f29c9
[INFO] [stdout]                                at /rustc/6067b36314ab5eb2eb47cecc464545ba58e1ad24/library/core/src/panicking.rs:75:14
[INFO] [stdout]   18:     0x64a8cb08e98c - core::panicking::panic::haa3255ea20181a33
[INFO] [stdout]                                at /rustc/6067b36314ab5eb2eb47cecc464545ba58e1ad24/library/core/src/panicking.rs:145:5
[INFO] [stdout]   19:     0x64a8caff0eae - camel::search::constraint::tests::stop_search_time::hb199037700729d11
[INFO] [stdout]   20:     0x64a8cafd8229 - camel::search::constraint::tests::stop_search_time::{{closure}}::h06dd1ca44fb336b0
[INFO] [stdout]                                at /opt/rustwide/workdir/src/search/constraint.rs:73:26
[INFO] [stdout]   21:     0x64a8cafd8229 - core::ops::function::FnOnce::call_once::h02ac2644d9edef56
[INFO] [stdout]                                at /rustc/6067b36314ab5eb2eb47cecc464545ba58e1ad24/library/core/src/ops/function.rs:250:5
[INFO] [stdout]   22:     0x64a8cb032b5b - core::ops::function::FnOnce::call_once::he27718dfdd183f43
[INFO] [stdout]                                at /rustc/6067b36314ab5eb2eb47cecc464545ba58e1ad24/library/core/src/ops/function.rs:250:5
[INFO] [stdout]   23:     0x64a8cb032b5b - test::__rust_begin_short_backtrace::h4e84902998457a5d
[INFO] [stdout]                                at /rustc/6067b36314ab5eb2eb47cecc464545ba58e1ad24/library/test/src/lib.rs:632:18
[INFO] [stdout]   24:     0x64a8cb031a93 - test::run_test_in_process::{{closure}}::h7176fd18fc1feca0
[INFO] [stdout]                                at /rustc/6067b36314ab5eb2eb47cecc464545ba58e1ad24/library/test/src/lib.rs:655:60
[INFO] [stdout]   25:     0x64a8cb031a93 - <core::panic::unwind_safe::AssertUnwindSafe<F> as core::ops::function::FnOnce<()>>::call_once::hf79cff2a624d8cf7
[INFO] [stdout]                                at /rustc/6067b36314ab5eb2eb47cecc464545ba58e1ad24/library/core/src/panic/unwind_safe.rs:272:9
[INFO] [stdout]   26:     0x64a8cb031a93 - std::panicking::try::do_call::h3da0561d9ab99c25
[INFO] [stdout]                                at /rustc/6067b36314ab5eb2eb47cecc464545ba58e1ad24/library/std/src/panicking.rs:587:40
[INFO] [stdout]   27:     0x64a8cb031a93 - std::panicking::try::h41c9fa508bc61df6
[INFO] [stdout]                                at /rustc/6067b36314ab5eb2eb47cecc464545ba58e1ad24/library/std/src/panicking.rs:550:19
[INFO] [stdout]   28:     0x64a8cb031a93 - std::panic::catch_unwind::h6b3ff07bb5afad93
[INFO] [stdout]                                at /rustc/6067b36314ab5eb2eb47cecc464545ba58e1ad24/library/std/src/panic.rs:358:14
[INFO] [stdout]   29:     0x64a8cb031a93 - test::run_test_in_process::hc7253dd11b39b9f4
[INFO] [stdout]                                at /rustc/6067b36314ab5eb2eb47cecc464545ba58e1ad24/library/test/src/lib.rs:655:27
[INFO] [stdout]   30:     0x64a8cb031a93 - test::run_test::{{closure}}::hfb2007f8649c30bb
[INFO] [stdout]                                at /rustc/6067b36314ab5eb2eb47cecc464545ba58e1ad24/library/test/src/lib.rs:576:43
[INFO] [stdout]   31:     0x64a8caff4b75 - test::run_test::{{closure}}::h56a17aa7a282a9f4
[INFO] [stdout]                                at /rustc/6067b36314ab5eb2eb47cecc464545ba58e1ad24/library/test/src/lib.rs:606:41
[INFO] [stdout]   32:     0x64a8caff4b75 - std::sys::backtrace::__rust_begin_short_backtrace::hd2d2d2fb8e8c6aac
[INFO] [stdout]                                at /rustc/6067b36314ab5eb2eb47cecc464545ba58e1ad24/library/std/src/sys/backtrace.rs:152:18
[INFO] [stdout]   33:     0x64a8caff845a - std::thread::Builder::spawn_unchecked_::{{closure}}::{{closure}}::h4faa3f9db6133423
[INFO] [stdout]                                at /rustc/6067b36314ab5eb2eb47cecc464545ba58e1ad24/library/std/src/thread/mod.rs:559:17
[INFO] [stdout]   34:     0x64a8caff845a - <core::panic::unwind_safe::AssertUnwindSafe<F> as core::ops::function::FnOnce<()>>::call_once::hf2e855a36a4ea846
[INFO] [stdout]                                at /rustc/6067b36314ab5eb2eb47cecc464545ba58e1ad24/library/core/src/panic/unwind_safe.rs:272:9
[INFO] [stdout]   35:     0x64a8caff845a - std::panicking::try::do_call::h2f73af3616c35465
[INFO] [stdout]                                at /rustc/6067b36314ab5eb2eb47cecc464545ba58e1ad24/library/std/src/panicking.rs:587:40
[INFO] [stdout]   36:     0x64a8caff845a - std::panicking::try::hd1660ce9efadef5a
[INFO] [stdout]                                at /rustc/6067b36314ab5eb2eb47cecc464545ba58e1ad24/library/std/src/panicking.rs:550:19
[INFO] [stdout]   37:     0x64a8caff845a - std::panic::catch_unwind::h5ee8d7823b8ca744
[INFO] [stdout]                                at /rustc/6067b36314ab5eb2eb47cecc464545ba58e1ad24/library/std/src/panic.rs:358:14
[INFO] [stdout]   38:     0x64a8caff845a - std::thread::Builder::spawn_unchecked_::{{closure}}::h53c3a1894dce8407
[INFO] [stdout]                                at /rustc/6067b36314ab5eb2eb47cecc464545ba58e1ad24/library/std/src/thread/mod.rs:557:30
[INFO] [stdout]   39:     0x64a8caff845a - core::ops::function::FnOnce::call_once{{vtable.shim}}::h048ce291ad4f62bf
[INFO] [stdout]                                at /rustc/6067b36314ab5eb2eb47cecc464545ba58e1ad24/library/core/src/ops/function.rs:250:5
[INFO] [stdout]   40:     0x64a8cb06e10b - <alloc::boxed::Box<F,A> as core::ops::function::FnOnce<Args>>::call_once::ha52bedf99a3b4981
[INFO] [stdout]                                at /rustc/6067b36314ab5eb2eb47cecc464545ba58e1ad24/library/alloc/src/boxed.rs:2013:9
[INFO] [stdout]   41:     0x64a8cb06e10b - <alloc::boxed::Box<F,A> as core::ops::function::FnOnce<Args>>::call_once::h567748934d80ccf8
[INFO] [stdout]                                at /rustc/6067b36314ab5eb2eb47cecc464545ba58e1ad24/library/alloc/src/boxed.rs:2013:9
[INFO] [stdout]   42:     0x64a8cb06e10b - std::sys::pal::unix::thread::Thread::new::thread_start::h2d970728ae887adc
[INFO] [stdout]                                at /rustc/6067b36314ab5eb2eb47cecc464545ba58e1ad24/library/std/src/sys/pal/unix/thread.rs:106:17
[INFO] [stdout]   43:     0x7dce6f5fbac3 - <unknown>
[INFO] [stdout]   44:     0x7dce6f68ca04 - clone
[INFO] [stdout]   45:                0x0 - <unknown>
[INFO] [stdout] 
[INFO] [stdout] 
[INFO] [stdout] failures:
[INFO] [stdout]     search::constraint::tests::stop_search_time
[INFO] [stdout] 
[INFO] [stdout] test result: FAILED. 95 passed; 1 failed; 0 ignored; 0 measured; 0 filtered out; finished in 2.33s
[INFO] [stdout] 
[INFO] [stderr] error: test failed, to rerun pass `--lib`
[INFO] running `Command { std: "docker" "inspect" "f3548808482050722df39c4bfeef8ae4d65482a6f2af85f758b98a922a0428b1", kill_on_drop: false }`
[INFO] running `Command { std: "docker" "rm" "-f" "f3548808482050722df39c4bfeef8ae4d65482a6f2af85f758b98a922a0428b1", kill_on_drop: false }`
[INFO] [stdout] f3548808482050722df39c4bfeef8ae4d65482a6f2af85f758b98a922a0428b1
