[INFO] fetching crate syslog_fmt 0.3.2...
[INFO] testing syslog_fmt-0.3.2 against nightly-2025-01-18 for randomize-layout-2
[INFO] extracting crate syslog_fmt 0.3.2 into /workspace/builds/worker-2-tc1/source
[INFO] validating manifest of crates.io crate syslog_fmt 0.3.2 on toolchain nightly-2025-01-18
[INFO] running `Command { std: CARGO_HOME="/workspace/cargo-home" RUSTUP_HOME="/workspace/rustup-home" "/workspace/cargo-home/bin/cargo" "+nightly-2025-01-18" "metadata" "--manifest-path" "Cargo.toml" "--no-deps", kill_on_drop: false }`
[INFO] removed /workspace/builds/worker-2-tc1/source/.cargo/config.toml
[INFO] started tweaking crates.io crate syslog_fmt 0.3.2
[INFO] removed 0 missing tests
[INFO] finished tweaking crates.io crate syslog_fmt 0.3.2
[INFO] tweaked toml for crates.io crate syslog_fmt 0.3.2 written to /workspace/builds/worker-2-tc1/source/Cargo.toml
[INFO] crate crates.io crate syslog_fmt 0.3.2 already has a lockfile, it will not be regenerated
[INFO] running `Command { std: CARGO_HOME="/workspace/cargo-home" RUSTUP_HOME="/workspace/rustup-home" "/workspace/cargo-home/bin/cargo" "+nightly-2025-01-18" "fetch" "--manifest-path" "Cargo.toml", kill_on_drop: false }`
[INFO] running `Command { std: "docker" "create" "-v" "/var/lib/crater-agent-workspace/builds/worker-2-tc1/target:/opt/rustwide/target:rw,Z" "-v" "/var/lib/crater-agent-workspace/builds/worker-2-tc1/source:/opt/rustwide/workdir:ro,Z" "-v" "/var/lib/crater-agent-workspace/cargo-home:/opt/rustwide/cargo-home:ro,Z" "-v" "/var/lib/crater-agent-workspace/rustup-home:/opt/rustwide/rustup-home:ro,Z" "-e" "SOURCE_DIR=/opt/rustwide/workdir" "-e" "CARGO_TARGET_DIR=/opt/rustwide/target" "-e" "CARGO_HOME=/opt/rustwide/cargo-home" "-e" "RUSTUP_HOME=/opt/rustwide/rustup-home" "-w" "/opt/rustwide/workdir" "-m" "1610612736" "--user" "0:0" "--network" "none" "ghcr.io/rust-lang/crates-build-env/linux@sha256:819108c5571ea2e421544af4d832f968d213c87fbe3707a016657f43d2f853bc" "/opt/rustwide/cargo-home/bin/cargo" "+nightly-2025-01-18" "metadata" "--no-deps" "--format-version=1", kill_on_drop: false }`
[INFO] [stdout] 8a60f9037d289bb37af9f3e77c14001364180221501898806fae587b15373b18
[INFO] running `Command { std: "docker" "start" "-a" "8a60f9037d289bb37af9f3e77c14001364180221501898806fae587b15373b18", kill_on_drop: false }`
[INFO] running `Command { std: "docker" "inspect" "8a60f9037d289bb37af9f3e77c14001364180221501898806fae587b15373b18", kill_on_drop: false }`
[INFO] running `Command { std: "docker" "rm" "-f" "8a60f9037d289bb37af9f3e77c14001364180221501898806fae587b15373b18", kill_on_drop: false }`
[INFO] [stdout] 8a60f9037d289bb37af9f3e77c14001364180221501898806fae587b15373b18
[INFO] running `Command { std: "docker" "create" "-v" "/var/lib/crater-agent-workspace/builds/worker-2-tc1/target:/opt/rustwide/target:rw,Z" "-v" "/var/lib/crater-agent-workspace/builds/worker-2-tc1/source:/opt/rustwide/workdir:ro,Z" "-v" "/var/lib/crater-agent-workspace/cargo-home:/opt/rustwide/cargo-home:ro,Z" "-v" "/var/lib/crater-agent-workspace/rustup-home:/opt/rustwide/rustup-home:ro,Z" "-e" "SOURCE_DIR=/opt/rustwide/workdir" "-e" "CARGO_TARGET_DIR=/opt/rustwide/target" "-e" "CARGO_INCREMENTAL=0" "-e" "RUST_BACKTRACE=full" "-e" "RUSTFLAGS=--cap-lints=forbid" "-e" "RUSTDOCFLAGS=--cap-lints=forbid" "-e" "CARGO_HOME=/opt/rustwide/cargo-home" "-e" "RUSTUP_HOME=/opt/rustwide/rustup-home" "-w" "/opt/rustwide/workdir" "-m" "1610612736" "--user" "0:0" "--network" "none" "ghcr.io/rust-lang/crates-build-env/linux@sha256:819108c5571ea2e421544af4d832f968d213c87fbe3707a016657f43d2f853bc" "/opt/rustwide/cargo-home/bin/cargo" "+nightly-2025-01-18" "build" "--frozen" "--message-format=json", kill_on_drop: false }`
[INFO] [stdout] d938e45ecce009e06dd506eab901383faac34137bcd4475834270ca4ade00916
[INFO] running `Command { std: "docker" "start" "-a" "d938e45ecce009e06dd506eab901383faac34137bcd4475834270ca4ade00916", kill_on_drop: false }`
[INFO] [stderr]    Compiling autocfg v1.1.0
[INFO] [stderr]    Compiling iana-time-zone v0.1.58
[INFO] [stderr]    Compiling num-traits v0.2.17
[INFO] [stderr]    Compiling chrono v0.4.31
[INFO] [stderr]    Compiling syslog_fmt v0.3.2 (/opt/rustwide/workdir)
[INFO] [stderr]     Finished `dev` profile [unoptimized + debuginfo] target(s) in 4.31s
[INFO] running `Command { std: "docker" "inspect" "d938e45ecce009e06dd506eab901383faac34137bcd4475834270ca4ade00916", kill_on_drop: false }`
[INFO] running `Command { std: "docker" "rm" "-f" "d938e45ecce009e06dd506eab901383faac34137bcd4475834270ca4ade00916", kill_on_drop: false }`
[INFO] [stdout] d938e45ecce009e06dd506eab901383faac34137bcd4475834270ca4ade00916
[INFO] running `Command { std: "docker" "create" "-v" "/var/lib/crater-agent-workspace/builds/worker-2-tc1/target:/opt/rustwide/target:rw,Z" "-v" "/var/lib/crater-agent-workspace/builds/worker-2-tc1/source:/opt/rustwide/workdir:ro,Z" "-v" "/var/lib/crater-agent-workspace/cargo-home:/opt/rustwide/cargo-home:ro,Z" "-v" "/var/lib/crater-agent-workspace/rustup-home:/opt/rustwide/rustup-home:ro,Z" "-e" "SOURCE_DIR=/opt/rustwide/workdir" "-e" "CARGO_TARGET_DIR=/opt/rustwide/target" "-e" "CARGO_INCREMENTAL=0" "-e" "RUST_BACKTRACE=full" "-e" "RUSTFLAGS=--cap-lints=forbid" "-e" "RUSTDOCFLAGS=--cap-lints=forbid" "-e" "CARGO_HOME=/opt/rustwide/cargo-home" "-e" "RUSTUP_HOME=/opt/rustwide/rustup-home" "-w" "/opt/rustwide/workdir" "-m" "1610612736" "--user" "0:0" "--network" "none" "ghcr.io/rust-lang/crates-build-env/linux@sha256:819108c5571ea2e421544af4d832f968d213c87fbe3707a016657f43d2f853bc" "/opt/rustwide/cargo-home/bin/cargo" "+nightly-2025-01-18" "test" "--frozen" "--no-run" "--message-format=json", kill_on_drop: false }`
[INFO] [stdout] 8bfbff9199acfce588c677c7fa013cd1c48aab0cd77f4fb1ab2e0d75156d327a
[INFO] running `Command { std: "docker" "start" "-a" "8bfbff9199acfce588c677c7fa013cd1c48aab0cd77f4fb1ab2e0d75156d327a", kill_on_drop: false }`
[INFO] [stderr]    Compiling libc v0.2.149
[INFO] [stderr]    Compiling proc-macro2 v1.0.69
[INFO] [stderr]    Compiling memchr v2.6.4
[INFO] [stderr]    Compiling unicode-ident v1.0.12
[INFO] [stderr]    Compiling parking_lot_core v0.9.9
[INFO] [stderr]    Compiling cfg-if v1.0.0
[INFO] [stderr]    Compiling lock_api v0.4.11
[INFO] [stderr]    Compiling rustix v0.38.20
[INFO] [stderr]    Compiling serde v1.0.190
[INFO] [stderr]    Compiling gimli v0.28.0
[INFO] [stderr]    Compiling adler v1.0.2
[INFO] [stderr]    Compiling scopeguard v1.2.0
[INFO] [stderr]    Compiling linux-raw-sys v0.4.10
[INFO] [stderr]    Compiling smallvec v1.11.1
[INFO] [stderr]    Compiling serde_json v1.0.107
[INFO] [stderr]    Compiling aho-corasick v1.1.2
[INFO] [stderr]    Compiling regex-syntax v0.8.2
[INFO] [stderr]    Compiling quote v1.0.33
[INFO] [stderr]    Compiling syn v2.0.38
[INFO] [stderr]    Compiling bitflags v2.4.1
[INFO] [stderr]    Compiling object v0.32.1
[INFO] [stderr]    Compiling cc v1.0.83
[INFO] [stderr]    Compiling miniz_oxide v0.7.1
[INFO] [stderr]    Compiling regex-automata v0.4.3
[INFO] [stderr]    Compiling addr2line v0.21.0
[INFO] [stderr]    Compiling once_cell v1.18.0
[INFO] [stderr]    Compiling ryu v1.0.15
[INFO] [stderr]    Compiling rustc-demangle v0.1.23
[INFO] [stderr]    Compiling itoa v1.0.9
[INFO] [stderr]    Compiling sys-info v0.9.1
[INFO] [stderr]    Compiling backtrace v0.3.69
[INFO] [stderr]    Compiling is-terminal v0.4.9
[INFO] [stderr]    Compiling parking_lot v0.12.1
[INFO] [stderr]    Compiling log v0.4.20
[INFO] [stderr]    Compiling mintex v0.1.2
[INFO] [stderr]    Compiling humantime v2.1.0
[INFO] [stderr]    Compiling rustc-hash v1.1.0
[INFO] [stderr]    Compiling thousands v0.2.0
[INFO] [stderr]    Compiling termcolor v1.3.0
[INFO] [stderr]    Compiling lazy_static v1.4.0
[INFO] [stderr]    Compiling arrayvec v0.7.4
[INFO] [stderr]    Compiling assert_matches v1.5.0
[INFO] [stderr]    Compiling serde_derive v1.0.190
[INFO] [stderr]    Compiling regex v1.10.2
[INFO] [stderr]    Compiling env_logger v0.10.0
[INFO] [stderr]    Compiling dhat v0.3.2
[INFO] [stderr]    Compiling syslog_fmt v0.3.2 (/opt/rustwide/workdir)
[INFO] [stderr]     Finished `test` profile [unoptimized + debuginfo] target(s) in 30.70s
[INFO] running `Command { std: "docker" "inspect" "8bfbff9199acfce588c677c7fa013cd1c48aab0cd77f4fb1ab2e0d75156d327a", kill_on_drop: false }`
[INFO] running `Command { std: "docker" "rm" "-f" "8bfbff9199acfce588c677c7fa013cd1c48aab0cd77f4fb1ab2e0d75156d327a", kill_on_drop: false }`
[INFO] [stdout] 8bfbff9199acfce588c677c7fa013cd1c48aab0cd77f4fb1ab2e0d75156d327a
[INFO] running `Command { std: "docker" "create" "-v" "/var/lib/crater-agent-workspace/builds/worker-2-tc1/target:/opt/rustwide/target:rw,Z" "-v" "/var/lib/crater-agent-workspace/builds/worker-2-tc1/source:/opt/rustwide/workdir:ro,Z" "-v" "/var/lib/crater-agent-workspace/cargo-home:/opt/rustwide/cargo-home:ro,Z" "-v" "/var/lib/crater-agent-workspace/rustup-home:/opt/rustwide/rustup-home:ro,Z" "-e" "SOURCE_DIR=/opt/rustwide/workdir" "-e" "CARGO_TARGET_DIR=/opt/rustwide/target" "-e" "CARGO_INCREMENTAL=0" "-e" "RUST_BACKTRACE=full" "-e" "RUSTFLAGS=--cap-lints=forbid" "-e" "RUSTDOCFLAGS=--cap-lints=forbid" "-e" "CARGO_HOME=/opt/rustwide/cargo-home" "-e" "RUSTUP_HOME=/opt/rustwide/rustup-home" "-w" "/opt/rustwide/workdir" "-m" "1610612736" "--user" "0:0" "--network" "none" "ghcr.io/rust-lang/crates-build-env/linux@sha256:819108c5571ea2e421544af4d832f968d213c87fbe3707a016657f43d2f853bc" "/opt/rustwide/cargo-home/bin/cargo" "+nightly-2025-01-18" "test" "--frozen", kill_on_drop: false }`
[INFO] [stdout] 8ca9d572c068009a6f6e471439df5207e9cfb0dcdc968ee64de178af2617d7fc
[INFO] running `Command { std: "docker" "start" "-a" "8ca9d572c068009a6f6e471439df5207e9cfb0dcdc968ee64de178af2617d7fc", kill_on_drop: false }`
[INFO] [stderr]     Finished `test` profile [unoptimized + debuginfo] target(s) in 0.10s
[INFO] [stderr]      Running unittests src/lib.rs (/opt/rustwide/target/debug/deps/syslog_fmt-9ff200575981e55f)
[INFO] [stdout] 
[INFO] [stdout] running 13 tests
[INFO] [stdout] test v5424::tests::should_format_date_like_chrono ... ok
[INFO] [stdout] test v5424::tests::should_fmt_structured_data ... ok
[INFO] [stdout] test v5424::tests::should_format_message_with_structured_data_and_message ... ok
[INFO] [stdout] test v5424::tests::should_parse_example_1_with_no_structured_data ... ok
[INFO] [stdout] test v5424::tests::should_format_message_with_structured_data_and_no_message ... ok
[INFO] [stdout] test v5424::tests::should_format_message_with_msg_id ... ok
[INFO] [stdout] test v5424::tests::should_format_message_without_msg_id ... ok
[INFO] [stdout] test v5424::tests::should_parse_example_2_with_no_structured_data ... ok
[INFO] [stdout] test v5424::tests::should_parse_example_3_with_structured_data ... ok
[INFO] [stdout] test v5424::tests::should_parse_example_4_structured_data_only ... ok
[INFO] [stdout] test v5424::tests::should_truncate_message_to_buffer_size ... ok
[INFO] [stdout] test v5424::tests::should_write_message_in_sections ... ok
[INFO] [stdout] test v5424::tests::should_write_message_with_custom_formatting ... ok
[INFO] [stdout] 
[INFO] [stdout] test result: ok. 13 passed; 0 failed; 0 ignored; 0 measured; 0 filtered out; finished in 0.01s
[INFO] [stdout] 
[INFO] [stderr]      Running tests/assert_no_heap_allocations_with_structured_data.rs (/opt/rustwide/target/debug/deps/assert_no_heap_allocations_with_structured_data-783c22c9f48b64e2)
[INFO] [stderr]      Running tests/assert_no_heap_allocations_without_structured_data.rs (/opt/rustwide/target/debug/deps/assert_no_heap_allocations_without_structured_data-acd8d7d7580702ac)
[INFO] [stderr]    Doc-tests syslog_fmt
[INFO] [stdout] 
[INFO] [stdout] running 2 tests
[INFO] [stdout] test src/v5424.rs - v5424::Formatter::write_with_data (line 74) ... FAILED
[INFO] [stdout] test src/v5424.rs - v5424::Formatter::write_without_data (line 120) ... FAILED
[INFO] [stdout] 
[INFO] [stdout] failures:
[INFO] [stdout] 
[INFO] [stdout] ---- src/v5424.rs - v5424::Formatter::write_with_data (line 74) stdout ----
[INFO] [stdout] rustc-LLVM ERROR: IO failure on output stream: No space left on device
[INFO] [stdout] Couldn't compile the test.
[INFO] [stdout] ---- src/v5424.rs - v5424::Formatter::write_without_data (line 120) stdout ----
[INFO] [stdout] error: linking with `cc` failed: exit status: 1
[INFO] [stdout]   |
[INFO] [stdout]   = note: LC_ALL="C" PATH="/opt/rustwide/rustup-home/toolchains/nightly-2025-01-18-x86_64-unknown-linux-gnu/lib/rustlib/x86_64-unknown-linux-gnu/bin:/opt/rustwide/rustup-home/toolchains/nightly-2025-01-18-x86_64-unknown-linux-gnu/lib/rustlib/x86_64-unknown-linux-gnu/bin/self-contained:/opt/rustwide/cargo-home/bin:/usr/local/sbin:/usr/local/bin:/usr/sbin:/usr/bin:/sbin:/bin" VSLANG="1033" "cc" "-m64" "/tmp/rustcErHB7k/symbols.o" "<2 object files omitted>" "-Wl,--as-needed" "-Wl,-Bstatic" "/opt/rustwide/target/debug/deps/{libsyslog_fmt-40115772f888ca47.rlib,libchrono-a30a6102767c144b.rlib,libnum_traits-742c220450b0f662.rlib,libiana_time_zone-a73c44914363f885.rlib}" "/opt/rustwide/rustup-home/toolchains/nightly-2025-01-18-x86_64-unknown-linux-gnu/lib/rustlib/x86_64-unknown-linux-gnu/lib/{libstd-006123e2ce67e99d.rlib,libpanic_unwind-e1447e1efa6f1e57.rlib,libobject-f6963a4916fcf097.rlib,libmemchr-49a2d9af912f4524.rlib,libaddr2line-04d19aad3936869d.rlib,libgimli-483c235edb789db0.rlib,librustc_demangle-294281af50b8f748.rlib,libstd_detect-3b08295250aabc2a.rlib,libhashbrown-4472d1e05ba0dfaf.rlib,librustc_std_workspace_alloc-2ef099fac590e457.rlib,libminiz_oxide-8a51f5e848546c29.rlib,libadler2-3d3fa22b868db521.rlib,libunwind-0ffda8b08e22dbea.rlib,libcfg_if-b08f62458fdd43b9.rlib,liblibc-559675126e63b890.rlib,liballoc-fcf21c8d1c9c7b75.rlib,librustc_std_workspace_core-e0b0460135bcf21d.rlib,libcore-d4097fdcbddd3bc7.rlib,libcompiler_builtins-fea484ac1eed7881.rlib}" "-Wl,-Bdynamic" "-lgcc_s" "-lutil" "-lrt" "-lpthread" "-lm" "-ldl" "-lc" "-B/opt/rustwide/rustup-home/toolchains/nightly-2025-01-18-x86_64-unknown-linux-gnu/lib/rustlib/x86_64-unknown-linux-gnu/bin/gcc-ld" "-fuse-ld=lld" "-Wl,--eh-frame-hdr" "-Wl,-z,noexecstack" "-L" "/opt/rustwide/target/debug/build/sys-info-956d2610748ca935/out" "-L" "/opt/rustwide/rustup-home/toolchains/nightly-2025-01-18-x86_64-unknown-linux-gnu/lib/rustlib/x86_64-unknown-linux-gnu/lib" "-o" "/tmp/rustdoctestviYCXt/rust_out" "-Wl,--gc-sections" "-pie" "-Wl,-z,relro,-z,now" "-nodefaultlibs"
[INFO] [stdout]   = note: some arguments are omitted. use `--verbose` to show all linker arguments
[INFO] [stdout]   = note: collect2: fatal error: ld terminated with signal 7 [Bus error], core dumped
[INFO] [stdout]           compilation terminated.
[INFO] [stdout]           
[INFO] [stdout] 
[INFO] [stdout] error: aborting due to 1 previous error
[INFO] [stdout] 
[INFO] [stdout] Couldn't compile the test.
[INFO] [stdout] 
[INFO] [stdout] failures:
[INFO] [stdout]     src/v5424.rs - v5424::Formatter::write_with_data (line 74)
[INFO] [stdout]     src/v5424.rs - v5424::Formatter::write_without_data (line 120)
[INFO] [stdout] 
[INFO] [stdout] test result: FAILED. 0 passed; 2 failed; 0 ignored; 0 measured; 0 filtered out; finished in 0.50s
[INFO] [stdout] 
[INFO] [stderr] error: doctest failed, to rerun pass `--doc`
[INFO] running `Command { std: "docker" "inspect" "8ca9d572c068009a6f6e471439df5207e9cfb0dcdc968ee64de178af2617d7fc", kill_on_drop: false }`
[INFO] running `Command { std: "docker" "rm" "-f" "8ca9d572c068009a6f6e471439df5207e9cfb0dcdc968ee64de178af2617d7fc", kill_on_drop: false }`
[INFO] [stdout] 8ca9d572c068009a6f6e471439df5207e9cfb0dcdc968ee64de178af2617d7fc
