[INFO] fetching crate sharedstate 0.2.0...
[INFO] testing sharedstate-0.2.0 against nightly-2025-01-18 for randomize-layout-2
[INFO] extracting crate sharedstate 0.2.0 into /workspace/builds/worker-0-tc1/source
[INFO] validating manifest of crates.io crate sharedstate 0.2.0 on toolchain nightly-2025-01-18
[INFO] running `Command { std: CARGO_HOME="/workspace/cargo-home" RUSTUP_HOME="/workspace/rustup-home" "/workspace/cargo-home/bin/cargo" "+nightly-2025-01-18" "metadata" "--manifest-path" "Cargo.toml" "--no-deps", kill_on_drop: false }`
[INFO] started tweaking crates.io crate sharedstate 0.2.0
[INFO] finished tweaking crates.io crate sharedstate 0.2.0
[INFO] tweaked toml for crates.io crate sharedstate 0.2.0 written to /workspace/builds/worker-0-tc1/source/Cargo.toml
[INFO] running `Command { std: CARGO_HOME="/workspace/cargo-home" RUSTUP_HOME="/workspace/rustup-home" "/workspace/cargo-home/bin/cargo" "+nightly-2025-01-18" "generate-lockfile" "--manifest-path" "Cargo.toml", kill_on_drop: false }`
[INFO] [stderr]     Updating crates.io index
[INFO] [stderr]      Locking 72 packages to latest compatible versions
[INFO] running `Command { std: CARGO_HOME="/workspace/cargo-home" RUSTUP_HOME="/workspace/rustup-home" "/workspace/cargo-home/bin/cargo" "+nightly-2025-01-18" "fetch" "--manifest-path" "Cargo.toml", kill_on_drop: false }`
[INFO] [stderr] warning: only one of `license` or `license-file` is necessary
[INFO] [stderr] `license` should be used if the package license can be expressed with a standard SPDX expression.
[INFO] [stderr] `license-file` should be used if the package uses a non-standard license.
[INFO] [stderr] See https://doc.rust-lang.org/cargo/reference/manifest.html#the-license-and-license-file-fields for more information.
[INFO] [stderr]  Downloading crates ...
[INFO] [stderr]   Downloaded sequenced-broadcast v0.1.1
[INFO] [stderr]   Downloaded message-encoding v0.2.7
[INFO] running `Command { std: "docker" "create" "-v" "/var/lib/crater-agent-workspace/builds/worker-0-tc1/target:/opt/rustwide/target:rw,Z" "-v" "/var/lib/crater-agent-workspace/builds/worker-0-tc1/source:/opt/rustwide/workdir:ro,Z" "-v" "/var/lib/crater-agent-workspace/cargo-home:/opt/rustwide/cargo-home:ro,Z" "-v" "/var/lib/crater-agent-workspace/rustup-home:/opt/rustwide/rustup-home:ro,Z" "-e" "SOURCE_DIR=/opt/rustwide/workdir" "-e" "CARGO_TARGET_DIR=/opt/rustwide/target" "-e" "CARGO_HOME=/opt/rustwide/cargo-home" "-e" "RUSTUP_HOME=/opt/rustwide/rustup-home" "-w" "/opt/rustwide/workdir" "-m" "1610612736" "--user" "0:0" "--network" "none" "ghcr.io/rust-lang/crates-build-env/linux@sha256:819108c5571ea2e421544af4d832f968d213c87fbe3707a016657f43d2f853bc" "/opt/rustwide/cargo-home/bin/cargo" "+nightly-2025-01-18" "metadata" "--no-deps" "--format-version=1", kill_on_drop: false }`
[INFO] [stdout] 1fa4addc2c3e8ed64b3dee752cab04980a7572fe11e96aa0c1ae117111732817
[INFO] running `Command { std: "docker" "start" "-a" "1fa4addc2c3e8ed64b3dee752cab04980a7572fe11e96aa0c1ae117111732817", kill_on_drop: false }`
[INFO] running `Command { std: "docker" "inspect" "1fa4addc2c3e8ed64b3dee752cab04980a7572fe11e96aa0c1ae117111732817", kill_on_drop: false }`
[INFO] running `Command { std: "docker" "rm" "-f" "1fa4addc2c3e8ed64b3dee752cab04980a7572fe11e96aa0c1ae117111732817", kill_on_drop: false }`
[INFO] [stdout] 1fa4addc2c3e8ed64b3dee752cab04980a7572fe11e96aa0c1ae117111732817
[INFO] running `Command { std: "docker" "create" "-v" "/var/lib/crater-agent-workspace/builds/worker-0-tc1/target:/opt/rustwide/target:rw,Z" "-v" "/var/lib/crater-agent-workspace/builds/worker-0-tc1/source:/opt/rustwide/workdir:ro,Z" "-v" "/var/lib/crater-agent-workspace/cargo-home:/opt/rustwide/cargo-home:ro,Z" "-v" "/var/lib/crater-agent-workspace/rustup-home:/opt/rustwide/rustup-home:ro,Z" "-e" "SOURCE_DIR=/opt/rustwide/workdir" "-e" "CARGO_TARGET_DIR=/opt/rustwide/target" "-e" "CARGO_INCREMENTAL=0" "-e" "RUST_BACKTRACE=full" "-e" "RUSTFLAGS=--cap-lints=forbid" "-e" "RUSTDOCFLAGS=--cap-lints=forbid" "-e" "CARGO_HOME=/opt/rustwide/cargo-home" "-e" "RUSTUP_HOME=/opt/rustwide/rustup-home" "-w" "/opt/rustwide/workdir" "-m" "1610612736" "--user" "0:0" "--network" "none" "ghcr.io/rust-lang/crates-build-env/linux@sha256:819108c5571ea2e421544af4d832f968d213c87fbe3707a016657f43d2f853bc" "/opt/rustwide/cargo-home/bin/cargo" "+nightly-2025-01-18" "build" "--frozen" "--message-format=json", kill_on_drop: false }`
[INFO] [stdout] 052fde04239e4b6cd5174e7538828fa753b70adb5bfc69539272d608597fa5ce
[INFO] running `Command { std: "docker" "start" "-a" "052fde04239e4b6cd5174e7538828fa753b70adb5bfc69539272d608597fa5ce", kill_on_drop: false }`
[INFO] [stderr] warning: only one of `license` or `license-file` is necessary
[INFO] [stderr] `license` should be used if the package license can be expressed with a standard SPDX expression.
[INFO] [stderr] `license-file` should be used if the package uses a non-standard license.
[INFO] [stderr] See https://doc.rust-lang.org/cargo/reference/manifest.html#the-license-and-license-file-fields for more information.
[INFO] [stderr]    Compiling autocfg v1.4.0
[INFO] [stderr]    Compiling libc v0.2.169
[INFO] [stderr]    Compiling parking_lot_core v0.9.10
[INFO] [stderr]    Compiling scopeguard v1.2.0
[INFO] [stderr]    Compiling smallvec v1.13.2
[INFO] [stderr]    Compiling pin-project-lite v0.2.16
[INFO] [stderr]    Compiling byteorder v1.5.0
[INFO] [stderr]    Compiling once_cell v1.20.2
[INFO] [stderr]    Compiling futures-core v0.3.31
[INFO] [stderr]    Compiling bytes v1.9.0
[INFO] [stderr]    Compiling futures-sink v0.3.31
[INFO] [stderr]    Compiling pin-utils v0.1.0
[INFO] [stderr]    Compiling rand_core v0.6.4
[INFO] [stderr]    Compiling futures-task v0.3.31
[INFO] [stderr]    Compiling syn v2.0.96
[INFO] [stderr]    Compiling tracing-core v0.1.33
[INFO] [stderr]    Compiling message-encoding v0.2.7
[INFO] [stderr]    Compiling lock_api v0.4.12
[INFO] [stderr]    Compiling slab v0.4.9
[INFO] [stderr]    Compiling signal-hook-registry v1.4.2
[INFO] [stderr]    Compiling mio v1.0.3
[INFO] [stderr]    Compiling socket2 v0.5.8
[INFO] [stderr]    Compiling parking_lot v0.12.3
[INFO] [stderr]    Compiling tokio-macros v2.5.0
[INFO] [stderr]    Compiling zerocopy-derive v0.7.35
[INFO] [stderr]    Compiling tracing-attributes v0.1.28
[INFO] [stderr]    Compiling futures-macro v0.3.31
[INFO] [stderr]    Compiling tokio v1.43.0
[INFO] [stderr]    Compiling futures-util v0.3.31
[INFO] [stderr]    Compiling tracing v0.1.41
[INFO] [stderr]    Compiling zerocopy v0.7.35
[INFO] [stderr]    Compiling ppv-lite86 v0.2.20
[INFO] [stderr]    Compiling rand_chacha v0.3.1
[INFO] [stderr]    Compiling tokio-util v0.7.13
[INFO] [stderr]    Compiling sequenced-broadcast v0.1.1
[INFO] [stderr]    Compiling sharedstate v0.2.0 (/opt/rustwide/workdir)
[INFO] [stdout] warning: field `actions_tx` is never read
[INFO] [stdout]   --> src/worker/mod.rs:22:5
[INFO] [stdout]    |
[INFO] [stdout] 19 | pub struct SyncState<I: SyncIO, D: DeterministicState<Action: MessageEncoding + Clone>> {
[INFO] [stdout]    |            --------- field in this struct
[INFO] [stdout] ...
[INFO] [stdout] 22 |     actions_tx: Sender<D::Action>,
[INFO] [stdout]    |     ^^^^^^^^^^
[INFO] [stdout]    |
[INFO] [stdout]    = note: `#[warn(dead_code)]` on by default
[INFO] [stdout] 
[INFO] [stdout] 
[INFO] [stderr]     Finished `dev` profile [unoptimized + debuginfo] target(s) in 13.47s
[INFO] running `Command { std: "docker" "inspect" "052fde04239e4b6cd5174e7538828fa753b70adb5bfc69539272d608597fa5ce", kill_on_drop: false }`
[INFO] running `Command { std: "docker" "rm" "-f" "052fde04239e4b6cd5174e7538828fa753b70adb5bfc69539272d608597fa5ce", kill_on_drop: false }`
[INFO] [stdout] 052fde04239e4b6cd5174e7538828fa753b70adb5bfc69539272d608597fa5ce
[INFO] running `Command { std: "docker" "create" "-v" "/var/lib/crater-agent-workspace/builds/worker-0-tc1/target:/opt/rustwide/target:rw,Z" "-v" "/var/lib/crater-agent-workspace/builds/worker-0-tc1/source:/opt/rustwide/workdir:ro,Z" "-v" "/var/lib/crater-agent-workspace/cargo-home:/opt/rustwide/cargo-home:ro,Z" "-v" "/var/lib/crater-agent-workspace/rustup-home:/opt/rustwide/rustup-home:ro,Z" "-e" "SOURCE_DIR=/opt/rustwide/workdir" "-e" "CARGO_TARGET_DIR=/opt/rustwide/target" "-e" "CARGO_INCREMENTAL=0" "-e" "RUST_BACKTRACE=full" "-e" "RUSTFLAGS=--cap-lints=forbid" "-e" "RUSTDOCFLAGS=--cap-lints=forbid" "-e" "CARGO_HOME=/opt/rustwide/cargo-home" "-e" "RUSTUP_HOME=/opt/rustwide/rustup-home" "-w" "/opt/rustwide/workdir" "-m" "1610612736" "--user" "0:0" "--network" "none" "ghcr.io/rust-lang/crates-build-env/linux@sha256:819108c5571ea2e421544af4d832f968d213c87fbe3707a016657f43d2f853bc" "/opt/rustwide/cargo-home/bin/cargo" "+nightly-2025-01-18" "test" "--frozen" "--no-run" "--message-format=json", kill_on_drop: false }`
[INFO] [stdout] 6d73ffc1351bd9be69736d778e23519ba2bc73b6f385266f11e7f60db500bb44
[INFO] running `Command { std: "docker" "start" "-a" "6d73ffc1351bd9be69736d778e23519ba2bc73b6f385266f11e7f60db500bb44", kill_on_drop: false }`
[INFO] [stderr] warning: only one of `license` or `license-file` is necessary
[INFO] [stderr] `license` should be used if the package license can be expressed with a standard SPDX expression.
[INFO] [stderr] `license-file` should be used if the package uses a non-standard license.
[INFO] [stderr] See https://doc.rust-lang.org/cargo/reference/manifest.html#the-license-and-license-file-fields for more information.
[INFO] [stderr]    Compiling tracing-core v0.1.33
[INFO] [stderr]    Compiling overload v0.1.1
[INFO] [stderr]    Compiling lazy_static v1.5.0
[INFO] [stderr]    Compiling log v0.4.25
[INFO] [stderr]    Compiling thread_local v1.1.8
[INFO] [stderr]    Compiling sharded-slab v0.1.7
[INFO] [stderr]    Compiling nu-ansi-term v0.46.0
[INFO] [stderr]    Compiling tracing v0.1.41
[INFO] [stderr]    Compiling tracing-log v0.2.0
[INFO] [stderr]    Compiling sequenced-broadcast v0.1.1
[INFO] [stderr]    Compiling tracing-subscriber v0.3.19
[INFO] [stderr]    Compiling sharedstate v0.2.0 (/opt/rustwide/workdir)
[INFO] [stdout] warning: field `actions_tx` is never read
[INFO] [stdout]   --> src/worker/mod.rs:22:5
[INFO] [stdout]    |
[INFO] [stdout] 19 | pub struct SyncState<I: SyncIO, D: DeterministicState<Action: MessageEncoding + Clone>> {
[INFO] [stdout]    |            --------- field in this struct
[INFO] [stdout] ...
[INFO] [stdout] 22 |     actions_tx: Sender<D::Action>,
[INFO] [stdout]    |     ^^^^^^^^^^
[INFO] [stdout]    |
[INFO] [stdout]    = note: `#[warn(dead_code)]` on by default
[INFO] [stdout] 
[INFO] [stdout] 
[INFO] [stdout] warning: unused import: `std::time::Instant`
[INFO] [stdout]    --> src/worker/mod.rs:774:9
[INFO] [stdout]     |
[INFO] [stdout] 774 |     use std::time::Instant;
[INFO] [stdout]     |         ^^^^^^^^^^^^^^^^^^
[INFO] [stdout]     |
[INFO] [stdout]     = note: `#[warn(unused_imports)]` on by default
[INFO] [stdout] 
[INFO] [stdout] 
[INFO] [stdout] warning: unused variable: `state`
[INFO] [stdout]    --> src/state.rs:299:14
[INFO] [stdout]     |
[INFO] [stdout] 299 |         let (state, mut updater) = SharedState::new(TestState::default());
[INFO] [stdout]     |              ^^^^^ help: if this is intentional, prefix it with an underscore: `_state`
[INFO] [stdout]     |
[INFO] [stdout]     = note: `#[warn(unused_variables)]` on by default
[INFO] [stdout] 
[INFO] [stdout] 
[INFO] [stdout] warning: unused variable: `server`
[INFO] [stdout]    --> src/testing/handshake_tests.rs:205:10
[INFO] [stdout]     |
[INFO] [stdout] 205 |     let (server, server_state): (ServerClientReady<SyncTestIo>, RecoverableState<TestAddState>) = accept.await.unwrap().unbundle();
[INFO] [stdout]     |          ^^^^^^ help: if this is intentional, prefix it with an underscore: `_server`
[INFO] [stdout] 
[INFO] [stdout] 
[INFO] [stdout] warning: variant `Shutdown` is never constructed
[INFO] [stdout]   --> src/testing/test_sync_io.rs:76:5
[INFO] [stdout]    |
[INFO] [stdout] 74 | pub enum TestIOKillMode {
[INFO] [stdout]    |          -------------- variant in this enum
[INFO] [stdout] 75 |     Timeout,
[INFO] [stdout] 76 |     Shutdown,
[INFO] [stdout]    |     ^^^^^^^^
[INFO] [stdout]    |
[INFO] [stdout]    = note: `TestIOKillMode` has derived impls for the traits `Clone` and `Debug`, but these are intentionally ignored during dead code analysis
[INFO] [stdout]    = note: `#[warn(dead_code)]` on by default
[INFO] [stdout] 
[INFO] [stdout] 
[INFO] [stderr]     Finished `test` profile [unoptimized + debuginfo] target(s) in 15.38s
[INFO] running `Command { std: "docker" "inspect" "6d73ffc1351bd9be69736d778e23519ba2bc73b6f385266f11e7f60db500bb44", kill_on_drop: false }`
[INFO] running `Command { std: "docker" "rm" "-f" "6d73ffc1351bd9be69736d778e23519ba2bc73b6f385266f11e7f60db500bb44", kill_on_drop: false }`
[INFO] [stdout] 6d73ffc1351bd9be69736d778e23519ba2bc73b6f385266f11e7f60db500bb44
[INFO] running `Command { std: "docker" "create" "-v" "/var/lib/crater-agent-workspace/builds/worker-0-tc1/target:/opt/rustwide/target:rw,Z" "-v" "/var/lib/crater-agent-workspace/builds/worker-0-tc1/source:/opt/rustwide/workdir:ro,Z" "-v" "/var/lib/crater-agent-workspace/cargo-home:/opt/rustwide/cargo-home:ro,Z" "-v" "/var/lib/crater-agent-workspace/rustup-home:/opt/rustwide/rustup-home:ro,Z" "-e" "SOURCE_DIR=/opt/rustwide/workdir" "-e" "CARGO_TARGET_DIR=/opt/rustwide/target" "-e" "CARGO_INCREMENTAL=0" "-e" "RUST_BACKTRACE=full" "-e" "RUSTFLAGS=--cap-lints=forbid" "-e" "RUSTDOCFLAGS=--cap-lints=forbid" "-e" "CARGO_HOME=/opt/rustwide/cargo-home" "-e" "RUSTUP_HOME=/opt/rustwide/rustup-home" "-w" "/opt/rustwide/workdir" "-m" "1610612736" "--user" "0:0" "--network" "none" "ghcr.io/rust-lang/crates-build-env/linux@sha256:819108c5571ea2e421544af4d832f968d213c87fbe3707a016657f43d2f853bc" "/opt/rustwide/cargo-home/bin/cargo" "+nightly-2025-01-18" "test" "--frozen", kill_on_drop: false }`
[INFO] [stdout] b41d9d5df2396897565ba5ab8028c7cbaf8c6cf35cc19345f70950d7d570a8e3
[INFO] running `Command { std: "docker" "start" "-a" "b41d9d5df2396897565ba5ab8028c7cbaf8c6cf35cc19345f70950d7d570a8e3", kill_on_drop: false }`
[INFO] [stderr] warning: only one of `license` or `license-file` is necessary
[INFO] [stderr] `license` should be used if the package license can be expressed with a standard SPDX expression.
[INFO] [stderr] `license-file` should be used if the package uses a non-standard license.
[INFO] [stderr] See https://doc.rust-lang.org/cargo/reference/manifest.html#the-license-and-license-file-fields for more information.
[INFO] [stderr] warning: field `actions_tx` is never read
[INFO] [stderr]   --> src/worker/mod.rs:22:5
[INFO] [stderr]    |
[INFO] [stderr] 19 | pub struct SyncState<I: SyncIO, D: DeterministicState<Action: MessageEncoding + Clone>> {
[INFO] [stderr]    |            --------- field in this struct
[INFO] [stderr] ...
[INFO] [stderr] 22 |     actions_tx: Sender<D::Action>,
[INFO] [stderr]    |     ^^^^^^^^^^
[INFO] [stderr]    |
[INFO] [stderr]    = note: `#[warn(dead_code)]` on by default
[INFO] [stderr] 
[INFO] [stderr] warning: unused import: `std::time::Instant`
[INFO] [stderr]    --> src/worker/mod.rs:774:9
[INFO] [stderr]     |
[INFO] [stderr] 774 |     use std::time::Instant;
[INFO] [stderr]     |         ^^^^^^^^^^^^^^^^^^
[INFO] [stderr]     |
[INFO] [stderr]     = note: `#[warn(unused_imports)]` on by default
[INFO] [stderr] 
[INFO] [stderr] warning: unused variable: `state`
[INFO] [stderr]    --> src/state.rs:299:14
[INFO] [stderr]     |
[INFO] [stderr] 299 |         let (state, mut updater) = SharedState::new(TestState::default());
[INFO] [stderr]     |              ^^^^^ help: if this is intentional, prefix it with an underscore: `_state`
[INFO] [stderr]     |
[INFO] [stderr]     = note: `#[warn(unused_variables)]` on by default
[INFO] [stderr] 
[INFO] [stderr] warning: unused variable: `server`
[INFO] [stderr]    --> src/testing/handshake_tests.rs:205:10
[INFO] [stderr]     |
[INFO] [stderr] 205 |     let (server, server_state): (ServerClientReady<SyncTestIo>, RecoverableState<TestAddState>) = accept.await.unwrap().unbundle();
[INFO] [stderr]     |          ^^^^^^ help: if this is intentional, prefix it with an underscore: `_server`
[INFO] [stderr] 
[INFO] [stderr] warning: variant `Shutdown` is never constructed
[INFO] [stderr]   --> src/testing/test_sync_io.rs:76:5
[INFO] [stderr]    |
[INFO] [stderr] 74 | pub enum TestIOKillMode {
[INFO] [stderr]    |          -------------- variant in this enum
[INFO] [stderr] 75 |     Timeout,
[INFO] [stderr] 76 |     Shutdown,
[INFO] [stderr]    |     ^^^^^^^^
[INFO] [stderr]    |
[INFO] [stderr]    = note: `TestIOKillMode` has derived impls for the traits `Clone` and `Debug`, but these are intentionally ignored during dead code analysis
[INFO] [stderr]    = note: `#[warn(dead_code)]` on by default
[INFO] [stderr] 
[INFO] [stderr] warning: `sharedstate` (lib) generated 1 warning
[INFO] [stderr] warning: `sharedstate` (lib test) generated 4 warnings (run `cargo fix --lib -p sharedstate --tests` to apply 1 suggestion)
[INFO] [stderr]     Finished `test` profile [unoptimized + debuginfo] target(s) in 0.09s
[INFO] [stderr]      Running unittests src/lib.rs (/opt/rustwide/target/debug/deps/sharedstate-7f45b0cfae3dd4bf)
[INFO] [stdout] 
[INFO] [stdout] running 17 tests
[INFO] [stdout] test state::test::test_depth ... ok
[INFO] [stdout] test handshake::messages::test::handshake_msg_tests ... ok
[INFO] [stdout] test testing::message_io_tests::message_io_zero_send ... ok
[INFO] [stdout] test recoverable_state::test::recoverable_state_encoding_test ... ok
[INFO] [stdout] test testing::handshake_tests::handshake_reconnect_recover_test ... ok
[INFO] [stdout] test testing::handshake_tests::handshake_reconnect_request_state_test ... ok
[INFO] [stdout] test testing::handshake_tests::handshake_relay_connect_test ... ok
[INFO] [stdout] test testing::message_io_tests::message_io_send_receive ... ok
[INFO] [stdout] test testing::handshake_tests::handshake_reconnect_request_state_reject_test ... ok
[INFO] [stdout] test testing::handshake_tests::handshake_reconnect_request_state_recover_test ... ok
[INFO] [stdout] test testing::handshake_tests::handshake_fresh_connect_test ... ok
[INFO] [stdout] test worker::state_manager::test::state_manager_test ... ok
[INFO] [stdout] test worker::message_relay::test::message_relay_test ... ok
[INFO] [stdout] test worker::test::sync_state_change_leader_test ... FAILED
[INFO] [stdout] test worker::test::sync_state_connect_through_alt ... ok
[INFO] [stdout] test testing::state_tests::slow_state_deadlock_test ... ok
[INFO] [stdout] test worker::test::sync_state_should_reconnect ... ok
[INFO] [stdout] 
[INFO] [stdout] failures:
[INFO] [stdout] 
[INFO] [stdout] ---- worker::test::sync_state_change_leader_test stdout ----
[INFO] [stdout] 2025-01-21T00:13:38.292308Z  INFO SyncWorker{addr=1}: sequenced_broadcast: Subscriber(1): Added, allow_drop: false, next_sequence: 0, min_allowed_seq: 0
[INFO] [stdout] 2025-01-21T00:13:38.292632Z  INFO SyncWorker{addr=2}: sequenced_broadcast: Subscriber(1): Added, allow_drop: false, next_sequence: 0, min_allowed_seq: 0
[INFO] [stdout] 2025-01-21T00:13:38.292913Z  INFO SyncWorker{addr=3}: sequenced_broadcast: Subscriber(1): Added, allow_drop: false, next_sequence: 0, min_allowed_seq: 0
[INFO] [stdout] 2025-01-21T00:13:38.293127Z  INFO SyncWorker{addr=2}: sharedstate::worker: Event: PatchLeader{ leader: Some(1), alt: None }
[INFO] [stdout] 2025-01-21T00:13:38.293158Z  INFO SyncWorker{addr=2}: sharedstate::worker: Update: leader changed 2 => 1
[INFO] [stdout] 2025-01-21T00:13:38.293180Z  INFO SyncWorker{addr=2}: sharedstate::worker: Update: now follower, leader: 1
[INFO] [stdout] 2025-01-21T00:13:38.293252Z  INFO SyncWorker{addr=2}: sharedstate::worker: Event: ConnectToLeader
[INFO] [stdout] 2025-01-21T00:13:38.293301Z  INFO SyncWorker{addr=3}: sharedstate::worker: Event: PatchLeader{ leader: Some(1), alt: None }
[INFO] [stdout] 2025-01-21T00:13:38.293315Z  INFO SyncWorker{addr=3}: sharedstate::worker: Update: leader changed 3 => 1
[INFO] [stdout] 2025-01-21T00:13:38.293325Z  INFO SyncWorker{addr=3}: sharedstate::worker: Update: now follower, leader: 1
[INFO] [stdout] 2025-01-21T00:13:38.293517Z  INFO SyncWorker{addr=3}: sharedstate::worker: Event: ConnectToLeader
[INFO] [stdout] 2025-01-21T00:13:38.293775Z  INFO SyncWorker{addr=2}: sharedstate::worker: Event: AttemptConnect{ queue: 1, attempted: 0 }
[INFO] [stdout] 2025-01-21T00:13:38.293929Z  INFO SyncWorker{addr=2}:ConnectAttempt{addr=1}: sharedstate::worker: connection established
[INFO] [stdout] 2025-01-21T00:13:38.293972Z  INFO SyncWorker{addr=2}:ConnectAttempt{addr=1}:HandshakeClient::connect{reconnect=false}: sharedstate::handshake: send(client.rs:131): ConnectRequest(Connect)
[INFO] [stdout] 2025-01-21T00:13:38.294098Z  INFO SyncWorker{addr=1}: sharedstate::worker: Event: NewConn { remote: 2 }
[INFO] [stdout] 2025-01-21T00:13:38.294199Z  INFO SyncWorker{addr=1}:NewConn{remote=2}:HandshakeServer::accept: sharedstate::handshake: received(/server.rs:95): Some(ConnectRequest(Connect))
[INFO] [stdout] 2025-01-21T00:13:38.294324Z  INFO SyncWorker{addr=3}: sharedstate::worker: Event: AttemptConnect{ queue: 1, attempted: 0 }
[INFO] [stdout] 2025-01-21T00:13:38.294375Z  INFO SyncWorker{addr=1}: sharedstate::worker: Event: ServerNewClient::Fresh{ remote: 2 }
[INFO] [stdout] 2025-01-21T00:13:38.294484Z  INFO SyncWorker{addr=3}:ConnectAttempt{addr=1}: sharedstate::worker: connection established
[INFO] [stdout] 2025-01-21T00:13:38.294517Z  INFO SyncWorker{addr=3}:ConnectAttempt{addr=1}:HandshakeClient::connect{reconnect=false}: sharedstate::handshake: send(client.rs:131): ConnectRequest(Connect)
[INFO] [stdout] 2025-01-21T00:13:38.294664Z  INFO SyncWorker{addr=1}: sequenced_broadcast: Subscriber(2): Added, allow_drop: true, next_sequence: 0, min_allowed_seq: 0
[INFO] [stdout] 2025-01-21T00:13:38.294827Z  INFO SyncWorker{addr=1}:NewClient::Accept{mode="fresh"}:ServerNewClientFresh::send_state{id=1 seq=0}: sharedstate::handshake: send(server.rs:134): ConnectResponse(AcceptConnection)
[INFO] [stdout] 2025-01-21T00:13:38.294926Z  INFO SyncWorker{addr=2}:ConnectAttempt{addr=1}:HandshakeClient::connect{reconnect=false}: sharedstate::handshake: received(/client.rs:138): Some(ConnectResponse(AcceptConnection))
[INFO] [stdout] 2025-01-21T00:13:38.295030Z  INFO SyncWorker{addr=2}: sharedstate::worker: Event: NewLeader
[INFO] [stdout] 2025-01-21T00:13:38.295188Z  INFO SyncWorker{addr=2}: sequenced_broadcast: Subscriber(1): Added, allow_drop: false, next_sequence: 0, min_allowed_seq: 0
[INFO] [stdout] 2025-01-21T00:13:38.295241Z  INFO SyncWorker{addr=2}: sequenced_broadcast: Stopping worker due to shutdown
[INFO] [stdout] 2025-01-21T00:13:38.295317Z  INFO SyncWorker{addr=1}: sharedstate::worker: Event: NewConn { remote: 3 }
[INFO] [stdout] 2025-01-21T00:13:38.310485Z  INFO SyncWorker{addr=1}:NewConn{remote=3}:HandshakeServer::accept: sharedstate::handshake: received(/server.rs:95): Some(ConnectRequest(Connect))
[INFO] [stdout] 
[INFO] [stdout] thread 'worker::test::sync_state_change_leader_test' panicked at src/worker/mod.rs:819:9:
[INFO] [stdout] assertion `left == right` failed
[INFO] [stdout]   left: 0
[INFO] [stdout]  right: 22
[INFO] [stdout] stack backtrace:
[INFO] [stdout]    0:     0x6402ad8d821a - std::backtrace_rs::backtrace::libunwind::trace::hb059275cfc8d6126
[INFO] [stdout]                                at /rustc/6067b36314ab5eb2eb47cecc464545ba58e1ad24/library/std/src/../../backtrace/src/backtrace/libunwind.rs:116:5
[INFO] [stdout]    1:     0x6402ad8d821a - std::backtrace_rs::backtrace::trace_unsynchronized::h2da071e4327ce3ee
[INFO] [stdout]                                at /rustc/6067b36314ab5eb2eb47cecc464545ba58e1ad24/library/std/src/../../backtrace/src/backtrace/mod.rs:66:5
[INFO] [stdout]    2:     0x6402ad8d821a - std::sys::backtrace::_print_fmt::h842a1474e6f8d23f
[INFO] [stdout]                                at /rustc/6067b36314ab5eb2eb47cecc464545ba58e1ad24/library/std/src/sys/backtrace.rs:66:9
[INFO] [stdout]    3:     0x6402ad8d821a - <std::sys::backtrace::BacktraceLock::print::DisplayBacktrace as core::fmt::Display>::fmt::h71a62eb3b9696b12
[INFO] [stdout]                                at /rustc/6067b36314ab5eb2eb47cecc464545ba58e1ad24/library/std/src/sys/backtrace.rs:39:26
[INFO] [stdout]    4:     0x6402ad9007b3 - core::fmt::rt::Argument::fmt::hdb6b616786b41dc1
[INFO] [stdout]                                at /rustc/6067b36314ab5eb2eb47cecc464545ba58e1ad24/library/core/src/fmt/rt.rs:177:76
[INFO] [stdout]    5:     0x6402ad9007b3 - core::fmt::write::h2cc1698af7e2d686
[INFO] [stdout]                                at /rustc/6067b36314ab5eb2eb47cecc464545ba58e1ad24/library/core/src/fmt/mod.rs:1440:21
[INFO] [stdout]    6:     0x6402ad8d4bb3 - std::io::Write::write_fmt::hab1b4cd059a79022
[INFO] [stdout]                                at /rustc/6067b36314ab5eb2eb47cecc464545ba58e1ad24/library/std/src/io/mod.rs:1887:15
[INFO] [stdout]    7:     0x6402ad8d8062 - std::sys::backtrace::BacktraceLock::print::h147fe35b4ea13b08
[INFO] [stdout]                                at /rustc/6067b36314ab5eb2eb47cecc464545ba58e1ad24/library/std/src/sys/backtrace.rs:42:9
[INFO] [stdout]    8:     0x6402ad8d963f - std::panicking::default_hook::{{closure}}::hbd44223dbdc0d208
[INFO] [stdout]                                at /rustc/6067b36314ab5eb2eb47cecc464545ba58e1ad24/library/std/src/panicking.rs:298:22
[INFO] [stdout]    9:     0x6402ad8d9458 - std::panicking::default_hook::h20f81eb0576efcec
[INFO] [stdout]                                at /rustc/6067b36314ab5eb2eb47cecc464545ba58e1ad24/library/std/src/panicking.rs:322:9
[INFO] [stdout]   10:     0x6402ad7e8383 - <alloc::boxed::Box<F,A> as core::ops::function::Fn<Args>>::call::hdb53814c496a4d34
[INFO] [stdout]                                at /rustc/6067b36314ab5eb2eb47cecc464545ba58e1ad24/library/alloc/src/boxed.rs:2027:9
[INFO] [stdout]   11:     0x6402ad7e8383 - test::test_main::{{closure}}::hc0a4963c59427c24
[INFO] [stdout]                                at /rustc/6067b36314ab5eb2eb47cecc464545ba58e1ad24/library/test/src/lib.rs:134:21
[INFO] [stdout]   12:     0x6402ad8da133 - <alloc::boxed::Box<F,A> as core::ops::function::Fn<Args>>::call::h591b2225413a77e9
[INFO] [stdout]                                at /rustc/6067b36314ab5eb2eb47cecc464545ba58e1ad24/library/alloc/src/boxed.rs:2027:9
[INFO] [stdout]   13:     0x6402ad8da133 - std::panicking::rust_panic_with_hook::h625eea43051b2edc
[INFO] [stdout]                                at /rustc/6067b36314ab5eb2eb47cecc464545ba58e1ad24/library/std/src/panicking.rs:839:13
[INFO] [stdout]   14:     0x6402ad8d9dea - std::panicking::begin_panic_handler::{{closure}}::h4f9159cfbc3f6bd3
[INFO] [stdout]                                at /rustc/6067b36314ab5eb2eb47cecc464545ba58e1ad24/library/std/src/panicking.rs:704:13
[INFO] [stdout]   15:     0x6402ad8d8719 - std::sys::backtrace::__rust_end_short_backtrace::h0390abce48353151
[INFO] [stdout]                                at /rustc/6067b36314ab5eb2eb47cecc464545ba58e1ad24/library/std/src/sys/backtrace.rs:168:18
[INFO] [stdout]   16:     0x6402ad8d9a7d - rust_begin_unwind
[INFO] [stdout]                                at /rustc/6067b36314ab5eb2eb47cecc464545ba58e1ad24/library/std/src/panicking.rs:695:5
[INFO] [stdout]   17:     0x6402ad8fe7b0 - core::panicking::panic_fmt::h9e7c637e9e5f29c9
[INFO] [stdout]                                at /rustc/6067b36314ab5eb2eb47cecc464545ba58e1ad24/library/core/src/panicking.rs:75:14
[INFO] [stdout]   18:     0x6402ad8fec03 - core::panicking::assert_failed_inner::h538bec7c1374cd9c
[INFO] [stdout]   19:     0x6402ad637f0f - core::panicking::assert_failed::heb395a7ef9a90905
[INFO] [stdout]                                at /rustc/6067b36314ab5eb2eb47cecc464545ba58e1ad24/library/core/src/panicking.rs:364:5
[INFO] [stdout]   20:     0x6402ad725b2c - sharedstate::worker::test::sync_state_change_leader_test::{{closure}}::hc8745a13cdc9e862
[INFO] [stdout]                                at /opt/rustwide/workdir/src/worker/mod.rs:819:9
[INFO] [stdout]   21:     0x6402ad73f7d2 - <core::pin::Pin<P> as core::future::future::Future>::poll::h24795bd930b5f7d7
[INFO] [stdout]                                at /rustc/6067b36314ab5eb2eb47cecc464545ba58e1ad24/library/core/src/future/future.rs:124:9
[INFO] [stdout]   22:     0x6402ad74014d - <core::pin::Pin<P> as core::future::future::Future>::poll::hffb146e2b13429dd
[INFO] [stdout]                                at /rustc/6067b36314ab5eb2eb47cecc464545ba58e1ad24/library/core/src/future/future.rs:124:9
[INFO] [stdout]   23:     0x6402ad65a98f - tokio::runtime::scheduler::current_thread::CoreGuard::block_on::{{closure}}::{{closure}}::{{closure}}::he702f541851be70e
[INFO] [stdout]                                at /opt/rustwide/cargo-home/registry/src/index.crates.io-1949cf8c6b5b557f/tokio-1.43.0/src/runtime/scheduler/current_thread/mod.rs:729:57
[INFO] [stdout]   24:     0x6402ad65a6e5 - tokio::runtime::coop::with_budget::hdf94871265c6761c
[INFO] [stdout]                                at /opt/rustwide/cargo-home/registry/src/index.crates.io-1949cf8c6b5b557f/tokio-1.43.0/src/runtime/coop.rs:107:5
[INFO] [stdout]   25:     0x6402ad65a6e5 - tokio::runtime::coop::budget::h4b1955c6e65f0bdb
[INFO] [stdout]                                at /opt/rustwide/cargo-home/registry/src/index.crates.io-1949cf8c6b5b557f/tokio-1.43.0/src/runtime/coop.rs:73:5
[INFO] [stdout]   26:     0x6402ad65a6e5 - tokio::runtime::scheduler::current_thread::CoreGuard::block_on::{{closure}}::{{closure}}::h559c3eed50f5c462
[INFO] [stdout]                                at /opt/rustwide/cargo-home/registry/src/index.crates.io-1949cf8c6b5b557f/tokio-1.43.0/src/runtime/scheduler/current_thread/mod.rs:729:25
[INFO] [stdout]   27:     0x6402ad6584d0 - tokio::runtime::scheduler::current_thread::Context::enter::hefbca6e55eaab6d3
[INFO] [stdout]                                at /opt/rustwide/cargo-home/registry/src/index.crates.io-1949cf8c6b5b557f/tokio-1.43.0/src/runtime/scheduler/current_thread/mod.rs:428:19
[INFO] [stdout]   28:     0x6402ad65969e - tokio::runtime::scheduler::current_thread::CoreGuard::block_on::{{closure}}::h46c8a262620ea525
[INFO] [stdout]                                at /opt/rustwide/cargo-home/registry/src/index.crates.io-1949cf8c6b5b557f/tokio-1.43.0/src/runtime/scheduler/current_thread/mod.rs:728:36
[INFO] [stdout]   29:     0x6402ad659394 - tokio::runtime::scheduler::current_thread::CoreGuard::enter::{{closure}}::h355dd3b472313225
[INFO] [stdout]                                at /opt/rustwide/cargo-home/registry/src/index.crates.io-1949cf8c6b5b557f/tokio-1.43.0/src/runtime/scheduler/current_thread/mod.rs:807:68
[INFO] [stdout]   30:     0x6402ad67150b - tokio::runtime::context::scoped::Scoped<T>::set::h547910db860a8fe4
[INFO] [stdout]                                at /opt/rustwide/cargo-home/registry/src/index.crates.io-1949cf8c6b5b557f/tokio-1.43.0/src/runtime/context/scoped.rs:40:9
[INFO] [stdout]   31:     0x6402ad58ed19 - tokio::runtime::context::set_scheduler::{{closure}}::h93438052fcbc7365
[INFO] [stdout]                                at /opt/rustwide/cargo-home/registry/src/index.crates.io-1949cf8c6b5b557f/tokio-1.43.0/src/runtime/context.rs:180:26
[INFO] [stdout]   32:     0x6402ad5f7052 - std::thread::local::LocalKey<T>::try_with::h7d68d783c555c69e
[INFO] [stdout]                                at /rustc/6067b36314ab5eb2eb47cecc464545ba58e1ad24/library/std/src/thread/local.rs:308:12
[INFO] [stdout]   33:     0x6402ad5f2f7a - std::thread::local::LocalKey<T>::with::h29c2a4724f38c9cd
[INFO] [stdout]                                at /rustc/6067b36314ab5eb2eb47cecc464545ba58e1ad24/library/std/src/thread/local.rs:272:9
[INFO] [stdout]   34:     0x6402ad58ec4d - tokio::runtime::context::set_scheduler::h0972435a725befd7
[INFO] [stdout]                                at /opt/rustwide/cargo-home/registry/src/index.crates.io-1949cf8c6b5b557f/tokio-1.43.0/src/runtime/context.rs:180:9
[INFO] [stdout]   35:     0x6402ad658d20 - tokio::runtime::scheduler::current_thread::CoreGuard::enter::h803143bb35e0c398
[INFO] [stdout]                                at /opt/rustwide/cargo-home/registry/src/index.crates.io-1949cf8c6b5b557f/tokio-1.43.0/src/runtime/scheduler/current_thread/mod.rs:807:27
[INFO] [stdout]   36:     0x6402ad6593d3 - tokio::runtime::scheduler::current_thread::CoreGuard::block_on::h01b90ba67b0fe759
[INFO] [stdout]                                at /opt/rustwide/cargo-home/registry/src/index.crates.io-1949cf8c6b5b557f/tokio-1.43.0/src/runtime/scheduler/current_thread/mod.rs:716:19
[INFO] [stdout]   37:     0x6402ad64a50a - tokio::runtime::scheduler::current_thread::CurrentThread::block_on::{{closure}}::hec55a5f2dc8bdccb
[INFO] [stdout]                                at /opt/rustwide/cargo-home/registry/src/index.crates.io-1949cf8c6b5b557f/tokio-1.43.0/src/runtime/scheduler/current_thread/mod.rs:196:28
[INFO] [stdout]   38:     0x6402ad6057a6 - tokio::runtime::context::runtime::enter_runtime::h367c240fd92abb5c
[INFO] [stdout]                                at /opt/rustwide/cargo-home/registry/src/index.crates.io-1949cf8c6b5b557f/tokio-1.43.0/src/runtime/context/runtime.rs:65:16
[INFO] [stdout]   39:     0x6402ad649e31 - tokio::runtime::scheduler::current_thread::CurrentThread::block_on::hbda6177548ed17a5
[INFO] [stdout]                                at /opt/rustwide/cargo-home/registry/src/index.crates.io-1949cf8c6b5b557f/tokio-1.43.0/src/runtime/scheduler/current_thread/mod.rs:184:9
[INFO] [stdout]   40:     0x6402ad606143 - tokio::runtime::runtime::Runtime::block_on_inner::hb589eb5164bf3758
[INFO] [stdout]                                at /opt/rustwide/cargo-home/registry/src/index.crates.io-1949cf8c6b5b557f/tokio-1.43.0/src/runtime/runtime.rs:368:47
[INFO] [stdout]   41:     0x6402ad606337 - tokio::runtime::runtime::Runtime::block_on::he459b329f1c472c9
[INFO] [stdout]                                at /opt/rustwide/cargo-home/registry/src/index.crates.io-1949cf8c6b5b557f/tokio-1.43.0/src/runtime/runtime.rs:342:13
[INFO] [stdout]   42:     0x6402ad723e60 - sharedstate::worker::test::sync_state_change_leader_test::h5a850ed5fae36af6
[INFO] [stdout]                                at /opt/rustwide/workdir/src/worker/mod.rs:839:9
[INFO] [stdout]   43:     0x6402ad723cf7 - sharedstate::worker::test::sync_state_change_leader_test::{{closure}}::hdfa0109e882a172e
[INFO] [stdout]                                at /opt/rustwide/workdir/src/worker/mod.rs:780:45
[INFO] [stdout]   44:     0x6402ad525506 - core::ops::function::FnOnce::call_once::hfde3af6a43d35781
[INFO] [stdout]                                at /rustc/6067b36314ab5eb2eb47cecc464545ba58e1ad24/library/core/src/ops/function.rs:250:5
[INFO] [stdout]   45:     0x6402ad7edadb - core::ops::function::FnOnce::call_once::he27718dfdd183f43
[INFO] [stdout]                                at /rustc/6067b36314ab5eb2eb47cecc464545ba58e1ad24/library/core/src/ops/function.rs:250:5
[INFO] [stdout]   46:     0x6402ad7edadb - test::__rust_begin_short_backtrace::h4e84902998457a5d
[INFO] [stdout]                                at /rustc/6067b36314ab5eb2eb47cecc464545ba58e1ad24/library/test/src/lib.rs:632:18
[INFO] [stdout]   47:     0x6402ad7eca13 - test::run_test_in_process::{{closure}}::h7176fd18fc1feca0
[INFO] [stdout]                                at /rustc/6067b36314ab5eb2eb47cecc464545ba58e1ad24/library/test/src/lib.rs:655:60
[INFO] [stdout]   48:     0x6402ad7eca13 - <core::panic::unwind_safe::AssertUnwindSafe<F> as core::ops::function::FnOnce<()>>::call_once::hf79cff2a624d8cf7
[INFO] [stdout]                                at /rustc/6067b36314ab5eb2eb47cecc464545ba58e1ad24/library/core/src/panic/unwind_safe.rs:272:9
[INFO] [stdout]   49:     0x6402ad7eca13 - std::panicking::try::do_call::h3da0561d9ab99c25
[INFO] [stdout]                                at /rustc/6067b36314ab5eb2eb47cecc464545ba58e1ad24/library/std/src/panicking.rs:587:40
[INFO] [stdout]   50:     0x6402ad7eca13 - std::panicking::try::h41c9fa508bc61df6
[INFO] [stdout]                                at /rustc/6067b36314ab5eb2eb47cecc464545ba58e1ad24/library/std/src/panicking.rs:550:19
[INFO] [stdout]   51:     0x6402ad7eca13 - std::panic::catch_unwind::h6b3ff07bb5afad93
[INFO] [stdout]                                at /rustc/6067b36314ab5eb2eb47cecc464545ba58e1ad24/library/std/src/panic.rs:358:14
[INFO] [stdout]   52:     0x6402ad7eca13 - test::run_test_in_process::hc7253dd11b39b9f4
[INFO] [stdout]                                at /rustc/6067b36314ab5eb2eb47cecc464545ba58e1ad24/library/test/src/lib.rs:655:27
[INFO] [stdout]   53:     0x6402ad7eca13 - test::run_test::{{closure}}::hfb2007f8649c30bb
[INFO] [stdout]                                at /rustc/6067b36314ab5eb2eb47cecc464545ba58e1ad24/library/test/src/lib.rs:576:43
[INFO] [stdout]   54:     0x6402ad7afaf5 - test::run_test::{{closure}}::h56a17aa7a282a9f4
[INFO] [stdout]                                at /rustc/6067b36314ab5eb2eb47cecc464545ba58e1ad24/library/test/src/lib.rs:606:41
[INFO] [stdout]   55:     0x6402ad7afaf5 - std::sys::backtrace::__rust_begin_short_backtrace::hd2d2d2fb8e8c6aac
[INFO] [stdout]                                at /rustc/6067b36314ab5eb2eb47cecc464545ba58e1ad24/library/std/src/sys/backtrace.rs:152:18
[INFO] [stdout]   56:     0x6402ad7b33da - std::thread::Builder::spawn_unchecked_::{{closure}}::{{closure}}::h4faa3f9db6133423
[INFO] [stdout]                                at /rustc/6067b36314ab5eb2eb47cecc464545ba58e1ad24/library/std/src/thread/mod.rs:559:17
[INFO] [stdout]   57:     0x6402ad7b33da - <core::panic::unwind_safe::AssertUnwindSafe<F> as core::ops::function::FnOnce<()>>::call_once::hf2e855a36a4ea846
[INFO] [stdout]                                at /rustc/6067b36314ab5eb2eb47cecc464545ba58e1ad24/library/core/src/panic/unwind_safe.rs:272:9
[INFO] [stdout]   58:     0x6402ad7b33da - std::panicking::try::do_call::h2f73af3616c35465
[INFO] [stdout]                                at /rustc/6067b36314ab5eb2eb47cecc464545ba58e1ad24/library/std/src/panicking.rs:587:40
[INFO] [stdout]   59:     0x6402ad7b33da - std::panicking::try::hd1660ce9efadef5a
[INFO] [stdout]                                at /rustc/6067b36314ab5eb2eb47cecc464545ba58e1ad24/library/std/src/panicking.rs:550:19
[INFO] [stdout]   60:     0x6402ad7b33da - std::panic::catch_unwind::h5ee8d7823b8ca744
[INFO] [stdout]                                at /rustc/6067b36314ab5eb2eb47cecc464545ba58e1ad24/library/std/src/panic.rs:358:14
[INFO] [stdout]   61:     0x6402ad7b33da - std::thread::Builder::spawn_unchecked_::{{closure}}::h53c3a1894dce8407
[INFO] [stdout]                                at /rustc/6067b36314ab5eb2eb47cecc464545ba58e1ad24/library/std/src/thread/mod.rs:557:30
[INFO] [stdout]   62:     0x6402ad7b33da - core::ops::function::FnOnce::call_once{{vtable.shim}}::h048ce291ad4f62bf
[INFO] [stdout]                                at /rustc/6067b36314ab5eb2eb47cecc464545ba58e1ad24/library/core/src/ops/function.rs:250:5
[INFO] [stdout]   63:     0x6402ad8de2fb - <alloc::boxed::Box<F,A> as core::ops::function::FnOnce<Args>>::call_once::ha52bedf99a3b4981
[INFO] [stdout]                                at /rustc/6067b36314ab5eb2eb47cecc464545ba58e1ad24/library/alloc/src/boxed.rs:2013:9
[INFO] [stdout]   64:     0x6402ad8de2fb - <alloc::boxed::Box<F,A> as core::ops::function::FnOnce<Args>>::call_once::h567748934d80ccf8
[INFO] [stdout]                                at /rustc/6067b36314ab5eb2eb47cecc464545ba58e1ad24/library/alloc/src/boxed.rs:2013:9
[INFO] [stdout]   65:     0x6402ad8de2fb - std::sys::pal::unix::thread::Thread::new::thread_start::h2d970728ae887adc
[INFO] [stdout]                                at /rustc/6067b36314ab5eb2eb47cecc464545ba58e1ad24/library/std/src/sys/pal/unix/thread.rs:106:17
[INFO] [stdout]   66:     0x7df59fabaac3 - <unknown>
[INFO] [stdout]   67:     0x7df59fb4ba04 - clone
[INFO] [stdout]   68:                0x0 - <unknown>
[INFO] [stdout] 
[INFO] [stdout] 
[INFO] [stdout] failures:
[INFO] [stdout]     worker::test::sync_state_change_leader_test
[INFO] [stdout] 
[INFO] [stdout] test result: FAILED. 16 passed; 1 failed; 0 ignored; 0 measured; 0 filtered out; finished in 12.06s
[INFO] [stdout] 
[INFO] [stderr] error: test failed, to rerun pass `--lib`
[INFO] running `Command { std: "docker" "inspect" "b41d9d5df2396897565ba5ab8028c7cbaf8c6cf35cc19345f70950d7d570a8e3", kill_on_drop: false }`
[INFO] running `Command { std: "docker" "rm" "-f" "b41d9d5df2396897565ba5ab8028c7cbaf8c6cf35cc19345f70950d7d570a8e3", kill_on_drop: false }`
[INFO] [stdout] b41d9d5df2396897565ba5ab8028c7cbaf8c6cf35cc19345f70950d7d570a8e3
