[INFO] fetching crate sctp-async 0.0.0...
[INFO] testing sctp-async-0.0.0 against nightly-2025-01-18 for randomize-layout-2
[INFO] extracting crate sctp-async 0.0.0 into /workspace/builds/worker-5-tc1/source
[INFO] validating manifest of crates.io crate sctp-async 0.0.0 on toolchain nightly-2025-01-18
[INFO] running `Command { std: CARGO_HOME="/workspace/cargo-home" RUSTUP_HOME="/workspace/rustup-home" "/workspace/cargo-home/bin/cargo" "+nightly-2025-01-18" "metadata" "--manifest-path" "Cargo.toml" "--no-deps", kill_on_drop: false }`
[INFO] started tweaking crates.io crate sctp-async 0.0.0
[INFO] removed 0 missing examples
[INFO] finished tweaking crates.io crate sctp-async 0.0.0
[INFO] tweaked toml for crates.io crate sctp-async 0.0.0 written to /workspace/builds/worker-5-tc1/source/Cargo.toml
[INFO] crate crates.io crate sctp-async 0.0.0 already has a lockfile, it will not be regenerated
[INFO] running `Command { std: CARGO_HOME="/workspace/cargo-home" RUSTUP_HOME="/workspace/rustup-home" "/workspace/cargo-home/bin/cargo" "+nightly-2025-01-18" "fetch" "--manifest-path" "Cargo.toml", kill_on_drop: false }`
[INFO] [stderr]  Downloading crates ...
[INFO] [stderr]   Downloaded webrtc-util v0.5.2
[INFO] running `Command { std: "docker" "create" "-v" "/var/lib/crater-agent-workspace/builds/worker-5-tc1/target:/opt/rustwide/target:rw,Z" "-v" "/var/lib/crater-agent-workspace/builds/worker-5-tc1/source:/opt/rustwide/workdir:ro,Z" "-v" "/var/lib/crater-agent-workspace/cargo-home:/opt/rustwide/cargo-home:ro,Z" "-v" "/var/lib/crater-agent-workspace/rustup-home:/opt/rustwide/rustup-home:ro,Z" "-e" "SOURCE_DIR=/opt/rustwide/workdir" "-e" "CARGO_TARGET_DIR=/opt/rustwide/target" "-e" "CARGO_HOME=/opt/rustwide/cargo-home" "-e" "RUSTUP_HOME=/opt/rustwide/rustup-home" "-w" "/opt/rustwide/workdir" "-m" "1610612736" "--user" "0:0" "--network" "none" "ghcr.io/rust-lang/crates-build-env/linux@sha256:819108c5571ea2e421544af4d832f968d213c87fbe3707a016657f43d2f853bc" "/opt/rustwide/cargo-home/bin/cargo" "+nightly-2025-01-18" "metadata" "--no-deps" "--format-version=1", kill_on_drop: false }`
[INFO] [stdout] 3f56b17a6c8209241cc9bf4c1586b2fa584ca1140b7408fd49ae9e303b4d8a56
[INFO] running `Command { std: "docker" "start" "-a" "3f56b17a6c8209241cc9bf4c1586b2fa584ca1140b7408fd49ae9e303b4d8a56", kill_on_drop: false }`
[INFO] running `Command { std: "docker" "inspect" "3f56b17a6c8209241cc9bf4c1586b2fa584ca1140b7408fd49ae9e303b4d8a56", kill_on_drop: false }`
[INFO] running `Command { std: "docker" "rm" "-f" "3f56b17a6c8209241cc9bf4c1586b2fa584ca1140b7408fd49ae9e303b4d8a56", kill_on_drop: false }`
[INFO] [stdout] 3f56b17a6c8209241cc9bf4c1586b2fa584ca1140b7408fd49ae9e303b4d8a56
[INFO] running `Command { std: "docker" "create" "-v" "/var/lib/crater-agent-workspace/builds/worker-5-tc1/target:/opt/rustwide/target:rw,Z" "-v" "/var/lib/crater-agent-workspace/builds/worker-5-tc1/source:/opt/rustwide/workdir:ro,Z" "-v" "/var/lib/crater-agent-workspace/cargo-home:/opt/rustwide/cargo-home:ro,Z" "-v" "/var/lib/crater-agent-workspace/rustup-home:/opt/rustwide/rustup-home:ro,Z" "-e" "SOURCE_DIR=/opt/rustwide/workdir" "-e" "CARGO_TARGET_DIR=/opt/rustwide/target" "-e" "CARGO_INCREMENTAL=0" "-e" "RUST_BACKTRACE=full" "-e" "RUSTFLAGS=--cap-lints=forbid" "-e" "RUSTDOCFLAGS=--cap-lints=forbid" "-e" "CARGO_HOME=/opt/rustwide/cargo-home" "-e" "RUSTUP_HOME=/opt/rustwide/rustup-home" "-w" "/opt/rustwide/workdir" "-m" "1610612736" "--user" "0:0" "--network" "none" "ghcr.io/rust-lang/crates-build-env/linux@sha256:819108c5571ea2e421544af4d832f968d213c87fbe3707a016657f43d2f853bc" "/opt/rustwide/cargo-home/bin/cargo" "+nightly-2025-01-18" "build" "--frozen" "--message-format=json", kill_on_drop: false }`
[INFO] [stdout] 932a2159758979f14200f61860f2c69ec4f1ad96450c6f38216685111cb1fa36
[INFO] running `Command { std: "docker" "start" "-a" "932a2159758979f14200f61860f2c69ec4f1ad96450c6f38216685111cb1fa36", kill_on_drop: false }`
[INFO] [stderr]    Compiling libc v0.2.107
[INFO] [stderr]    Compiling proc-macro2 v1.0.32
[INFO] [stderr]    Compiling unicode-xid v0.2.2
[INFO] [stderr]    Compiling syn v1.0.81
[INFO] [stderr]    Compiling autocfg v1.0.1
[INFO] [stderr]    Compiling parking_lot_core v0.8.5
[INFO] [stderr]    Compiling log v0.4.14
[INFO] [stderr]    Compiling instant v0.1.12
[INFO] [stderr]    Compiling scopeguard v1.1.0
[INFO] [stderr]    Compiling smallvec v1.7.0
[INFO] [stderr]    Compiling memchr v2.4.1
[INFO] [stderr]    Compiling async-trait v0.1.51
[INFO] [stderr]    Compiling ppv-lite86 v0.2.15
[INFO] [stderr]    Compiling cc v1.0.72
[INFO] [stderr]    Compiling bitflags v1.3.2
[INFO] [stderr]    Compiling bytes v1.1.0
[INFO] [stderr]    Compiling lock_api v0.4.5
[INFO] [stderr]    Compiling once_cell v1.8.0
[INFO] [stderr]    Compiling pin-project-lite v0.2.7
[INFO] [stderr]    Compiling ipnet v2.3.1
[INFO] [stderr]    Compiling crc-catalog v1.1.1
[INFO] [stderr]    Compiling crc v2.1.0
[INFO] [stderr]    Compiling memoffset v0.6.4
[INFO] [stderr]    Compiling tokio v1.13.0
[INFO] [stderr]    Compiling quote v1.0.10
[INFO] [stderr]    Compiling webrtc-util v0.5.2
[INFO] [stderr]    Compiling getrandom v0.2.3
[INFO] [stderr]    Compiling signal-hook-registry v1.4.0
[INFO] [stderr]    Compiling mio v0.7.14
[INFO] [stderr]    Compiling num_cpus v1.13.0
[INFO] [stderr]    Compiling nix v0.23.0
[INFO] [stderr]    Compiling rand_core v0.6.3
[INFO] [stderr]    Compiling parking_lot v0.11.2
[INFO] [stderr]    Compiling rand_chacha v0.3.1
[INFO] [stderr]    Compiling rand v0.8.4
[INFO] [stderr]    Compiling tokio-macros v1.5.1
[INFO] [stderr]    Compiling thiserror-impl v1.0.30
[INFO] [stderr]    Compiling thiserror v1.0.30
[INFO] [stderr]    Compiling sctp-async v0.0.0 (/opt/rustwide/workdir)
[INFO] [stderr]     Finished `dev` profile [unoptimized + debuginfo] target(s) in 24.51s
[INFO] running `Command { std: "docker" "inspect" "932a2159758979f14200f61860f2c69ec4f1ad96450c6f38216685111cb1fa36", kill_on_drop: false }`
[INFO] running `Command { std: "docker" "rm" "-f" "932a2159758979f14200f61860f2c69ec4f1ad96450c6f38216685111cb1fa36", kill_on_drop: false }`
[INFO] [stdout] 932a2159758979f14200f61860f2c69ec4f1ad96450c6f38216685111cb1fa36
[INFO] running `Command { std: "docker" "create" "-v" "/var/lib/crater-agent-workspace/builds/worker-5-tc1/target:/opt/rustwide/target:rw,Z" "-v" "/var/lib/crater-agent-workspace/builds/worker-5-tc1/source:/opt/rustwide/workdir:ro,Z" "-v" "/var/lib/crater-agent-workspace/cargo-home:/opt/rustwide/cargo-home:ro,Z" "-v" "/var/lib/crater-agent-workspace/rustup-home:/opt/rustwide/rustup-home:ro,Z" "-e" "SOURCE_DIR=/opt/rustwide/workdir" "-e" "CARGO_TARGET_DIR=/opt/rustwide/target" "-e" "CARGO_INCREMENTAL=0" "-e" "RUST_BACKTRACE=full" "-e" "RUSTFLAGS=--cap-lints=forbid" "-e" "RUSTDOCFLAGS=--cap-lints=forbid" "-e" "CARGO_HOME=/opt/rustwide/cargo-home" "-e" "RUSTUP_HOME=/opt/rustwide/rustup-home" "-w" "/opt/rustwide/workdir" "-m" "1610612736" "--user" "0:0" "--network" "none" "ghcr.io/rust-lang/crates-build-env/linux@sha256:819108c5571ea2e421544af4d832f968d213c87fbe3707a016657f43d2f853bc" "/opt/rustwide/cargo-home/bin/cargo" "+nightly-2025-01-18" "test" "--frozen" "--no-run" "--message-format=json", kill_on_drop: false }`
[INFO] [stdout] ffd2bbc87b77895a7e7ff058ef815cfd935f0355712314d6921f7a2ab0ea80b4
[INFO] running `Command { std: "docker" "start" "-a" "ffd2bbc87b77895a7e7ff058ef815cfd935f0355712314d6921f7a2ab0ea80b4", kill_on_drop: false }`
[INFO] [stderr]    Compiling futures-core v0.3.17
[INFO] [stderr]    Compiling num-traits v0.2.14
[INFO] [stderr]    Compiling num-integer v0.1.44
[INFO] [stderr]    Compiling aho-corasick v0.7.18
[INFO] [stderr]    Compiling async-stream-impl v0.3.2
[INFO] [stderr]    Compiling atty v0.2.14
[INFO] [stderr]    Compiling regex-syntax v0.6.25
[INFO] [stderr]    Compiling unicode-width v0.1.9
[INFO] [stderr]    Compiling time v0.1.44
[INFO] [stderr]    Compiling vec_map v0.8.2
[INFO] [stderr]    Compiling strsim v0.8.0
[INFO] [stderr]    Compiling ansi_term v0.11.0
[INFO] [stderr]    Compiling termcolor v1.1.2
[INFO] [stderr]    Compiling textwrap v0.11.0
[INFO] [stderr]    Compiling clap v2.33.3
[INFO] [stderr]    Compiling tokio-stream v0.1.8
[INFO] [stderr]    Compiling async-stream v0.3.2
[INFO] [stderr]    Compiling tokio-test v0.4.2
[INFO] [stderr]    Compiling chrono v0.4.19
[INFO] [stderr]    Compiling regex v1.5.4
[INFO] [stderr]    Compiling env_logger v0.9.0
[INFO] [stderr]    Compiling sctp-async v0.0.0 (/opt/rustwide/workdir)
[INFO] [stderr]     Finished `test` profile [unoptimized + debuginfo] target(s) in 21.77s
[INFO] running `Command { std: "docker" "inspect" "ffd2bbc87b77895a7e7ff058ef815cfd935f0355712314d6921f7a2ab0ea80b4", kill_on_drop: false }`
[INFO] running `Command { std: "docker" "rm" "-f" "ffd2bbc87b77895a7e7ff058ef815cfd935f0355712314d6921f7a2ab0ea80b4", kill_on_drop: false }`
[INFO] [stdout] ffd2bbc87b77895a7e7ff058ef815cfd935f0355712314d6921f7a2ab0ea80b4
[INFO] running `Command { std: "docker" "create" "-v" "/var/lib/crater-agent-workspace/builds/worker-5-tc1/target:/opt/rustwide/target:rw,Z" "-v" "/var/lib/crater-agent-workspace/builds/worker-5-tc1/source:/opt/rustwide/workdir:ro,Z" "-v" "/var/lib/crater-agent-workspace/cargo-home:/opt/rustwide/cargo-home:ro,Z" "-v" "/var/lib/crater-agent-workspace/rustup-home:/opt/rustwide/rustup-home:ro,Z" "-e" "SOURCE_DIR=/opt/rustwide/workdir" "-e" "CARGO_TARGET_DIR=/opt/rustwide/target" "-e" "CARGO_INCREMENTAL=0" "-e" "RUST_BACKTRACE=full" "-e" "RUSTFLAGS=--cap-lints=forbid" "-e" "RUSTDOCFLAGS=--cap-lints=forbid" "-e" "CARGO_HOME=/opt/rustwide/cargo-home" "-e" "RUSTUP_HOME=/opt/rustwide/rustup-home" "-w" "/opt/rustwide/workdir" "-m" "1610612736" "--user" "0:0" "--network" "none" "ghcr.io/rust-lang/crates-build-env/linux@sha256:819108c5571ea2e421544af4d832f968d213c87fbe3707a016657f43d2f853bc" "/opt/rustwide/cargo-home/bin/cargo" "+nightly-2025-01-18" "test" "--frozen", kill_on_drop: false }`
[INFO] [stdout] 9520eb7c11fe007edaf3f07efa70f2fd69c6b8e19856e7d9746b1a310edae725
[INFO] running `Command { std: "docker" "start" "-a" "9520eb7c11fe007edaf3f07efa70f2fd69c6b8e19856e7d9746b1a310edae725", kill_on_drop: false }`
[INFO] [stderr]     Finished `test` profile [unoptimized + debuginfo] target(s) in 0.15s
[INFO] [stderr]      Running unittests src/lib.rs (/opt/rustwide/target/debug/deps/sctp_async-a1379e56f395a236)
[INFO] [stdout] 
[INFO] [stdout] running 119 tests
[INFO] [stdout] test association::association_internal::association_internal_test::test_create_forward_tsn_forward_one_abandoned ... ok
[INFO] [stdout] test association::association_internal::association_internal_test::test_assoc_create_new_stream ... ok
[INFO] [stdout] test association::association_internal::association_internal_test::test_handle_forward_tsn_forward_1for1_missing ... ok
[INFO] [stdout] test association::association_internal::association_internal_test::test_assoc_handle_init ... ok
[INFO] [stdout] test association::association_internal::association_internal_test::test_assoc_max_message_size_explicit ... ok
[INFO] [stdout] test association::association_internal::association_internal_test::test_handle_forward_tsn_forward_3unreceived_chunks ... ok
[INFO] [stdout] test association::association_internal::association_internal_test::test_assoc_max_message_size_default ... ok
[INFO] [stdout] test association::association_internal::association_internal_test::test_create_forward_tsn_forward_two_abandoned_with_the_same_si ... ok
[INFO] [stdout] test association::association_internal::association_internal_test::test_handle_forward_tsn_dup_forward_tsn_chunk_should_generate_sack ... ok
[INFO] [stdout] test association::association_internal::association_internal_test::test_handle_forward_tsn_forward_1for2_missing ... ok
[INFO] [stdout] test association::association_test::test_assoc_abort ... ok
[INFO] [stdout] test association::association_test::test_assoc_reliable_ordered_reordered ... ok
[INFO] [stdout] test association::association_test::test_assoc_reset_close_one_way ... ok
[INFO] [stdout] test association::association_test::test_assoc_reset_close_both_ways ... ok
[INFO] [stdout] test association::association_test::test_assoc_reliable_short_buffer ... ok
[INFO] [stdout] test association::association_test::test_assoc_reliable_ordered_fragmented_then_defragmented ... ok
[INFO] [stdout] test association::association_test::test_assoc_reliable_simple ... ok
[INFO] [stdout] test association::association_test::test_assoc_reliable_unordered_fragmented_then_defragmented ... ok
[INFO] [stdout] test association::association_test::test_stats ... ok
[INFO] [stdout] test chunk::chunk_test::test_abort_chunk_many_error_causes ... ok
[INFO] [stdout] test chunk::chunk_test::test_abort_chunk_one_error_cause ... ok
[INFO] [stdout] test chunk::chunk_test::test_chrome_chunk1_init ... ok
[INFO] [stdout] test chunk::chunk_test::test_chrome_chunk2_init_ack ... ok
[INFO] [stdout] test chunk::chunk_test::test_chunk_error_unrecognized_chunk_type_marshal ... ok
[INFO] [stdout] test chunk::chunk_test::test_chunk_error_unrecognized_chunk_type_marshal_with_cause_value_being_nil ... ok
[INFO] [stdout] test chunk::chunk_test::test_chunk_error_unrecognized_chunk_type_unmarshal ... ok
[INFO] [stdout] test chunk::chunk_test::test_chunk_forward_tsn_success ... ok
[INFO] [stdout] test chunk::chunk_test::test_chunk_forward_tsn_unmarshal_failure ... ok
[INFO] [stdout] test chunk::chunk_test::test_chunk_reconfig_success ... ok
[INFO] [stdout] test chunk::chunk_test::test_chunk_reconfig_unmarshal_failure ... ok
[INFO] [stdout] test chunk::chunk_test::test_chunk_shutdown_ack_failure ... ok
[INFO] [stdout] test chunk::chunk_test::test_chunk_shutdown_ack_success ... ok
[INFO] [stdout] test chunk::chunk_test::test_chunk_shutdown_complete_success ... ok
[INFO] [stdout] test chunk::chunk_test::test_chunk_shutdown_failure ... ok
[INFO] [stdout] test chunk::chunk_test::test_chunk_shutdown_success ... ok
[INFO] [stdout] test chunk::chunk_test::test_chunk_type_string ... ok
[INFO] [stdout] test chunk::chunk_test::test_forward_tsn_chunk ... ok
[INFO] [stdout] test chunk::chunk_test::test_init_ack ... ok
[INFO] [stdout] test chunk::chunk_test::test_init_chunk ... ok
[INFO] [stdout] test chunk::chunk_test::test_init_marshal_unmarshal ... ok
[INFO] [stdout] test chunk::chunk_test::test_payload_data_marshal_unmarshal ... ok
[INFO] [stdout] test chunk::chunk_test::test_reconfig_chunk ... ok
[INFO] [stdout] test chunk::chunk_test::test_select_ack_chunk ... ok
[INFO] [stdout] test chunk::chunk_test::test_select_ack_chunk_followed_by_a_payload_data_chunk ... ok
[INFO] [stdout] test chunk::chunk_type::test::test_chunk_type_string ... ok
[INFO] [stdout] test packet::test::test_packet_marshal ... ok
[INFO] [stdout] test chunk::chunk_test::test_chunk_shutdown_complete_failure ... ok
[INFO] [stdout] test packet::test::test_packet_unmarshal ... ok
[INFO] [stdout] test param::param_test::test_build_param_failure ... ok
[INFO] [stdout] test param::param_test::test_build_param_success ... ok
[INFO] [stdout] test param::param_test::test_param_forward_tsn_supported_failure ... ok
[INFO] [stdout] test param::param_test::test_param_forward_tsn_supported_success ... ok
[INFO] [stdout] test param::param_test::test_param_header_success ... ok
[INFO] [stdout] test param::param_test::test_param_header_unmarshal_failure ... ok
[INFO] [stdout] test param::param_test::test_param_outgoing_reset_request_success ... ok
[INFO] [stdout] test param::param_test::test_param_outgoing_reset_request_failure ... ok
[INFO] [stdout] test param::param_test::test_param_reconfig_response_failure ... ok
[INFO] [stdout] test param::param_test::test_param_reconfig_response_success ... ok
[INFO] [stdout] test param::param_test::test_parse_param_type_success ... ok
[INFO] [stdout] test param::param_test::test_reconfig_result_stringer ... ok
[INFO] [stdout] test queue::queue_test::test_chunk_set_empty_chunk_set ... ok
[INFO] [stdout] test queue::queue_test::test_chunk_set_incomplete_chunk_set_no_beginning ... ok
[INFO] [stdout] test queue::queue_test::test_chunk_set_incomplete_chunk_set_no_contiguous_tsn ... ok
[INFO] [stdout] test queue::queue_test::test_chunk_set_push_dup_chunks_to_chunk_set ... ok
[INFO] [stdout] test queue::queue_test::test_payload_queue_get_gap_ack_block ... ok
[INFO] [stdout] test queue::queue_test::test_payload_queue_get_last_tsn_received ... ok
[INFO] [stdout] test queue::queue_test::test_payload_queue_mark_all_to_retrasmit ... ok
[INFO] [stdout] test association::association_test::test_assoc_reliable_unordered_ordered ... ok
[INFO] [stdout] test queue::queue_test::test_payload_queue_reset_retransmit_flag_on_ack ... ok
[INFO] [stdout] test queue::queue_test::test_pending_base_queue_out_of_bounce ... ok
[INFO] [stdout] test queue::queue_test::test_payload_queue_push_no_check ... ok
[INFO] [stdout] test queue::queue_test::test_pending_base_queue_push_and_pop ... ok
[INFO] [stdout] test queue::queue_test::test_pending_queue_fragments ... ok
[INFO] [stdout] test queue::queue_test::test_pending_queue_push_and_pop ... ok
[INFO] [stdout] test queue::queue_test::test_pending_queue_selection_persistence ... ok
[INFO] [stdout] test queue::queue_test::test_reassembly_queue_detect_buffer_too_short ... ok
[INFO] [stdout] test queue::queue_test::test_pending_queue_unordered_wins ... ok
[INFO] [stdout] test queue::queue_test::test_reassembly_queue_forward_tsn_for_ordered_framents ... ok
[INFO] [stdout] test association::association_test::test_assoc_unreliable_rexmit_ordered_fragment ... ok
[INFO] [stdout] test queue::queue_test::test_reassembly_queue_ignores_chunk_with_stale_ssn ... ok
[INFO] [stdout] test queue::queue_test::test_reassembly_queue_ordered_fragments ... ok
[INFO] [stdout] test queue::queue_test::test_reassembly_queue_ignores_chunk_with_wrong_si ... ok
[INFO] [stdout] test queue::queue_test::test_reassembly_queue_ordered_and_unordered_fragments ... ok
[INFO] [stdout] test queue::queue_test::test_reassembly_queue_should_fail_to_read_if_the_nex_ssn_is_not_ready ... ok
[INFO] [stdout] test queue::queue_test::test_reassembly_queue_should_fail_to_read_incomplete_chunk ... ok
[INFO] [stdout] test queue::queue_test::test_reassembly_queue_unordered_complete_skips_incomplete ... ok
[INFO] [stdout] test stream::stream_test::test_stream_amount_on_buffered_amount_low ... ok
[INFO] [stdout] test association::association_test::test_assoc_unreliable_rexmit_ordered_no_fragment ... ok
[INFO] [stdout] test stream::stream_test::test_stream_buffered_amount ... ok
[INFO] [stdout] test timer::timer_test::test_rto_manager::test_rto_manager_calculate_next_timeout ... ok
[INFO] [stdout] test timer::timer_test::test_rto_manager::test_rto_manager_initial_values ... ok
[INFO] [stdout] test timer::timer_test::test_rto_manager::test_rto_manager_reset ... ok
[INFO] [stdout] test queue::queue_test::test_reassembly_queue_unordered_fragments ... ok
[INFO] [stdout] test timer::timer_test::test_rto_manager::test_rto_manager_rto_calculation_large_rtt ... ok
[INFO] [stdout] test queue::queue_test::test_reassembly_queue_forward_tsn_for_unordered_framents ... ok
[INFO] [stdout] test timer::timer_test::test_rto_manager::test_rto_manager_rto_calculation_small_rtt ... ok
[INFO] [stdout] test association::association_test::test_assoc_unreliable_rexmit_timed_ordered ... ok
[INFO] [stdout] test timer::timer_test::test_rtx_timer::test_rtx_timer_last_start_wins ... ok
[INFO] [stdout] test timer::timer_test::test_rtx_timer::test_rtx_timer_start_and_stop_in_atight_loop ... ok
[INFO] [stdout] test association::association_test::test_assoc_unreliable_rexmit_timed_unordered ... ok
[INFO] [stdout] test association::association_test::test_assoc_unreliable_rexmit_unordered_no_fragment ... ok
[INFO] [stdout] test timer::timer_test::test_rtx_timer::test_rtx_timer_closed_timer_wont_start ... ok
[INFO] [stdout] test util::test::test_serial_number_arithmetic16bit ... ok
[INFO] [stdout] test util::test::test_serial_number_arithmetic32bit ... ok
[INFO] [stdout] test timer::timer_test::test_rtx_timer::test_rtx_timer_start_stop_then_start ... ok
[INFO] [stdout] test timer::timer_test::test_rtx_timer::test_rtx_timer_stop_right_after_start ... ok
[INFO] [stdout] test timer::timer_test::test_rtx_timer::test_rtx_timer_stop_timer_that_is_not_running_is_noop ... ok
[INFO] [stdout] test association::association_test::test_assoc_unreliable_rexmit_unordered_fragment ... FAILED
[INFO] [stdout] test association::association_test::test_association_shutdown ... ok
[INFO] [stdout] test association::association_test::test_assoc_reliable_retransmission ... ok
[INFO] [stdout] test timer::timer_test::test_ack_timer::test_ack_timer_start_and_stop ... ok
[INFO] [stdout] test association::association_test::test_association_shutdown_during_write ... ok
[INFO] [stdout] test timer::timer_test::test_rtx_timer::test_rtx_timer_should_not_stop_if_max_retrans_is_zero ... ok
[INFO] [stdout] test timer::timer_test::test_rtx_timer::test_rtx_timer_callback_interval ... ok
[INFO] [stdout] test timer::timer_test::test_rtx_timer::test_rtx_timer_should_stop_after_rtx_failure ... ok
[INFO] [stdout] test association::association_test::test_assoc_congestion_control_fast_retransmission ... ok
[INFO] [stdout] test association::association_test::test_association_handle_packet_before_init ... ok
[INFO] [stdout] test association::association_test::test_assoc_congestion_control_slow_reader ... ok
[INFO] [stdout] test association::association_test::test_assoc_congestion_control_congestion_avoidance ... ok
[INFO] [stdout] 
[INFO] [stdout] failures:
[INFO] [stdout] 
[INFO] [stdout] ---- association::association_test::test_assoc_unreliable_rexmit_unordered_fragment stdout ----
[INFO] [stdout] 
[INFO] [stdout] thread 'association::association_test::test_assoc_unreliable_rexmit_unordered_fragment' panicked at /rustc/6067b36314ab5eb2eb47cecc464545ba58e1ad24/library/alloc/src/collections/vec_deque/mod.rs:1513:36:
[INFO] [stdout] range end index 2 out of range for slice of length 0
[INFO] [stdout] stack backtrace:
[INFO] [stdout]    0:     0x5b131a58bbca - std::backtrace_rs::backtrace::libunwind::trace::hb059275cfc8d6126
[INFO] [stdout]                                at /rustc/6067b36314ab5eb2eb47cecc464545ba58e1ad24/library/std/src/../../backtrace/src/backtrace/libunwind.rs:116:5
[INFO] [stdout]    1:     0x5b131a58bbca - std::backtrace_rs::backtrace::trace_unsynchronized::h2da071e4327ce3ee
[INFO] [stdout]                                at /rustc/6067b36314ab5eb2eb47cecc464545ba58e1ad24/library/std/src/../../backtrace/src/backtrace/mod.rs:66:5
[INFO] [stdout]    2:     0x5b131a58bbca - std::sys::backtrace::_print_fmt::h842a1474e6f8d23f
[INFO] [stdout]                                at /rustc/6067b36314ab5eb2eb47cecc464545ba58e1ad24/library/std/src/sys/backtrace.rs:66:9
[INFO] [stdout]    3:     0x5b131a58bbca - <std::sys::backtrace::BacktraceLock::print::DisplayBacktrace as core::fmt::Display>::fmt::h71a62eb3b9696b12
[INFO] [stdout]                                at /rustc/6067b36314ab5eb2eb47cecc464545ba58e1ad24/library/std/src/sys/backtrace.rs:39:26
[INFO] [stdout]    4:     0x5b131a5b57a3 - core::fmt::rt::Argument::fmt::hdb6b616786b41dc1
[INFO] [stdout]                                at /rustc/6067b36314ab5eb2eb47cecc464545ba58e1ad24/library/core/src/fmt/rt.rs:177:76
[INFO] [stdout]    5:     0x5b131a5b57a3 - core::fmt::write::h2cc1698af7e2d686
[INFO] [stdout]                                at /rustc/6067b36314ab5eb2eb47cecc464545ba58e1ad24/library/core/src/fmt/mod.rs:1440:21
[INFO] [stdout]    6:     0x5b131a588283 - std::io::Write::write_fmt::hab1b4cd059a79022
[INFO] [stdout]                                at /rustc/6067b36314ab5eb2eb47cecc464545ba58e1ad24/library/std/src/io/mod.rs:1887:15
[INFO] [stdout]    7:     0x5b131a58ba12 - std::sys::backtrace::BacktraceLock::print::h147fe35b4ea13b08
[INFO] [stdout]                                at /rustc/6067b36314ab5eb2eb47cecc464545ba58e1ad24/library/std/src/sys/backtrace.rs:42:9
[INFO] [stdout]    8:     0x5b131a58cfef - std::panicking::default_hook::{{closure}}::hbd44223dbdc0d208
[INFO] [stdout]                                at /rustc/6067b36314ab5eb2eb47cecc464545ba58e1ad24/library/std/src/panicking.rs:298:22
[INFO] [stdout]    9:     0x5b131a58ce08 - std::panicking::default_hook::h20f81eb0576efcec
[INFO] [stdout]                                at /rustc/6067b36314ab5eb2eb47cecc464545ba58e1ad24/library/std/src/panicking.rs:322:9
[INFO] [stdout]   10:     0x5b131a440a93 - <alloc::boxed::Box<F,A> as core::ops::function::Fn<Args>>::call::hdb53814c496a4d34
[INFO] [stdout]                                at /rustc/6067b36314ab5eb2eb47cecc464545ba58e1ad24/library/alloc/src/boxed.rs:2027:9
[INFO] [stdout]   11:     0x5b131a440a93 - test::test_main::{{closure}}::hc0a4963c59427c24
[INFO] [stdout]                                at /rustc/6067b36314ab5eb2eb47cecc464545ba58e1ad24/library/test/src/lib.rs:134:21
[INFO] [stdout]   12:     0x5b131a58dae3 - <alloc::boxed::Box<F,A> as core::ops::function::Fn<Args>>::call::h591b2225413a77e9
[INFO] [stdout]                                at /rustc/6067b36314ab5eb2eb47cecc464545ba58e1ad24/library/alloc/src/boxed.rs:2027:9
[INFO] [stdout]   13:     0x5b131a58dae3 - std::panicking::rust_panic_with_hook::h625eea43051b2edc
[INFO] [stdout]                                at /rustc/6067b36314ab5eb2eb47cecc464545ba58e1ad24/library/std/src/panicking.rs:839:13
[INFO] [stdout]   14:     0x5b131a58d79a - std::panicking::begin_panic_handler::{{closure}}::h4f9159cfbc3f6bd3
[INFO] [stdout]                                at /rustc/6067b36314ab5eb2eb47cecc464545ba58e1ad24/library/std/src/panicking.rs:704:13
[INFO] [stdout]   15:     0x5b131a58c0c9 - std::sys::backtrace::__rust_end_short_backtrace::h0390abce48353151
[INFO] [stdout]                                at /rustc/6067b36314ab5eb2eb47cecc464545ba58e1ad24/library/std/src/sys/backtrace.rs:168:18
[INFO] [stdout]   16:     0x5b131a58d42d - rust_begin_unwind
[INFO] [stdout]                                at /rustc/6067b36314ab5eb2eb47cecc464545ba58e1ad24/library/std/src/panicking.rs:695:5
[INFO] [stdout]   17:     0x5b131a5b3850 - core::panicking::panic_fmt::h9e7c637e9e5f29c9
[INFO] [stdout]                                at /rustc/6067b36314ab5eb2eb47cecc464545ba58e1ad24/library/core/src/panicking.rs:75:14
[INFO] [stdout]   18:     0x5b131a5bbfe7 - core::slice::index::slice_end_index_len_fail::do_panic::runtime::h2ce50479169e97f4
[INFO] [stdout]                                at /rustc/6067b36314ab5eb2eb47cecc464545ba58e1ad24/library/core/src/panic.rs:218:21
[INFO] [stdout]   19:     0x5b131a5b779a - core::slice::index::slice_end_index_len_fail::do_panic::haff17028cc0249de
[INFO] [stdout]                                at /rustc/6067b36314ab5eb2eb47cecc464545ba58e1ad24/library/core/src/intrinsics/mod.rs:3861:9
[INFO] [stdout]   20:     0x5b131a5b779a - core::slice::index::slice_end_index_len_fail::hb0f099531ceb56dd
[INFO] [stdout]                                at /rustc/6067b36314ab5eb2eb47cecc464545ba58e1ad24/library/core/src/panic.rs:223:9
[INFO] [stdout]   21:     0x5b131a53ac38 - core::slice::index::range::h610d63613b4ecb9e
[INFO] [stdout]                                at /rustc/6067b36314ab5eb2eb47cecc464545ba58e1ad24/library/core/src/slice/index.rs:861:9
[INFO] [stdout]   22:     0x5b131a2bed1b - alloc::collections::vec_deque::VecDeque<T,A>::drain::h588cd1a1b56b37df
[INFO] [stdout]                                at /rustc/6067b36314ab5eb2eb47cecc464545ba58e1ad24/library/alloc/src/collections/vec_deque/mod.rs:1513:36
[INFO] [stdout]   23:     0x5b131a2bbafb - webrtc_util::conn::conn_bridge::Bridge::drop_offset::{{closure}}::h3fd6e75289cdf6d4
[INFO] [stdout]                                at /opt/rustwide/cargo-home/registry/src/index.crates.io-1949cf8c6b5b557f/webrtc-util-0.5.2/src/conn/conn_bridge.rs:164:9
[INFO] [stdout]   24:     0x5b131a1d6072 - sctp_async::association::association_test::test_assoc_unreliable_rexmit_unordered_fragment::{{closure}}::h8d04e6ee30e3fd3b
[INFO] [stdout]                                at /opt/rustwide/workdir/src/association/association_test.rs:1073:29
[INFO] [stdout]   25:     0x5b131a2b50cb - <core::pin::Pin<P> as core::future::future::Future>::poll::h45d0d01add068264
[INFO] [stdout]                                at /rustc/6067b36314ab5eb2eb47cecc464545ba58e1ad24/library/core/src/future/future.rs:124:9
[INFO] [stdout]   26:     0x5b131a2235ae - tokio::runtime::basic_scheduler::Inner<P>::block_on::{{closure}}::{{closure}}::h6f094a8ba92e9f74
[INFO] [stdout]                                at /opt/rustwide/cargo-home/registry/src/index.crates.io-1949cf8c6b5b557f/tokio-1.13.0/src/runtime/basic_scheduler.rs:228:62
[INFO] [stdout]   27:     0x5b131a2cc6dd - tokio::coop::with_budget::{{closure}}::had62716b6aaa762b
[INFO] [stdout]                                at /opt/rustwide/cargo-home/registry/src/index.crates.io-1949cf8c6b5b557f/tokio-1.13.0/src/coop.rs:106:9
[INFO] [stdout]   28:     0x5b131a3fe7f2 - std::thread::local::LocalKey<T>::try_with::h904de198d3402e96
[INFO] [stdout]                                at /rustc/6067b36314ab5eb2eb47cecc464545ba58e1ad24/library/std/src/thread/local.rs:308:12
[INFO] [stdout]   29:     0x5b131a3f393d - std::thread::local::LocalKey<T>::with::hdd264d6dcaa44d04
[INFO] [stdout]                                at /rustc/6067b36314ab5eb2eb47cecc464545ba58e1ad24/library/std/src/thread/local.rs:272:9
[INFO] [stdout]   30:     0x5b131a20f74b - tokio::coop::with_budget::hc1329f3dc7336ae0
[INFO] [stdout]                                at /opt/rustwide/cargo-home/registry/src/index.crates.io-1949cf8c6b5b557f/tokio-1.13.0/src/coop.rs:99:5
[INFO] [stdout]   31:     0x5b131a20f74b - tokio::coop::budget::heacbcf40551e3c4c
[INFO] [stdout]                                at /opt/rustwide/cargo-home/registry/src/index.crates.io-1949cf8c6b5b557f/tokio-1.13.0/src/coop.rs:76:5
[INFO] [stdout]   32:     0x5b131a20f74b - tokio::runtime::basic_scheduler::Inner<P>::block_on::{{closure}}::h5727e28a30ad7917
[INFO] [stdout]                                at /opt/rustwide/cargo-home/registry/src/index.crates.io-1949cf8c6b5b557f/tokio-1.13.0/src/runtime/basic_scheduler.rs:228:39
[INFO] [stdout]   33:     0x5b131a2446b1 - tokio::runtime::basic_scheduler::enter::{{closure}}::h37abda8becda5ed8
[INFO] [stdout]                                at /opt/rustwide/cargo-home/registry/src/index.crates.io-1949cf8c6b5b557f/tokio-1.13.0/src/runtime/basic_scheduler.rs:337:29
[INFO] [stdout]   34:     0x5b131a2ff4ba - tokio::macros::scoped_tls::ScopedKey<T>::set::h476b611a2db7e694
[INFO] [stdout]                                at /opt/rustwide/cargo-home/registry/src/index.crates.io-1949cf8c6b5b557f/tokio-1.13.0/src/macros/scoped_tls.rs:61:9
[INFO] [stdout]   35:     0x5b131a23e8db - tokio::runtime::basic_scheduler::enter::h747fedde6c375578
[INFO] [stdout]                                at /opt/rustwide/cargo-home/registry/src/index.crates.io-1949cf8c6b5b557f/tokio-1.13.0/src/runtime/basic_scheduler.rs:337:5
[INFO] [stdout]   36:     0x5b131a1fd52a - tokio::runtime::basic_scheduler::Inner<P>::block_on::h8a565d835ea265d7
[INFO] [stdout]                                at /opt/rustwide/cargo-home/registry/src/index.crates.io-1949cf8c6b5b557f/tokio-1.13.0/src/runtime/basic_scheduler.rs:218:9
[INFO] [stdout]   37:     0x5b131a225d1f - tokio::runtime::basic_scheduler::InnerGuard<P>::block_on::h24d71431bde4eaed
[INFO] [stdout]                                at /opt/rustwide/cargo-home/registry/src/index.crates.io-1949cf8c6b5b557f/tokio-1.13.0/src/runtime/basic_scheduler.rs:489:9
[INFO] [stdout]   38:     0x5b131a22fe80 - tokio::runtime::basic_scheduler::BasicScheduler<P>::block_on::hacd81f2a2833023b
[INFO] [stdout]                                at /opt/rustwide/cargo-home/registry/src/index.crates.io-1949cf8c6b5b557f/tokio-1.13.0/src/runtime/basic_scheduler.rs:178:24
[INFO] [stdout]   39:     0x5b131a27dbad - tokio::runtime::Runtime::block_on::h5505799141abb7a2
[INFO] [stdout]                                at /opt/rustwide/cargo-home/registry/src/index.crates.io-1949cf8c6b5b557f/tokio-1.13.0/src/runtime/mod.rs:461:46
[INFO] [stdout]   40:     0x5b131a1d471e - sctp_async::association::association_test::test_assoc_unreliable_rexmit_unordered_fragment::h6b7d6a2f8a8a2eab
[INFO] [stdout]                                at /opt/rustwide/workdir/src/association/association_test.rs:1108:5
[INFO] [stdout]   41:     0x5b131a1d45cd - sctp_async::association::association_test::test_assoc_unreliable_rexmit_unordered_fragment::{{closure}}::h74f62b3250e1d6b7
[INFO] [stdout]                                at /opt/rustwide/workdir/src/association/association_test.rs:1019:63
[INFO] [stdout]   42:     0x5b131a160856 - core::ops::function::FnOnce::call_once::haebff7d6bd8f7f2f
[INFO] [stdout]                                at /rustc/6067b36314ab5eb2eb47cecc464545ba58e1ad24/library/core/src/ops/function.rs:250:5
[INFO] [stdout]   43:     0x5b131a4461eb - core::ops::function::FnOnce::call_once::he27718dfdd183f43
[INFO] [stdout]                                at /rustc/6067b36314ab5eb2eb47cecc464545ba58e1ad24/library/core/src/ops/function.rs:250:5
[INFO] [stdout]   44:     0x5b131a4461eb - test::__rust_begin_short_backtrace::h4e84902998457a5d
[INFO] [stdout]                                at /rustc/6067b36314ab5eb2eb47cecc464545ba58e1ad24/library/test/src/lib.rs:632:18
[INFO] [stdout]   45:     0x5b131a445123 - test::run_test_in_process::{{closure}}::h7176fd18fc1feca0
[INFO] [stdout]                                at /rustc/6067b36314ab5eb2eb47cecc464545ba58e1ad24/library/test/src/lib.rs:655:60
[INFO] [stdout]   46:     0x5b131a445123 - <core::panic::unwind_safe::AssertUnwindSafe<F> as core::ops::function::FnOnce<()>>::call_once::hf79cff2a624d8cf7
[INFO] [stdout]                                at /rustc/6067b36314ab5eb2eb47cecc464545ba58e1ad24/library/core/src/panic/unwind_safe.rs:272:9
[INFO] [stdout]   47:     0x5b131a445123 - std::panicking::try::do_call::h3da0561d9ab99c25
[INFO] [stdout]                                at /rustc/6067b36314ab5eb2eb47cecc464545ba58e1ad24/library/std/src/panicking.rs:587:40
[INFO] [stdout]   48:     0x5b131a445123 - std::panicking::try::h41c9fa508bc61df6
[INFO] [stdout]                                at /rustc/6067b36314ab5eb2eb47cecc464545ba58e1ad24/library/std/src/panicking.rs:550:19
[INFO] [stdout]   49:     0x5b131a445123 - std::panic::catch_unwind::h6b3ff07bb5afad93
[INFO] [stdout]                                at /rustc/6067b36314ab5eb2eb47cecc464545ba58e1ad24/library/std/src/panic.rs:358:14
[INFO] [stdout]   50:     0x5b131a445123 - test::run_test_in_process::hc7253dd11b39b9f4
[INFO] [stdout]                                at /rustc/6067b36314ab5eb2eb47cecc464545ba58e1ad24/library/test/src/lib.rs:655:27
[INFO] [stdout]   51:     0x5b131a445123 - test::run_test::{{closure}}::hfb2007f8649c30bb
[INFO] [stdout]                                at /rustc/6067b36314ab5eb2eb47cecc464545ba58e1ad24/library/test/src/lib.rs:576:43
[INFO] [stdout]   52:     0x5b131a408205 - test::run_test::{{closure}}::h56a17aa7a282a9f4
[INFO] [stdout]                                at /rustc/6067b36314ab5eb2eb47cecc464545ba58e1ad24/library/test/src/lib.rs:606:41
[INFO] [stdout]   53:     0x5b131a408205 - std::sys::backtrace::__rust_begin_short_backtrace::hd2d2d2fb8e8c6aac
[INFO] [stdout]                                at /rustc/6067b36314ab5eb2eb47cecc464545ba58e1ad24/library/std/src/sys/backtrace.rs:152:18
[INFO] [stdout]   54:     0x5b131a40baea - std::thread::Builder::spawn_unchecked_::{{closure}}::{{closure}}::h4faa3f9db6133423
[INFO] [stdout]                                at /rustc/6067b36314ab5eb2eb47cecc464545ba58e1ad24/library/std/src/thread/mod.rs:559:17
[INFO] [stdout]   55:     0x5b131a40baea - <core::panic::unwind_safe::AssertUnwindSafe<F> as core::ops::function::FnOnce<()>>::call_once::hf2e855a36a4ea846
[INFO] [stdout]                                at /rustc/6067b36314ab5eb2eb47cecc464545ba58e1ad24/library/core/src/panic/unwind_safe.rs:272:9
[INFO] [stdout]   56:     0x5b131a40baea - std::panicking::try::do_call::h2f73af3616c35465
[INFO] [stdout]                                at /rustc/6067b36314ab5eb2eb47cecc464545ba58e1ad24/library/std/src/panicking.rs:587:40
[INFO] [stdout]   57:     0x5b131a40baea - std::panicking::try::hd1660ce9efadef5a
[INFO] [stdout]                                at /rustc/6067b36314ab5eb2eb47cecc464545ba58e1ad24/library/std/src/panicking.rs:550:19
[INFO] [stdout]   58:     0x5b131a40baea - std::panic::catch_unwind::h5ee8d7823b8ca744
[INFO] [stdout]                                at /rustc/6067b36314ab5eb2eb47cecc464545ba58e1ad24/library/std/src/panic.rs:358:14
[INFO] [stdout]   59:     0x5b131a40baea - std::thread::Builder::spawn_unchecked_::{{closure}}::h53c3a1894dce8407
[INFO] [stdout]                                at /rustc/6067b36314ab5eb2eb47cecc464545ba58e1ad24/library/std/src/thread/mod.rs:557:30
[INFO] [stdout]   60:     0x5b131a40baea - core::ops::function::FnOnce::call_once{{vtable.shim}}::h048ce291ad4f62bf
[INFO] [stdout]                                at /rustc/6067b36314ab5eb2eb47cecc464545ba58e1ad24/library/core/src/ops/function.rs:250:5
[INFO] [stdout]   61:     0x5b131a591e1b - <alloc::boxed::Box<F,A> as core::ops::function::FnOnce<Args>>::call_once::ha52bedf99a3b4981
[INFO] [stdout]                                at /rustc/6067b36314ab5eb2eb47cecc464545ba58e1ad24/library/alloc/src/boxed.rs:2013:9
[INFO] [stdout]   62:     0x5b131a591e1b - <alloc::boxed::Box<F,A> as core::ops::function::FnOnce<Args>>::call_once::h567748934d80ccf8
[INFO] [stdout]                                at /rustc/6067b36314ab5eb2eb47cecc464545ba58e1ad24/library/alloc/src/boxed.rs:2013:9
[INFO] [stdout]   63:     0x5b131a591e1b - std::sys::pal::unix::thread::Thread::new::thread_start::h2d970728ae887adc
[INFO] [stdout]                                at /rustc/6067b36314ab5eb2eb47cecc464545ba58e1ad24/library/std/src/sys/pal/unix/thread.rs:106:17
[INFO] [stdout]   64:     0x7735df740ac3 - <unknown>
[INFO] [stdout]   65:     0x7735df7d1a04 - clone
[INFO] [stdout]   66:                0x0 - <unknown>
[INFO] [stdout] 
[INFO] [stdout] 
[INFO] [stdout] failures:
[INFO] [stdout]     association::association_test::test_assoc_unreliable_rexmit_unordered_fragment
[INFO] [stdout] 
[INFO] [stdout] test result: FAILED. 118 passed; 1 failed; 0 ignored; 0 measured; 0 filtered out; finished in 3.28s
[INFO] [stdout] 
[INFO] [stderr] error: test failed, to rerun pass `--lib`
[INFO] running `Command { std: "docker" "inspect" "9520eb7c11fe007edaf3f07efa70f2fd69c6b8e19856e7d9746b1a310edae725", kill_on_drop: false }`
[INFO] running `Command { std: "docker" "rm" "-f" "9520eb7c11fe007edaf3f07efa70f2fd69c6b8e19856e7d9746b1a310edae725", kill_on_drop: false }`
[INFO] [stdout] 9520eb7c11fe007edaf3f07efa70f2fd69c6b8e19856e7d9746b1a310edae725
