[INFO] cloning repository https://github.com/teltam/ferrum-rs
[INFO] running `Command { std: "git" "-c" "credential.helper=" "-c" "credential.helper=/workspace/cargo-home/bin/git-credential-null" "clone" "--bare" "https://github.com/teltam/ferrum-rs" "/workspace/cache/git-repos/https%3A%2F%2Fgithub.com%2Fteltam%2Fferrum-rs", kill_on_drop: false }`
[INFO] [stderr] Cloning into bare repository '/workspace/cache/git-repos/https%3A%2F%2Fgithub.com%2Fteltam%2Fferrum-rs'...
[INFO] running `Command { std: "git" "rev-parse" "HEAD", kill_on_drop: false }`
[INFO] [stdout] d29489f82ee8fce4e2549c9bb1a1560c90bb0470
[INFO] testing teltam/ferrum-rs against nightly-2025-01-18 for randomize-layout-2
[INFO] running `Command { std: "git" "clone" "/workspace/cache/git-repos/https%3A%2F%2Fgithub.com%2Fteltam%2Fferrum-rs" "/workspace/builds/worker-0-tc1/source", kill_on_drop: false }`
[INFO] [stderr] Cloning into '/workspace/builds/worker-0-tc1/source'...
[INFO] [stderr] done.
[INFO] validating manifest of git repo https://github.com/teltam/ferrum-rs on toolchain nightly-2025-01-18
[INFO] running `Command { std: CARGO_HOME="/workspace/cargo-home" RUSTUP_HOME="/workspace/rustup-home" "/workspace/cargo-home/bin/cargo" "+nightly-2025-01-18" "metadata" "--manifest-path" "Cargo.toml" "--no-deps", kill_on_drop: false }`
[INFO] started tweaking git repo https://github.com/teltam/ferrum-rs
[INFO] finished tweaking git repo https://github.com/teltam/ferrum-rs
[INFO] tweaked toml for git repo https://github.com/teltam/ferrum-rs written to /workspace/builds/worker-0-tc1/source/Cargo.toml
[INFO] crate git repo https://github.com/teltam/ferrum-rs already has a lockfile, it will not be regenerated
[INFO] running `Command { std: CARGO_HOME="/workspace/cargo-home" RUSTUP_HOME="/workspace/rustup-home" "/workspace/cargo-home/bin/cargo" "+nightly-2025-01-18" "fetch" "--manifest-path" "Cargo.toml", kill_on_drop: false }`
[INFO] running `Command { std: "docker" "create" "-v" "/var/lib/crater-agent-workspace/builds/worker-0-tc1/target:/opt/rustwide/target:rw,Z" "-v" "/var/lib/crater-agent-workspace/builds/worker-0-tc1/source:/opt/rustwide/workdir:ro,Z" "-v" "/var/lib/crater-agent-workspace/cargo-home:/opt/rustwide/cargo-home:ro,Z" "-v" "/var/lib/crater-agent-workspace/rustup-home:/opt/rustwide/rustup-home:ro,Z" "-e" "SOURCE_DIR=/opt/rustwide/workdir" "-e" "CARGO_TARGET_DIR=/opt/rustwide/target" "-e" "CARGO_HOME=/opt/rustwide/cargo-home" "-e" "RUSTUP_HOME=/opt/rustwide/rustup-home" "-w" "/opt/rustwide/workdir" "-m" "1610612736" "--user" "0:0" "--network" "none" "ghcr.io/rust-lang/crates-build-env/linux@sha256:819108c5571ea2e421544af4d832f968d213c87fbe3707a016657f43d2f853bc" "/opt/rustwide/cargo-home/bin/cargo" "+nightly-2025-01-18" "metadata" "--no-deps" "--format-version=1", kill_on_drop: false }`
[INFO] [stdout] 9f73f7d9fb6a0072c387548830dfab9ee4b4b2127b5df996303a43a53b9a4363
[INFO] running `Command { std: "docker" "start" "-a" "9f73f7d9fb6a0072c387548830dfab9ee4b4b2127b5df996303a43a53b9a4363", kill_on_drop: false }`
[INFO] running `Command { std: "docker" "inspect" "9f73f7d9fb6a0072c387548830dfab9ee4b4b2127b5df996303a43a53b9a4363", kill_on_drop: false }`
[INFO] running `Command { std: "docker" "rm" "-f" "9f73f7d9fb6a0072c387548830dfab9ee4b4b2127b5df996303a43a53b9a4363", kill_on_drop: false }`
[INFO] [stdout] 9f73f7d9fb6a0072c387548830dfab9ee4b4b2127b5df996303a43a53b9a4363
[INFO] running `Command { std: "docker" "create" "-v" "/var/lib/crater-agent-workspace/builds/worker-0-tc1/target:/opt/rustwide/target:rw,Z" "-v" "/var/lib/crater-agent-workspace/builds/worker-0-tc1/source:/opt/rustwide/workdir:ro,Z" "-v" "/var/lib/crater-agent-workspace/cargo-home:/opt/rustwide/cargo-home:ro,Z" "-v" "/var/lib/crater-agent-workspace/rustup-home:/opt/rustwide/rustup-home:ro,Z" "-e" "SOURCE_DIR=/opt/rustwide/workdir" "-e" "CARGO_TARGET_DIR=/opt/rustwide/target" "-e" "CARGO_INCREMENTAL=0" "-e" "RUST_BACKTRACE=full" "-e" "RUSTFLAGS=--cap-lints=forbid" "-e" "RUSTDOCFLAGS=--cap-lints=forbid" "-e" "CARGO_HOME=/opt/rustwide/cargo-home" "-e" "RUSTUP_HOME=/opt/rustwide/rustup-home" "-w" "/opt/rustwide/workdir" "-m" "1610612736" "--user" "0:0" "--network" "none" "ghcr.io/rust-lang/crates-build-env/linux@sha256:819108c5571ea2e421544af4d832f968d213c87fbe3707a016657f43d2f853bc" "/opt/rustwide/cargo-home/bin/cargo" "+nightly-2025-01-18" "build" "--frozen" "--message-format=json", kill_on_drop: false }`
[INFO] [stdout] 8059dbd56402c73700075e49bb53cf2018b92ba1bb3c5740caa03d4e7d899392
[INFO] running `Command { std: "docker" "start" "-a" "8059dbd56402c73700075e49bb53cf2018b92ba1bb3c5740caa03d4e7d899392", kill_on_drop: false }`
[INFO] [stderr]    Compiling version_check v0.9.5
[INFO] [stderr]    Compiling typenum v1.17.0
[INFO] [stderr]    Compiling proc-macro2 v1.0.89
[INFO] [stderr]    Compiling serde v1.0.213
[INFO] [stderr]    Compiling serde_json v1.0.132
[INFO] [stderr]    Compiling memchr v2.7.4
[INFO] [stderr]    Compiling cpufeatures v0.2.14
[INFO] [stderr]    Compiling generic-array v0.14.7
[INFO] [stderr]    Compiling quote v1.0.37
[INFO] [stderr]    Compiling syn v2.0.85
[INFO] [stderr]    Compiling crypto-common v0.1.6
[INFO] [stderr]    Compiling block-buffer v0.10.4
[INFO] [stderr]    Compiling digest v0.10.7
[INFO] [stderr]    Compiling sha2 v0.10.8
[INFO] [stderr]    Compiling serde_derive v1.0.213
[INFO] [stderr]    Compiling ferrum-rs v0.1.0 (/opt/rustwide/workdir)
[INFO] [stdout] warning: associated items `new` and `hash` are never used
[INFO] [stdout]   --> src/flush.rs:28:12
[INFO] [stdout]    |
[INFO] [stdout] 27 | impl DataBlock {
[INFO] [stdout]    | -------------- associated items in this implementation
[INFO] [stdout] 28 |     pub fn new(block_size: usize) -> DataBlock {
[INFO] [stdout]    |            ^^^
[INFO] [stdout] ...
[INFO] [stdout] 35 |     pub fn hash(&self) -> String {
[INFO] [stdout]    |            ^^^^
[INFO] [stdout]    |
[INFO] [stdout]    = note: `#[warn(dead_code)]` on by default
[INFO] [stdout] 
[INFO] [stdout] 
[INFO] [stdout] warning: function `flush` is never used
[INFO] [stdout]   --> src/flush.rs:54:8
[INFO] [stdout]    |
[INFO] [stdout] 54 | pub fn flush(mem_table: &MemTable) -> std::io::Result<MemTable> {
[INFO] [stdout]    |        ^^^^^
[INFO] [stdout] 
[INFO] [stdout] 
[INFO] [stdout] warning: method `hash` is never used
[INFO] [stdout]   --> src/mem_table.rs:23:8
[INFO] [stdout]    |
[INFO] [stdout] 22 | impl MemTableEntry {
[INFO] [stdout]    | ------------------ method in this implementation
[INFO] [stdout] 23 |     fn hash(&self) -> String {
[INFO] [stdout]    |        ^^^^
[INFO] [stdout] 
[INFO] [stdout] 
[INFO] [stdout] warning: associated items `new`, `get`, and `put` are never used
[INFO] [stdout]   --> src/mem_table.rs:49:12
[INFO] [stdout]    |
[INFO] [stdout] 48 | impl MemTable {
[INFO] [stdout]    | ------------- associated items in this implementation
[INFO] [stdout] 49 |     pub fn new() -> MemTable {
[INFO] [stdout]    |            ^^^
[INFO] [stdout] ...
[INFO] [stdout] 56 |     pub fn get(&self, key: String) -> Option<u32> {
[INFO] [stdout]    |            ^^^
[INFO] [stdout] ...
[INFO] [stdout] 66 |     pub fn put(&mut self, key: String, value: u32) {
[INFO] [stdout]    |            ^^^
[INFO] [stdout] 
[INFO] [stdout] 
[INFO] [stderr]     Finished `dev` profile [unoptimized + debuginfo] target(s) in 14.54s
[INFO] running `Command { std: "docker" "inspect" "8059dbd56402c73700075e49bb53cf2018b92ba1bb3c5740caa03d4e7d899392", kill_on_drop: false }`
[INFO] running `Command { std: "docker" "rm" "-f" "8059dbd56402c73700075e49bb53cf2018b92ba1bb3c5740caa03d4e7d899392", kill_on_drop: false }`
[INFO] [stdout] 8059dbd56402c73700075e49bb53cf2018b92ba1bb3c5740caa03d4e7d899392
[INFO] running `Command { std: "docker" "create" "-v" "/var/lib/crater-agent-workspace/builds/worker-0-tc1/target:/opt/rustwide/target:rw,Z" "-v" "/var/lib/crater-agent-workspace/builds/worker-0-tc1/source:/opt/rustwide/workdir:ro,Z" "-v" "/var/lib/crater-agent-workspace/cargo-home:/opt/rustwide/cargo-home:ro,Z" "-v" "/var/lib/crater-agent-workspace/rustup-home:/opt/rustwide/rustup-home:ro,Z" "-e" "SOURCE_DIR=/opt/rustwide/workdir" "-e" "CARGO_TARGET_DIR=/opt/rustwide/target" "-e" "CARGO_INCREMENTAL=0" "-e" "RUST_BACKTRACE=full" "-e" "RUSTFLAGS=--cap-lints=forbid" "-e" "RUSTDOCFLAGS=--cap-lints=forbid" "-e" "CARGO_HOME=/opt/rustwide/cargo-home" "-e" "RUSTUP_HOME=/opt/rustwide/rustup-home" "-w" "/opt/rustwide/workdir" "-m" "1610612736" "--user" "0:0" "--network" "none" "ghcr.io/rust-lang/crates-build-env/linux@sha256:819108c5571ea2e421544af4d832f968d213c87fbe3707a016657f43d2f853bc" "/opt/rustwide/cargo-home/bin/cargo" "+nightly-2025-01-18" "test" "--frozen" "--no-run" "--message-format=json", kill_on_drop: false }`
[INFO] [stdout] 6a05f1de74592b4eba26f37720eadab8186ba5c502ba3417b1d06e348eec61a5
[INFO] running `Command { std: "docker" "start" "-a" "6a05f1de74592b4eba26f37720eadab8186ba5c502ba3417b1d06e348eec61a5", kill_on_drop: false }`
[INFO] [stdout] warning: associated items `new` and `hash` are never used
[INFO] [stdout]   --> src/flush.rs:28:12
[INFO] [stdout]    |
[INFO] [stdout] 27 | impl DataBlock {
[INFO] [stdout]    | -------------- associated items in this implementation
[INFO] [stdout] 28 |     pub fn new(block_size: usize) -> DataBlock {
[INFO] [stdout]    |            ^^^
[INFO] [stdout] ...
[INFO] [stdout] 35 |     pub fn hash(&self) -> String {
[INFO] [stdout]    |            ^^^^
[INFO] [stdout]    |
[INFO] [stdout]    = note: `#[warn(dead_code)]` on by default
[INFO] [stdout] 
[INFO] [stdout] 
[INFO] [stdout] warning: function `flush` is never used
[INFO] [stdout]   --> src/flush.rs:54:8
[INFO] [stdout]    |
[INFO] [stdout] 54 | pub fn flush(mem_table: &MemTable) -> std::io::Result<MemTable> {
[INFO] [stdout]    |        ^^^^^
[INFO] [stdout] 
[INFO] [stdout] 
[INFO] [stdout] warning: method `hash` is never used
[INFO] [stdout]   --> src/mem_table.rs:23:8
[INFO] [stdout]    |
[INFO] [stdout] 22 | impl MemTableEntry {
[INFO] [stdout]    | ------------------ method in this implementation
[INFO] [stdout] 23 |     fn hash(&self) -> String {
[INFO] [stdout]    |        ^^^^
[INFO] [stdout] 
[INFO] [stdout] 
[INFO] [stdout] warning: associated items `new`, `get`, and `put` are never used
[INFO] [stdout]   --> src/mem_table.rs:49:12
[INFO] [stdout]    |
[INFO] [stdout] 48 | impl MemTable {
[INFO] [stdout]    | ------------- associated items in this implementation
[INFO] [stdout] 49 |     pub fn new() -> MemTable {
[INFO] [stdout]    |            ^^^
[INFO] [stdout] ...
[INFO] [stdout] 56 |     pub fn get(&self, key: String) -> Option<u32> {
[INFO] [stdout]    |            ^^^
[INFO] [stdout] ...
[INFO] [stdout] 66 |     pub fn put(&mut self, key: String, value: u32) {
[INFO] [stdout]    |            ^^^
[INFO] [stdout] 
[INFO] [stdout] 
[INFO] [stderr]    Compiling ferrum-rs v0.1.0 (/opt/rustwide/workdir)
[INFO] [stderr]     Finished `test` profile [unoptimized + debuginfo] target(s) in 0.82s
[INFO] running `Command { std: "docker" "inspect" "6a05f1de74592b4eba26f37720eadab8186ba5c502ba3417b1d06e348eec61a5", kill_on_drop: false }`
[INFO] running `Command { std: "docker" "rm" "-f" "6a05f1de74592b4eba26f37720eadab8186ba5c502ba3417b1d06e348eec61a5", kill_on_drop: false }`
[INFO] [stdout] 6a05f1de74592b4eba26f37720eadab8186ba5c502ba3417b1d06e348eec61a5
[INFO] running `Command { std: "docker" "create" "-v" "/var/lib/crater-agent-workspace/builds/worker-0-tc1/target:/opt/rustwide/target:rw,Z" "-v" "/var/lib/crater-agent-workspace/builds/worker-0-tc1/source:/opt/rustwide/workdir:ro,Z" "-v" "/var/lib/crater-agent-workspace/cargo-home:/opt/rustwide/cargo-home:ro,Z" "-v" "/var/lib/crater-agent-workspace/rustup-home:/opt/rustwide/rustup-home:ro,Z" "-e" "SOURCE_DIR=/opt/rustwide/workdir" "-e" "CARGO_TARGET_DIR=/opt/rustwide/target" "-e" "CARGO_INCREMENTAL=0" "-e" "RUST_BACKTRACE=full" "-e" "RUSTFLAGS=--cap-lints=forbid" "-e" "RUSTDOCFLAGS=--cap-lints=forbid" "-e" "CARGO_HOME=/opt/rustwide/cargo-home" "-e" "RUSTUP_HOME=/opt/rustwide/rustup-home" "-w" "/opt/rustwide/workdir" "-m" "1610612736" "--user" "0:0" "--network" "none" "ghcr.io/rust-lang/crates-build-env/linux@sha256:819108c5571ea2e421544af4d832f968d213c87fbe3707a016657f43d2f853bc" "/opt/rustwide/cargo-home/bin/cargo" "+nightly-2025-01-18" "test" "--frozen", kill_on_drop: false }`
[INFO] [stdout] 476ba942ea3636a78dadf95c9f47a2e914276e050cecb23eef26b24e45515e81
[INFO] running `Command { std: "docker" "start" "-a" "476ba942ea3636a78dadf95c9f47a2e914276e050cecb23eef26b24e45515e81", kill_on_drop: false }`
[INFO] [stderr] warning: associated items `new` and `hash` are never used
[INFO] [stderr]   --> src/flush.rs:28:12
[INFO] [stderr]    |
[INFO] [stderr] 27 | impl DataBlock {
[INFO] [stderr]    | -------------- associated items in this implementation
[INFO] [stderr] 28 |     pub fn new(block_size: usize) -> DataBlock {
[INFO] [stderr]    |            ^^^
[INFO] [stderr] ...
[INFO] [stderr] 35 |     pub fn hash(&self) -> String {
[INFO] [stderr]    |            ^^^^
[INFO] [stderr]    |
[INFO] [stderr]    = note: `#[warn(dead_code)]` on by default
[INFO] [stderr] 
[INFO] [stderr] warning: function `flush` is never used
[INFO] [stderr]   --> src/flush.rs:54:8
[INFO] [stderr]    |
[INFO] [stderr] 54 | pub fn flush(mem_table: &MemTable) -> std::io::Result<MemTable> {
[INFO] [stderr]    |        ^^^^^
[INFO] [stderr] 
[INFO] [stderr] warning: method `hash` is never used
[INFO] [stderr]   --> src/mem_table.rs:23:8
[INFO] [stderr]    |
[INFO] [stderr] 22 | impl MemTableEntry {
[INFO] [stderr]    | ------------------ method in this implementation
[INFO] [stderr] 23 |     fn hash(&self) -> String {
[INFO] [stderr]    |        ^^^^
[INFO] [stderr] 
[INFO] [stderr] warning: associated items `new`, `get`, and `put` are never used
[INFO] [stderr]   --> src/mem_table.rs:49:12
[INFO] [stderr]    |
[INFO] [stderr] 48 | impl MemTable {
[INFO] [stderr]    | ------------- associated items in this implementation
[INFO] [stderr] 49 |     pub fn new() -> MemTable {
[INFO] [stderr]    |            ^^^
[INFO] [stderr] ...
[INFO] [stderr] 56 |     pub fn get(&self, key: String) -> Option<u32> {
[INFO] [stderr]    |            ^^^
[INFO] [stderr] ...
[INFO] [stderr] 66 |     pub fn put(&mut self, key: String, value: u32) {
[INFO] [stderr]    |            ^^^
[INFO] [stderr] 
[INFO] [stderr] warning: `ferrum-rs` (lib) generated 4 warnings
[INFO] [stderr]     Finished `test` profile [unoptimized + debuginfo] target(s) in 0.03s
[INFO] [stderr]      Running unittests src/lib.rs (/opt/rustwide/target/debug/deps/ferrum_rs-0a8ee87c5a1fba1b)
[INFO] [stdout] 
[INFO] [stdout] running 4 tests
[INFO] [stdout] test mem_table::tests::test_mem_table_read_and_write ... ok
[INFO] [stdout] test flush::tests::test_flush ... ok
[INFO] [stdout] test tests::it_works ... ok
[INFO] [stdout] test flush::tests::test_sst_write ... FAILED
[INFO] [stdout] 
[INFO] [stdout] failures:
[INFO] [stdout] 
[INFO] [stdout] ---- flush::tests::test_sst_write stdout ----
[INFO] [stdout] 
[INFO] [stdout] thread 'flush::tests::test_sst_write' panicked at src/flush.rs:144:39:
[INFO] [stdout] called `Result::unwrap()` on an `Err` value: Custom { kind: UnexpectedEof, error: Error("EOF while parsing a value", line: 1, column: 0) }
[INFO] [stdout] stack backtrace:
[INFO] [stdout]    0:     0x5b3cfded701a - std::backtrace_rs::backtrace::libunwind::trace::hb059275cfc8d6126
[INFO] [stdout]                                at /rustc/6067b36314ab5eb2eb47cecc464545ba58e1ad24/library/std/src/../../backtrace/src/backtrace/libunwind.rs:116:5
[INFO] [stdout]    1:     0x5b3cfded701a - std::backtrace_rs::backtrace::trace_unsynchronized::h2da071e4327ce3ee
[INFO] [stdout]                                at /rustc/6067b36314ab5eb2eb47cecc464545ba58e1ad24/library/std/src/../../backtrace/src/backtrace/mod.rs:66:5
[INFO] [stdout]    2:     0x5b3cfded701a - std::sys::backtrace::_print_fmt::h842a1474e6f8d23f
[INFO] [stdout]                                at /rustc/6067b36314ab5eb2eb47cecc464545ba58e1ad24/library/std/src/sys/backtrace.rs:66:9
[INFO] [stdout]    3:     0x5b3cfded701a - <std::sys::backtrace::BacktraceLock::print::DisplayBacktrace as core::fmt::Display>::fmt::h71a62eb3b9696b12
[INFO] [stdout]                                at /rustc/6067b36314ab5eb2eb47cecc464545ba58e1ad24/library/std/src/sys/backtrace.rs:39:26
[INFO] [stdout]    4:     0x5b3cfdefed83 - core::fmt::rt::Argument::fmt::hdb6b616786b41dc1
[INFO] [stdout]                                at /rustc/6067b36314ab5eb2eb47cecc464545ba58e1ad24/library/core/src/fmt/rt.rs:177:76
[INFO] [stdout]    5:     0x5b3cfdefed83 - core::fmt::write::h2cc1698af7e2d686
[INFO] [stdout]                                at /rustc/6067b36314ab5eb2eb47cecc464545ba58e1ad24/library/core/src/fmt/mod.rs:1440:21
[INFO] [stdout]    6:     0x5b3cfded3ac3 - std::io::Write::write_fmt::hab1b4cd059a79022
[INFO] [stdout]                                at /rustc/6067b36314ab5eb2eb47cecc464545ba58e1ad24/library/std/src/io/mod.rs:1887:15
[INFO] [stdout]    7:     0x5b3cfded6e62 - std::sys::backtrace::BacktraceLock::print::h147fe35b4ea13b08
[INFO] [stdout]                                at /rustc/6067b36314ab5eb2eb47cecc464545ba58e1ad24/library/std/src/sys/backtrace.rs:42:9
[INFO] [stdout]    8:     0x5b3cfded843f - std::panicking::default_hook::{{closure}}::hbd44223dbdc0d208
[INFO] [stdout]                                at /rustc/6067b36314ab5eb2eb47cecc464545ba58e1ad24/library/std/src/panicking.rs:298:22
[INFO] [stdout]    9:     0x5b3cfded8258 - std::panicking::default_hook::h20f81eb0576efcec
[INFO] [stdout]                                at /rustc/6067b36314ab5eb2eb47cecc464545ba58e1ad24/library/std/src/panicking.rs:322:9
[INFO] [stdout]   10:     0x5b3cfde911a3 - <alloc::boxed::Box<F,A> as core::ops::function::Fn<Args>>::call::hdb53814c496a4d34
[INFO] [stdout]                                at /rustc/6067b36314ab5eb2eb47cecc464545ba58e1ad24/library/alloc/src/boxed.rs:2027:9
[INFO] [stdout]   11:     0x5b3cfde911a3 - test::test_main::{{closure}}::hc0a4963c59427c24
[INFO] [stdout]                                at /rustc/6067b36314ab5eb2eb47cecc464545ba58e1ad24/library/test/src/lib.rs:134:21
[INFO] [stdout]   12:     0x5b3cfded8f33 - <alloc::boxed::Box<F,A> as core::ops::function::Fn<Args>>::call::h591b2225413a77e9
[INFO] [stdout]                                at /rustc/6067b36314ab5eb2eb47cecc464545ba58e1ad24/library/alloc/src/boxed.rs:2027:9
[INFO] [stdout]   13:     0x5b3cfded8f33 - std::panicking::rust_panic_with_hook::h625eea43051b2edc
[INFO] [stdout]                                at /rustc/6067b36314ab5eb2eb47cecc464545ba58e1ad24/library/std/src/panicking.rs:839:13
[INFO] [stdout]   14:     0x5b3cfded8bea - std::panicking::begin_panic_handler::{{closure}}::h4f9159cfbc3f6bd3
[INFO] [stdout]                                at /rustc/6067b36314ab5eb2eb47cecc464545ba58e1ad24/library/std/src/panicking.rs:704:13
[INFO] [stdout]   15:     0x5b3cfded7519 - std::sys::backtrace::__rust_end_short_backtrace::h0390abce48353151
[INFO] [stdout]                                at /rustc/6067b36314ab5eb2eb47cecc464545ba58e1ad24/library/std/src/sys/backtrace.rs:168:18
[INFO] [stdout]   16:     0x5b3cfded887d - rust_begin_unwind
[INFO] [stdout]                                at /rustc/6067b36314ab5eb2eb47cecc464545ba58e1ad24/library/std/src/panicking.rs:695:5
[INFO] [stdout]   17:     0x5b3cfdefd760 - core::panicking::panic_fmt::h9e7c637e9e5f29c9
[INFO] [stdout]                                at /rustc/6067b36314ab5eb2eb47cecc464545ba58e1ad24/library/core/src/panicking.rs:75:14
[INFO] [stdout]   18:     0x5b3cfdefdbd6 - core::result::unwrap_failed::h7979f09313fe1849
[INFO] [stdout]                                at /rustc/6067b36314ab5eb2eb47cecc464545ba58e1ad24/library/core/src/result.rs:1704:5
[INFO] [stdout]   19:     0x5b3cfde319da - core::result::Result<T,E>::unwrap::hc5de97d7045e3db8
[INFO] [stdout]                                at /rustc/6067b36314ab5eb2eb47cecc464545ba58e1ad24/library/core/src/result.rs:1109:23
[INFO] [stdout]   20:     0x5b3cfde319da - ferrum_rs::flush::tests::test_sst_write::hcf4bccf7dc5dd755
[INFO] [stdout]                                at /opt/rustwide/workdir/src/flush.rs:144:21
[INFO] [stdout]   21:     0x5b3cfde31777 - ferrum_rs::flush::tests::test_sst_write::{{closure}}::h5b081c71bdabf980
[INFO] [stdout]                                at /opt/rustwide/workdir/src/flush.rs:127:24
[INFO] [stdout]   22:     0x5b3cfde2b206 - core::ops::function::FnOnce::call_once::h4a3ef9fb151711d5
[INFO] [stdout]                                at /rustc/6067b36314ab5eb2eb47cecc464545ba58e1ad24/library/core/src/ops/function.rs:250:5
[INFO] [stdout]   23:     0x5b3cfde968fb - core::ops::function::FnOnce::call_once::he27718dfdd183f43
[INFO] [stdout]                                at /rustc/6067b36314ab5eb2eb47cecc464545ba58e1ad24/library/core/src/ops/function.rs:250:5
[INFO] [stdout]   24:     0x5b3cfde968fb - test::__rust_begin_short_backtrace::h4e84902998457a5d
[INFO] [stdout]                                at /rustc/6067b36314ab5eb2eb47cecc464545ba58e1ad24/library/test/src/lib.rs:632:18
[INFO] [stdout]   25:     0x5b3cfde95833 - test::run_test_in_process::{{closure}}::h7176fd18fc1feca0
[INFO] [stdout]                                at /rustc/6067b36314ab5eb2eb47cecc464545ba58e1ad24/library/test/src/lib.rs:655:60
[INFO] [stdout]   26:     0x5b3cfde95833 - <core::panic::unwind_safe::AssertUnwindSafe<F> as core::ops::function::FnOnce<()>>::call_once::hf79cff2a624d8cf7
[INFO] [stdout]                                at /rustc/6067b36314ab5eb2eb47cecc464545ba58e1ad24/library/core/src/panic/unwind_safe.rs:272:9
[INFO] [stdout]   27:     0x5b3cfde95833 - std::panicking::try::do_call::h3da0561d9ab99c25
[INFO] [stdout]                                at /rustc/6067b36314ab5eb2eb47cecc464545ba58e1ad24/library/std/src/panicking.rs:587:40
[INFO] [stdout]   28:     0x5b3cfde95833 - std::panicking::try::h41c9fa508bc61df6
[INFO] [stdout]                                at /rustc/6067b36314ab5eb2eb47cecc464545ba58e1ad24/library/std/src/panicking.rs:550:19
[INFO] [stdout]   29:     0x5b3cfde95833 - std::panic::catch_unwind::h6b3ff07bb5afad93
[INFO] [stdout]                                at /rustc/6067b36314ab5eb2eb47cecc464545ba58e1ad24/library/std/src/panic.rs:358:14
[INFO] [stdout]   30:     0x5b3cfde95833 - test::run_test_in_process::hc7253dd11b39b9f4
[INFO] [stdout]                                at /rustc/6067b36314ab5eb2eb47cecc464545ba58e1ad24/library/test/src/lib.rs:655:27
[INFO] [stdout]   31:     0x5b3cfde95833 - test::run_test::{{closure}}::hfb2007f8649c30bb
[INFO] [stdout]                                at /rustc/6067b36314ab5eb2eb47cecc464545ba58e1ad24/library/test/src/lib.rs:576:43
[INFO] [stdout]   32:     0x5b3cfde58915 - test::run_test::{{closure}}::h56a17aa7a282a9f4
[INFO] [stdout]                                at /rustc/6067b36314ab5eb2eb47cecc464545ba58e1ad24/library/test/src/lib.rs:606:41
[INFO] [stdout]   33:     0x5b3cfde58915 - std::sys::backtrace::__rust_begin_short_backtrace::hd2d2d2fb8e8c6aac
[INFO] [stdout]                                at /rustc/6067b36314ab5eb2eb47cecc464545ba58e1ad24/library/std/src/sys/backtrace.rs:152:18
[INFO] [stdout]   34:     0x5b3cfde5c1fa - std::thread::Builder::spawn_unchecked_::{{closure}}::{{closure}}::h4faa3f9db6133423
[INFO] [stdout]                                at /rustc/6067b36314ab5eb2eb47cecc464545ba58e1ad24/library/std/src/thread/mod.rs:559:17
[INFO] [stdout]   35:     0x5b3cfde5c1fa - <core::panic::unwind_safe::AssertUnwindSafe<F> as core::ops::function::FnOnce<()>>::call_once::hf2e855a36a4ea846
[INFO] [stdout]                                at /rustc/6067b36314ab5eb2eb47cecc464545ba58e1ad24/library/core/src/panic/unwind_safe.rs:272:9
[INFO] [stdout]   36:     0x5b3cfde5c1fa - std::panicking::try::do_call::h2f73af3616c35465
[INFO] [stdout]                                at /rustc/6067b36314ab5eb2eb47cecc464545ba58e1ad24/library/std/src/panicking.rs:587:40
[INFO] [stdout]   37:     0x5b3cfde5c1fa - std::panicking::try::hd1660ce9efadef5a
[INFO] [stdout]                                at /rustc/6067b36314ab5eb2eb47cecc464545ba58e1ad24/library/std/src/panicking.rs:550:19
[INFO] [stdout]   38:     0x5b3cfde5c1fa - std::panic::catch_unwind::h5ee8d7823b8ca744
[INFO] [stdout]                                at /rustc/6067b36314ab5eb2eb47cecc464545ba58e1ad24/library/std/src/panic.rs:358:14
[INFO] [stdout]   39:     0x5b3cfde5c1fa - std::thread::Builder::spawn_unchecked_::{{closure}}::h53c3a1894dce8407
[INFO] [stdout]                                at /rustc/6067b36314ab5eb2eb47cecc464545ba58e1ad24/library/std/src/thread/mod.rs:557:30
[INFO] [stdout]   40:     0x5b3cfde5c1fa - core::ops::function::FnOnce::call_once{{vtable.shim}}::h048ce291ad4f62bf
[INFO] [stdout]                                at /rustc/6067b36314ab5eb2eb47cecc464545ba58e1ad24/library/core/src/ops/function.rs:250:5
[INFO] [stdout]   41:     0x5b3cfdedceab - <alloc::boxed::Box<F,A> as core::ops::function::FnOnce<Args>>::call_once::ha52bedf99a3b4981
[INFO] [stdout]                                at /rustc/6067b36314ab5eb2eb47cecc464545ba58e1ad24/library/alloc/src/boxed.rs:2013:9
[INFO] [stdout]   42:     0x5b3cfdedceab - <alloc::boxed::Box<F,A> as core::ops::function::FnOnce<Args>>::call_once::h567748934d80ccf8
[INFO] [stdout]                                at /rustc/6067b36314ab5eb2eb47cecc464545ba58e1ad24/library/alloc/src/boxed.rs:2013:9
[INFO] [stdout]   43:     0x5b3cfdedceab - std::sys::pal::unix::thread::Thread::new::thread_start::h2d970728ae887adc
[INFO] [stdout]                                at /rustc/6067b36314ab5eb2eb47cecc464545ba58e1ad24/library/std/src/sys/pal/unix/thread.rs:106:17
[INFO] [stdout]   44:     0x76ce0f022ac3 - <unknown>
[INFO] [stdout]   45:     0x76ce0f0b3a04 - clone
[INFO] [stdout]   46:                0x0 - <unknown>
[INFO] [stdout] 
[INFO] [stdout] 
[INFO] [stdout] failures:
[INFO] [stdout]     flush::tests::test_sst_write
[INFO] [stdout] 
[INFO] [stdout] test result: FAILED. 3 passed; 1 failed; 0 ignored; 0 measured; 0 filtered out; finished in 0.05s
[INFO] [stdout] 
[INFO] [stderr] error: test failed, to rerun pass `--lib`
[INFO] running `Command { std: "docker" "inspect" "476ba942ea3636a78dadf95c9f47a2e914276e050cecb23eef26b24e45515e81", kill_on_drop: false }`
[INFO] running `Command { std: "docker" "rm" "-f" "476ba942ea3636a78dadf95c9f47a2e914276e050cecb23eef26b24e45515e81", kill_on_drop: false }`
[INFO] [stdout] 476ba942ea3636a78dadf95c9f47a2e914276e050cecb23eef26b24e45515e81
