[INFO] cloning repository https://github.com/iwanders/spread_spectrum_watermarking
[INFO] running `Command { std: "git" "-c" "credential.helper=" "-c" "credential.helper=/workspace/cargo-home/bin/git-credential-null" "clone" "--bare" "https://github.com/iwanders/spread_spectrum_watermarking" "/workspace/cache/git-repos/https%3A%2F%2Fgithub.com%2Fiwanders%2Fspread_spectrum_watermarking", kill_on_drop: false }`
[INFO] [stderr] Cloning into bare repository '/workspace/cache/git-repos/https%3A%2F%2Fgithub.com%2Fiwanders%2Fspread_spectrum_watermarking'...
[INFO] running `Command { std: "git" "rev-parse" "HEAD", kill_on_drop: false }`
[INFO] [stdout] f6f99f085f5da76658d9a11b92b698ccbac23602
[INFO] testing iwanders/spread_spectrum_watermarking against nightly-2025-01-18 for randomize-layout-2
[INFO] running `Command { std: "git" "clone" "/workspace/cache/git-repos/https%3A%2F%2Fgithub.com%2Fiwanders%2Fspread_spectrum_watermarking" "/workspace/builds/worker-6-tc1/source", kill_on_drop: false }`
[INFO] [stderr] Cloning into '/workspace/builds/worker-6-tc1/source'...
[INFO] [stderr] done.
[INFO] validating manifest of git repo https://github.com/iwanders/spread_spectrum_watermarking on toolchain nightly-2025-01-18
[INFO] running `Command { std: CARGO_HOME="/workspace/cargo-home" RUSTUP_HOME="/workspace/rustup-home" "/workspace/cargo-home/bin/cargo" "+nightly-2025-01-18" "metadata" "--manifest-path" "Cargo.toml" "--no-deps", kill_on_drop: false }`
[INFO] started tweaking git repo https://github.com/iwanders/spread_spectrum_watermarking
[INFO] finished tweaking git repo https://github.com/iwanders/spread_spectrum_watermarking
[INFO] tweaked toml for git repo https://github.com/iwanders/spread_spectrum_watermarking written to /workspace/builds/worker-6-tc1/source/Cargo.toml
[INFO] crate git repo https://github.com/iwanders/spread_spectrum_watermarking already has a lockfile, it will not be regenerated
[INFO] running `Command { std: CARGO_HOME="/workspace/cargo-home" RUSTUP_HOME="/workspace/rustup-home" "/workspace/cargo-home/bin/cargo" "+nightly-2025-01-18" "fetch" "--manifest-path" "Cargo.toml", kill_on_drop: false }`
[INFO] [stderr]     Updating crates.io index
[INFO] [stderr]  Downloading crates ...
[INFO] [stderr]   Downloaded rustdct v0.7.0
[INFO] [stderr]   Downloaded clap_derive v4.0.8
[INFO] [stderr]   Downloaded clap v4.0.8
[INFO] running `Command { std: "docker" "create" "-v" "/var/lib/crater-agent-workspace/builds/worker-6-tc1/target:/opt/rustwide/target:rw,Z" "-v" "/var/lib/crater-agent-workspace/builds/worker-6-tc1/source:/opt/rustwide/workdir:ro,Z" "-v" "/var/lib/crater-agent-workspace/cargo-home:/opt/rustwide/cargo-home:ro,Z" "-v" "/var/lib/crater-agent-workspace/rustup-home:/opt/rustwide/rustup-home:ro,Z" "-e" "SOURCE_DIR=/opt/rustwide/workdir" "-e" "CARGO_TARGET_DIR=/opt/rustwide/target" "-e" "CARGO_HOME=/opt/rustwide/cargo-home" "-e" "RUSTUP_HOME=/opt/rustwide/rustup-home" "-w" "/opt/rustwide/workdir" "-m" "1610612736" "--user" "0:0" "--network" "none" "ghcr.io/rust-lang/crates-build-env/linux@sha256:819108c5571ea2e421544af4d832f968d213c87fbe3707a016657f43d2f853bc" "/opt/rustwide/cargo-home/bin/cargo" "+nightly-2025-01-18" "metadata" "--no-deps" "--format-version=1", kill_on_drop: false }`
[INFO] [stdout] 7b637df1752df21dde643c8fb165a93f5c149fb99b36a5369ce28af1d1b96bb8
[INFO] running `Command { std: "docker" "start" "-a" "7b637df1752df21dde643c8fb165a93f5c149fb99b36a5369ce28af1d1b96bb8", kill_on_drop: false }`
[INFO] running `Command { std: "docker" "inspect" "7b637df1752df21dde643c8fb165a93f5c149fb99b36a5369ce28af1d1b96bb8", kill_on_drop: false }`
[INFO] running `Command { std: "docker" "rm" "-f" "7b637df1752df21dde643c8fb165a93f5c149fb99b36a5369ce28af1d1b96bb8", kill_on_drop: false }`
[INFO] [stdout] 7b637df1752df21dde643c8fb165a93f5c149fb99b36a5369ce28af1d1b96bb8
[INFO] running `Command { std: "docker" "create" "-v" "/var/lib/crater-agent-workspace/builds/worker-6-tc1/target:/opt/rustwide/target:rw,Z" "-v" "/var/lib/crater-agent-workspace/builds/worker-6-tc1/source:/opt/rustwide/workdir:ro,Z" "-v" "/var/lib/crater-agent-workspace/cargo-home:/opt/rustwide/cargo-home:ro,Z" "-v" "/var/lib/crater-agent-workspace/rustup-home:/opt/rustwide/rustup-home:ro,Z" "-e" "SOURCE_DIR=/opt/rustwide/workdir" "-e" "CARGO_TARGET_DIR=/opt/rustwide/target" "-e" "CARGO_INCREMENTAL=0" "-e" "RUST_BACKTRACE=full" "-e" "RUSTFLAGS=--cap-lints=forbid" "-e" "RUSTDOCFLAGS=--cap-lints=forbid" "-e" "CARGO_HOME=/opt/rustwide/cargo-home" "-e" "RUSTUP_HOME=/opt/rustwide/rustup-home" "-w" "/opt/rustwide/workdir" "-m" "1610612736" "--user" "0:0" "--network" "none" "ghcr.io/rust-lang/crates-build-env/linux@sha256:819108c5571ea2e421544af4d832f968d213c87fbe3707a016657f43d2f853bc" "/opt/rustwide/cargo-home/bin/cargo" "+nightly-2025-01-18" "build" "--frozen" "--message-format=json", kill_on_drop: false }`
[INFO] [stdout] 83135d6b973643b595da24abae1793c4ebe7ec5b5bbe7db667be811dffa5ea98
[INFO] running `Command { std: "docker" "start" "-a" "83135d6b973643b595da24abae1793c4ebe7ec5b5bbe7db667be811dffa5ea98", kill_on_drop: false }`
[INFO] [stderr]    Compiling autocfg v1.1.0
[INFO] [stderr]    Compiling cfg-if v1.0.0
[INFO] [stderr]    Compiling libc v0.2.132
[INFO] [stderr]    Compiling libm v0.2.5
[INFO] [stderr]    Compiling scopeguard v1.1.0
[INFO] [stderr]    Compiling crossbeam-utils v0.8.11
[INFO] [stderr]    Compiling proc-macro2 v1.0.43
[INFO] [stderr]    Compiling once_cell v1.14.0
[INFO] [stderr]    Compiling quote v1.0.21
[INFO] [stderr]    Compiling unicode-ident v1.0.3
[INFO] [stderr]    Compiling syn v1.0.99
[INFO] [stderr]    Compiling rayon-core v1.9.3
[INFO] [stderr]    Compiling adler v1.0.2
[INFO] [stderr]    Compiling crc32fast v1.3.2
[INFO] [stderr]    Compiling miniz_oxide v0.5.4
[INFO] [stderr]    Compiling futures-core v0.3.24
[INFO] [stderr]    Compiling either v1.8.0
[INFO] [stderr]    Compiling crossbeam-channel v0.5.6
[INFO] [stderr]    Compiling num-traits v0.2.15
[INFO] [stderr]    Compiling memoffset v0.6.5
[INFO] [stderr]    Compiling num-integer v0.1.45
[INFO] [stderr]    Compiling getrandom v0.2.7
[INFO] [stderr]    Compiling crossbeam-epoch v0.9.10
[INFO] [stderr]    Compiling num_cpus v1.13.1
[INFO] [stderr]    Compiling lock_api v0.4.8
[INFO] [stderr]    Compiling rayon v1.5.3
[INFO] [stderr]    Compiling nanorand v0.7.0
[INFO] [stderr]    Compiling flate2 v1.0.24
[INFO] [stderr]    Compiling rand_core v0.6.4
[INFO] [stderr]    Compiling crossbeam-deque v0.8.2
[INFO] [stderr]    Compiling spin v0.9.4
[INFO] [stderr]    Compiling num-rational v0.4.1
[INFO] [stderr]    Compiling weezl v0.1.7
[INFO] [stderr]    Compiling futures-sink v0.3.24
[INFO] [stderr]    Compiling ppv-lite86 v0.2.16
[INFO] [stderr]    Compiling strength_reduce v0.2.3
[INFO] [stderr]    Compiling threadpool v1.8.1
[INFO] [stderr]    Compiling color_quant v1.1.0
[INFO] [stderr]    Compiling bit_field v0.10.1
[INFO] [stderr]    Compiling lebe v0.5.2
[INFO] [stderr]    Compiling smallvec v1.9.0
[INFO] [stderr]    Compiling num-complex v0.4.2
[INFO] [stderr]    Compiling rand_chacha v0.3.1
[INFO] [stderr]    Compiling half v1.8.2
[INFO] [stderr]    Compiling bitflags v1.3.2
[INFO] [stderr]    Compiling gif v0.11.4
[INFO] [stderr]    Compiling primal-check v0.3.3
[INFO] [stderr]    Compiling transpose v0.2.1
[INFO] [stderr]    Compiling rand v0.8.5
[INFO] [stderr]    Compiling rustfft v6.0.1
[INFO] [stderr]    Compiling png v0.17.6
[INFO] [stderr]    Compiling byteorder v1.4.3
[INFO] [stderr]    Compiling bytemuck v1.12.1
[INFO] [stderr]    Compiling scoped_threadpool v0.1.9
[INFO] [stderr]    Compiling rand_distr v0.4.3
[INFO] [stderr]    Compiling jpeg-decoder v0.2.6
[INFO] [stderr]    Compiling pin-project-internal v1.0.12
[INFO] [stderr]    Compiling tiff v0.7.3
[INFO] [stderr]    Compiling pin-project v1.0.12
[INFO] [stderr]    Compiling flume v0.10.14
[INFO] [stderr]    Compiling rustdct v0.7.0
[INFO] [stderr]    Compiling exr v1.5.0
[INFO] [stderr]    Compiling image v0.24.3
[INFO] [stderr]    Compiling spread_spectrum_watermarking v0.1.0 (/opt/rustwide/workdir)
[INFO] [stderr]     Finished `dev` profile [unoptimized + debuginfo] target(s) in 51.38s
[INFO] running `Command { std: "docker" "inspect" "83135d6b973643b595da24abae1793c4ebe7ec5b5bbe7db667be811dffa5ea98", kill_on_drop: false }`
[INFO] running `Command { std: "docker" "rm" "-f" "83135d6b973643b595da24abae1793c4ebe7ec5b5bbe7db667be811dffa5ea98", kill_on_drop: false }`
[INFO] [stdout] 83135d6b973643b595da24abae1793c4ebe7ec5b5bbe7db667be811dffa5ea98
[INFO] running `Command { std: "docker" "create" "-v" "/var/lib/crater-agent-workspace/builds/worker-6-tc1/target:/opt/rustwide/target:rw,Z" "-v" "/var/lib/crater-agent-workspace/builds/worker-6-tc1/source:/opt/rustwide/workdir:ro,Z" "-v" "/var/lib/crater-agent-workspace/cargo-home:/opt/rustwide/cargo-home:ro,Z" "-v" "/var/lib/crater-agent-workspace/rustup-home:/opt/rustwide/rustup-home:ro,Z" "-e" "SOURCE_DIR=/opt/rustwide/workdir" "-e" "CARGO_TARGET_DIR=/opt/rustwide/target" "-e" "CARGO_INCREMENTAL=0" "-e" "RUST_BACKTRACE=full" "-e" "RUSTFLAGS=--cap-lints=forbid" "-e" "RUSTDOCFLAGS=--cap-lints=forbid" "-e" "CARGO_HOME=/opt/rustwide/cargo-home" "-e" "RUSTUP_HOME=/opt/rustwide/rustup-home" "-w" "/opt/rustwide/workdir" "-m" "1610612736" "--user" "0:0" "--network" "none" "ghcr.io/rust-lang/crates-build-env/linux@sha256:819108c5571ea2e421544af4d832f968d213c87fbe3707a016657f43d2f853bc" "/opt/rustwide/cargo-home/bin/cargo" "+nightly-2025-01-18" "test" "--frozen" "--no-run" "--message-format=json", kill_on_drop: false }`
[INFO] [stdout] 37e7427f15398f9a097b995f192225f358bbf5bc58f4a25ae6de448e3f99ee26
[INFO] running `Command { std: "docker" "start" "-a" "37e7427f15398f9a097b995f192225f358bbf5bc58f4a25ae6de448e3f99ee26", kill_on_drop: false }`
[INFO] [stderr]    Compiling version_check v0.9.4
[INFO] [stderr]    Compiling serde_derive v1.0.145
[INFO] [stderr]    Compiling rand_chacha v0.3.1
[INFO] [stderr]    Compiling serde v1.0.145
[INFO] [stderr]    Compiling serde_json v1.0.85
[INFO] [stderr]    Compiling os_str_bytes v6.3.0
[INFO] [stderr]    Compiling heck v0.4.0
[INFO] [stderr]    Compiling atty v0.2.14
[INFO] [stderr]    Compiling ryu v1.0.11
[INFO] [stderr]    Compiling rand v0.8.5
[INFO] [stderr]    Compiling clap_lex v0.3.0
[INFO] [stderr]    Compiling itoa v1.0.3
[INFO] [stderr]    Compiling strsim v0.10.0
[INFO] [stderr]    Compiling termcolor v1.1.3
[INFO] [stderr]    Compiling proc-macro-error-attr v1.0.4
[INFO] [stderr]    Compiling proc-macro-error v1.0.4
[INFO] [stderr]    Compiling clap_derive v4.0.8
[INFO] [stderr]    Compiling rand_distr v0.4.3
[INFO] [stderr]    Compiling spread_spectrum_watermarking v0.1.0 (/opt/rustwide/workdir)
[INFO] [stderr]    Compiling clap v4.0.8
[INFO] [stderr]     Finished `test` profile [unoptimized + debuginfo] target(s) in 36.43s
[INFO] running `Command { std: "docker" "inspect" "37e7427f15398f9a097b995f192225f358bbf5bc58f4a25ae6de448e3f99ee26", kill_on_drop: false }`
[INFO] running `Command { std: "docker" "rm" "-f" "37e7427f15398f9a097b995f192225f358bbf5bc58f4a25ae6de448e3f99ee26", kill_on_drop: false }`
[INFO] [stdout] 37e7427f15398f9a097b995f192225f358bbf5bc58f4a25ae6de448e3f99ee26
[INFO] running `Command { std: "docker" "create" "-v" "/var/lib/crater-agent-workspace/builds/worker-6-tc1/target:/opt/rustwide/target:rw,Z" "-v" "/var/lib/crater-agent-workspace/builds/worker-6-tc1/source:/opt/rustwide/workdir:ro,Z" "-v" "/var/lib/crater-agent-workspace/cargo-home:/opt/rustwide/cargo-home:ro,Z" "-v" "/var/lib/crater-agent-workspace/rustup-home:/opt/rustwide/rustup-home:ro,Z" "-e" "SOURCE_DIR=/opt/rustwide/workdir" "-e" "CARGO_TARGET_DIR=/opt/rustwide/target" "-e" "CARGO_INCREMENTAL=0" "-e" "RUST_BACKTRACE=full" "-e" "RUSTFLAGS=--cap-lints=forbid" "-e" "RUSTDOCFLAGS=--cap-lints=forbid" "-e" "CARGO_HOME=/opt/rustwide/cargo-home" "-e" "RUSTUP_HOME=/opt/rustwide/rustup-home" "-w" "/opt/rustwide/workdir" "-m" "1610612736" "--user" "0:0" "--network" "none" "ghcr.io/rust-lang/crates-build-env/linux@sha256:819108c5571ea2e421544af4d832f968d213c87fbe3707a016657f43d2f853bc" "/opt/rustwide/cargo-home/bin/cargo" "+nightly-2025-01-18" "test" "--frozen", kill_on_drop: false }`
[INFO] [stdout] 616053f855cc55c19af893f20caad4c43122d560088d8c27f9231cefdc0bcc7d
[INFO] running `Command { std: "docker" "start" "-a" "616053f855cc55c19af893f20caad4c43122d560088d8c27f9231cefdc0bcc7d", kill_on_drop: false }`
[INFO] [stderr]     Finished `test` profile [unoptimized + debuginfo] target(s) in 0.11s
[INFO] [stderr]      Running unittests src/lib.rs (/opt/rustwide/target/debug/deps/spread_spectrum_watermarking-a53a750b2d6b274b)
[INFO] [stdout] 
[INFO] [stdout] running 13 tests
[INFO] [stdout] test algorithm::tests::test_embedder_single_and_zero ... ok
[INFO] [stdout] test algorithm::tests::test_insert_extract_functions ... ok
[INFO] [stdout] test dct2d::tests::test_2d_dct_against_scipy_almost_identity ... ok
[INFO] [stdout] test algorithm::tests::test_embedder_single ... ok
[INFO] [stdout] test algorithm::tests::test_indices ... ok
[INFO] [stdout] test algorithm::tests::test_embedder_multiple ... ok
[INFO] [stdout] test dct2d::tests::test_2d_dct_against_scipy_larger ... ok
[INFO] [stdout] test dct2d::tests::test_2d_dct_against_scipy_no_ones ... ok
[INFO] [stdout] test yiq::tests::test_yiq_to_rgb ... ok
[INFO] [stdout] test dct2d::tests::test_2d_dct_ortho_against_scipy_no_ones ... ok
[INFO] [stdout] test dct2d::tests::test_simple_dct_against_scipy ... ok
[INFO] [stdout] test dct2d::tests::test_simple_ortho_dct_against_scipy ... ok
[INFO] [stdout] test yiq::tests::test_yiq_to_rgb_image ... ok
[INFO] [stdout] 
[INFO] [stdout] test result: ok. 13 passed; 0 failed; 0 ignored; 0 measured; 0 filtered out; finished in 0.00s
[INFO] [stdout] 
[INFO] [stderr]      Running tests/attack_crop.rs (/opt/rustwide/target/debug/deps/attack_crop-fb1beb64d1c99597)
[INFO] [stdout] 
[INFO] [stdout] running 1 test
[INFO] [stdout] test test_attack_crop ... ok
[INFO] [stdout] 
[INFO] [stdout] test result: ok. 1 passed; 0 failed; 0 ignored; 0 measured; 0 filtered out; finished in 4.61s
[INFO] [stdout] 
[INFO] [stderr]      Running tests/attack_resize.rs (/opt/rustwide/target/debug/deps/attack_resize-a8659fce27c0bd70)
[INFO] [stdout] 
[INFO] [stdout] running 1 test
[INFO] [stdout] test test_attack_resize ... ok
[INFO] [stdout] 
[INFO] [stdout] test result: ok. 1 passed; 0 failed; 0 ignored; 0 measured; 0 filtered out; finished in 4.12s
[INFO] [stdout] 
[INFO] [stderr]      Running tests/single_simple.rs (/opt/rustwide/target/debug/deps/single_simple-a1e246d395f24167)
[INFO] [stdout] 
[INFO] [stdout] running 1 test
[INFO] [stdout] test test_single_simple ... ok
[INFO] [stdout] 
[INFO] [stdout] test result: ok. 1 passed; 0 failed; 0 ignored; 0 measured; 0 filtered out; finished in 3.56s
[INFO] [stdout] 
[INFO] [stderr]      Running tests/util.rs (/opt/rustwide/target/debug/deps/util-a66c01ff129b5d70)
[INFO] [stdout] 
[INFO] [stdout] running 0 tests
[INFO] [stdout] 
[INFO] [stdout] test result: ok. 0 passed; 0 failed; 0 ignored; 0 measured; 0 filtered out; finished in 0.00s
[INFO] [stdout] 
[INFO] [stderr]    Doc-tests spread_spectrum_watermarking
[INFO] [stdout] 
[INFO] [stdout] running 3 tests
[INFO] [stdout] test src/lib.rs - (line 23) ... FAILED
[INFO] [stdout] test src/yiq.rs - yiq (line 6) ... FAILED
[INFO] [stdout] test src/lib.rs - (line 44) ... FAILED
[INFO] [stdout] 
[INFO] [stdout] failures:
[INFO] [stdout] 
[INFO] [stdout] ---- src/lib.rs - (line 23) stdout ----
[INFO] [stdout] error: couldn't create a temp dir: No space left on device (os error 28) at path "/tmp/rustdoctestIMhz64/rmeta8LYmnu"
[INFO] [stdout] 
[INFO] [stdout] error: aborting due to 1 previous error
[INFO] [stdout] 
[INFO] [stdout] Couldn't compile the test.
[INFO] [stdout] ---- src/yiq.rs - yiq (line 6) stdout ----
[INFO] [stdout] error: couldn't create a temp dir: No space left on device (os error 28) at path "/tmp/rustdoctestmuVPgW/rmetaf73KoH"
[INFO] [stdout] 
[INFO] [stdout] error: aborting due to 1 previous error
[INFO] [stdout] 
[INFO] [stdout] Couldn't compile the test.
[INFO] [stdout] ---- src/lib.rs - (line 44) stdout ----
[INFO] [stdout] error: linking with `cc` failed: exit status: 1
[INFO] [stdout]   |
[INFO] [stdout]   = note: LC_ALL="C" PATH="/opt/rustwide/rustup-home/toolchains/nightly-2025-01-18-x86_64-unknown-linux-gnu/lib/rustlib/x86_64-unknown-linux-gnu/bin:/opt/rustwide/rustup-home/toolchains/nightly-2025-01-18-x86_64-unknown-linux-gnu/lib/rustlib/x86_64-unknown-linux-gnu/bin/self-contained:/opt/rustwide/cargo-home/bin:/usr/local/sbin:/usr/local/bin:/usr/sbin:/usr/bin:/sbin:/bin" VSLANG="1033" "cc" "-m64" "/tmp/rustcLhWMoP/symbols.o" "<2 object files omitted>" "-Wl,--as-needed" "-Wl,-Bstatic" "/opt/rustwide/target/debug/deps/{libspread_spectrum_watermarking-6c17ac379cac1f91.rlib,libimage-8372b016502cf833.rlib,libbytemuck-7d4d87a44b86b493.rlib,libpng-188b54a18ad4d005.rlib,libbitflags-e2b4db6c651223da.rlib,libexr-572278ec70f1e60d.rlib,libflume-b5e617563cbdcdb4.rlib,libspin-edf44cb0201dfb9b.rlib,liblock_api-9911f3d6103acb64.rlib,libpin_project-164c5e24f1f46933.rlib,libfutures_sink-aad92a751a58a67a.rlib,libfutures_core-155553c3bec503a5.rlib,libnanorand-8387dc92e630d966.rlib,libthreadpool-6409596aedaf43df.rlib,libbit_field-3bd4094a19dba49f.rlib,liblebe-dd40720b17de66d8.rlib,libhalf-b57b44b63c8ec328.rlib,libsmallvec-925aaf8f39242efe.rlib,libscoped_threadpool-ea80625569c7ab31.rlib,libnum_rational-a103806d1696cf60.rlib,libgif-2c0db86ae6de49e3.rlib,libcolor_quant-fa7ff1de0e6ea74b.rlib,libbyteorder-379f547b04d51d02.rlib,libtiff-befe3a493fb2ed42.rlib,libflate2-ff9920dcab5aa72d.rlib,libminiz_oxide-83a49a37c62c6327.rlib,libadler-f4caa73e14204bdd.rlib,libcrc32fast-56a2f8bd1095fa00.rlib,libweezl-76b503b260314b12.rlib,libjpeg_decoder-34624e942ef7b80d.rlib,librayon-57202abf86af52fe.rlib,librayon_core-0f2cb8b0400b4683.rlib,libnum_cpus-c95d7019017cd692.rlib,libcrossbeam_deque-b5d7029b2adc6a74.rlib,libcrossbeam_epoch-90cfd25e15d7faa9.rlib,libmemoffset-e3be71a08382b567.rlib,libscopeguard-43643e546252cd47.rlib,libcrossbeam_channel-cce35521bdc47ee7.rlib,libcrossbeam_utils-e22668902990684c.rlib,libonce_cell-f44eb74a989470dd.rlib,libeither-93a9191e7d7a10d0.rlib,librand_distr-8be324ee4be48d04.rlib,librand-5c51deb2b6d484ed.rlib,librand_chacha-1033886629fdfdbe.rlib,libppv_lite86-8dae110e85681398.rlib,librand_core-dc34c647ab4631c4.rlib,libgetrandom-09122f70a0909d1d.rlib,liblibc-4494723aeac90f3a.rlib,libcfg_if-33ef6c02a07f9fec.rlib,librustdct-779b5cb1d345f193.rlib,librustfft-291e3d602456f0bd.rlib,libprimal_check-3a683b1c1fd0227d.rlib,libtranspose-dd83903d1e1df882.rlib,libstrength_reduce-8b28c26a77eb1a12.rlib,libnum_integer-48933e1bf33f30f3.rlib,libnum_complex-744b5e46c3f19951.rlib,libnum_traits-b92e9d5578116a7e.rlib}" "/opt/rustwide/rustup-home/toolchains/nightly-2025-01-18-x86_64-unknown-linux-gnu/lib/rustlib/x86_64-unknown-linux-gnu/lib/{libstd-006123e2ce67e99d.rlib,libpanic_unwind-e1447e1efa6f1e57.rlib,libobject-f6963a4916fcf097.rlib,libmemchr-49a2d9af912f4524.rlib,libaddr2line-04d19aad3936869d.rlib,libgimli-483c235edb789db0.rlib,librustc_demangle-294281af50b8f748.rlib,libstd_detect-3b08295250aabc2a.rlib,libhashbrown-4472d1e05ba0dfaf.rlib,librustc_std_workspace_alloc-2ef099fac590e457.rlib,libminiz_oxide-8a51f5e848546c29.rlib,libadler2-3d3fa22b868db521.rlib,libunwind-0ffda8b08e22dbea.rlib,libcfg_if-b08f62458fdd43b9.rlib,liblibc-559675126e63b890.rlib,liballoc-fcf21c8d1c9c7b75.rlib,librustc_std_workspace_core-e0b0460135bcf21d.rlib,libcore-d4097fdcbddd3bc7.rlib,libcompiler_builtins-fea484ac1eed7881.rlib}" "-Wl,-Bdynamic" "-lgcc_s" "-lutil" "-lrt" "-lpthread" "-lm" "-ldl" "-lc" "-B/opt/rustwide/rustup-home/toolchains/nightly-2025-01-18-x86_64-unknown-linux-gnu/lib/rustlib/x86_64-unknown-linux-gnu/bin/gcc-ld" "-fuse-ld=lld" "-Wl,--eh-frame-hdr" "-Wl,-z,noexecstack" "-L" "/opt/rustwide/rustup-home/toolchains/nightly-2025-01-18-x86_64-unknown-linux-gnu/lib/rustlib/x86_64-unknown-linux-gnu/lib" "-o" "/tmp/rustdoctesthQ3v6Y/rust_out" "-Wl,--gc-sections" "-pie" "-Wl,-z,relro,-z,now" "-nodefaultlibs"
[INFO] [stdout]   = note: some arguments are omitted. use `--verbose` to show all linker arguments
[INFO] [stdout]   = note: PLEASE submit a bug report to https://github.com/llvm/llvm-project/issues/ and include the crash backtrace.
[INFO] [stdout]           LLVM ERROR: IO failure on output stream: No space left on device
[INFO] [stdout]           collect2: error: ld returned 1 exit status
[INFO] [stdout]           
[INFO] [stdout] 
[INFO] [stdout] error: aborting due to 1 previous error
[INFO] [stdout] 
[INFO] [stdout] Couldn't compile the test.
[INFO] [stdout] 
[INFO] [stdout] failures:
[INFO] [stdout]     src/lib.rs - (line 23)
[INFO] [stdout]     src/lib.rs - (line 44)
[INFO] [stdout]     src/yiq.rs - yiq (line 6)
[INFO] [stdout] 
[INFO] [stdout] test result: FAILED. 0 passed; 3 failed; 0 ignored; 0 measured; 0 filtered out; finished in 0.72s
[INFO] [stdout] 
[INFO] [stderr] error: doctest failed, to rerun pass `--doc`
[INFO] running `Command { std: "docker" "inspect" "616053f855cc55c19af893f20caad4c43122d560088d8c27f9231cefdc0bcc7d", kill_on_drop: false }`
[INFO] running `Command { std: "docker" "rm" "-f" "616053f855cc55c19af893f20caad4c43122d560088d8c27f9231cefdc0bcc7d", kill_on_drop: false }`
[INFO] [stdout] 616053f855cc55c19af893f20caad4c43122d560088d8c27f9231cefdc0bcc7d
