[INFO] cloning repository https://github.com/hwjsnc/dfkzr
[INFO] running `Command { std: "git" "-c" "credential.helper=" "-c" "credential.helper=/workspace/cargo-home/bin/git-credential-null" "clone" "--bare" "https://github.com/hwjsnc/dfkzr" "/workspace/cache/git-repos/https%3A%2F%2Fgithub.com%2Fhwjsnc%2Fdfkzr", kill_on_drop: false }`
[INFO] [stderr] Cloning into bare repository '/workspace/cache/git-repos/https%3A%2F%2Fgithub.com%2Fhwjsnc%2Fdfkzr'...
[INFO] [stderr] /workspace/cache/git-repos/https%3A%2F%2Fgithub.com%2Fhwjsnc%2Fdfkzr: No space left on device
[WARN] Retrying crate fetch in 3 seconds (attempt 1)
[INFO] cloning repository https://github.com/hwjsnc/dfkzr
[INFO] running `Command { std: "git" "-c" "credential.helper=" "-c" "credential.helper=/workspace/cargo-home/bin/git-credential-null" "clone" "--bare" "https://github.com/hwjsnc/dfkzr" "/workspace/cache/git-repos/https%3A%2F%2Fgithub.com%2Fhwjsnc%2Fdfkzr", kill_on_drop: false }`
[INFO] [stderr] Cloning into bare repository '/workspace/cache/git-repos/https%3A%2F%2Fgithub.com%2Fhwjsnc%2Fdfkzr'...
[INFO] running `Command { std: "git" "rev-parse" "HEAD", kill_on_drop: false }`
[INFO] [stdout] 603adf96dee17576bafe25a561857d06404bf96d
[INFO] testing hwjsnc/dfkzr against nightly-2025-01-18 for randomize-layout-2
[INFO] running `Command { std: "git" "clone" "/workspace/cache/git-repos/https%3A%2F%2Fgithub.com%2Fhwjsnc%2Fdfkzr" "/workspace/builds/worker-3-tc1/source", kill_on_drop: false }`
[INFO] [stderr] Cloning into '/workspace/builds/worker-3-tc1/source'...
[INFO] [stderr] done.
[INFO] validating manifest of git repo https://github.com/hwjsnc/dfkzr on toolchain nightly-2025-01-18
[INFO] running `Command { std: CARGO_HOME="/workspace/cargo-home" RUSTUP_HOME="/workspace/rustup-home" "/workspace/cargo-home/bin/cargo" "+nightly-2025-01-18" "metadata" "--manifest-path" "Cargo.toml" "--no-deps", kill_on_drop: false }`
[INFO] started tweaking git repo https://github.com/hwjsnc/dfkzr
[INFO] finished tweaking git repo https://github.com/hwjsnc/dfkzr
[INFO] tweaked toml for git repo https://github.com/hwjsnc/dfkzr written to /workspace/builds/worker-3-tc1/source/Cargo.toml
[INFO] crate git repo https://github.com/hwjsnc/dfkzr already has a lockfile, it will not be regenerated
[INFO] running `Command { std: CARGO_HOME="/workspace/cargo-home" RUSTUP_HOME="/workspace/rustup-home" "/workspace/cargo-home/bin/cargo" "+nightly-2025-01-18" "fetch" "--manifest-path" "Cargo.toml", kill_on_drop: false }`
[INFO] [stderr]     Blocking waiting for file lock on package cache
[INFO] running `Command { std: "docker" "create" "-v" "/var/lib/crater-agent-workspace/builds/worker-3-tc1/target:/opt/rustwide/target:rw,Z" "-v" "/var/lib/crater-agent-workspace/builds/worker-3-tc1/source:/opt/rustwide/workdir:ro,Z" "-v" "/var/lib/crater-agent-workspace/cargo-home:/opt/rustwide/cargo-home:ro,Z" "-v" "/var/lib/crater-agent-workspace/rustup-home:/opt/rustwide/rustup-home:ro,Z" "-e" "SOURCE_DIR=/opt/rustwide/workdir" "-e" "CARGO_TARGET_DIR=/opt/rustwide/target" "-e" "CARGO_HOME=/opt/rustwide/cargo-home" "-e" "RUSTUP_HOME=/opt/rustwide/rustup-home" "-w" "/opt/rustwide/workdir" "-m" "1610612736" "--user" "0:0" "--network" "none" "ghcr.io/rust-lang/crates-build-env/linux@sha256:819108c5571ea2e421544af4d832f968d213c87fbe3707a016657f43d2f853bc" "/opt/rustwide/cargo-home/bin/cargo" "+nightly-2025-01-18" "metadata" "--no-deps" "--format-version=1", kill_on_drop: false }`
[INFO] [stdout] cea518b942fec82a666f40c439fc9431ded9552936ce0ac565533d91bcdbf1ef
[INFO] running `Command { std: "docker" "start" "-a" "cea518b942fec82a666f40c439fc9431ded9552936ce0ac565533d91bcdbf1ef", kill_on_drop: false }`
[INFO] running `Command { std: "docker" "inspect" "cea518b942fec82a666f40c439fc9431ded9552936ce0ac565533d91bcdbf1ef", kill_on_drop: false }`
[INFO] running `Command { std: "docker" "rm" "-f" "cea518b942fec82a666f40c439fc9431ded9552936ce0ac565533d91bcdbf1ef", kill_on_drop: false }`
[INFO] [stdout] cea518b942fec82a666f40c439fc9431ded9552936ce0ac565533d91bcdbf1ef
[INFO] running `Command { std: "docker" "create" "-v" "/var/lib/crater-agent-workspace/builds/worker-3-tc1/target:/opt/rustwide/target:rw,Z" "-v" "/var/lib/crater-agent-workspace/builds/worker-3-tc1/source:/opt/rustwide/workdir:ro,Z" "-v" "/var/lib/crater-agent-workspace/cargo-home:/opt/rustwide/cargo-home:ro,Z" "-v" "/var/lib/crater-agent-workspace/rustup-home:/opt/rustwide/rustup-home:ro,Z" "-e" "SOURCE_DIR=/opt/rustwide/workdir" "-e" "CARGO_TARGET_DIR=/opt/rustwide/target" "-e" "CARGO_INCREMENTAL=0" "-e" "RUST_BACKTRACE=full" "-e" "RUSTFLAGS=--cap-lints=forbid" "-e" "RUSTDOCFLAGS=--cap-lints=forbid" "-e" "CARGO_HOME=/opt/rustwide/cargo-home" "-e" "RUSTUP_HOME=/opt/rustwide/rustup-home" "-w" "/opt/rustwide/workdir" "-m" "1610612736" "--user" "0:0" "--network" "none" "ghcr.io/rust-lang/crates-build-env/linux@sha256:819108c5571ea2e421544af4d832f968d213c87fbe3707a016657f43d2f853bc" "/opt/rustwide/cargo-home/bin/cargo" "+nightly-2025-01-18" "build" "--frozen" "--message-format=json", kill_on_drop: false }`
[INFO] [stdout] b5e9c90d33dd342c8eb3e174c8807bd2e74e5525d0c1f652314e5679baa82bc1
[INFO] running `Command { std: "docker" "start" "-a" "b5e9c90d33dd342c8eb3e174c8807bd2e74e5525d0c1f652314e5679baa82bc1", kill_on_drop: false }`
[INFO] [stderr]    Compiling dfkzr v0.1.0 (/opt/rustwide/workdir)
[INFO] [stdout] warning: unexpected `cfg` condition value: `std`
[INFO] [stdout]  --> src/error.rs:1:7
[INFO] [stdout]   |
[INFO] [stdout] 1 | #[cfg(feature = "std")]
[INFO] [stdout]   |       ^^^^^^^^^^^^^^^
[INFO] [stdout]   |
[INFO] [stdout]   = note: expected values for `feature` are: `default` and `proptest`
[INFO] [stdout]   = help: consider adding `std` as a feature in `Cargo.toml`
[INFO] [stdout]   = note: see <https://doc.rust-lang.org/nightly/rustc/check-cfg/cargo-specifics.html> for more information about checking conditional configuration
[INFO] [stdout]   = note: `#[warn(unexpected_cfgs)]` on by default
[INFO] [stdout] 
[INFO] [stdout] 
[INFO] [stdout] warning: unexpected `cfg` condition value: `std`
[INFO] [stdout]   --> src/error.rs:28:7
[INFO] [stdout]    |
[INFO] [stdout] 28 | #[cfg(feature = "std")]
[INFO] [stdout]    |       ^^^^^^^^^^^^^^^
[INFO] [stdout]    |
[INFO] [stdout]    = note: expected values for `feature` are: `default` and `proptest`
[INFO] [stdout]    = help: consider adding `std` as a feature in `Cargo.toml`
[INFO] [stdout]    = note: see <https://doc.rust-lang.org/nightly/rustc/check-cfg/cargo-specifics.html> for more information about checking conditional configuration
[INFO] [stdout] 
[INFO] [stdout] 
[INFO] [stdout] warning: irrefutable `let...else` pattern
[INFO] [stdout]    --> src/udf64/mod.rs:116:9
[INFO] [stdout]     |
[INFO] [stdout] 116 |         let Ok(()) = Self::CHECK_PARAMETERS else { unreachable!() }; // this should be replaced with .from_residual() once stabilized
[INFO] [stdout]     |         ^^^^^^^^^^^^^^^^^^^^^^^^^^^^^^^^^^^
[INFO] [stdout]     |
[INFO] [stdout]     = note: this pattern will always match, so the `else` clause is useless
[INFO] [stdout]     = help: consider removing the `else` clause
[INFO] [stdout]     = note: `#[warn(irrefutable_let_patterns)]` on by default
[INFO] [stdout] 
[INFO] [stdout] 
[INFO] [stdout] warning: irrefutable `let...else` pattern
[INFO] [stdout]    --> src/udf64/mod.rs:132:9
[INFO] [stdout]     |
[INFO] [stdout] 132 |         let Ok(()) = Self::CHECK_PARAMETERS else { unreachable!() }; // this should be replaced with .from_residual() once stabilized
[INFO] [stdout]     |         ^^^^^^^^^^^^^^^^^^^^^^^^^^^^^^^^^^^
[INFO] [stdout]     |
[INFO] [stdout]     = note: this pattern will always match, so the `else` clause is useless
[INFO] [stdout]     = help: consider removing the `else` clause
[INFO] [stdout] 
[INFO] [stdout] 
[INFO] [stderr]     Finished `dev` profile [optimized + debuginfo] target(s) in 0.36s
[INFO] running `Command { std: "docker" "inspect" "b5e9c90d33dd342c8eb3e174c8807bd2e74e5525d0c1f652314e5679baa82bc1", kill_on_drop: false }`
[INFO] running `Command { std: "docker" "rm" "-f" "b5e9c90d33dd342c8eb3e174c8807bd2e74e5525d0c1f652314e5679baa82bc1", kill_on_drop: false }`
[INFO] [stdout] b5e9c90d33dd342c8eb3e174c8807bd2e74e5525d0c1f652314e5679baa82bc1
[INFO] running `Command { std: "docker" "create" "-v" "/var/lib/crater-agent-workspace/builds/worker-3-tc1/target:/opt/rustwide/target:rw,Z" "-v" "/var/lib/crater-agent-workspace/builds/worker-3-tc1/source:/opt/rustwide/workdir:ro,Z" "-v" "/var/lib/crater-agent-workspace/cargo-home:/opt/rustwide/cargo-home:ro,Z" "-v" "/var/lib/crater-agent-workspace/rustup-home:/opt/rustwide/rustup-home:ro,Z" "-e" "SOURCE_DIR=/opt/rustwide/workdir" "-e" "CARGO_TARGET_DIR=/opt/rustwide/target" "-e" "CARGO_INCREMENTAL=0" "-e" "RUST_BACKTRACE=full" "-e" "RUSTFLAGS=--cap-lints=forbid" "-e" "RUSTDOCFLAGS=--cap-lints=forbid" "-e" "CARGO_HOME=/opt/rustwide/cargo-home" "-e" "RUSTUP_HOME=/opt/rustwide/rustup-home" "-w" "/opt/rustwide/workdir" "-m" "1610612736" "--user" "0:0" "--network" "none" "ghcr.io/rust-lang/crates-build-env/linux@sha256:819108c5571ea2e421544af4d832f968d213c87fbe3707a016657f43d2f853bc" "/opt/rustwide/cargo-home/bin/cargo" "+nightly-2025-01-18" "test" "--frozen" "--no-run" "--message-format=json", kill_on_drop: false }`
[INFO] [stdout] baf5edff1bba0269894ed18d6de03b1fd9755a7560ebb77b5f35c9c7f2fd50c3
[INFO] running `Command { std: "docker" "start" "-a" "baf5edff1bba0269894ed18d6de03b1fd9755a7560ebb77b5f35c9c7f2fd50c3", kill_on_drop: false }`
[INFO] [stdout] warning: unexpected `cfg` condition value: `std`
[INFO] [stdout]  --> src/error.rs:1:7
[INFO] [stdout]   |
[INFO] [stdout] 1 | #[cfg(feature = "std")]
[INFO] [stdout]   |       ^^^^^^^^^^^^^^^
[INFO] [stdout]   |
[INFO] [stdout]   = note: expected values for `feature` are: `default` and `proptest`
[INFO] [stdout]   = help: consider adding `std` as a feature in `Cargo.toml`
[INFO] [stdout]   = note: see <https://doc.rust-lang.org/nightly/rustc/check-cfg/cargo-specifics.html> for more information about checking conditional configuration
[INFO] [stdout]   = note: `#[warn(unexpected_cfgs)]` on by default
[INFO] [stdout] 
[INFO] [stdout] 
[INFO] [stdout] warning: unexpected `cfg` condition value: `std`
[INFO] [stdout]   --> src/error.rs:28:7
[INFO] [stdout]    |
[INFO] [stdout] 28 | #[cfg(feature = "std")]
[INFO] [stdout]    |       ^^^^^^^^^^^^^^^
[INFO] [stdout]    |
[INFO] [stdout]    = note: expected values for `feature` are: `default` and `proptest`
[INFO] [stdout]    = help: consider adding `std` as a feature in `Cargo.toml`
[INFO] [stdout]    = note: see <https://doc.rust-lang.org/nightly/rustc/check-cfg/cargo-specifics.html> for more information about checking conditional configuration
[INFO] [stdout] 
[INFO] [stdout] 
[INFO] [stdout] warning: irrefutable `let...else` pattern
[INFO] [stdout]    --> src/udf64/mod.rs:116:9
[INFO] [stdout]     |
[INFO] [stdout] 116 |         let Ok(()) = Self::CHECK_PARAMETERS else { unreachable!() }; // this should be replaced with .from_residual() once stabilized
[INFO] [stdout]     |         ^^^^^^^^^^^^^^^^^^^^^^^^^^^^^^^^^^^
[INFO] [stdout]     |
[INFO] [stdout]     = note: this pattern will always match, so the `else` clause is useless
[INFO] [stdout]     = help: consider removing the `else` clause
[INFO] [stdout]     = note: `#[warn(irrefutable_let_patterns)]` on by default
[INFO] [stdout] 
[INFO] [stdout] 
[INFO] [stderr]    Compiling dfkzr v0.1.0 (/opt/rustwide/workdir)
[INFO] [stdout] warning: irrefutable `let...else` pattern
[INFO] [stdout]    --> src/udf64/mod.rs:132:9
[INFO] [stdout]     |
[INFO] [stdout] 132 |         let Ok(()) = Self::CHECK_PARAMETERS else { unreachable!() }; // this should be replaced with .from_residual() once stabilized
[INFO] [stdout]     |         ^^^^^^^^^^^^^^^^^^^^^^^^^^^^^^^^^^^
[INFO] [stdout]     |
[INFO] [stdout]     = note: this pattern will always match, so the `else` clause is useless
[INFO] [stdout]     = help: consider removing the `else` clause
[INFO] [stdout] 
[INFO] [stdout] 
[INFO] [stdout] warning: unexpected `cfg` condition value: `std`
[INFO] [stdout]  --> src/error.rs:1:7
[INFO] [stdout]   |
[INFO] [stdout] 1 | #[cfg(feature = "std")]
[INFO] [stdout]   |       ^^^^^^^^^^^^^^^
[INFO] [stdout]   |
[INFO] [stdout]   = note: expected values for `feature` are: `default` and `proptest`
[INFO] [stdout]   = help: consider adding `std` as a feature in `Cargo.toml`
[INFO] [stdout]   = note: see <https://doc.rust-lang.org/nightly/rustc/check-cfg/cargo-specifics.html> for more information about checking conditional configuration
[INFO] [stdout]   = note: `#[warn(unexpected_cfgs)]` on by default
[INFO] [stdout] 
[INFO] [stdout] 
[INFO] [stdout] warning: unexpected `cfg` condition value: `std`
[INFO] [stdout]   --> src/error.rs:28:7
[INFO] [stdout]    |
[INFO] [stdout] 28 | #[cfg(feature = "std")]
[INFO] [stdout]    |       ^^^^^^^^^^^^^^^
[INFO] [stdout]    |
[INFO] [stdout]    = note: expected values for `feature` are: `default` and `proptest`
[INFO] [stdout]    = help: consider adding `std` as a feature in `Cargo.toml`
[INFO] [stdout]    = note: see <https://doc.rust-lang.org/nightly/rustc/check-cfg/cargo-specifics.html> for more information about checking conditional configuration
[INFO] [stdout] 
[INFO] [stdout] 
[INFO] [stdout] warning: irrefutable `let...else` pattern
[INFO] [stdout]    --> src/udf64/mod.rs:116:9
[INFO] [stdout]     |
[INFO] [stdout] 116 |         let Ok(()) = Self::CHECK_PARAMETERS else { unreachable!() }; // this should be replaced with .from_residual() once stabilized
[INFO] [stdout]     |         ^^^^^^^^^^^^^^^^^^^^^^^^^^^^^^^^^^^
[INFO] [stdout]     |
[INFO] [stdout]     = note: this pattern will always match, so the `else` clause is useless
[INFO] [stdout]     = help: consider removing the `else` clause
[INFO] [stdout]     = note: `#[warn(irrefutable_let_patterns)]` on by default
[INFO] [stdout] 
[INFO] [stdout] 
[INFO] [stdout] warning: irrefutable `let...else` pattern
[INFO] [stdout]    --> src/udf64/mod.rs:132:9
[INFO] [stdout]     |
[INFO] [stdout] 132 |         let Ok(()) = Self::CHECK_PARAMETERS else { unreachable!() }; // this should be replaced with .from_residual() once stabilized
[INFO] [stdout]     |         ^^^^^^^^^^^^^^^^^^^^^^^^^^^^^^^^^^^
[INFO] [stdout]     |
[INFO] [stdout]     = note: this pattern will always match, so the `else` clause is useless
[INFO] [stdout]     = help: consider removing the `else` clause
[INFO] [stdout] 
[INFO] [stdout] 
[INFO] [stderr]     Finished `test` profile [optimized + debuginfo] target(s) in 2.86s
[INFO] running `Command { std: "docker" "inspect" "baf5edff1bba0269894ed18d6de03b1fd9755a7560ebb77b5f35c9c7f2fd50c3", kill_on_drop: false }`
[INFO] running `Command { std: "docker" "rm" "-f" "baf5edff1bba0269894ed18d6de03b1fd9755a7560ebb77b5f35c9c7f2fd50c3", kill_on_drop: false }`
[INFO] [stdout] baf5edff1bba0269894ed18d6de03b1fd9755a7560ebb77b5f35c9c7f2fd50c3
[INFO] running `Command { std: "docker" "create" "-v" "/var/lib/crater-agent-workspace/builds/worker-3-tc1/target:/opt/rustwide/target:rw,Z" "-v" "/var/lib/crater-agent-workspace/builds/worker-3-tc1/source:/opt/rustwide/workdir:ro,Z" "-v" "/var/lib/crater-agent-workspace/cargo-home:/opt/rustwide/cargo-home:ro,Z" "-v" "/var/lib/crater-agent-workspace/rustup-home:/opt/rustwide/rustup-home:ro,Z" "-e" "SOURCE_DIR=/opt/rustwide/workdir" "-e" "CARGO_TARGET_DIR=/opt/rustwide/target" "-e" "CARGO_INCREMENTAL=0" "-e" "RUST_BACKTRACE=full" "-e" "RUSTFLAGS=--cap-lints=forbid" "-e" "RUSTDOCFLAGS=--cap-lints=forbid" "-e" "CARGO_HOME=/opt/rustwide/cargo-home" "-e" "RUSTUP_HOME=/opt/rustwide/rustup-home" "-w" "/opt/rustwide/workdir" "-m" "1610612736" "--user" "0:0" "--network" "none" "ghcr.io/rust-lang/crates-build-env/linux@sha256:819108c5571ea2e421544af4d832f968d213c87fbe3707a016657f43d2f853bc" "/opt/rustwide/cargo-home/bin/cargo" "+nightly-2025-01-18" "test" "--frozen", kill_on_drop: false }`
[INFO] [stdout] bdfd5d12b34a74f6d8764a6a65300b37b2d957104a4c291e63deeb1b9d5e2c45
[INFO] running `Command { std: "docker" "start" "-a" "bdfd5d12b34a74f6d8764a6a65300b37b2d957104a4c291e63deeb1b9d5e2c45", kill_on_drop: false }`
[INFO] [stderr] warning: unexpected `cfg` condition value: `std`
[INFO] [stderr]  --> src/error.rs:1:7
[INFO] [stderr]   |
[INFO] [stderr] 1 | #[cfg(feature = "std")]
[INFO] [stderr]   |       ^^^^^^^^^^^^^^^
[INFO] [stderr]   |
[INFO] [stderr]   = note: expected values for `feature` are: `default` and `proptest`
[INFO] [stderr]   = help: consider adding `std` as a feature in `Cargo.toml`
[INFO] [stderr]   = note: see <https://doc.rust-lang.org/nightly/rustc/check-cfg/cargo-specifics.html> for more information about checking conditional configuration
[INFO] [stderr]   = note: `#[warn(unexpected_cfgs)]` on by default
[INFO] [stderr] 
[INFO] [stderr] warning: unexpected `cfg` condition value: `std`
[INFO] [stderr]   --> src/error.rs:28:7
[INFO] [stderr]    |
[INFO] [stderr] 28 | #[cfg(feature = "std")]
[INFO] [stderr]    |       ^^^^^^^^^^^^^^^
[INFO] [stderr]    |
[INFO] [stderr]    = note: expected values for `feature` are: `default` and `proptest`
[INFO] [stderr]    = help: consider adding `std` as a feature in `Cargo.toml`
[INFO] [stderr]    = note: see <https://doc.rust-lang.org/nightly/rustc/check-cfg/cargo-specifics.html> for more information about checking conditional configuration
[INFO] [stderr] 
[INFO] [stderr] warning: irrefutable `let...else` pattern
[INFO] [stderr]    --> src/udf64/mod.rs:116:9
[INFO] [stderr]     |
[INFO] [stderr] 116 |         let Ok(()) = Self::CHECK_PARAMETERS else { unreachable!() }; // this should be replaced with .from_residual() once stabilized
[INFO] [stderr]     |         ^^^^^^^^^^^^^^^^^^^^^^^^^^^^^^^^^^^
[INFO] [stderr]     |
[INFO] [stderr]     = note: this pattern will always match, so the `else` clause is useless
[INFO] [stderr]     = help: consider removing the `else` clause
[INFO] [stderr]     = note: `#[warn(irrefutable_let_patterns)]` on by default
[INFO] [stderr] 
[INFO] [stderr] warning: irrefutable `let...else` pattern
[INFO] [stderr]    --> src/udf64/mod.rs:132:9
[INFO] [stderr]     |
[INFO] [stderr] 132 |         let Ok(()) = Self::CHECK_PARAMETERS else { unreachable!() }; // this should be replaced with .from_residual() once stabilized
[INFO] [stderr]     |         ^^^^^^^^^^^^^^^^^^^^^^^^^^^^^^^^^^^
[INFO] [stderr]     |
[INFO] [stderr]     = note: this pattern will always match, so the `else` clause is useless
[INFO] [stderr]     = help: consider removing the `else` clause
[INFO] [stderr] 
[INFO] [stderr] warning: `dfkzr` (lib) generated 4 warnings
[INFO] [stderr] warning: `dfkzr` (lib test) generated 4 warnings (4 duplicates)
[INFO] [stderr]     Finished `test` profile [optimized + debuginfo] target(s) in 0.05s
[INFO] [stderr]      Running unittests src/lib.rs (/opt/rustwide/target/debug/deps/dfkzr-6718a4098e2fa4fb)
[INFO] [stdout] 
[INFO] [stdout] running 56 tests
[INFO] [stdout] test udf64::test::approximate_pow_10_9 ... ok
[INFO] [stdout] test udf64::test::approximate_pow_4_0 ... ok
[INFO] [stdout] test udf64::test::approximate_pow_6_3 ... ok
[INFO] [stdout] test udf64::test::checked_add_0_4 ... ok
[INFO] [stdout] test udf64::test::checked_add_10_9 ... ok
[INFO] [stdout] test udf64::test::checked_add_4_0 ... ok
[INFO] [stdout] test udf64::test::checked_add_6_3 ... ok
[INFO] [stdout] test udf64::test::checked_div_0_4 ... ok
[INFO] [stdout] test udf64::test::checked_div_10_9 ... ok
[INFO] [stdout] test udf64::test::checked_div_4_0 ... ok
[INFO] [stdout] test udf64::test::checked_div_6_3 ... ok
[INFO] [stdout] test udf64::test::checked_mul_0_4 ... ok
[INFO] [stdout] test udf64::test::checked_mul_10_9 ... ok
[INFO] [stdout] test udf64::test::checked_mul_6_3 ... ok
[INFO] [stdout] test udf64::test::checked_mul_4_0 ... ok
[INFO] [stdout] test udf64::test::fmt_0_4 ... ok
[INFO] [stdout] test udf64::test::fmt_19_0 ... ok
[INFO] [stdout] test udf64::test::saturating_add_0_4 ... ok
[INFO] [stdout] test udf64::test::saturating_add_10_9 ... ok
[INFO] [stdout] test udf64::test::saturating_add_6_3 ... ok
[INFO] [stdout] test udf64::test::saturating_div_0_4 ... ok
[INFO] [stdout] test udf64::test::fmt_10_9 ... ok
[INFO] [stdout] test udf64::test::saturating_div_6_3 ... ok
[INFO] [stdout] test udf64::test::fmt_4_0 ... ok
[INFO] [stdout] test udf64::test::saturating_mul_0_4 ... ok
[INFO] [stdout] test udf64::test::saturating_mul_6_3 ... ok
[INFO] [stdout] test udf64::test::saturating_pow_10_9 ... ok
[INFO] [stdout] test udf64::test::checked_sub_0_4 ... ok
[INFO] [stdout] test udf64::test::fmt_0_19 ... ok
[INFO] [stdout] test udf64::test::checked_sub_10_9 ... ok
[INFO] [stdout] test udf64::test::saturating_pow_6_3 ... ok
[INFO] [stdout] test udf64::test::checked_sub_4_0 ... ok
[INFO] [stdout] test udf64::test::checked_sub_6_3 ... ok
[INFO] [stdout] test udf64::test::saturating_add_4_0 ... ok
[INFO] [stdout] test udf64::test::saturating_sub_0_4 ... ok
[INFO] [stdout] test udf64::test::saturating_sub_10_9 ... ok
[INFO] [stdout] test udf64::test::saturating_sub_6_3 ... ok
[INFO] [stdout] test udf64::test::test_instantiation ... ok
[INFO] [stdout] test udf64::test::test_one ... ok
[INFO] [stdout] test udf64::test::test_max ... ok
[INFO] [stdout] test udf64::test::saturating_add_4_2 ... ok
[INFO] [stdout] test udf64::test::saturating_div_10_9 ... ok
[INFO] [stdout] test udf64::test::saturating_div_4_0 ... ok
[INFO] [stdout] test udf64::test::saturating_mul_4_0 ... ok
[INFO] [stdout] test udf64::test::truncating_div_0_4 ... ok
[INFO] [stdout] test udf64::test::saturating_mul_10_9 ... ok
[INFO] [stdout] test udf64::test::truncating_div_6_3 ... ok
[INFO] [stdout] test udf64::test::truncating_div_10_9 ... ok
[INFO] [stdout] test udf64::test::truncating_mul_0_4 ... ok
[INFO] [stdout] test udf64::test::truncating_mul_10_9 ... ok
[INFO] [stdout] test udf64::test::truncating_mul_4_0 ... ok
[INFO] [stdout] test udf64::test::truncating_mul_6_3 ... ok
[INFO] [stdout] test udf64::test::truncating_div_4_0 ... ok
[INFO] [stdout] test udf64::test::saturating_sub_4_0 ... ok
[INFO] [stdout] test udf64::test::fmt_6_3 ... ok
[INFO] [stdout] test udf64::test::saturating_pow_4_0 ... ok
[INFO] [stdout] 
[INFO] [stdout] test result: ok. 56 passed; 0 failed; 0 ignored; 0 measured; 0 filtered out; finished in 0.04s
[INFO] [stdout] 
[INFO] [stderr]    Doc-tests dfkzr
[INFO] [stdout] 
[INFO] [stdout] running 56 tests
[INFO] [stdout] test src/lib.rs - (line 43) ... FAILED
[INFO] [stdout] test src/udf64/mod.rs - udf64::UDf64<N1,N2>::checked_add (line 172) ... FAILED
[INFO] [stdout] test src/lib.rs - (line 30) ... FAILED
[INFO] [stdout] test src/udf64/mod.rs - udf64::UDf64<N1,N2>::checked_div (line 468) ... FAILED
[INFO] [stdout] test src/udf64/mod.rs - udf64::UDf64<N1,N2>::approximate_pow (line 401) - compile fail ... ok
[INFO] [stdout] test src/lib.rs - (line 22) ... FAILED
[INFO] [stdout] test src/udf64/mod.rs - udf64::UDf64<N1,N2>::approximate_pow (line 374) ... FAILED
[INFO] [stdout] test src/udf64/mod.rs - udf64::UDf64<N1,N2>::approximate_pow (line 396) ... FAILED
[INFO] [stdout] test src/udf64/mod.rs - udf64::UDf64<N1,N2>::checked_sub (line 235) ... FAILED
[INFO] [stdout] test src/udf64/mod.rs - udf64::UDf64<N1,N2>::checked_div (line 473) ... FAILED
[INFO] [stdout] test src/udf64/mod.rs - udf64::UDf64<N1,N2>::checked_div (line 478) ... FAILED
[INFO] [stdout] test src/lib.rs - (line 38) ... FAILED
[INFO] [stdout] test src/udf64/mod.rs - udf64::UDf64<N1,N2>::MAX (line 72) ... FAILED
[INFO] [stdout] test src/udf64/mod.rs - udf64::UDf64<N1,N2>::display (line 549) ... FAILED
[INFO] [stdout] test src/udf64/mod.rs - udf64::UDf64<N1,N2>::checked_add (line 182) ... FAILED
[INFO] [stdout] test src/udf64/mod.rs - udf64::UDf64<N1,N2>::display (line 554) ... FAILED
[INFO] [stdout] test src/udf64/mod.rs - udf64::UDf64<N1,N2>::checked_add (line 177) ... FAILED
[INFO] [stdout] test src/udf64/mod.rs - udf64::UDf64<N1,N2>::display (line 559) ... FAILED
[INFO] [stdout] test src/udf64/mod.rs - udf64::UDf64<N1,N2>::saturating_add (line 212) ... FAILED
[INFO] [stdout] test src/udf64/mod.rs - udf64::UDf64<N1,N2>::checked_sub (line 230) ... FAILED
[INFO] [stdout] test src/udf64/mod.rs - udf64::UDf64<N1,N2>::saturating_div (line 525) ... FAILED
[INFO] [stdout] test src/udf64/mod.rs - udf64::UDf64<N1,N2>::checked_mul (line 298) ... FAILED
[INFO] [stdout] test src/udf64/mod.rs - udf64::UDf64<N1,N2>::approximate_pow (line 388) ... FAILED
[INFO] [stdout] test src/lib.rs - (line 50) ... FAILED
[INFO] [stdout] test src/udf64/mod.rs - udf64::UDf64<N1,N2>::saturating_div (line 515) ... FAILED
[INFO] [stdout] test src/udf64/mod.rs - udf64::UDf64<N1,N2>::saturating_pow (line 449) - compile fail ... ok
[INFO] [stdout] test src/udf64/mod.rs - udf64::UDf64<N1,N2>::saturating_add (line 202) ... ok
[INFO] [stdout] test src/udf64/mod.rs - udf64::UDf64<N1,N2>::checked_mul (line 293) ... ok
[INFO] [stdout] test src/udf64/mod.rs - udf64::UDf64<N1,N2>::saturating_mul (line 343) ... ok
[INFO] [stdout] test src/udf64/mod.rs - udf64::UDf64<N1,N2>::approximate_pow (line 383) ... FAILED
[INFO] [stdout] test src/udf64/mod.rs - udf64::UDf64<N1,N2>::checked_sub (line 240) ... ok
[INFO] [stdout] test src/udf64/mod.rs - udf64::UDf64<N1,N2>::saturating_mul (line 338) ... ok
[INFO] [stdout] test src/udf64/mod.rs - udf64::UDf64<N1,N2>::checked_mul (line 288) ... ok
[INFO] [stdout] test src/udf64/mod.rs - udf64::UDf64<N1,N2>::saturating_add (line 207) ... ok
[INFO] [stdout] test src/udf64/mod.rs - udf64::UDf64<N1,N2>::saturating_sub (line 260) ... ok
[INFO] [stdout] test src/udf64/mod.rs - udf64::UDf64<N1,N2>::saturating_mul (line 348) ... ok
[INFO] [stdout] test src/udf64/mod.rs - udf64::UDf64<N1,N2>::saturating_div (line 530) ... ok
[INFO] [stdout] test src/udf64/mod.rs - udf64::UDf64<N1,N2>::saturating_div (line 520) ... ok
[INFO] [stdout] test src/udf64/mod.rs - udf64::UDf64<N1,N2>::saturating_pow (line 442) ... ok
[INFO] [stdout] test src/udf64/mod.rs - udf64::UDf64<N1,N2>::try_from_parts (line 106) ... ok
[INFO] [stdout] test src/udf64/mod.rs - udf64::UDf64<N1,N2>::to_parts (line 147) ... ok
[INFO] [stdout] test src/udf64/mod.rs - udf64::UDf64<N1,N2>::to_parts (line 152) ... ok
[INFO] [stdout] test src/udf64/mod.rs - udf64::UDf64<N1,N2>::truncating_div (line 491) ... ok
[INFO] [stdout] test src/udf64/mod.rs - udf64::UDf64<N1,N2>::truncating_mul (line 318) ... ok
[INFO] [stdout] test src/udf64/mod.rs - udf64::UDf64<N1,N2>::saturating_pow (line 433) ... ok
[INFO] [stdout] test src/udf64/mod.rs - udf64::UDf64<N1,N2>::truncating_div (line 496) ... ok
[INFO] [stdout] test src/udf64/mod.rs - udf64::UDf64<N1,N2>::saturating_sub (line 265) ... ok
[INFO] [stdout] test src/udf64/mod.rs - udf64::udf64 (line 640) ... ok
[INFO] [stdout] test src/udf64/mod.rs - udf64::udf64 (line 650) - compile fail ... ok
[INFO] [stdout] test src/udf64/mod.rs - udf64::UDf64<N1,N2>::saturating_sub (line 270) ... ok
[INFO] [stdout] test src/udf64/mod.rs - udf64::UDf64<N1,N2>::truncating_mul (line 313) ... ok
[INFO] [stdout] test src/udf64/mod.rs - udf64::udf64 (line 635) ... ok
[INFO] [stdout] test src/udf64/mod.rs - udf64::UDf64<N1,N2>::truncating_div (line 501) ... ok
[INFO] [stdout] test src/udf64/mod.rs - udf64::UDf64<N1,N2>::truncating_mul (line 323) ... ok
[INFO] [stdout] test src/udf64/mod.rs - udf64::udf64 (line 645) ... ok
[INFO] [stdout] test src/udf64/mod.rs - udf64::UDf64<N1,N2>::try_from_parts (line 111) ... ok
[INFO] [stdout] 
[INFO] [stdout] failures:
[INFO] [stdout] 
[INFO] [stdout] ---- src/lib.rs - (line 43) stdout ----
[INFO] [stdout] rustc-LLVM ERROR: IO failure on output stream: No space left on device
[INFO] [stdout] Couldn't compile the test.
[INFO] [stdout] ---- src/udf64/mod.rs - udf64::UDf64<N1,N2>::checked_add (line 172) stdout ----
[INFO] [stdout] rustc-LLVM ERROR: IO failure on output stream: No space left on device
[INFO] [stdout] Couldn't compile the test.
[INFO] [stdout] ---- src/lib.rs - (line 30) stdout ----
[INFO] [stdout] error: couldn't create a temp dir: No space left on device (os error 28) at path "/tmp/rustcaDPAL5"
[INFO] [stdout] 
[INFO] [stdout] error: aborting due to 1 previous error
[INFO] [stdout] 
[INFO] [stdout] Couldn't compile the test.
[INFO] [stdout] ---- src/udf64/mod.rs - udf64::UDf64<N1,N2>::checked_div (line 468) stdout ----
[INFO] [stdout] rustc-LLVM ERROR: IO failure on output stream: No space left on device
[INFO] [stdout] Couldn't compile the test.
[INFO] [stdout] ---- src/lib.rs - (line 22) stdout ----
[INFO] [stdout] error: failed to write /tmp/rustcof83aC/symbols.o: No space left on device (os error 28)
[INFO] [stdout] 
[INFO] [stdout] error: aborting due to 1 previous error
[INFO] [stdout] 
[INFO] [stdout] Couldn't compile the test.
[INFO] [stdout] ---- src/udf64/mod.rs - udf64::UDf64<N1,N2>::approximate_pow (line 374) stdout ----
[INFO] [stdout] rustc-LLVM ERROR: IO failure on output stream: No space left on device
[INFO] [stdout] Couldn't compile the test.
[INFO] [stdout] ---- src/udf64/mod.rs - udf64::UDf64<N1,N2>::approximate_pow (line 396) stdout ----
[INFO] [stdout] error: couldn't create a temp dir: No space left on device (os error 28) at path "/tmp/rustcwjTgcD"
[INFO] [stdout] 
[INFO] [stdout] error: aborting due to 1 previous error
[INFO] [stdout] 
[INFO] [stdout] Couldn't compile the test.
[INFO] [stdout] ---- src/udf64/mod.rs - udf64::UDf64<N1,N2>::checked_sub (line 235) stdout ----
[INFO] [stdout] error: couldn't create a temp dir: No space left on device (os error 28) at path "/tmp/rustdoctestienmbB/rmeta5GOkkS"
[INFO] [stdout] 
[INFO] [stdout] error: aborting due to 1 previous error
[INFO] [stdout] 
[INFO] [stdout] Couldn't compile the test.
[INFO] [stdout] ---- src/udf64/mod.rs - udf64::UDf64<N1,N2>::checked_div (line 473) stdout ----
[INFO] [stdout] error: couldn't create a temp dir: No space left on device (os error 28) at path "/tmp/rustcnSqNFM"
[INFO] [stdout] 
[INFO] [stdout] error: aborting due to 1 previous error
[INFO] [stdout] 
[INFO] [stdout] Couldn't compile the test.
[INFO] [stdout] ---- src/udf64/mod.rs - udf64::UDf64<N1,N2>::checked_div (line 478) stdout ----
[INFO] [stdout] error: couldn't create a temp dir: No space left on device (os error 28) at path "/tmp/rustdoctestRdjMMg/rmeta3DYqof"
[INFO] [stdout] 
[INFO] [stdout] error: aborting due to 1 previous error
[INFO] [stdout] 
[INFO] [stdout] Couldn't compile the test.
[INFO] [stdout] ---- src/lib.rs - (line 38) stdout ----
[INFO] [stdout] error: couldn't create a temp dir: No space left on device (os error 28) at path "/tmp/rustcSPZZNB"
[INFO] [stdout] 
[INFO] [stdout] error: aborting due to 1 previous error
[INFO] [stdout] 
[INFO] [stdout] Couldn't compile the test.
[INFO] [stdout] ---- src/udf64/mod.rs - udf64::UDf64<N1,N2>::MAX (line 72) stdout ----
[INFO] [stdout] error: linking with `cc` failed: exit status: 1
[INFO] [stdout]   |
[INFO] [stdout]   = note: LC_ALL="C" PATH="/opt/rustwide/rustup-home/toolchains/nightly-2025-01-18-x86_64-unknown-linux-gnu/lib/rustlib/x86_64-unknown-linux-gnu/bin:/opt/rustwide/rustup-home/toolchains/nightly-2025-01-18-x86_64-unknown-linux-gnu/lib/rustlib/x86_64-unknown-linux-gnu/bin/self-contained:/opt/rustwide/cargo-home/bin:/usr/local/sbin:/usr/local/bin:/usr/sbin:/usr/bin:/sbin:/bin" VSLANG="1033" "cc" "-m64" "/tmp/rustcBV163t/symbols.o" "<2 object files omitted>" "-Wl,--as-needed" "-Wl,-Bstatic" "/opt/rustwide/target/debug/deps/{libdfkzr-cc9c96000040d435.rlib}" "/opt/rustwide/rustup-home/toolchains/nightly-2025-01-18-x86_64-unknown-linux-gnu/lib/rustlib/x86_64-unknown-linux-gnu/lib/{libstd-006123e2ce67e99d.rlib,libpanic_unwind-e1447e1efa6f1e57.rlib,libobject-f6963a4916fcf097.rlib,libmemchr-49a2d9af912f4524.rlib,libaddr2line-04d19aad3936869d.rlib,libgimli-483c235edb789db0.rlib,librustc_demangle-294281af50b8f748.rlib,libstd_detect-3b08295250aabc2a.rlib,libhashbrown-4472d1e05ba0dfaf.rlib,librustc_std_workspace_alloc-2ef099fac590e457.rlib,libminiz_oxide-8a51f5e848546c29.rlib,libadler2-3d3fa22b868db521.rlib,libunwind-0ffda8b08e22dbea.rlib,libcfg_if-b08f62458fdd43b9.rlib,liblibc-559675126e63b890.rlib,liballoc-fcf21c8d1c9c7b75.rlib,librustc_std_workspace_core-e0b0460135bcf21d.rlib,libcore-d4097fdcbddd3bc7.rlib,libcompiler_builtins-fea484ac1eed7881.rlib}" "-Wl,-Bdynamic" "-lgcc_s" "-lutil" "-lrt" "-lpthread" "-lm" "-ldl" "-lc" "-B/opt/rustwide/rustup-home/toolchains/nightly-2025-01-18-x86_64-unknown-linux-gnu/lib/rustlib/x86_64-unknown-linux-gnu/bin/gcc-ld" "-fuse-ld=lld" "-Wl,--eh-frame-hdr" "-Wl,-z,noexecstack" "-L" "/opt/rustwide/rustup-home/toolchains/nightly-2025-01-18-x86_64-unknown-linux-gnu/lib/rustlib/x86_64-unknown-linux-gnu/lib" "-o" "/tmp/rustdoctest6TMoW9/rust_out" "-Wl,--gc-sections" "-pie" "-Wl,-z,relro,-z,now" "-nodefaultlibs"
[INFO] [stdout]   = note: some arguments are omitted. use `--verbose` to show all linker arguments
[INFO] [stdout]   = note: collect2: fatal error: ld terminated with signal 7 [Bus error], core dumped
[INFO] [stdout]           compilation terminated.
[INFO] [stdout]           
[INFO] [stdout] 
[INFO] [stdout] error: aborting due to 1 previous error
[INFO] [stdout] 
[INFO] [stdout] Couldn't compile the test.
[INFO] [stdout] ---- src/udf64/mod.rs - udf64::UDf64<N1,N2>::display (line 549) stdout ----
[INFO] [stdout] error: couldn't create a temp dir: No space left on device (os error 28) at path "/tmp/rustdoctestMuTANf/rmetaE98qsE"
[INFO] [stdout] 
[INFO] [stdout] error: aborting due to 1 previous error
[INFO] [stdout] 
[INFO] [stdout] Couldn't compile the test.
[INFO] [stdout] ---- src/udf64/mod.rs - udf64::UDf64<N1,N2>::checked_add (line 182) stdout ----
[INFO] [stdout] error: linking with `cc` failed: exit status: 1
[INFO] [stdout]   |
[INFO] [stdout]   = note: LC_ALL="C" PATH="/opt/rustwide/rustup-home/toolchains/nightly-2025-01-18-x86_64-unknown-linux-gnu/lib/rustlib/x86_64-unknown-linux-gnu/bin:/opt/rustwide/rustup-home/toolchains/nightly-2025-01-18-x86_64-unknown-linux-gnu/lib/rustlib/x86_64-unknown-linux-gnu/bin/self-contained:/opt/rustwide/cargo-home/bin:/usr/local/sbin:/usr/local/bin:/usr/sbin:/usr/bin:/sbin:/bin" VSLANG="1033" "cc" "-m64" "/tmp/rustchqEHst/symbols.o" "<2 object files omitted>" "-Wl,--as-needed" "-Wl,-Bstatic" "/opt/rustwide/target/debug/deps/{libdfkzr-cc9c96000040d435.rlib}" "/opt/rustwide/rustup-home/toolchains/nightly-2025-01-18-x86_64-unknown-linux-gnu/lib/rustlib/x86_64-unknown-linux-gnu/lib/{libstd-006123e2ce67e99d.rlib,libpanic_unwind-e1447e1efa6f1e57.rlib,libobject-f6963a4916fcf097.rlib,libmemchr-49a2d9af912f4524.rlib,libaddr2line-04d19aad3936869d.rlib,libgimli-483c235edb789db0.rlib,librustc_demangle-294281af50b8f748.rlib,libstd_detect-3b08295250aabc2a.rlib,libhashbrown-4472d1e05ba0dfaf.rlib,librustc_std_workspace_alloc-2ef099fac590e457.rlib,libminiz_oxide-8a51f5e848546c29.rlib,libadler2-3d3fa22b868db521.rlib,libunwind-0ffda8b08e22dbea.rlib,libcfg_if-b08f62458fdd43b9.rlib,liblibc-559675126e63b890.rlib,liballoc-fcf21c8d1c9c7b75.rlib,librustc_std_workspace_core-e0b0460135bcf21d.rlib,libcore-d4097fdcbddd3bc7.rlib,libcompiler_builtins-fea484ac1eed7881.rlib}" "-Wl,-Bdynamic" "-lgcc_s" "-lutil" "-lrt" "-lpthread" "-lm" "-ldl" "-lc" "-B/opt/rustwide/rustup-home/toolchains/nightly-2025-01-18-x86_64-unknown-linux-gnu/lib/rustlib/x86_64-unknown-linux-gnu/bin/gcc-ld" "-fuse-ld=lld" "-Wl,--eh-frame-hdr" "-Wl,-z,noexecstack" "-L" "/opt/rustwide/rustup-home/toolchains/nightly-2025-01-18-x86_64-unknown-linux-gnu/lib/rustlib/x86_64-unknown-linux-gnu/lib" "-o" "/tmp/rustdoctest8AW3qF/rust_out" "-Wl,--gc-sections" "-pie" "-Wl,-z,relro,-z,now" "-nodefaultlibs"
[INFO] [stdout]   = note: some arguments are omitted. use `--verbose` to show all linker arguments
[INFO] [stdout]   = note: PLEASE submit a bug report to https://github.com/llvm/llvm-project/issues/ and include the crash backtrace.
[INFO] [stdout]           Stack dump:
[INFO] [stdout]           0.    Program arguments: /opt/rustwide/rustup-home/toolchains/nightly-2025-01-18-x86_64-unknown-linux-gnu/lib/rustlib/x86_64-unknown-linux-gnu/bin/rust-lld -flavor gnu -plugin /usr/lib/gcc/x86_64-linux-gnu/11/liblto_plugin.so -plugin-opt=/usr/lib/gcc/x86_64-linux-gnu/11/lto-wrapper -plugin-opt=-fresolution=/tmp/cc2421x9.res --build-id --eh-frame-hdr -m elf_x86_64 --hash-style=gnu --as-needed -dynamic-linker /lib64/ld-linux-x86-64.so.2 -pie -z now -z relro -o /tmp/rustdoctest8AW3qF/rust_out /usr/lib/gcc/x86_64-linux-gnu/11/../../../x86_64-linux-gnu/Scrt1.o /usr/lib/gcc/x86_64-linux-gnu/11/../../../x86_64-linux-gnu/crti.o /usr/lib/gcc/x86_64-linux-gnu/11/crtbeginS.o -L/opt/rustwide/rustup-home/toolchains/nightly-2025-01-18-x86_64-unknown-linux-gnu/lib/rustlib/x86_64-unknown-linux-gnu/lib -L/opt/rustwide/rustup-home/toolchains/nightly-2025-01-18-x86_64-unknown-linux-gnu/lib/rustlib/x86_64-unknown-linux-gnu/bin/gcc-ld -L/usr/lib/gcc/x86_64-linux-gnu/11 -L/usr/lib/gcc/x86_64-linux-gnu/11/../../../x86_64-linux-gnu -L/usr/lib/gcc/x86_64-linux-gnu/11/../../../../lib -L/lib/x86_64-linux-gnu -L/lib/../lib -L/usr/lib/x86_64-linux-gnu -L/usr/lib/../lib -L/usr/lib/gcc/x86_64-linux-gnu/11/../../.. /tmp/rustchqEHst/symbols.o /tmp/rustdoctest8AW3qF/rust_out.rust_out.6a3e3f7878aae58b-cgu.0.rcgu.o /tmp/rustdoctest8AW3qF/rust_out.04lx7tfanwnzd5fu5mylfyri7.rcgu.o --as-needed -Bstatic /opt/rustwide/target/debug/deps/libdfkzr-cc9c96000040d435.rlib /opt/rustwide/rustup-home/toolchains/nightly-2025-01-18-x86_64-unknown-linux-gnu/lib/rustlib/x86_64-unknown-linux-gnu/lib/libstd-006123e2ce67e99d.rlib /opt/rustwide/rustup-home/toolchains/nightly-2025-01-18-x86_64-unknown-linux-gnu/lib/rustlib/x86_64-unknown-linux-gnu/lib/libpanic_unwind-e1447e1efa6f1e57.rlib /opt/rustwide/rustup-home/toolchains/nightly-2025-01-18-x86_64-unknown-linux-gnu/lib/rustlib/x86_64-unknown-linux-gnu/lib/libobject-f6963a4916fcf097.rlib /opt/rustwide/rustup-home/toolchains/nightly-2025-01-18-x86_64-unknown-linux-gnu/lib/rustlib/x86_64-unknown-linux-gnu/lib/libmemchr-49a2d9af912f4524.rlib /opt/rustwide/rustup-home/toolchains/nightly-2025-01-18-x86_64-unknown-linux-gnu/lib/rustlib/x86_64-unknown-linux-gnu/lib/libaddr2line-04d19aad3936869d.rlib /opt/rustwide/rustup-home/toolchains/nightly-2025-01-18-x86_64-unknown-linux-gnu/lib/rustlib/x86_64-unknown-linux-gnu/lib/libgimli-483c235edb789db0.rlib /opt/rustwide/rustup-home/toolchains/nightly-2025-01-18-x86_64-unknown-linux-gnu/lib/rustlib/x86_64-unknown-linux-gnu/lib/librustc_demangle-294281af50b8f748.rlib /opt/rustwide/rustup-home/toolchains/nightly-2025-01-18-x86_64-unknown-linux-gnu/lib/rustlib/x86_64-unknown-linux-gnu/lib/libstd_detect-3b08295250aabc2a.rlib /opt/rustwide/rustup-home/toolchains/nightly-2025-01-18-x86_64-unknown-linux-gnu/lib/rustlib/x86_64-unknown-linux-gnu/lib/libhashbrown-4472d1e05ba0dfaf.rlib /opt/rustwide/rustup-home/toolchains/nightly-2025-01-18-x86_64-unknown-linux-gnu/lib/rustlib/x86_64-unknown-linux-gnu/lib/librustc_std_workspace_alloc-2ef099fac590e457.rlib /opt/rustwide/rustup-home/toolchains/nightly-2025-01-18-x86_64-unknown-linux-gnu/lib/rustlib/x86_64-unknown-linux-gnu/lib/libminiz_oxide-8a51f5e848546c29.rlib /opt/rustwide/rustup-home/toolchains/nightly-2025-01-18-x86_64-unknown-linux-gnu/lib/rustlib/x86_64-unknown-linux-gnu/lib/libadler2-3d3fa22b868db521.rlib /opt/rustwide/rustup-home/toolchains/nightly-2025-01-18-x86_64-unknown-linux-gnu/lib/rustlib/x86_64-unknown-linux-gnu/lib/libunwind-0ffda8b08e22dbea.rlib /opt/rustwide/rustup-home/toolchains/nightly-2025-01-18-x86_64-unknown-linux-gnu/lib/rustlib/x86_64-unknown-linux-gnu/lib/libcfg_if-b08f62458fdd43b9.rlib /opt/rustwide/rustup-home/toolchains/nightly-2025-01-18-x86_64-unknown-linux-gnu/lib/rustlib/x86_64-unknown-linux-gnu/lib/liblibc-559675126e63b890.rlib /opt/rustwide/rustup-home/toolchains/nightly-2025-01-18-x86_64-unknown-linux-gnu/lib/rustlib/x86_64-unknown-linux-gnu/lib/liballoc-fcf21c8d1c9c7b75.rlib /opt/rustwide/rustup-home/toolchains/nightly-2025-01-18-x86_64-unknown-linux-gnu/lib/rustlib/x86_64-unknown-linux-gnu/lib/librustc_std_workspace_core-e0b0460135bcf21d.rlib /opt/rustwide/rustup-home/toolchains/nightly-2025-01-18-x86_64-unknown-linux-gnu/lib/rustlib/x86_64-unknown-linux-gnu/lib/libcore-d4097fdcbddd3bc7.rlib /opt/rustwide/rustup-home/toolchains/nightly-2025-01-18-x86_64-unknown-linux-gnu/lib/rustlib/x86_64-unknown-linux-gnu/lib/libcompiler_builtins-fea484ac1eed7881.rlib -Bdynamic -lgcc_s -lutil -lrt -lpthread -lm -ldl -lc --eh-frame-hdr -z noexecstack --gc-sections -z relro -z now /usr/lib/gcc/x86_64-linux-gnu/11/crtendS.o /usr/lib/gcc/x86_64-linux-gnu/11/../../../x86_64-linux-gnu/crtn.o
[INFO] [stdout]           LLVM ERROR: IO failure on output stream: No space left on device
[INFO] [stdout]           collect2: error: ld returned 1 exit status
[INFO] [stdout]           
[INFO] [stdout] 
[INFO] [stdout] error: aborting due to 1 previous error
[INFO] [stdout] 
[INFO] [stdout] Couldn't compile the test.
[INFO] [stdout] ---- src/udf64/mod.rs - udf64::UDf64<N1,N2>::display (line 554) stdout ----
[INFO] [stdout] error: couldn't create a temp dir: No space left on device (os error 28) at path "/tmp/rustdoctestYlMQ4I/rmetaiE12Bn"
[INFO] [stdout] 
[INFO] [stdout] error: aborting due to 1 previous error
[INFO] [stdout] 
[INFO] [stdout] Couldn't compile the test.
[INFO] [stdout] ---- src/udf64/mod.rs - udf64::UDf64<N1,N2>::checked_add (line 177) stdout ----
[INFO] [stdout] error: linking with `cc` failed: exit status: 1
[INFO] [stdout]   |
[INFO] [stdout]   = note: LC_ALL="C" PATH="/opt/rustwide/rustup-home/toolchains/nightly-2025-01-18-x86_64-unknown-linux-gnu/lib/rustlib/x86_64-unknown-linux-gnu/bin:/opt/rustwide/rustup-home/toolchains/nightly-2025-01-18-x86_64-unknown-linux-gnu/lib/rustlib/x86_64-unknown-linux-gnu/bin/self-contained:/opt/rustwide/cargo-home/bin:/usr/local/sbin:/usr/local/bin:/usr/sbin:/usr/bin:/sbin:/bin" VSLANG="1033" "cc" "-m64" "/tmp/rustcYu4BfZ/symbols.o" "<2 object files omitted>" "-Wl,--as-needed" "-Wl,-Bstatic" "/opt/rustwide/target/debug/deps/{libdfkzr-cc9c96000040d435.rlib}" "/opt/rustwide/rustup-home/toolchains/nightly-2025-01-18-x86_64-unknown-linux-gnu/lib/rustlib/x86_64-unknown-linux-gnu/lib/{libstd-006123e2ce67e99d.rlib,libpanic_unwind-e1447e1efa6f1e57.rlib,libobject-f6963a4916fcf097.rlib,libmemchr-49a2d9af912f4524.rlib,libaddr2line-04d19aad3936869d.rlib,libgimli-483c235edb789db0.rlib,librustc_demangle-294281af50b8f748.rlib,libstd_detect-3b08295250aabc2a.rlib,libhashbrown-4472d1e05ba0dfaf.rlib,librustc_std_workspace_alloc-2ef099fac590e457.rlib,libminiz_oxide-8a51f5e848546c29.rlib,libadler2-3d3fa22b868db521.rlib,libunwind-0ffda8b08e22dbea.rlib,libcfg_if-b08f62458fdd43b9.rlib,liblibc-559675126e63b890.rlib,liballoc-fcf21c8d1c9c7b75.rlib,librustc_std_workspace_core-e0b0460135bcf21d.rlib,libcore-d4097fdcbddd3bc7.rlib,libcompiler_builtins-fea484ac1eed7881.rlib}" "-Wl,-Bdynamic" "-lgcc_s" "-lutil" "-lrt" "-lpthread" "-lm" "-ldl" "-lc" "-B/opt/rustwide/rustup-home/toolchains/nightly-2025-01-18-x86_64-unknown-linux-gnu/lib/rustlib/x86_64-unknown-linux-gnu/bin/gcc-ld" "-fuse-ld=lld" "-Wl,--eh-frame-hdr" "-Wl,-z,noexecstack" "-L" "/opt/rustwide/rustup-home/toolchains/nightly-2025-01-18-x86_64-unknown-linux-gnu/lib/rustlib/x86_64-unknown-linux-gnu/lib" "-o" "/tmp/rustdoctestLxvgEW/rust_out" "-Wl,--gc-sections" "-pie" "-Wl,-z,relro,-z,now" "-nodefaultlibs"
[INFO] [stdout]   = note: some arguments are omitted. use `--verbose` to show all linker arguments
[INFO] [stdout]   = note: PLEASE submit a bug report to https://github.com/llvm/llvm-project/issues/ and include the crash backtrace.
[INFO] [stdout]           Stack dump:
[INFO] [stdout]           0.    Program arguments: /opt/rustwide/rustup-home/toolchains/nightly-2025-01-18-x86_64-unknown-linux-gnu/lib/rustlib/x86_64-unknown-linux-gnu/bin/rust-lld -flavor gnu -plugin /usr/lib/gcc/x86_64-linux-gnu/11/liblto_plugin.so -plugin-opt=/usr/lib/gcc/x86_64-linux-gnu/11/lto-wrapper -plugin-opt=-fresolution=/tmp/ccrI81OH.res --build-id --eh-frame-hdr -m elf_x86_64 --hash-style=gnu --as-needed -dynamic-linker /lib64/ld-linux-x86-64.so.2 -pie -z now -z relro -o /tmp/rustdoctestLxvgEW/rust_out /usr/lib/gcc/x86_64-linux-gnu/11/../../../x86_64-linux-gnu/Scrt1.o /usr/lib/gcc/x86_64-linux-gnu/11/../../../x86_64-linux-gnu/crti.o /usr/lib/gcc/x86_64-linux-gnu/11/crtbeginS.o -L/opt/rustwide/rustup-home/toolchains/nightly-2025-01-18-x86_64-unknown-linux-gnu/lib/rustlib/x86_64-unknown-linux-gnu/lib -L/opt/rustwide/rustup-home/toolchains/nightly-2025-01-18-x86_64-unknown-linux-gnu/lib/rustlib/x86_64-unknown-linux-gnu/bin/gcc-ld -L/usr/lib/gcc/x86_64-linux-gnu/11 -L/usr/lib/gcc/x86_64-linux-gnu/11/../../../x86_64-linux-gnu -L/usr/lib/gcc/x86_64-linux-gnu/11/../../../../lib -L/lib/x86_64-linux-gnu -L/lib/../lib -L/usr/lib/x86_64-linux-gnu -L/usr/lib/../lib -L/usr/lib/gcc/x86_64-linux-gnu/11/../../.. /tmp/rustcYu4BfZ/symbols.o /tmp/rustdoctestLxvgEW/rust_out.rust_out.6a3e3f7878aae58b-cgu.0.rcgu.o /tmp/rustdoctestLxvgEW/rust_out.04lx7tfanwnzd5fu5mylfyri7.rcgu.o --as-needed -Bstatic /opt/rustwide/target/debug/deps/libdfkzr-cc9c96000040d435.rlib /opt/rustwide/rustup-home/toolchains/nightly-2025-01-18-x86_64-unknown-linux-gnu/lib/rustlib/x86_64-unknown-linux-gnu/lib/libstd-006123e2ce67e99d.rlib /opt/rustwide/rustup-home/toolchains/nightly-2025-01-18-x86_64-unknown-linux-gnu/lib/rustlib/x86_64-unknown-linux-gnu/lib/libpanic_unwind-e1447e1efa6f1e57.rlib /opt/rustwide/rustup-home/toolchains/nightly-2025-01-18-x86_64-unknown-linux-gnu/lib/rustlib/x86_64-unknown-linux-gnu/lib/libobject-f6963a4916fcf097.rlib /opt/rustwide/rustup-home/toolchains/nightly-2025-01-18-x86_64-unknown-linux-gnu/lib/rustlib/x86_64-unknown-linux-gnu/lib/libmemchr-49a2d9af912f4524.rlib /opt/rustwide/rustup-home/toolchains/nightly-2025-01-18-x86_64-unknown-linux-gnu/lib/rustlib/x86_64-unknown-linux-gnu/lib/libaddr2line-04d19aad3936869d.rlib /opt/rustwide/rustup-home/toolchains/nightly-2025-01-18-x86_64-unknown-linux-gnu/lib/rustlib/x86_64-unknown-linux-gnu/lib/libgimli-483c235edb789db0.rlib /opt/rustwide/rustup-home/toolchains/nightly-2025-01-18-x86_64-unknown-linux-gnu/lib/rustlib/x86_64-unknown-linux-gnu/lib/librustc_demangle-294281af50b8f748.rlib /opt/rustwide/rustup-home/toolchains/nightly-2025-01-18-x86_64-unknown-linux-gnu/lib/rustlib/x86_64-unknown-linux-gnu/lib/libstd_detect-3b08295250aabc2a.rlib /opt/rustwide/rustup-home/toolchains/nightly-2025-01-18-x86_64-unknown-linux-gnu/lib/rustlib/x86_64-unknown-linux-gnu/lib/libhashbrown-4472d1e05ba0dfaf.rlib /opt/rustwide/rustup-home/toolchains/nightly-2025-01-18-x86_64-unknown-linux-gnu/lib/rustlib/x86_64-unknown-linux-gnu/lib/librustc_std_workspace_alloc-2ef099fac590e457.rlib /opt/rustwide/rustup-home/toolchains/nightly-2025-01-18-x86_64-unknown-linux-gnu/lib/rustlib/x86_64-unknown-linux-gnu/lib/libminiz_oxide-8a51f5e848546c29.rlib /opt/rustwide/rustup-home/toolchains/nightly-2025-01-18-x86_64-unknown-linux-gnu/lib/rustlib/x86_64-unknown-linux-gnu/lib/libadler2-3d3fa22b868db521.rlib /opt/rustwide/rustup-home/toolchains/nightly-2025-01-18-x86_64-unknown-linux-gnu/lib/rustlib/x86_64-unknown-linux-gnu/lib/libunwind-0ffda8b08e22dbea.rlib /opt/rustwide/rustup-home/toolchains/nightly-2025-01-18-x86_64-unknown-linux-gnu/lib/rustlib/x86_64-unknown-linux-gnu/lib/libcfg_if-b08f62458fdd43b9.rlib /opt/rustwide/rustup-home/toolchains/nightly-2025-01-18-x86_64-unknown-linux-gnu/lib/rustlib/x86_64-unknown-linux-gnu/lib/liblibc-559675126e63b890.rlib /opt/rustwide/rustup-home/toolchains/nightly-2025-01-18-x86_64-unknown-linux-gnu/lib/rustlib/x86_64-unknown-linux-gnu/lib/liballoc-fcf21c8d1c9c7b75.rlib /opt/rustwide/rustup-home/toolchains/nightly-2025-01-18-x86_64-unknown-linux-gnu/lib/rustlib/x86_64-unknown-linux-gnu/lib/librustc_std_workspace_core-e0b0460135bcf21d.rlib /opt/rustwide/rustup-home/toolchains/nightly-2025-01-18-x86_64-unknown-linux-gnu/lib/rustlib/x86_64-unknown-linux-gnu/lib/libcore-d4097fdcbddd3bc7.rlib /opt/rustwide/rustup-home/toolchains/nightly-2025-01-18-x86_64-unknown-linux-gnu/lib/rustlib/x86_64-unknown-linux-gnu/lib/libcompiler_builtins-fea484ac1eed7881.rlib -Bdynamic -lgcc_s -lutil -lrt -lpthread -lm -ldl -lc --eh-frame-hdr -z noexecstack --gc-sections -z relro -z now /usr/lib/gcc/x86_64-linux-gnu/11/crtendS.o /usr/lib/gcc/x86_64-linux-gnu/11/../../../x86_64-linux-gnu/crtn.o
[INFO] [stdout]           LLVM ERROR: IO failure on output stream: No space left on device
[INFO] [stdout]           collect2: error: ld returned 1 exit status
[INFO] [stdout]           
[INFO] [stdout] 
[INFO] [stdout] error: aborting due to 1 previous error
[INFO] [stdout] 
[INFO] [stdout] Couldn't compile the test.
[INFO] [stdout] ---- src/udf64/mod.rs - udf64::UDf64<N1,N2>::display (line 559) stdout ----
[INFO] [stdout] error: couldn't create a temp dir: No space left on device (os error 28) at path "/tmp/rustdoctestNVPM65/rmetappi9Pe"
[INFO] [stdout] 
[INFO] [stdout] error: aborting due to 1 previous error
[INFO] [stdout] 
[INFO] [stdout] Couldn't compile the test.
[INFO] [stdout] ---- src/udf64/mod.rs - udf64::UDf64<N1,N2>::saturating_add (line 212) stdout ----
[INFO] [stdout] error: couldn't create a temp dir: No space left on device (os error 28) at path "/tmp/rustdoctesthruJZr/rmetaaU5PCk"
[INFO] [stdout] 
[INFO] [stdout] error: aborting due to 1 previous error
[INFO] [stdout] 
[INFO] [stdout] Couldn't compile the test.
[INFO] [stdout] ---- src/udf64/mod.rs - udf64::UDf64<N1,N2>::checked_sub (line 230) stdout ----
[INFO] [stdout] error: couldn't create a temp dir: No space left on device (os error 28) at path "/tmp/rustdoctestS7XxGr/rmetaYKD72X"
[INFO] [stdout] 
[INFO] [stdout] error: aborting due to 1 previous error
[INFO] [stdout] 
[INFO] [stdout] Couldn't compile the test.
[INFO] [stdout] ---- src/udf64/mod.rs - udf64::UDf64<N1,N2>::saturating_div (line 525) stdout ----
[INFO] [stdout] rustc-LLVM ERROR: IO failure on output stream: No space left on device
[INFO] [stdout] Couldn't compile the test.
[INFO] [stdout] ---- src/udf64/mod.rs - udf64::UDf64<N1,N2>::checked_mul (line 298) stdout ----
[INFO] [stdout] error: couldn't create a temp dir: No space left on device (os error 28) at path "/tmp/rustdoctestr6H89p/rmeta71VMV5"
[INFO] [stdout] 
[INFO] [stdout] error: aborting due to 1 previous error
[INFO] [stdout] 
[INFO] [stdout] Couldn't compile the test.
[INFO] [stdout] ---- src/udf64/mod.rs - udf64::UDf64<N1,N2>::approximate_pow (line 388) stdout ----
[INFO] [stdout] error: linking with `cc` failed: exit status: 1
[INFO] [stdout]   |
[INFO] [stdout]   = note: LC_ALL="C" PATH="/opt/rustwide/rustup-home/toolchains/nightly-2025-01-18-x86_64-unknown-linux-gnu/lib/rustlib/x86_64-unknown-linux-gnu/bin:/opt/rustwide/rustup-home/toolchains/nightly-2025-01-18-x86_64-unknown-linux-gnu/lib/rustlib/x86_64-unknown-linux-gnu/bin/self-contained:/opt/rustwide/cargo-home/bin:/usr/local/sbin:/usr/local/bin:/usr/sbin:/usr/bin:/sbin:/bin" VSLANG="1033" "cc" "-m64" "/tmp/rustc0sNVhK/symbols.o" "<2 object files omitted>" "-Wl,--as-needed" "-Wl,-Bstatic" "/opt/rustwide/target/debug/deps/{libdfkzr-cc9c96000040d435.rlib}" "/opt/rustwide/rustup-home/toolchains/nightly-2025-01-18-x86_64-unknown-linux-gnu/lib/rustlib/x86_64-unknown-linux-gnu/lib/{libstd-006123e2ce67e99d.rlib,libpanic_unwind-e1447e1efa6f1e57.rlib,libobject-f6963a4916fcf097.rlib,libmemchr-49a2d9af912f4524.rlib,libaddr2line-04d19aad3936869d.rlib,libgimli-483c235edb789db0.rlib,librustc_demangle-294281af50b8f748.rlib,libstd_detect-3b08295250aabc2a.rlib,libhashbrown-4472d1e05ba0dfaf.rlib,librustc_std_workspace_alloc-2ef099fac590e457.rlib,libminiz_oxide-8a51f5e848546c29.rlib,libadler2-3d3fa22b868db521.rlib,libunwind-0ffda8b08e22dbea.rlib,libcfg_if-b08f62458fdd43b9.rlib,liblibc-559675126e63b890.rlib,liballoc-fcf21c8d1c9c7b75.rlib,librustc_std_workspace_core-e0b0460135bcf21d.rlib,libcore-d4097fdcbddd3bc7.rlib,libcompiler_builtins-fea484ac1eed7881.rlib}" "-Wl,-Bdynamic" "-lgcc_s" "-lutil" "-lrt" "-lpthread" "-lm" "-ldl" "-lc" "-B/opt/rustwide/rustup-home/toolchains/nightly-2025-01-18-x86_64-unknown-linux-gnu/lib/rustlib/x86_64-unknown-linux-gnu/bin/gcc-ld" "-fuse-ld=lld" "-Wl,--eh-frame-hdr" "-Wl,-z,noexecstack" "-L" "/opt/rustwide/rustup-home/toolchains/nightly-2025-01-18-x86_64-unknown-linux-gnu/lib/rustlib/x86_64-unknown-linux-gnu/lib" "-o" "/tmp/rustdoctest4hwxlE/rust_out" "-Wl,--gc-sections" "-pie" "-Wl,-z,relro,-z,now" "-nodefaultlibs"
[INFO] [stdout]   = note: some arguments are omitted. use `--verbose` to show all linker arguments
[INFO] [stdout]   = note: PLEASE submit a bug report to https://github.com/llvm/llvm-project/issues/ and include the crash backtrace.
[INFO] [stdout]           Stack dump:
[INFO] [stdout]           0.    Program arguments: /opt/rustwide/rustup-home/toolchains/nightly-2025-01-18-x86_64-unknown-linux-gnu/lib/rustlib/x86_64-unknown-linux-gnu/bin/rust-lld -flavor gnu -plugin /usr/lib/gcc/x86_64-linux-gnu/11/liblto_plugin.so -plugin-opt=/usr/lib/gcc/x86_64-linux-gnu/11/lto-wrapper -plugin-opt=-fresolution=/tmp/cc8OeNOT.res --build-id --eh-frame-hdr -m elf_x86_64 --hash-style=gnu --as-needed -dynamic-linker /lib64/ld-linux-x86-64.so.2 -pie -z now -z relro -o /tmp/rustdoctest4hwxlE/rust_out /usr/lib/gcc/x86_64-linux-gnu/11/../../../x86_64-linux-gnu/Scrt1.o /usr/lib/gcc/x86_64-linux-gnu/11/../../../x86_64-linux-gnu/crti.o /usr/lib/gcc/x86_64-linux-gnu/11/crtbeginS.o -L/opt/rustwide/rustup-home/toolchains/nightly-2025-01-18-x86_64-unknown-linux-gnu/lib/rustlib/x86_64-unknown-linux-gnu/lib -L/opt/rustwide/rustup-home/toolchains/nightly-2025-01-18-x86_64-unknown-linux-gnu/lib/rustlib/x86_64-unknown-linux-gnu/bin/gcc-ld -L/usr/lib/gcc/x86_64-linux-gnu/11 -L/usr/lib/gcc/x86_64-linux-gnu/11/../../../x86_64-linux-gnu -L/usr/lib/gcc/x86_64-linux-gnu/11/../../../../lib -L/lib/x86_64-linux-gnu -L/lib/../lib -L/usr/lib/x86_64-linux-gnu -L/usr/lib/../lib -L/usr/lib/gcc/x86_64-linux-gnu/11/../../.. /tmp/rustc0sNVhK/symbols.o /tmp/rustdoctest4hwxlE/rust_out.rust_out.6a3e3f7878aae58b-cgu.0.rcgu.o /tmp/rustdoctest4hwxlE/rust_out.04lx7tfanwnzd5fu5mylfyri7.rcgu.o --as-needed -Bstatic /opt/rustwide/target/debug/deps/libdfkzr-cc9c96000040d435.rlib /opt/rustwide/rustup-home/toolchains/nightly-2025-01-18-x86_64-unknown-linux-gnu/lib/rustlib/x86_64-unknown-linux-gnu/lib/libstd-006123e2ce67e99d.rlib /opt/rustwide/rustup-home/toolchains/nightly-2025-01-18-x86_64-unknown-linux-gnu/lib/rustlib/x86_64-unknown-linux-gnu/lib/libpanic_unwind-e1447e1efa6f1e57.rlib /opt/rustwide/rustup-home/toolchains/nightly-2025-01-18-x86_64-unknown-linux-gnu/lib/rustlib/x86_64-unknown-linux-gnu/lib/libobject-f6963a4916fcf097.rlib /opt/rustwide/rustup-home/toolchains/nightly-2025-01-18-x86_64-unknown-linux-gnu/lib/rustlib/x86_64-unknown-linux-gnu/lib/libmemchr-49a2d9af912f4524.rlib /opt/rustwide/rustup-home/toolchains/nightly-2025-01-18-x86_64-unknown-linux-gnu/lib/rustlib/x86_64-unknown-linux-gnu/lib/libaddr2line-04d19aad3936869d.rlib /opt/rustwide/rustup-home/toolchains/nightly-2025-01-18-x86_64-unknown-linux-gnu/lib/rustlib/x86_64-unknown-linux-gnu/lib/libgimli-483c235edb789db0.rlib /opt/rustwide/rustup-home/toolchains/nightly-2025-01-18-x86_64-unknown-linux-gnu/lib/rustlib/x86_64-unknown-linux-gnu/lib/librustc_demangle-294281af50b8f748.rlib /opt/rustwide/rustup-home/toolchains/nightly-2025-01-18-x86_64-unknown-linux-gnu/lib/rustlib/x86_64-unknown-linux-gnu/lib/libstd_detect-3b08295250aabc2a.rlib /opt/rustwide/rustup-home/toolchains/nightly-2025-01-18-x86_64-unknown-linux-gnu/lib/rustlib/x86_64-unknown-linux-gnu/lib/libhashbrown-4472d1e05ba0dfaf.rlib /opt/rustwide/rustup-home/toolchains/nightly-2025-01-18-x86_64-unknown-linux-gnu/lib/rustlib/x86_64-unknown-linux-gnu/lib/librustc_std_workspace_alloc-2ef099fac590e457.rlib /opt/rustwide/rustup-home/toolchains/nightly-2025-01-18-x86_64-unknown-linux-gnu/lib/rustlib/x86_64-unknown-linux-gnu/lib/libminiz_oxide-8a51f5e848546c29.rlib /opt/rustwide/rustup-home/toolchains/nightly-2025-01-18-x86_64-unknown-linux-gnu/lib/rustlib/x86_64-unknown-linux-gnu/lib/libadler2-3d3fa22b868db521.rlib /opt/rustwide/rustup-home/toolchains/nightly-2025-01-18-x86_64-unknown-linux-gnu/lib/rustlib/x86_64-unknown-linux-gnu/lib/libunwind-0ffda8b08e22dbea.rlib /opt/rustwide/rustup-home/toolchains/nightly-2025-01-18-x86_64-unknown-linux-gnu/lib/rustlib/x86_64-unknown-linux-gnu/lib/libcfg_if-b08f62458fdd43b9.rlib /opt/rustwide/rustup-home/toolchains/nightly-2025-01-18-x86_64-unknown-linux-gnu/lib/rustlib/x86_64-unknown-linux-gnu/lib/liblibc-559675126e63b890.rlib /opt/rustwide/rustup-home/toolchains/nightly-2025-01-18-x86_64-unknown-linux-gnu/lib/rustlib/x86_64-unknown-linux-gnu/lib/liballoc-fcf21c8d1c9c7b75.rlib /opt/rustwide/rustup-home/toolchains/nightly-2025-01-18-x86_64-unknown-linux-gnu/lib/rustlib/x86_64-unknown-linux-gnu/lib/librustc_std_workspace_core-e0b0460135bcf21d.rlib /opt/rustwide/rustup-home/toolchains/nightly-2025-01-18-x86_64-unknown-linux-gnu/lib/rustlib/x86_64-unknown-linux-gnu/lib/libcore-d4097fdcbddd3bc7.rlib /opt/rustwide/rustup-home/toolchains/nightly-2025-01-18-x86_64-unknown-linux-gnu/lib/rustlib/x86_64-unknown-linux-gnu/lib/libcompiler_builtins-fea484ac1eed7881.rlib -Bdynamic -lgcc_s -lutil -lrt -lpthread -lm -ldl -lc --eh-frame-hdr -z noexecstack --gc-sections -z relro -z now /usr/lib/gcc/x86_64-linux-gnu/11/crtendS.o /usr/lib/gcc/x86_64-linux-gnu/11/../../../x86_64-linux-gnu/crtn.o
[INFO] [stdout]           LLVM ERROR: IO failure on output stream: No space left on device
[INFO] [stdout]           collect2: error: ld returned 1 exit status
[INFO] [stdout]           
[INFO] [stdout] 
[INFO] [stdout] error: aborting due to 1 previous error
[INFO] [stdout] 
[INFO] [stdout] Couldn't compile the test.
[INFO] [stdout] ---- src/lib.rs - (line 50) stdout ----
[INFO] [stdout] error: linking with `cc` failed: exit status: 1
[INFO] [stdout]   |
[INFO] [stdout]   = note: LC_ALL="C" PATH="/opt/rustwide/rustup-home/toolchains/nightly-2025-01-18-x86_64-unknown-linux-gnu/lib/rustlib/x86_64-unknown-linux-gnu/bin:/opt/rustwide/rustup-home/toolchains/nightly-2025-01-18-x86_64-unknown-linux-gnu/lib/rustlib/x86_64-unknown-linux-gnu/bin/self-contained:/opt/rustwide/cargo-home/bin:/usr/local/sbin:/usr/local/bin:/usr/sbin:/usr/bin:/sbin:/bin" VSLANG="1033" "cc" "-m64" "/tmp/rustcu72NVt/symbols.o" "<2 object files omitted>" "-Wl,--as-needed" "-Wl,-Bstatic" "/opt/rustwide/target/debug/deps/{libdfkzr-cc9c96000040d435.rlib}" "/opt/rustwide/rustup-home/toolchains/nightly-2025-01-18-x86_64-unknown-linux-gnu/lib/rustlib/x86_64-unknown-linux-gnu/lib/{libstd-006123e2ce67e99d.rlib,libpanic_unwind-e1447e1efa6f1e57.rlib,libobject-f6963a4916fcf097.rlib,libmemchr-49a2d9af912f4524.rlib,libaddr2line-04d19aad3936869d.rlib,libgimli-483c235edb789db0.rlib,librustc_demangle-294281af50b8f748.rlib,libstd_detect-3b08295250aabc2a.rlib,libhashbrown-4472d1e05ba0dfaf.rlib,librustc_std_workspace_alloc-2ef099fac590e457.rlib,libminiz_oxide-8a51f5e848546c29.rlib,libadler2-3d3fa22b868db521.rlib,libunwind-0ffda8b08e22dbea.rlib,libcfg_if-b08f62458fdd43b9.rlib,liblibc-559675126e63b890.rlib,liballoc-fcf21c8d1c9c7b75.rlib,librustc_std_workspace_core-e0b0460135bcf21d.rlib,libcore-d4097fdcbddd3bc7.rlib,libcompiler_builtins-fea484ac1eed7881.rlib}" "-Wl,-Bdynamic" "-lgcc_s" "-lutil" "-lrt" "-lpthread" "-lm" "-ldl" "-lc" "-B/opt/rustwide/rustup-home/toolchains/nightly-2025-01-18-x86_64-unknown-linux-gnu/lib/rustlib/x86_64-unknown-linux-gnu/bin/gcc-ld" "-fuse-ld=lld" "-Wl,--eh-frame-hdr" "-Wl,-z,noexecstack" "-L" "/opt/rustwide/rustup-home/toolchains/nightly-2025-01-18-x86_64-unknown-linux-gnu/lib/rustlib/x86_64-unknown-linux-gnu/lib" "-o" "/tmp/rustdoctestXlTB9K/rust_out" "-Wl,--gc-sections" "-pie" "-Wl,-z,relro,-z,now" "-nodefaultlibs"
[INFO] [stdout]   = note: some arguments are omitted. use `--verbose` to show all linker arguments
[INFO] [stdout]   = note: collect2: fatal error: ld terminated with signal 7 [Bus error], core dumped
[INFO] [stdout]           compilation terminated.
[INFO] [stdout]           
[INFO] [stdout] 
[INFO] [stdout] error: aborting due to 1 previous error
[INFO] [stdout] 
[INFO] [stdout] Couldn't compile the test.
[INFO] [stdout] ---- src/udf64/mod.rs - udf64::UDf64<N1,N2>::saturating_div (line 515) stdout ----
[INFO] [stdout] error: couldn't create a temp dir: No space left on device (os error 28) at path "/tmp/rustdoctestwQGVZp/rmeta11S3xI"
[INFO] [stdout] 
[INFO] [stdout] error: aborting due to 1 previous error
[INFO] [stdout] 
[INFO] [stdout] Couldn't compile the test.
[INFO] [stdout] ---- src/udf64/mod.rs - udf64::UDf64<N1,N2>::approximate_pow (line 383) stdout ----
[INFO] [stdout] error: linking with `cc` failed: exit status: 1
[INFO] [stdout]   |
[INFO] [stdout]   = note: LC_ALL="C" PATH="/opt/rustwide/rustup-home/toolchains/nightly-2025-01-18-x86_64-unknown-linux-gnu/lib/rustlib/x86_64-unknown-linux-gnu/bin:/opt/rustwide/rustup-home/toolchains/nightly-2025-01-18-x86_64-unknown-linux-gnu/lib/rustlib/x86_64-unknown-linux-gnu/bin/self-contained:/opt/rustwide/cargo-home/bin:/usr/local/sbin:/usr/local/bin:/usr/sbin:/usr/bin:/sbin:/bin" VSLANG="1033" "cc" "-m64" "/tmp/rustcSlGOQD/symbols.o" "<2 object files omitted>" "-Wl,--as-needed" "-Wl,-Bstatic" "/opt/rustwide/target/debug/deps/{libdfkzr-cc9c96000040d435.rlib}" "/opt/rustwide/rustup-home/toolchains/nightly-2025-01-18-x86_64-unknown-linux-gnu/lib/rustlib/x86_64-unknown-linux-gnu/lib/{libstd-006123e2ce67e99d.rlib,libpanic_unwind-e1447e1efa6f1e57.rlib,libobject-f6963a4916fcf097.rlib,libmemchr-49a2d9af912f4524.rlib,libaddr2line-04d19aad3936869d.rlib,libgimli-483c235edb789db0.rlib,librustc_demangle-294281af50b8f748.rlib,libstd_detect-3b08295250aabc2a.rlib,libhashbrown-4472d1e05ba0dfaf.rlib,librustc_std_workspace_alloc-2ef099fac590e457.rlib,libminiz_oxide-8a51f5e848546c29.rlib,libadler2-3d3fa22b868db521.rlib,libunwind-0ffda8b08e22dbea.rlib,libcfg_if-b08f62458fdd43b9.rlib,liblibc-559675126e63b890.rlib,liballoc-fcf21c8d1c9c7b75.rlib,librustc_std_workspace_core-e0b0460135bcf21d.rlib,libcore-d4097fdcbddd3bc7.rlib,libcompiler_builtins-fea484ac1eed7881.rlib}" "-Wl,-Bdynamic" "-lgcc_s" "-lutil" "-lrt" "-lpthread" "-lm" "-ldl" "-lc" "-B/opt/rustwide/rustup-home/toolchains/nightly-2025-01-18-x86_64-unknown-linux-gnu/lib/rustlib/x86_64-unknown-linux-gnu/bin/gcc-ld" "-fuse-ld=lld" "-Wl,--eh-frame-hdr" "-Wl,-z,noexecstack" "-L" "/opt/rustwide/rustup-home/toolchains/nightly-2025-01-18-x86_64-unknown-linux-gnu/lib/rustlib/x86_64-unknown-linux-gnu/lib" "-o" "/tmp/rustdoctestWBE8qn/rust_out" "-Wl,--gc-sections" "-pie" "-Wl,-z,relro,-z,now" "-nodefaultlibs"
[INFO] [stdout]   = note: some arguments are omitted. use `--verbose` to show all linker arguments
[INFO] [stdout]   = note: PLEASE submit a bug report to https://github.com/llvm/llvm-project/issues/ and include the crash backtrace.
[INFO] [stdout]           Stack dump:
[INFO] [stdout]           0.    Program arguments: /opt/rustwide/rustup-home/toolchains/nightly-2025-01-18-x86_64-unknown-linux-gnu/lib/rustlib/x86_64-unknown-linux-gnu/bin/rust-lld -flavor gnu -plugin /usr/lib/gcc/x86_64-linux-gnu/11/liblto_plugin.so -plugin-opt=/usr/lib/gcc/x86_64-linux-gnu/11/lto-wrapper -plugin-opt=-fresolution=/tmp/cckSX30C.res --build-id --eh-frame-hdr -m elf_x86_64 --hash-style=gnu --as-needed -dynamic-linker /lib64/ld-linux-x86-64.so.2 -pie -z now -z relro -o /tmp/rustdoctestWBE8qn/rust_out /usr/lib/gcc/x86_64-linux-gnu/11/../../../x86_64-linux-gnu/Scrt1.o /usr/lib/gcc/x86_64-linux-gnu/11/../../../x86_64-linux-gnu/crti.o /usr/lib/gcc/x86_64-linux-gnu/11/crtbeginS.o -L/opt/rustwide/rustup-home/toolchains/nightly-2025-01-18-x86_64-unknown-linux-gnu/lib/rustlib/x86_64-unknown-linux-gnu/lib -L/opt/rustwide/rustup-home/toolchains/nightly-2025-01-18-x86_64-unknown-linux-gnu/lib/rustlib/x86_64-unknown-linux-gnu/bin/gcc-ld -L/usr/lib/gcc/x86_64-linux-gnu/11 -L/usr/lib/gcc/x86_64-linux-gnu/11/../../../x86_64-linux-gnu -L/usr/lib/gcc/x86_64-linux-gnu/11/../../../../lib -L/lib/x86_64-linux-gnu -L/lib/../lib -L/usr/lib/x86_64-linux-gnu -L/usr/lib/../lib -L/usr/lib/gcc/x86_64-linux-gnu/11/../../.. /tmp/rustcSlGOQD/symbols.o /tmp/rustdoctestWBE8qn/rust_out.rust_out.6a3e3f7878aae58b-cgu.0.rcgu.o /tmp/rustdoctestWBE8qn/rust_out.04lx7tfanwnzd5fu5mylfyri7.rcgu.o --as-needed -Bstatic /opt/rustwide/target/debug/deps/libdfkzr-cc9c96000040d435.rlib /opt/rustwide/rustup-home/toolchains/nightly-2025-01-18-x86_64-unknown-linux-gnu/lib/rustlib/x86_64-unknown-linux-gnu/lib/libstd-006123e2ce67e99d.rlib /opt/rustwide/rustup-home/toolchains/nightly-2025-01-18-x86_64-unknown-linux-gnu/lib/rustlib/x86_64-unknown-linux-gnu/lib/libpanic_unwind-e1447e1efa6f1e57.rlib /opt/rustwide/rustup-home/toolchains/nightly-2025-01-18-x86_64-unknown-linux-gnu/lib/rustlib/x86_64-unknown-linux-gnu/lib/libobject-f6963a4916fcf097.rlib /opt/rustwide/rustup-home/toolchains/nightly-2025-01-18-x86_64-unknown-linux-gnu/lib/rustlib/x86_64-unknown-linux-gnu/lib/libmemchr-49a2d9af912f4524.rlib /opt/rustwide/rustup-home/toolchains/nightly-2025-01-18-x86_64-unknown-linux-gnu/lib/rustlib/x86_64-unknown-linux-gnu/lib/libaddr2line-04d19aad3936869d.rlib /opt/rustwide/rustup-home/toolchains/nightly-2025-01-18-x86_64-unknown-linux-gnu/lib/rustlib/x86_64-unknown-linux-gnu/lib/libgimli-483c235edb789db0.rlib /opt/rustwide/rustup-home/toolchains/nightly-2025-01-18-x86_64-unknown-linux-gnu/lib/rustlib/x86_64-unknown-linux-gnu/lib/librustc_demangle-294281af50b8f748.rlib /opt/rustwide/rustup-home/toolchains/nightly-2025-01-18-x86_64-unknown-linux-gnu/lib/rustlib/x86_64-unknown-linux-gnu/lib/libstd_detect-3b08295250aabc2a.rlib /opt/rustwide/rustup-home/toolchains/nightly-2025-01-18-x86_64-unknown-linux-gnu/lib/rustlib/x86_64-unknown-linux-gnu/lib/libhashbrown-4472d1e05ba0dfaf.rlib /opt/rustwide/rustup-home/toolchains/nightly-2025-01-18-x86_64-unknown-linux-gnu/lib/rustlib/x86_64-unknown-linux-gnu/lib/librustc_std_workspace_alloc-2ef099fac590e457.rlib /opt/rustwide/rustup-home/toolchains/nightly-2025-01-18-x86_64-unknown-linux-gnu/lib/rustlib/x86_64-unknown-linux-gnu/lib/libminiz_oxide-8a51f5e848546c29.rlib /opt/rustwide/rustup-home/toolchains/nightly-2025-01-18-x86_64-unknown-linux-gnu/lib/rustlib/x86_64-unknown-linux-gnu/lib/libadler2-3d3fa22b868db521.rlib /opt/rustwide/rustup-home/toolchains/nightly-2025-01-18-x86_64-unknown-linux-gnu/lib/rustlib/x86_64-unknown-linux-gnu/lib/libunwind-0ffda8b08e22dbea.rlib /opt/rustwide/rustup-home/toolchains/nightly-2025-01-18-x86_64-unknown-linux-gnu/lib/rustlib/x86_64-unknown-linux-gnu/lib/libcfg_if-b08f62458fdd43b9.rlib /opt/rustwide/rustup-home/toolchains/nightly-2025-01-18-x86_64-unknown-linux-gnu/lib/rustlib/x86_64-unknown-linux-gnu/lib/liblibc-559675126e63b890.rlib /opt/rustwide/rustup-home/toolchains/nightly-2025-01-18-x86_64-unknown-linux-gnu/lib/rustlib/x86_64-unknown-linux-gnu/lib/liballoc-fcf21c8d1c9c7b75.rlib /opt/rustwide/rustup-home/toolchains/nightly-2025-01-18-x86_64-unknown-linux-gnu/lib/rustlib/x86_64-unknown-linux-gnu/lib/librustc_std_workspace_core-e0b0460135bcf21d.rlib /opt/rustwide/rustup-home/toolchains/nightly-2025-01-18-x86_64-unknown-linux-gnu/lib/rustlib/x86_64-unknown-linux-gnu/lib/libcore-d4097fdcbddd3bc7.rlib /opt/rustwide/rustup-home/toolchains/nightly-2025-01-18-x86_64-unknown-linux-gnu/lib/rustlib/x86_64-unknown-linux-gnu/lib/libcompiler_builtins-fea484ac1eed7881.rlib -Bdynamic -lgcc_s -lutil -lrt -lpthread -lm -ldl -lc --eh-frame-hdr -z noexecstack --gc-sections -z relro -z now /usr/lib/gcc/x86_64-linux-gnu/11/crtendS.o /usr/lib/gcc/x86_64-linux-gnu/11/../../../x86_64-linux-gnu/crtn.o
[INFO] [stderr] error: doctest failed, to rerun pass `--doc`
[INFO] [stdout]            #0 0x000070b82155df67 llvm::sys::PrintStackTrace(llvm::raw_ostream&, int) (/opt/rustwide/rustup-home/toolchains/nightly-2025-01-18-x86_64-unknown-linux-gnu/lib/libLLVM.so.19.1-rust-1.86.0-nightly+0x3f5df67)
[INFO] [stdout]            #1 0x000070b82155e37c SignalHandler(int) (/opt/rustwide/rustup-home/toolchains/nightly-2025-01-18-x86_64-unknown-linux-gnu/lib/libLLVM.so.19.1-rust-1.86.0-nightly+0x3f5e37c)
[INFO] [stdout]            #2 0x000070b81d419520 (/lib/x86_64-linux-gnu/libc.so.6+0x42520)
[INFO] [stdout]            #3 0x0000611e223f1c73 void lld::elf::writeResult<llvm::object::ELFType<(llvm::endianness)1, true> >() (/opt/rustwide/rustup-home/toolchains/nightly-2025-01-18-x86_64-unknown-linux-gnu/lib/rustlib/x86_64-unknown-linux-gnu/bin/rust-lld+0x512c73)
[INFO] [stdout]            #4 0x0000611e22225b36 void lld::elf::LinkerDriver::link<llvm::object::ELFType<(llvm::endianness)1, true> >(llvm::opt::InputArgList&) Driver.cpp:0:0
[INFO] [stdout]            #5 0x0000611e2220b4ec lld::elf::link(llvm::ArrayRef<char const*>, llvm::raw_ostream&, llvm::raw_ostream&, bool, bool) (/opt/rustwide/rustup-home/toolchains/nightly-2025-01-18-x86_64-unknown-linux-gnu/lib/rustlib/x86_64-unknown-linux-gnu/bin/rust-lld+0x32c4ec)
[INFO] [stdout]            #6 0x0000611e2213cae0 lld::unsafeLldMain(llvm::ArrayRef<char const*>, llvm::raw_ostream&, llvm::raw_ostream&, llvm::ArrayRef<lld::DriverDef>, bool) (/opt/rustwide/rustup-home/toolchains/nightly-2025-01-18-x86_64-unknown-linux-gnu/lib/rustlib/x86_64-unknown-linux-gnu/bin/rust-lld+0x25dae0)
[INFO] [stdout]            #7 0x0000611e2213bb7d lld_main(int, char**, llvm::ToolContext const&) (/opt/rustwide/rustup-home/toolchains/nightly-2025-01-18-x86_64-unknown-linux-gnu/lib/rustlib/x86_64-unknown-linux-gnu/bin/rust-lld+0x25cb7d)
[INFO] [stdout]            #8 0x0000611e2213c221 main (/opt/rustwide/rustup-home/toolchains/nightly-2025-01-18-x86_64-unknown-linux-gnu/lib/rustlib/x86_64-unknown-linux-gnu/bin/rust-lld+0x25d221)
[INFO] [stdout]            #9 0x000070b81d400d90 (/lib/x86_64-linux-gnu/libc.so.6+0x29d90)
[INFO] [stdout]           #10 0x000070b81d400e40 __libc_start_main (/lib/x86_64-linux-gnu/libc.so.6+0x29e40)
[INFO] [stdout]           #11 0x0000611e21fbe7e9 _start (/opt/rustwide/rustup-home/toolchains/nightly-2025-01-18-x86_64-unknown-linux-gnu/lib/rustlib/x86_64-unknown-linux-gnu/bin/rust-lld+0xdf7e9)
[INFO] [stdout]           collect2: fatal error: ld terminated with signal 7 [Bus error], core dumped
[INFO] [stdout]           compilation terminated.
[INFO] [stdout]           
[INFO] [stdout] 
[INFO] [stdout] error: aborting due to 1 previous error
[INFO] [stdout] 
[INFO] [stdout] Couldn't compile the test.
[INFO] [stdout] 
[INFO] [stdout] failures:
[INFO] [stdout]     src/lib.rs - (line 22)
[INFO] [stdout]     src/lib.rs - (line 30)
[INFO] [stdout]     src/lib.rs - (line 38)
[INFO] [stdout]     src/lib.rs - (line 43)
[INFO] [stdout]     src/lib.rs - (line 50)
[INFO] [stdout]     src/udf64/mod.rs - udf64::UDf64<N1,N2>::MAX (line 72)
[INFO] [stdout]     src/udf64/mod.rs - udf64::UDf64<N1,N2>::approximate_pow (line 374)
[INFO] [stdout]     src/udf64/mod.rs - udf64::UDf64<N1,N2>::approximate_pow (line 383)
[INFO] [stdout]     src/udf64/mod.rs - udf64::UDf64<N1,N2>::approximate_pow (line 388)
[INFO] [stdout]     src/udf64/mod.rs - udf64::UDf64<N1,N2>::approximate_pow (line 396)
[INFO] [stdout]     src/udf64/mod.rs - udf64::UDf64<N1,N2>::checked_add (line 172)
[INFO] [stdout]     src/udf64/mod.rs - udf64::UDf64<N1,N2>::checked_add (line 177)
[INFO] [stdout]     src/udf64/mod.rs - udf64::UDf64<N1,N2>::checked_add (line 182)
[INFO] [stdout]     src/udf64/mod.rs - udf64::UDf64<N1,N2>::checked_div (line 468)
[INFO] [stdout]     src/udf64/mod.rs - udf64::UDf64<N1,N2>::checked_div (line 473)
[INFO] [stdout]     src/udf64/mod.rs - udf64::UDf64<N1,N2>::checked_div (line 478)
[INFO] [stdout]     src/udf64/mod.rs - udf64::UDf64<N1,N2>::checked_mul (line 298)
[INFO] [stdout]     src/udf64/mod.rs - udf64::UDf64<N1,N2>::checked_sub (line 230)
[INFO] [stdout]     src/udf64/mod.rs - udf64::UDf64<N1,N2>::checked_sub (line 235)
[INFO] [stdout]     src/udf64/mod.rs - udf64::UDf64<N1,N2>::display (line 549)
[INFO] [stdout]     src/udf64/mod.rs - udf64::UDf64<N1,N2>::display (line 554)
[INFO] [stdout]     src/udf64/mod.rs - udf64::UDf64<N1,N2>::display (line 559)
[INFO] [stdout]     src/udf64/mod.rs - udf64::UDf64<N1,N2>::saturating_add (line 212)
[INFO] [stdout]     src/udf64/mod.rs - udf64::UDf64<N1,N2>::saturating_div (line 515)
[INFO] [stdout]     src/udf64/mod.rs - udf64::UDf64<N1,N2>::saturating_div (line 525)
[INFO] [stdout] 
[INFO] [stdout] test result: FAILED. 31 passed; 25 failed; 0 ignored; 0 measured; 0 filtered out; finished in 2.27s
[INFO] [stdout] 
[INFO] running `Command { std: "docker" "inspect" "bdfd5d12b34a74f6d8764a6a65300b37b2d957104a4c291e63deeb1b9d5e2c45", kill_on_drop: false }`
[INFO] running `Command { std: "docker" "rm" "-f" "bdfd5d12b34a74f6d8764a6a65300b37b2d957104a4c291e63deeb1b9d5e2c45", kill_on_drop: false }`
[INFO] [stdout] bdfd5d12b34a74f6d8764a6a65300b37b2d957104a4c291e63deeb1b9d5e2c45
