[INFO] cloning repository https://github.com/gazure/prompt-toolkit-rs
[INFO] running `Command { std: "git" "-c" "credential.helper=" "-c" "credential.helper=/workspace/cargo-home/bin/git-credential-null" "clone" "--bare" "https://github.com/gazure/prompt-toolkit-rs" "/workspace/cache/git-repos/https%3A%2F%2Fgithub.com%2Fgazure%2Fprompt-toolkit-rs", kill_on_drop: false }`
[INFO] [stderr] Cloning into bare repository '/workspace/cache/git-repos/https%3A%2F%2Fgithub.com%2Fgazure%2Fprompt-toolkit-rs'...
[INFO] running `Command { std: "git" "rev-parse" "HEAD", kill_on_drop: false }`
[INFO] [stdout] 3763d2f547f43e2e10fe1bf44391f5c14d9fa268
[INFO] testing gazure/prompt-toolkit-rs against nightly-2025-01-18 for randomize-layout-2
[INFO] running `Command { std: "git" "clone" "/workspace/cache/git-repos/https%3A%2F%2Fgithub.com%2Fgazure%2Fprompt-toolkit-rs" "/workspace/builds/worker-1-tc1/source", kill_on_drop: false }`
[INFO] [stderr] Cloning into '/workspace/builds/worker-1-tc1/source'...
[INFO] [stderr] done.
[INFO] validating manifest of git repo https://github.com/gazure/prompt-toolkit-rs on toolchain nightly-2025-01-18
[INFO] running `Command { std: CARGO_HOME="/workspace/cargo-home" RUSTUP_HOME="/workspace/rustup-home" "/workspace/cargo-home/bin/cargo" "+nightly-2025-01-18" "metadata" "--manifest-path" "Cargo.toml" "--no-deps", kill_on_drop: false }`
[INFO] started tweaking git repo https://github.com/gazure/prompt-toolkit-rs
[INFO] finished tweaking git repo https://github.com/gazure/prompt-toolkit-rs
[INFO] tweaked toml for git repo https://github.com/gazure/prompt-toolkit-rs written to /workspace/builds/worker-1-tc1/source/Cargo.toml
[INFO] crate git repo https://github.com/gazure/prompt-toolkit-rs already has a lockfile, it will not be regenerated
[INFO] running `Command { std: CARGO_HOME="/workspace/cargo-home" RUSTUP_HOME="/workspace/rustup-home" "/workspace/cargo-home/bin/cargo" "+nightly-2025-01-18" "fetch" "--manifest-path" "Cargo.toml", kill_on_drop: false }`
[INFO] [stderr]     Updating crates.io index
[INFO] [stderr]  Downloading crates ...
[INFO] [stderr]   Downloaded utf8-decode v1.0.1
[INFO] running `Command { std: "docker" "create" "-v" "/var/lib/crater-agent-workspace/builds/worker-1-tc1/target:/opt/rustwide/target:rw,Z" "-v" "/var/lib/crater-agent-workspace/builds/worker-1-tc1/source:/opt/rustwide/workdir:ro,Z" "-v" "/var/lib/crater-agent-workspace/cargo-home:/opt/rustwide/cargo-home:ro,Z" "-v" "/var/lib/crater-agent-workspace/rustup-home:/opt/rustwide/rustup-home:ro,Z" "-e" "SOURCE_DIR=/opt/rustwide/workdir" "-e" "CARGO_TARGET_DIR=/opt/rustwide/target" "-e" "CARGO_HOME=/opt/rustwide/cargo-home" "-e" "RUSTUP_HOME=/opt/rustwide/rustup-home" "-w" "/opt/rustwide/workdir" "-m" "1610612736" "--user" "0:0" "--network" "none" "ghcr.io/rust-lang/crates-build-env/linux@sha256:819108c5571ea2e421544af4d832f968d213c87fbe3707a016657f43d2f853bc" "/opt/rustwide/cargo-home/bin/cargo" "+nightly-2025-01-18" "metadata" "--no-deps" "--format-version=1", kill_on_drop: false }`
[INFO] [stdout] 276f3c473504ebbe30dff43fb9896fa7e82317a0512da45bac81e9913b899c17
[INFO] running `Command { std: "docker" "start" "-a" "276f3c473504ebbe30dff43fb9896fa7e82317a0512da45bac81e9913b899c17", kill_on_drop: false }`
[INFO] running `Command { std: "docker" "inspect" "276f3c473504ebbe30dff43fb9896fa7e82317a0512da45bac81e9913b899c17", kill_on_drop: false }`
[INFO] running `Command { std: "docker" "rm" "-f" "276f3c473504ebbe30dff43fb9896fa7e82317a0512da45bac81e9913b899c17", kill_on_drop: false }`
[INFO] [stdout] 276f3c473504ebbe30dff43fb9896fa7e82317a0512da45bac81e9913b899c17
[INFO] running `Command { std: "docker" "create" "-v" "/var/lib/crater-agent-workspace/builds/worker-1-tc1/target:/opt/rustwide/target:rw,Z" "-v" "/var/lib/crater-agent-workspace/builds/worker-1-tc1/source:/opt/rustwide/workdir:ro,Z" "-v" "/var/lib/crater-agent-workspace/cargo-home:/opt/rustwide/cargo-home:ro,Z" "-v" "/var/lib/crater-agent-workspace/rustup-home:/opt/rustwide/rustup-home:ro,Z" "-e" "SOURCE_DIR=/opt/rustwide/workdir" "-e" "CARGO_TARGET_DIR=/opt/rustwide/target" "-e" "CARGO_INCREMENTAL=0" "-e" "RUST_BACKTRACE=full" "-e" "RUSTFLAGS=--cap-lints=forbid" "-e" "RUSTDOCFLAGS=--cap-lints=forbid" "-e" "CARGO_HOME=/opt/rustwide/cargo-home" "-e" "RUSTUP_HOME=/opt/rustwide/rustup-home" "-w" "/opt/rustwide/workdir" "-m" "1610612736" "--user" "0:0" "--network" "none" "ghcr.io/rust-lang/crates-build-env/linux@sha256:819108c5571ea2e421544af4d832f968d213c87fbe3707a016657f43d2f853bc" "/opt/rustwide/cargo-home/bin/cargo" "+nightly-2025-01-18" "build" "--frozen" "--message-format=json", kill_on_drop: false }`
[INFO] [stdout] 4ed9de31d42f32805aecef74534709d87d8b84660db585031f021f5a6fbbb504
[INFO] running `Command { std: "docker" "start" "-a" "4ed9de31d42f32805aecef74534709d87d8b84660db585031f021f5a6fbbb504", kill_on_drop: false }`
[INFO] [stderr]    Compiling proc-macro2 v1.0.89
[INFO] [stderr]    Compiling unicode-ident v1.0.13
[INFO] [stderr]    Compiling once_cell v1.20.2
[INFO] [stderr]    Compiling cfg-if v1.0.0
[INFO] [stderr]    Compiling utf8parse v0.2.2
[INFO] [stderr]    Compiling cfg_aliases v0.2.1
[INFO] [stderr]    Compiling libc v0.2.161
[INFO] [stderr]    Compiling crossbeam-utils v0.8.20
[INFO] [stderr]    Compiling memchr v2.7.4
[INFO] [stderr]    Compiling anstyle v1.0.8
[INFO] [stderr]    Compiling colorchoice v1.0.2
[INFO] [stderr]    Compiling is_terminal_polyfill v1.70.1
[INFO] [stderr]    Compiling regex-syntax v0.8.5
[INFO] [stderr]    Compiling anstyle-query v1.1.1
[INFO] [stderr]    Compiling anyhow v1.0.91
[INFO] [stderr]    Compiling log v0.4.22
[INFO] [stderr]    Compiling nix v0.29.0
[INFO] [stderr]    Compiling thiserror v1.0.65
[INFO] [stderr]    Compiling anstyle-parse v0.2.5
[INFO] [stderr]    Compiling powerfmt v0.2.0
[INFO] [stderr]    Compiling overload v0.1.1
[INFO] [stderr]    Compiling lazy_static v1.5.0
[INFO] [stderr]    Compiling itoa v1.0.11
[INFO] [stderr]    Compiling sharded-slab v0.1.7
[INFO] [stderr]    Compiling nu-ansi-term v0.46.0
[INFO] [stderr]    Compiling tracing-core v0.1.32
[INFO] [stderr]    Compiling thread_local v1.1.8
[INFO] [stderr]    Compiling anstream v0.6.15
[INFO] [stderr]    Compiling deranged v0.3.11
[INFO] [stderr]    Compiling strsim v0.11.1
[INFO] [stderr]    Compiling pin-project-lite v0.2.14
[INFO] [stderr]    Compiling num-conv v0.1.0
[INFO] [stderr]    Compiling time-core v0.1.2
[INFO] [stderr]    Compiling bitflags v2.6.0
[INFO] [stderr]    Compiling clap_lex v0.7.2
[INFO] [stderr]    Compiling smallvec v1.13.2
[INFO] [stderr]    Compiling unicode-width v0.2.0
[INFO] [stderr]    Compiling utf8-decode v1.0.1
[INFO] [stderr]    Compiling quote v1.0.37
[INFO] [stderr]    Compiling tracing-log v0.2.0
[INFO] [stderr]    Compiling clap_builder v4.5.20
[INFO] [stderr]    Compiling syn v2.0.85
[INFO] [stderr]    Compiling crossbeam-channel v0.5.13
[INFO] [stderr]    Compiling tracing-subscriber v0.3.18
[INFO] [stderr]    Compiling aho-corasick v1.1.3
[INFO] [stderr]    Compiling time v0.3.36
[INFO] [stderr]    Compiling regex-automata v0.4.8
[INFO] [stderr]    Compiling clap v4.5.20
[INFO] [stderr]    Compiling tracing-attributes v0.1.27
[INFO] [stderr]    Compiling thiserror-impl v1.0.65
[INFO] [stderr]    Compiling regex v1.11.1
[INFO] [stderr]    Compiling tracing-appender v0.2.3
[INFO] [stderr]    Compiling tracing v0.1.40
[INFO] [stderr]    Compiling prompt_toolkit v0.1.0 (/opt/rustwide/workdir/prompt_toolkit)
[INFO] [stderr]    Compiling prompt_cli v0.1.0 (/opt/rustwide/workdir/prompt_cli)
[INFO] [stderr]     Finished `dev` profile [unoptimized + debuginfo] target(s) in 25.87s
[INFO] running `Command { std: "docker" "inspect" "4ed9de31d42f32805aecef74534709d87d8b84660db585031f021f5a6fbbb504", kill_on_drop: false }`
[INFO] running `Command { std: "docker" "rm" "-f" "4ed9de31d42f32805aecef74534709d87d8b84660db585031f021f5a6fbbb504", kill_on_drop: false }`
[INFO] [stdout] 4ed9de31d42f32805aecef74534709d87d8b84660db585031f021f5a6fbbb504
[INFO] running `Command { std: "docker" "create" "-v" "/var/lib/crater-agent-workspace/builds/worker-1-tc1/target:/opt/rustwide/target:rw,Z" "-v" "/var/lib/crater-agent-workspace/builds/worker-1-tc1/source:/opt/rustwide/workdir:ro,Z" "-v" "/var/lib/crater-agent-workspace/cargo-home:/opt/rustwide/cargo-home:ro,Z" "-v" "/var/lib/crater-agent-workspace/rustup-home:/opt/rustwide/rustup-home:ro,Z" "-e" "SOURCE_DIR=/opt/rustwide/workdir" "-e" "CARGO_TARGET_DIR=/opt/rustwide/target" "-e" "CARGO_INCREMENTAL=0" "-e" "RUST_BACKTRACE=full" "-e" "RUSTFLAGS=--cap-lints=forbid" "-e" "RUSTDOCFLAGS=--cap-lints=forbid" "-e" "CARGO_HOME=/opt/rustwide/cargo-home" "-e" "RUSTUP_HOME=/opt/rustwide/rustup-home" "-w" "/opt/rustwide/workdir" "-m" "1610612736" "--user" "0:0" "--network" "none" "ghcr.io/rust-lang/crates-build-env/linux@sha256:819108c5571ea2e421544af4d832f968d213c87fbe3707a016657f43d2f853bc" "/opt/rustwide/cargo-home/bin/cargo" "+nightly-2025-01-18" "test" "--frozen" "--no-run" "--message-format=json", kill_on_drop: false }`
[INFO] [stdout] 959d53db3016857c59c8af92d2781f7db6c36f3a778cb088f950745a81fc4bc7
[INFO] running `Command { std: "docker" "start" "-a" "959d53db3016857c59c8af92d2781f7db6c36f3a778cb088f950745a81fc4bc7", kill_on_drop: false }`
[INFO] [stderr]    Compiling bitflags v2.6.0
[INFO] [stderr]    Compiling rustix v0.38.39
[INFO] [stderr]    Compiling linux-raw-sys v0.4.14
[INFO] [stderr]    Compiling fastrand v2.1.1
[INFO] [stderr]    Compiling nix v0.29.0
[INFO] [stderr]    Compiling prompt_toolkit v0.1.0 (/opt/rustwide/workdir/prompt_toolkit)
[INFO] [stderr]    Compiling tempfile v3.13.0
[INFO] [stderr]    Compiling prompt_cli v0.1.0 (/opt/rustwide/workdir/prompt_cli)
[INFO] [stderr]     Finished `test` profile [unoptimized + debuginfo] target(s) in 5.97s
[INFO] running `Command { std: "docker" "inspect" "959d53db3016857c59c8af92d2781f7db6c36f3a778cb088f950745a81fc4bc7", kill_on_drop: false }`
[INFO] running `Command { std: "docker" "rm" "-f" "959d53db3016857c59c8af92d2781f7db6c36f3a778cb088f950745a81fc4bc7", kill_on_drop: false }`
[INFO] [stdout] 959d53db3016857c59c8af92d2781f7db6c36f3a778cb088f950745a81fc4bc7
[INFO] running `Command { std: "docker" "create" "-v" "/var/lib/crater-agent-workspace/builds/worker-1-tc1/target:/opt/rustwide/target:rw,Z" "-v" "/var/lib/crater-agent-workspace/builds/worker-1-tc1/source:/opt/rustwide/workdir:ro,Z" "-v" "/var/lib/crater-agent-workspace/cargo-home:/opt/rustwide/cargo-home:ro,Z" "-v" "/var/lib/crater-agent-workspace/rustup-home:/opt/rustwide/rustup-home:ro,Z" "-e" "SOURCE_DIR=/opt/rustwide/workdir" "-e" "CARGO_TARGET_DIR=/opt/rustwide/target" "-e" "CARGO_INCREMENTAL=0" "-e" "RUST_BACKTRACE=full" "-e" "RUSTFLAGS=--cap-lints=forbid" "-e" "RUSTDOCFLAGS=--cap-lints=forbid" "-e" "CARGO_HOME=/opt/rustwide/cargo-home" "-e" "RUSTUP_HOME=/opt/rustwide/rustup-home" "-w" "/opt/rustwide/workdir" "-m" "1610612736" "--user" "0:0" "--network" "none" "ghcr.io/rust-lang/crates-build-env/linux@sha256:819108c5571ea2e421544af4d832f968d213c87fbe3707a016657f43d2f853bc" "/opt/rustwide/cargo-home/bin/cargo" "+nightly-2025-01-18" "test" "--frozen", kill_on_drop: false }`
[INFO] [stdout] 4cf5b8867806bb6ff2367cc70f6370cb8d70de347668e9402195da4d91b914a2
[INFO] running `Command { std: "docker" "start" "-a" "4cf5b8867806bb6ff2367cc70f6370cb8d70de347668e9402195da4d91b914a2", kill_on_drop: false }`
[INFO] [stderr]     Finished `test` profile [unoptimized + debuginfo] target(s) in 0.09s
[INFO] [stderr]      Running unittests src/main.rs (/opt/rustwide/target/debug/deps/prompt-7c68bd2436567769)
[INFO] [stdout] 
[INFO] [stdout] running 0 tests
[INFO] [stdout] 
[INFO] [stdout] test result: ok. 0 passed; 0 failed; 0 ignored; 0 measured; 0 filtered out; finished in 0.00s
[INFO] [stdout] 
[INFO] [stderr]      Running unittests src/lib.rs (/opt/rustwide/target/debug/deps/prompt_toolkit-06e8c2fb6ca99252)
[INFO] [stdout] 
[INFO] [stdout] running 44 tests
[INFO] [stdout] test filters::base::test::test_basic_filters ... ok
[INFO] [stdout] test filters::base::test::test_condition ... ok
[INFO] [stdout] test filters::base::test::test_condition_filter ... ok
[INFO] [stdout] test filters::base::test::test_from_bool ... ok
[INFO] [stdout] test filters::base::test::test_or ... ok
[INFO] [stdout] test filters::base::test::test_invert ... ok
[INFO] [stdout] test filters::base::test::test_and ... ok
[INFO] [stdout] test input::base::tests::test_dummy_input ... ok
[INFO] [stdout] test input::posix_utils::tests::test_closed_reader ... ok
[INFO] [stdout] test input::posix_utils::tests::test_read_empty ... ok
[INFO] [stdout] test input::vt100::test::test_closed ... ok
[INFO] [stdout] test application::base::test::test_new_application ... ok
[INFO] [stdout] test input::ansi_escape_sequences::test::test_escape_codes ... ok
[INFO] [stdout] test input::ansi_escape_sequences::test::test_control_codes ... ok
[INFO] [stdout] test input::ansi_escape_sequences::test::test_function_keys ... ok
[INFO] [stdout] test input::posix_utils::tests::test_read_from_temp_file ... ok
[INFO] [stdout] test input::posix_utils::tests::test_new_reader ... ok
[INFO] [stdout] test key_bindings::base::tests::test_key_bindings_add ... ok
[INFO] [stdout] test key_bindings::base::tests::test_key_bindings_add_for_all_keys ... ok
[INFO] [stdout] test key_bindings::base::tests::test_key_bindings_get ... ok
[INFO] [stdout] test key_bindings::base::tests::test_key_press_event_new ... ok
[INFO] [stdout] test output::base::test::test_cursor_shapes ... ok
[INFO] [stdout] test styles::base::test::test_attr_setting_merge ... ok
[INFO] [stdout] test styles::base::test::test_attr_setting_is_on ... ok
[INFO] [stdout] test key_bindings::base::tests::test_key_bindings_new ... ok
[INFO] [stdout] test styles::base::test::test_dummy_style ... ok
[INFO] [stdout] test styles::base::test::test_dynamic_style ... ok
[INFO] [stdout] test styles::base::test::test_attrs_merge ... ok
[INFO] [stdout] test styles::base::test::test_dynamic_style_none ... ok
[INFO] [stdout] test styles::color::test::test_ansi_color_background_code ... ok
[INFO] [stdout] test styles::color::test::test_ansi_color_code ... ok
[INFO] [stdout] test styles::color::test::test_ansi_color_rgb ... ok
[INFO] [stdout] test styles::color::test::test_closest_from_rgb ... ok
[INFO] [stdout] test styles::color::test::test_color_rgb ... ok
[INFO] [stdout] test styles::color::test::test_str_to_ansi_color ... ok
[INFO] [stdout] test styles::color::test::test_str_to_color ... ok
[INFO] [stdout] test input::vt100_parser::test::test_prefix_match_cache ... ok
[INFO] [stdout] test input::vt100::test::test_escape_seq ... ok
[INFO] [stdout] test input::vt100_parser::test::test_parser ... ok
[INFO] [stdout] test input::vt100::test::test_single_char ... ok
[INFO] [stdout] test input::vt100::test::test_invalid_seq ... ok
[INFO] [stdout] test input::vt100::test::test_with_temp_file ... ok
[INFO] [stdout] test input::vt100::test::test_raw_mode ... FAILED
[INFO] [stderr] error: test failed, to rerun pass `-p prompt_toolkit --lib`
[INFO] [stdout] test input::vt100::test::test_raw_term_guard_should_panic - should panic ... ok
[INFO] [stdout] 
[INFO] [stdout] failures:
[INFO] [stdout] 
[INFO] [stdout] ---- input::vt100::test::test_raw_mode stdout ----
[INFO] [stdout] 
[INFO] [stdout] thread 'input::vt100::test::test_raw_mode' panicked at prompt_toolkit/src/input/vt100.rs:185:9:
[INFO] [stdout] assertion failed: guard.closed()
[INFO] [stdout] stack backtrace:
[INFO] [stdout]    0:     0x5bb2fde9d56a - std::backtrace_rs::backtrace::libunwind::trace::hb059275cfc8d6126
[INFO] [stdout]                                at /rustc/6067b36314ab5eb2eb47cecc464545ba58e1ad24/library/std/src/../../backtrace/src/backtrace/libunwind.rs:116:5
[INFO] [stdout]    1:     0x5bb2fde9d56a - std::backtrace_rs::backtrace::trace_unsynchronized::h2da071e4327ce3ee
[INFO] [stdout]                                at /rustc/6067b36314ab5eb2eb47cecc464545ba58e1ad24/library/std/src/../../backtrace/src/backtrace/mod.rs:66:5
[INFO] [stdout]    2:     0x5bb2fde9d56a - std::sys::backtrace::_print_fmt::h842a1474e6f8d23f
[INFO] [stdout]                                at /rustc/6067b36314ab5eb2eb47cecc464545ba58e1ad24/library/std/src/sys/backtrace.rs:66:9
[INFO] [stdout]    3:     0x5bb2fde9d56a - <std::sys::backtrace::BacktraceLock::print::DisplayBacktrace as core::fmt::Display>::fmt::h71a62eb3b9696b12
[INFO] [stdout]                                at /rustc/6067b36314ab5eb2eb47cecc464545ba58e1ad24/library/std/src/sys/backtrace.rs:39:26
[INFO] [stdout]    4:     0x5bb2fdec6643 - core::fmt::rt::Argument::fmt::hdb6b616786b41dc1
[INFO] [stdout]                                at /rustc/6067b36314ab5eb2eb47cecc464545ba58e1ad24/library/core/src/fmt/rt.rs:177:76
[INFO] [stdout]    5:     0x5bb2fdec6643 - core::fmt::write::h2cc1698af7e2d686
[INFO] [stdout]                                at /rustc/6067b36314ab5eb2eb47cecc464545ba58e1ad24/library/core/src/fmt/mod.rs:1440:21
[INFO] [stdout]    6:     0x5bb2fde99b83 - std::io::Write::write_fmt::hab1b4cd059a79022
[INFO] [stdout]                                at /rustc/6067b36314ab5eb2eb47cecc464545ba58e1ad24/library/std/src/io/mod.rs:1887:15
[INFO] [stdout]    7:     0x5bb2fde9d3b2 - std::sys::backtrace::BacktraceLock::print::h147fe35b4ea13b08
[INFO] [stdout]                                at /rustc/6067b36314ab5eb2eb47cecc464545ba58e1ad24/library/std/src/sys/backtrace.rs:42:9
[INFO] [stdout]    8:     0x5bb2fde9e98f - std::panicking::default_hook::{{closure}}::hbd44223dbdc0d208
[INFO] [stdout]                                at /rustc/6067b36314ab5eb2eb47cecc464545ba58e1ad24/library/std/src/panicking.rs:298:22
[INFO] [stdout]    9:     0x5bb2fde9e7a8 - std::panicking::default_hook::h20f81eb0576efcec
[INFO] [stdout]                                at /rustc/6067b36314ab5eb2eb47cecc464545ba58e1ad24/library/std/src/panicking.rs:322:9
[INFO] [stdout]   10:     0x5bb2fdbc4563 - <alloc::boxed::Box<F,A> as core::ops::function::Fn<Args>>::call::hdb53814c496a4d34
[INFO] [stdout]                                at /rustc/6067b36314ab5eb2eb47cecc464545ba58e1ad24/library/alloc/src/boxed.rs:2027:9
[INFO] [stdout]   11:     0x5bb2fdbc4563 - test::test_main::{{closure}}::hc0a4963c59427c24
[INFO] [stdout]                                at /rustc/6067b36314ab5eb2eb47cecc464545ba58e1ad24/library/test/src/lib.rs:134:21
[INFO] [stdout]   12:     0x5bb2fde9f483 - <alloc::boxed::Box<F,A> as core::ops::function::Fn<Args>>::call::h591b2225413a77e9
[INFO] [stdout]                                at /rustc/6067b36314ab5eb2eb47cecc464545ba58e1ad24/library/alloc/src/boxed.rs:2027:9
[INFO] [stdout]   13:     0x5bb2fde9f483 - std::panicking::rust_panic_with_hook::h625eea43051b2edc
[INFO] [stdout]                                at /rustc/6067b36314ab5eb2eb47cecc464545ba58e1ad24/library/std/src/panicking.rs:839:13
[INFO] [stdout]   14:     0x5bb2fde9f106 - std::panicking::begin_panic_handler::{{closure}}::h4f9159cfbc3f6bd3
[INFO] [stdout]                                at /rustc/6067b36314ab5eb2eb47cecc464545ba58e1ad24/library/std/src/panicking.rs:697:13
[INFO] [stdout]   15:     0x5bb2fde9da69 - std::sys::backtrace::__rust_end_short_backtrace::h0390abce48353151
[INFO] [stdout]                                at /rustc/6067b36314ab5eb2eb47cecc464545ba58e1ad24/library/std/src/sys/backtrace.rs:168:18
[INFO] [stdout]   16:     0x5bb2fde9edcd - rust_begin_unwind
[INFO] [stdout]                                at /rustc/6067b36314ab5eb2eb47cecc464545ba58e1ad24/library/std/src/panicking.rs:695:5
[INFO] [stdout]   17:     0x5bb2fdec4cb0 - core::panicking::panic_fmt::h9e7c637e9e5f29c9
[INFO] [stdout]                                at /rustc/6067b36314ab5eb2eb47cecc464545ba58e1ad24/library/core/src/panicking.rs:75:14
[INFO] [stdout]   18:     0x5bb2fdec4d3c - core::panicking::panic::haa3255ea20181a33
[INFO] [stdout]                                at /rustc/6067b36314ab5eb2eb47cecc464545ba58e1ad24/library/core/src/panicking.rs:145:5
[INFO] [stdout]   19:     0x5bb2fdb76d2a - prompt_toolkit::input::vt100::test::test_raw_mode::hbd389adc6dee487e
[INFO] [stdout]                                at /opt/rustwide/workdir/prompt_toolkit/src/input/vt100.rs:185:9
[INFO] [stdout]   20:     0x5bb2fdb76b27 - prompt_toolkit::input::vt100::test::test_raw_mode::{{closure}}::h92b5f5f181d12c70
[INFO] [stdout]                                at /opt/rustwide/workdir/prompt_toolkit/src/input/vt100.rs:179:23
[INFO] [stdout]   21:     0x5bb2fdb6a496 - core::ops::function::FnOnce::call_once::ha563634a31287ca4
[INFO] [stdout]                                at /rustc/6067b36314ab5eb2eb47cecc464545ba58e1ad24/library/core/src/ops/function.rs:250:5
[INFO] [stdout]   22:     0x5bb2fdbc9cbb - core::ops::function::FnOnce::call_once::he27718dfdd183f43
[INFO] [stdout]                                at /rustc/6067b36314ab5eb2eb47cecc464545ba58e1ad24/library/core/src/ops/function.rs:250:5
[INFO] [stdout]   23:     0x5bb2fdbc9cbb - test::__rust_begin_short_backtrace::h4e84902998457a5d
[INFO] [stdout]                                at /rustc/6067b36314ab5eb2eb47cecc464545ba58e1ad24/library/test/src/lib.rs:632:18
[INFO] [stdout]   24:     0x5bb2fdbc8bf3 - test::run_test_in_process::{{closure}}::h7176fd18fc1feca0
[INFO] [stdout]                                at /rustc/6067b36314ab5eb2eb47cecc464545ba58e1ad24/library/test/src/lib.rs:655:60
[INFO] [stdout]   25:     0x5bb2fdbc8bf3 - <core::panic::unwind_safe::AssertUnwindSafe<F> as core::ops::function::FnOnce<()>>::call_once::hf79cff2a624d8cf7
[INFO] [stdout]                                at /rustc/6067b36314ab5eb2eb47cecc464545ba58e1ad24/library/core/src/panic/unwind_safe.rs:272:9
[INFO] [stdout]   26:     0x5bb2fdbc8bf3 - std::panicking::try::do_call::h3da0561d9ab99c25
[INFO] [stdout]                                at /rustc/6067b36314ab5eb2eb47cecc464545ba58e1ad24/library/std/src/panicking.rs:587:40
[INFO] [stdout]   27:     0x5bb2fdbc8bf3 - std::panicking::try::h41c9fa508bc61df6
[INFO] [stdout]                                at /rustc/6067b36314ab5eb2eb47cecc464545ba58e1ad24/library/std/src/panicking.rs:550:19
[INFO] [stdout]   28:     0x5bb2fdbc8bf3 - std::panic::catch_unwind::h6b3ff07bb5afad93
[INFO] [stdout]                                at /rustc/6067b36314ab5eb2eb47cecc464545ba58e1ad24/library/std/src/panic.rs:358:14
[INFO] [stdout]   29:     0x5bb2fdbc8bf3 - test::run_test_in_process::hc7253dd11b39b9f4
[INFO] [stdout]                                at /rustc/6067b36314ab5eb2eb47cecc464545ba58e1ad24/library/test/src/lib.rs:655:27
[INFO] [stdout]   30:     0x5bb2fdbc8bf3 - test::run_test::{{closure}}::hfb2007f8649c30bb
[INFO] [stdout]                                at /rustc/6067b36314ab5eb2eb47cecc464545ba58e1ad24/library/test/src/lib.rs:576:43
[INFO] [stdout]   31:     0x5bb2fdb8bcd5 - test::run_test::{{closure}}::h56a17aa7a282a9f4
[INFO] [stdout]                                at /rustc/6067b36314ab5eb2eb47cecc464545ba58e1ad24/library/test/src/lib.rs:606:41
[INFO] [stdout]   32:     0x5bb2fdb8bcd5 - std::sys::backtrace::__rust_begin_short_backtrace::hd2d2d2fb8e8c6aac
[INFO] [stdout]                                at /rustc/6067b36314ab5eb2eb47cecc464545ba58e1ad24/library/std/src/sys/backtrace.rs:152:18
[INFO] [stdout]   33:     0x5bb2fdb8f5ba - std::thread::Builder::spawn_unchecked_::{{closure}}::{{closure}}::h4faa3f9db6133423
[INFO] [stdout]                                at /rustc/6067b36314ab5eb2eb47cecc464545ba58e1ad24/library/std/src/thread/mod.rs:559:17
[INFO] [stdout]   34:     0x5bb2fdb8f5ba - <core::panic::unwind_safe::AssertUnwindSafe<F> as core::ops::function::FnOnce<()>>::call_once::hf2e855a36a4ea846
[INFO] [stdout]                                at /rustc/6067b36314ab5eb2eb47cecc464545ba58e1ad24/library/core/src/panic/unwind_safe.rs:272:9
[INFO] [stdout]   35:     0x5bb2fdb8f5ba - std::panicking::try::do_call::h2f73af3616c35465
[INFO] [stdout]                                at /rustc/6067b36314ab5eb2eb47cecc464545ba58e1ad24/library/std/src/panicking.rs:587:40
[INFO] [stdout]   36:     0x5bb2fdb8f5ba - std::panicking::try::hd1660ce9efadef5a
[INFO] [stdout]                                at /rustc/6067b36314ab5eb2eb47cecc464545ba58e1ad24/library/std/src/panicking.rs:550:19
[INFO] [stdout]   37:     0x5bb2fdb8f5ba - std::panic::catch_unwind::h5ee8d7823b8ca744
[INFO] [stdout]                                at /rustc/6067b36314ab5eb2eb47cecc464545ba58e1ad24/library/std/src/panic.rs:358:14
[INFO] [stdout]   38:     0x5bb2fdb8f5ba - std::thread::Builder::spawn_unchecked_::{{closure}}::h53c3a1894dce8407
[INFO] [stdout]                                at /rustc/6067b36314ab5eb2eb47cecc464545ba58e1ad24/library/std/src/thread/mod.rs:557:30
[INFO] [stdout]   39:     0x5bb2fdb8f5ba - core::ops::function::FnOnce::call_once{{vtable.shim}}::h048ce291ad4f62bf
[INFO] [stdout]                                at /rustc/6067b36314ab5eb2eb47cecc464545ba58e1ad24/library/core/src/ops/function.rs:250:5
[INFO] [stdout]   40:     0x5bb2fdea34ab - <alloc::boxed::Box<F,A> as core::ops::function::FnOnce<Args>>::call_once::ha52bedf99a3b4981
[INFO] [stdout]                                at /rustc/6067b36314ab5eb2eb47cecc464545ba58e1ad24/library/alloc/src/boxed.rs:2013:9
[INFO] [stdout]   41:     0x5bb2fdea34ab - <alloc::boxed::Box<F,A> as core::ops::function::FnOnce<Args>>::call_once::h567748934d80ccf8
[INFO] [stdout]                                at /rustc/6067b36314ab5eb2eb47cecc464545ba58e1ad24/library/alloc/src/boxed.rs:2013:9
[INFO] [stdout]   42:     0x5bb2fdea34ab - std::sys::pal::unix::thread::Thread::new::thread_start::h2d970728ae887adc
[INFO] [stdout]                                at /rustc/6067b36314ab5eb2eb47cecc464545ba58e1ad24/library/std/src/sys/pal/unix/thread.rs:106:17
[INFO] [stdout]   43:     0x775e50900ac3 - <unknown>
[INFO] [stdout]   44:     0x775e50991a04 - clone
[INFO] [stdout]   45:                0x0 - <unknown>
[INFO] [stdout] 
[INFO] [stdout] 
[INFO] [stdout] failures:
[INFO] [stdout]     input::vt100::test::test_raw_mode
[INFO] [stdout] 
[INFO] [stdout] test result: FAILED. 43 passed; 1 failed; 0 ignored; 0 measured; 0 filtered out; finished in 0.08s
[INFO] [stdout] 
[INFO] running `Command { std: "docker" "inspect" "4cf5b8867806bb6ff2367cc70f6370cb8d70de347668e9402195da4d91b914a2", kill_on_drop: false }`
[INFO] running `Command { std: "docker" "rm" "-f" "4cf5b8867806bb6ff2367cc70f6370cb8d70de347668e9402195da4d91b914a2", kill_on_drop: false }`
[INFO] [stdout] 4cf5b8867806bb6ff2367cc70f6370cb8d70de347668e9402195da4d91b914a2
