[INFO] cloning repository https://github.com/davidrusu/ctw
[INFO] running `Command { std: "git" "-c" "credential.helper=" "-c" "credential.helper=/workspace/cargo-home/bin/git-credential-null" "clone" "--bare" "https://github.com/davidrusu/ctw" "/workspace/cache/git-repos/https%3A%2F%2Fgithub.com%2Fdavidrusu%2Fctw", kill_on_drop: false }`
[INFO] [stderr] Cloning into bare repository '/workspace/cache/git-repos/https%3A%2F%2Fgithub.com%2Fdavidrusu%2Fctw'...
[INFO] running `Command { std: "git" "rev-parse" "HEAD", kill_on_drop: false }`
[INFO] [stdout] 5e77c6175d5137a1a81ff7124ffa444c0528c9af
[INFO] testing davidrusu/ctw against nightly-2025-01-18 for randomize-layout-2
[INFO] running `Command { std: "git" "clone" "/workspace/cache/git-repos/https%3A%2F%2Fgithub.com%2Fdavidrusu%2Fctw" "/workspace/builds/worker-0-tc1/source", kill_on_drop: false }`
[INFO] [stderr] Cloning into '/workspace/builds/worker-0-tc1/source'...
[INFO] [stderr] done.
[INFO] validating manifest of git repo https://github.com/davidrusu/ctw on toolchain nightly-2025-01-18
[INFO] running `Command { std: CARGO_HOME="/workspace/cargo-home" RUSTUP_HOME="/workspace/rustup-home" "/workspace/cargo-home/bin/cargo" "+nightly-2025-01-18" "metadata" "--manifest-path" "Cargo.toml" "--no-deps", kill_on_drop: false }`
[INFO] started tweaking git repo https://github.com/davidrusu/ctw
[INFO] finished tweaking git repo https://github.com/davidrusu/ctw
[INFO] tweaked toml for git repo https://github.com/davidrusu/ctw written to /workspace/builds/worker-0-tc1/source/Cargo.toml
[INFO] crate git repo https://github.com/davidrusu/ctw already has a lockfile, it will not be regenerated
[INFO] running `Command { std: CARGO_HOME="/workspace/cargo-home" RUSTUP_HOME="/workspace/rustup-home" "/workspace/cargo-home/bin/cargo" "+nightly-2025-01-18" "fetch" "--manifest-path" "Cargo.toml", kill_on_drop: false }`
[INFO] running `Command { std: "docker" "create" "-v" "/var/lib/crater-agent-workspace/builds/worker-0-tc1/target:/opt/rustwide/target:rw,Z" "-v" "/var/lib/crater-agent-workspace/builds/worker-0-tc1/source:/opt/rustwide/workdir:ro,Z" "-v" "/var/lib/crater-agent-workspace/cargo-home:/opt/rustwide/cargo-home:ro,Z" "-v" "/var/lib/crater-agent-workspace/rustup-home:/opt/rustwide/rustup-home:ro,Z" "-e" "SOURCE_DIR=/opt/rustwide/workdir" "-e" "CARGO_TARGET_DIR=/opt/rustwide/target" "-e" "CARGO_HOME=/opt/rustwide/cargo-home" "-e" "RUSTUP_HOME=/opt/rustwide/rustup-home" "-w" "/opt/rustwide/workdir" "-m" "1610612736" "--user" "0:0" "--network" "none" "ghcr.io/rust-lang/crates-build-env/linux@sha256:819108c5571ea2e421544af4d832f968d213c87fbe3707a016657f43d2f853bc" "/opt/rustwide/cargo-home/bin/cargo" "+nightly-2025-01-18" "metadata" "--no-deps" "--format-version=1", kill_on_drop: false }`
[INFO] [stdout] c52ef386128a15939fa9dc0833c97c7ed02665155692eb8a104dc1fc7725ffb5
[INFO] running `Command { std: "docker" "start" "-a" "c52ef386128a15939fa9dc0833c97c7ed02665155692eb8a104dc1fc7725ffb5", kill_on_drop: false }`
[INFO] running `Command { std: "docker" "inspect" "c52ef386128a15939fa9dc0833c97c7ed02665155692eb8a104dc1fc7725ffb5", kill_on_drop: false }`
[INFO] running `Command { std: "docker" "rm" "-f" "c52ef386128a15939fa9dc0833c97c7ed02665155692eb8a104dc1fc7725ffb5", kill_on_drop: false }`
[INFO] [stdout] c52ef386128a15939fa9dc0833c97c7ed02665155692eb8a104dc1fc7725ffb5
[INFO] running `Command { std: "docker" "create" "-v" "/var/lib/crater-agent-workspace/builds/worker-0-tc1/target:/opt/rustwide/target:rw,Z" "-v" "/var/lib/crater-agent-workspace/builds/worker-0-tc1/source:/opt/rustwide/workdir:ro,Z" "-v" "/var/lib/crater-agent-workspace/cargo-home:/opt/rustwide/cargo-home:ro,Z" "-v" "/var/lib/crater-agent-workspace/rustup-home:/opt/rustwide/rustup-home:ro,Z" "-e" "SOURCE_DIR=/opt/rustwide/workdir" "-e" "CARGO_TARGET_DIR=/opt/rustwide/target" "-e" "CARGO_INCREMENTAL=0" "-e" "RUST_BACKTRACE=full" "-e" "RUSTFLAGS=--cap-lints=forbid" "-e" "RUSTDOCFLAGS=--cap-lints=forbid" "-e" "CARGO_HOME=/opt/rustwide/cargo-home" "-e" "RUSTUP_HOME=/opt/rustwide/rustup-home" "-w" "/opt/rustwide/workdir" "-m" "1610612736" "--user" "0:0" "--network" "none" "ghcr.io/rust-lang/crates-build-env/linux@sha256:819108c5571ea2e421544af4d832f968d213c87fbe3707a016657f43d2f853bc" "/opt/rustwide/cargo-home/bin/cargo" "+nightly-2025-01-18" "build" "--frozen" "--message-format=json", kill_on_drop: false }`
[INFO] [stdout] fc9699b6e1d36de3df1f3c4ab824e4159b1cf317d71847a2d297bf4b9b4d1be6
[INFO] running `Command { std: "docker" "start" "-a" "fc9699b6e1d36de3df1f3c4ab824e4159b1cf317d71847a2d297bf4b9b4d1be6", kill_on_drop: false }`
[INFO] [stderr]    Compiling libc v0.2.119
[INFO] [stderr]    Compiling cfg-if v1.0.0
[INFO] [stderr]    Compiling ppv-lite86 v0.2.16
[INFO] [stderr]    Compiling getrandom v0.2.5
[INFO] [stderr]    Compiling rand_core v0.6.3
[INFO] [stderr]    Compiling rand_chacha v0.3.1
[INFO] [stderr]    Compiling rand v0.8.5
[INFO] [stderr]    Compiling ctw v0.1.0 (/opt/rustwide/workdir)
[INFO] [stdout] warning: the feature `option_get_or_insert_default` has been stable since 1.83.0 and no longer requires an attribute to enable
[INFO] [stdout]  --> src/lib.rs:1:12
[INFO] [stdout]   |
[INFO] [stdout] 1 | #![feature(option_get_or_insert_default)]
[INFO] [stdout]   |            ^^^^^^^^^^^^^^^^^^^^^^^^^^^^
[INFO] [stdout]   |
[INFO] [stdout]   = note: `#[warn(stable_features)]` on by default
[INFO] [stdout] 
[INFO] [stdout] 
[INFO] [stdout] warning: the feature `option_get_or_insert_default` has been stable since 1.83.0 and no longer requires an attribute to enable
[INFO] [stdout]  --> src/main.rs:1:12
[INFO] [stdout]   |
[INFO] [stdout] 1 | #![feature(option_get_or_insert_default)]
[INFO] [stdout]   |            ^^^^^^^^^^^^^^^^^^^^^^^^^^^^
[INFO] [stdout]   |
[INFO] [stdout]   = note: `#[warn(stable_features)]` on by default
[INFO] [stdout] 
[INFO] [stdout] 
[INFO] [stdout] warning: methods `revert_zero` and `revert` are never used
[INFO] [stdout]   --> src/ctw_node.rs:56:12
[INFO] [stdout]    |
[INFO] [stdout] 26 | impl CtwNode {
[INFO] [stdout]    | ------------ methods in this implementation
[INFO] [stdout] ...
[INFO] [stdout] 56 |     pub fn revert_zero(&mut self, context: &[bool]) {
[INFO] [stdout]    |            ^^^^^^^^^^^
[INFO] [stdout] ...
[INFO] [stdout] 82 |     pub fn revert(&mut self, symbol: bool, context: &[bool]) {
[INFO] [stdout]    |            ^^^^^^
[INFO] [stdout]    |
[INFO] [stdout]    = note: `#[warn(dead_code)]` on by default
[INFO] [stdout] 
[INFO] [stdout] 
[INFO] [stdout] warning: method `clear_context` is never used
[INFO] [stdout]   --> src/ctw_tree.rs:47:12
[INFO] [stdout]    |
[INFO] [stdout] 14 | impl CtwTree {
[INFO] [stdout]    | ------------ method in this implementation
[INFO] [stdout] ...
[INFO] [stdout] 47 |     pub fn clear_context(&mut self) {
[INFO] [stdout]    |            ^^^^^^^^^^^^^
[INFO] [stdout] 
[INFO] [stdout] 
[INFO] [stderr]     Finished `dev` profile [unoptimized + debuginfo] target(s) in 3.43s
[INFO] running `Command { std: "docker" "inspect" "fc9699b6e1d36de3df1f3c4ab824e4159b1cf317d71847a2d297bf4b9b4d1be6", kill_on_drop: false }`
[INFO] running `Command { std: "docker" "rm" "-f" "fc9699b6e1d36de3df1f3c4ab824e4159b1cf317d71847a2d297bf4b9b4d1be6", kill_on_drop: false }`
[INFO] [stdout] fc9699b6e1d36de3df1f3c4ab824e4159b1cf317d71847a2d297bf4b9b4d1be6
[INFO] running `Command { std: "docker" "create" "-v" "/var/lib/crater-agent-workspace/builds/worker-0-tc1/target:/opt/rustwide/target:rw,Z" "-v" "/var/lib/crater-agent-workspace/builds/worker-0-tc1/source:/opt/rustwide/workdir:ro,Z" "-v" "/var/lib/crater-agent-workspace/cargo-home:/opt/rustwide/cargo-home:ro,Z" "-v" "/var/lib/crater-agent-workspace/rustup-home:/opt/rustwide/rustup-home:ro,Z" "-e" "SOURCE_DIR=/opt/rustwide/workdir" "-e" "CARGO_TARGET_DIR=/opt/rustwide/target" "-e" "CARGO_INCREMENTAL=0" "-e" "RUST_BACKTRACE=full" "-e" "RUSTFLAGS=--cap-lints=forbid" "-e" "RUSTDOCFLAGS=--cap-lints=forbid" "-e" "CARGO_HOME=/opt/rustwide/cargo-home" "-e" "RUSTUP_HOME=/opt/rustwide/rustup-home" "-w" "/opt/rustwide/workdir" "-m" "1610612736" "--user" "0:0" "--network" "none" "ghcr.io/rust-lang/crates-build-env/linux@sha256:819108c5571ea2e421544af4d832f968d213c87fbe3707a016657f43d2f853bc" "/opt/rustwide/cargo-home/bin/cargo" "+nightly-2025-01-18" "test" "--frozen" "--no-run" "--message-format=json", kill_on_drop: false }`
[INFO] [stdout] 2d0abae2be4943404f4ead6a10d5633a43827cabbed6118081cf0284c4438c0e
[INFO] running `Command { std: "docker" "start" "-a" "2d0abae2be4943404f4ead6a10d5633a43827cabbed6118081cf0284c4438c0e", kill_on_drop: false }`
[INFO] [stderr]    Compiling ctw v0.1.0 (/opt/rustwide/workdir)
[INFO] [stdout] warning: the feature `option_get_or_insert_default` has been stable since 1.83.0 and no longer requires an attribute to enable
[INFO] [stdout]  --> src/lib.rs:1:12
[INFO] [stdout]   |
[INFO] [stdout] 1 | #![feature(option_get_or_insert_default)]
[INFO] [stdout]   |            ^^^^^^^^^^^^^^^^^^^^^^^^^^^^
[INFO] [stdout]   |
[INFO] [stdout]   = note: `#[warn(stable_features)]` on by default
[INFO] [stdout] 
[INFO] [stdout] 
[INFO] [stdout] warning: the feature `option_get_or_insert_default` has been stable since 1.83.0 and no longer requires an attribute to enable
[INFO] [stdout]  --> src/lib.rs:1:12
[INFO] [stdout]   |
[INFO] [stdout] 1 | #![feature(option_get_or_insert_default)]
[INFO] [stdout]   |            ^^^^^^^^^^^^^^^^^^^^^^^^^^^^
[INFO] [stdout]   |
[INFO] [stdout]   = note: `#[warn(stable_features)]` on by default
[INFO] [stdout] 
[INFO] [stdout] 
[INFO] [stdout] warning: the feature `option_get_or_insert_default` has been stable since 1.83.0 and no longer requires an attribute to enable
[INFO] [stdout]  --> src/main.rs:1:12
[INFO] [stdout]   |
[INFO] [stdout] 1 | #![feature(option_get_or_insert_default)]
[INFO] [stdout]   |            ^^^^^^^^^^^^^^^^^^^^^^^^^^^^
[INFO] [stdout]   |
[INFO] [stdout]   = note: `#[warn(stable_features)]` on by default
[INFO] [stdout] 
[INFO] [stdout] 
[INFO] [stdout] warning: methods `revert_zero` and `revert` are never used
[INFO] [stdout]   --> src/ctw_node.rs:56:12
[INFO] [stdout]    |
[INFO] [stdout] 26 | impl CtwNode {
[INFO] [stdout]    | ------------ methods in this implementation
[INFO] [stdout] ...
[INFO] [stdout] 56 |     pub fn revert_zero(&mut self, context: &[bool]) {
[INFO] [stdout]    |            ^^^^^^^^^^^
[INFO] [stdout] ...
[INFO] [stdout] 82 |     pub fn revert(&mut self, symbol: bool, context: &[bool]) {
[INFO] [stdout]    |            ^^^^^^
[INFO] [stdout]    |
[INFO] [stdout]    = note: `#[warn(dead_code)]` on by default
[INFO] [stdout] 
[INFO] [stdout] 
[INFO] [stdout] warning: method `clear_context` is never used
[INFO] [stdout]   --> src/ctw_tree.rs:47:12
[INFO] [stdout]    |
[INFO] [stdout] 14 | impl CtwTree {
[INFO] [stdout]    | ------------ method in this implementation
[INFO] [stdout] ...
[INFO] [stdout] 47 |     pub fn clear_context(&mut self) {
[INFO] [stdout]    |            ^^^^^^^^^^^^^
[INFO] [stdout] 
[INFO] [stdout] 
[INFO] [stderr]     Finished `test` profile [unoptimized + debuginfo] target(s) in 0.40s
[INFO] running `Command { std: "docker" "inspect" "2d0abae2be4943404f4ead6a10d5633a43827cabbed6118081cf0284c4438c0e", kill_on_drop: false }`
[INFO] running `Command { std: "docker" "rm" "-f" "2d0abae2be4943404f4ead6a10d5633a43827cabbed6118081cf0284c4438c0e", kill_on_drop: false }`
[INFO] [stdout] 2d0abae2be4943404f4ead6a10d5633a43827cabbed6118081cf0284c4438c0e
[INFO] running `Command { std: "docker" "create" "-v" "/var/lib/crater-agent-workspace/builds/worker-0-tc1/target:/opt/rustwide/target:rw,Z" "-v" "/var/lib/crater-agent-workspace/builds/worker-0-tc1/source:/opt/rustwide/workdir:ro,Z" "-v" "/var/lib/crater-agent-workspace/cargo-home:/opt/rustwide/cargo-home:ro,Z" "-v" "/var/lib/crater-agent-workspace/rustup-home:/opt/rustwide/rustup-home:ro,Z" "-e" "SOURCE_DIR=/opt/rustwide/workdir" "-e" "CARGO_TARGET_DIR=/opt/rustwide/target" "-e" "CARGO_INCREMENTAL=0" "-e" "RUST_BACKTRACE=full" "-e" "RUSTFLAGS=--cap-lints=forbid" "-e" "RUSTDOCFLAGS=--cap-lints=forbid" "-e" "CARGO_HOME=/opt/rustwide/cargo-home" "-e" "RUSTUP_HOME=/opt/rustwide/rustup-home" "-w" "/opt/rustwide/workdir" "-m" "1610612736" "--user" "0:0" "--network" "none" "ghcr.io/rust-lang/crates-build-env/linux@sha256:819108c5571ea2e421544af4d832f968d213c87fbe3707a016657f43d2f853bc" "/opt/rustwide/cargo-home/bin/cargo" "+nightly-2025-01-18" "test" "--frozen", kill_on_drop: false }`
[INFO] [stdout] 6c7333867c6c6d4c7d4aae4ce5b88c68f6ae864f07a3122b3338e20cc6889b14
[INFO] running `Command { std: "docker" "start" "-a" "6c7333867c6c6d4c7d4aae4ce5b88c68f6ae864f07a3122b3338e20cc6889b14", kill_on_drop: false }`
[INFO] [stderr] warning: the feature `option_get_or_insert_default` has been stable since 1.83.0 and no longer requires an attribute to enable
[INFO] [stderr]  --> src/lib.rs:1:12
[INFO] [stderr]   |
[INFO] [stderr] 1 | #![feature(option_get_or_insert_default)]
[INFO] [stderr]   |            ^^^^^^^^^^^^^^^^^^^^^^^^^^^^
[INFO] [stderr]   |
[INFO] [stderr]   = note: `#[warn(stable_features)]` on by default
[INFO] [stderr] 
[INFO] [stderr] warning: `ctw` (lib) generated 1 warning
[INFO] [stderr] warning: `ctw` (lib test) generated 1 warning (1 duplicate)
[INFO] [stderr] warning: the feature `option_get_or_insert_default` has been stable since 1.83.0 and no longer requires an attribute to enable
[INFO] [stderr]  --> src/main.rs:1:12
[INFO] [stderr]   |
[INFO] [stderr] 1 | #![feature(option_get_or_insert_default)]
[INFO] [stderr]   |            ^^^^^^^^^^^^^^^^^^^^^^^^^^^^
[INFO] [stderr]   |
[INFO] [stderr]   = note: `#[warn(stable_features)]` on by default
[INFO] [stderr] 
[INFO] [stderr] warning: methods `revert_zero` and `revert` are never used
[INFO] [stderr]   --> src/ctw_node.rs:56:12
[INFO] [stderr]    |
[INFO] [stderr] 26 | impl CtwNode {
[INFO] [stderr]    | ------------ methods in this implementation
[INFO] [stderr] ...
[INFO] [stderr] 56 |     pub fn revert_zero(&mut self, context: &[bool]) {
[INFO] [stderr]    |            ^^^^^^^^^^^
[INFO] [stderr] ...
[INFO] [stderr] 82 |     pub fn revert(&mut self, symbol: bool, context: &[bool]) {
[INFO] [stderr]    |            ^^^^^^
[INFO] [stderr]    |
[INFO] [stderr]    = note: `#[warn(dead_code)]` on by default
[INFO] [stderr] 
[INFO] [stderr] warning: method `clear_context` is never used
[INFO] [stderr]   --> src/ctw_tree.rs:47:12
[INFO] [stderr]    |
[INFO] [stderr] 14 | impl CtwTree {
[INFO] [stderr]    | ------------ method in this implementation
[INFO] [stderr] ...
[INFO] [stderr] 47 |     pub fn clear_context(&mut self) {
[INFO] [stderr]    |            ^^^^^^^^^^^^^
[INFO] [stderr] 
[INFO] [stderr] warning: `ctw` (bin "ctw" test) generated 3 warnings
[INFO] [stderr]     Finished `test` profile [unoptimized + debuginfo] target(s) in 0.02s
[INFO] [stderr]      Running unittests src/lib.rs (/opt/rustwide/target/debug/deps/ctw-694b55e181304312)
[INFO] [stdout] 
[INFO] [stdout] running 0 tests
[INFO] [stdout] 
[INFO] [stdout] test result: ok. 0 passed; 0 failed; 0 ignored; 0 measured; 0 filtered out; finished in 0.00s
[INFO] [stdout] 
[INFO] [stderr]      Running unittests src/main.rs (/opt/rustwide/target/debug/deps/ctw-9da4e9524dc4da01)
[INFO] [stdout] 
[INFO] [stdout] running 0 tests
[INFO] [stdout] 
[INFO] [stdout] test result: ok. 0 passed; 0 failed; 0 ignored; 0 measured; 0 filtered out; finished in 0.00s
[INFO] [stdout] 
[INFO] [stderr]    Doc-tests ctw
[INFO] [stdout] 
[INFO] [stdout] running 1 test
[INFO] [stdout] test src/lib.rs - ReadmeDoctests (line 16) ... FAILED
[INFO] [stdout] 
[INFO] [stdout] failures:
[INFO] [stdout] 
[INFO] [stdout] ---- src/lib.rs - ReadmeDoctests (line 16) stdout ----
[INFO] [stdout] Test executable failed (exit status: 101).
[INFO] [stdout] 
[INFO] [stdout] stdout:
[INFO] [stdout] predictions: [0, 1, 0, 1, 0, 1, 0, 1, 0, 1]
[INFO] [stdout] 
[INFO] [stdout] stderr:
[INFO] [stdout] 
[INFO] [stdout] thread 'main' panicked at src/lib.rs:24:1:
[INFO] [stdout] assertion `left == right` failed
[INFO] [stdout]   left: [0, 1, 0, 1, 0, 1, 0, 1, 0, 1]
[INFO] [stdout]  right: [1, 0, 1, 0, 1, 0, 1, 0, 1, 0]
[INFO] [stdout] stack backtrace:
[INFO] [stdout]    0:     0x56226f2b105a - std::backtrace_rs::backtrace::libunwind::trace::hb059275cfc8d6126
[INFO] [stdout]                                at /rustc/6067b36314ab5eb2eb47cecc464545ba58e1ad24/library/std/src/../../backtrace/src/backtrace/libunwind.rs:116:5
[INFO] [stdout]    1:     0x56226f2b105a - std::backtrace_rs::backtrace::trace_unsynchronized::h2da071e4327ce3ee
[INFO] [stdout]                                at /rustc/6067b36314ab5eb2eb47cecc464545ba58e1ad24/library/std/src/../../backtrace/src/backtrace/mod.rs:66:5
[INFO] [stdout]    2:     0x56226f2b105a - std::sys::backtrace::_print_fmt::h842a1474e6f8d23f
[INFO] [stdout]                                at /rustc/6067b36314ab5eb2eb47cecc464545ba58e1ad24/library/std/src/sys/backtrace.rs:66:9
[INFO] [stdout]    3:     0x56226f2b105a - <std::sys::backtrace::BacktraceLock::print::DisplayBacktrace as core::fmt::Display>::fmt::h71a62eb3b9696b12
[INFO] [stdout]                                at /rustc/6067b36314ab5eb2eb47cecc464545ba58e1ad24/library/std/src/sys/backtrace.rs:39:26
[INFO] [stdout]    4:     0x56226f2ce6f3 - core::fmt::rt::Argument::fmt::hdb6b616786b41dc1
[INFO] [stdout]                                at /rustc/6067b36314ab5eb2eb47cecc464545ba58e1ad24/library/core/src/fmt/rt.rs:177:76
[INFO] [stdout]    5:     0x56226f2ce6f3 - core::fmt::write::h2cc1698af7e2d686
[INFO] [stdout]                                at /rustc/6067b36314ab5eb2eb47cecc464545ba58e1ad24/library/core/src/fmt/mod.rs:1440:21
[INFO] [stdout]    6:     0x56226f2ae593 - std::io::Write::write_fmt::h00c8700df393f328
[INFO] [stdout]                                at /rustc/6067b36314ab5eb2eb47cecc464545ba58e1ad24/library/std/src/io/mod.rs:1887:15
[INFO] [stdout]    7:     0x56226f2b0ea2 - std::sys::backtrace::BacktraceLock::print::h147fe35b4ea13b08
[INFO] [stdout]                                at /rustc/6067b36314ab5eb2eb47cecc464545ba58e1ad24/library/std/src/sys/backtrace.rs:42:9
[INFO] [stdout]    8:     0x56226f2b1def - std::panicking::default_hook::{{closure}}::hbd44223dbdc0d208
[INFO] [stdout]                                at /rustc/6067b36314ab5eb2eb47cecc464545ba58e1ad24/library/std/src/panicking.rs:298:22
[INFO] [stdout]    9:     0x56226f2b1c5a - std::panicking::default_hook::h20f81eb0576efcec
[INFO] [stdout]                                at /rustc/6067b36314ab5eb2eb47cecc464545ba58e1ad24/library/std/src/panicking.rs:325:9
[INFO] [stdout]   10:     0x56226f2b26c2 - std::panicking::rust_panic_with_hook::h625eea43051b2edc
[INFO] [stdout]                                at /rustc/6067b36314ab5eb2eb47cecc464545ba58e1ad24/library/std/src/panicking.rs:831:13
[INFO] [stdout]   11:     0x56226f2b255a - std::panicking::begin_panic_handler::{{closure}}::h4f9159cfbc3f6bd3
[INFO] [stdout]                                at /rustc/6067b36314ab5eb2eb47cecc464545ba58e1ad24/library/std/src/panicking.rs:704:13
[INFO] [stdout]   12:     0x56226f2b1559 - std::sys::backtrace::__rust_end_short_backtrace::h0390abce48353151
[INFO] [stdout]                                at /rustc/6067b36314ab5eb2eb47cecc464545ba58e1ad24/library/std/src/sys/backtrace.rs:168:18
[INFO] [stdout]   13:     0x56226f2b21ed - rust_begin_unwind
[INFO] [stdout]                                at /rustc/6067b36314ab5eb2eb47cecc464545ba58e1ad24/library/std/src/panicking.rs:695:5
[INFO] [stdout]   14:     0x56226f2cda30 - core::panicking::panic_fmt::h9e7c637e9e5f29c9
[INFO] [stdout]                                at /rustc/6067b36314ab5eb2eb47cecc464545ba58e1ad24/library/core/src/panicking.rs:75:14
[INFO] [stdout]   15:     0x56226f2cde22 - core::panicking::assert_failed_inner::h538bec7c1374cd9c
[INFO] [stdout]   16:     0x56226f252fc1 - core::panicking::assert_failed::hfcc6f11f1881683c
[INFO] [stdout]   17:     0x56226f25443a - rust_out::main::_doctest_main_src_lib_rs_16_0::h2cfa302bb77c543a
[INFO] [stdout]   18:     0x56226f254086 - rust_out::main::he88f0b9b281d54e0
[INFO] [stdout]   19:     0x56226f252633 - core::ops::function::FnOnce::call_once::hcf3829d8b58d0254
[INFO] [stdout]   20:     0x56226f252256 - std::sys::backtrace::__rust_begin_short_backtrace::h5e1527399e8d5bd4
[INFO] [stdout]   21:     0x56226f252239 - std::rt::lang_start::{{closure}}::h2c234101ed7b1b74
[INFO] [stdout]   22:     0x56226f2abc80 - core::ops::function::impls::<impl core::ops::function::FnOnce<A> for &F>::call_once::h1b085b6c1d2518b2
[INFO] [stdout]                                at /rustc/6067b36314ab5eb2eb47cecc464545ba58e1ad24/library/core/src/ops/function.rs:284:13
[INFO] [stdout]   23:     0x56226f2abc80 - std::panicking::try::do_call::h382f964a5a23b565
[INFO] [stdout]                                at /rustc/6067b36314ab5eb2eb47cecc464545ba58e1ad24/library/std/src/panicking.rs:587:40
[INFO] [stdout]   24:     0x56226f2abc80 - std::panicking::try::h57f991055eb622f9
[INFO] [stdout]                                at /rustc/6067b36314ab5eb2eb47cecc464545ba58e1ad24/library/std/src/panicking.rs:550:19
[INFO] [stdout]   25:     0x56226f2abc80 - std::panic::catch_unwind::h4d9a74ef04456343
[INFO] [stdout]                                at /rustc/6067b36314ab5eb2eb47cecc464545ba58e1ad24/library/std/src/panic.rs:358:14
[INFO] [stdout]   26:     0x56226f2abc80 - std::rt::lang_start_internal::{{closure}}::h2faa8ae84a93f314
[INFO] [stdout]                                at /rustc/6067b36314ab5eb2eb47cecc464545ba58e1ad24/library/std/src/rt.rs:163:24
[INFO] [stdout]   27:     0x56226f2abc80 - std::panicking::try::do_call::h0f8932bf638a9bf5
[INFO] [stdout]                                at /rustc/6067b36314ab5eb2eb47cecc464545ba58e1ad24/library/std/src/panicking.rs:587:40
[INFO] [stdout]   28:     0x56226f2abc80 - std::panicking::try::h683416ea756b175d
[INFO] [stdout]                                at /rustc/6067b36314ab5eb2eb47cecc464545ba58e1ad24/library/std/src/panicking.rs:550:19
[INFO] [stdout]   29:     0x56226f2abc80 - std::panic::catch_unwind::h56189fac8994979f
[INFO] [stdout]                                at /rustc/6067b36314ab5eb2eb47cecc464545ba58e1ad24/library/std/src/panic.rs:358:14
[INFO] [stdout]   30:     0x56226f2abc80 - std::rt::lang_start_internal::h8bbc1061691274fe
[INFO] [stdout]                                at /rustc/6067b36314ab5eb2eb47cecc464545ba58e1ad24/library/std/src/rt.rs:159:5
[INFO] [stdout]   31:     0x56226f252221 - std::rt::lang_start::h601b10a269c70ef7
[INFO] [stdout]   32:     0x56226f254505 - main
[INFO] [stdout]   33:     0x7720bb568d90 - <unknown>
[INFO] [stdout]   34:     0x7720bb568e40 - __libc_start_main
[INFO] [stdout]   35:     0x56226f251325 - _start
[INFO] [stdout]   36:                0x0 - <unknown>
[INFO] [stdout] 
[INFO] [stdout] 
[INFO] [stdout] 
[INFO] [stdout] failures:
[INFO] [stdout]     src/lib.rs - ReadmeDoctests (line 16)
[INFO] [stdout] 
[INFO] [stdout] test result: FAILED. 0 passed; 1 failed; 0 ignored; 0 measured; 0 filtered out; finished in 0.37s
[INFO] [stdout] 
[INFO] [stderr] error: doctest failed, to rerun pass `--doc`
[INFO] running `Command { std: "docker" "inspect" "6c7333867c6c6d4c7d4aae4ce5b88c68f6ae864f07a3122b3338e20cc6889b14", kill_on_drop: false }`
[INFO] running `Command { std: "docker" "rm" "-f" "6c7333867c6c6d4c7d4aae4ce5b88c68f6ae864f07a3122b3338e20cc6889b14", kill_on_drop: false }`
[INFO] [stdout] 6c7333867c6c6d4c7d4aae4ce5b88c68f6ae864f07a3122b3338e20cc6889b14
