[INFO] cloning repository https://github.com/lillycat332/dc-rs
[INFO] running `Command { std: "git" "-c" "credential.helper=" "-c" "credential.helper=/workspace/cargo-home/bin/git-credential-null" "clone" "--bare" "https://github.com/lillycat332/dc-rs" "/workspace/cache/git-repos/https%3A%2F%2Fgithub.com%2Flillycat332%2Fdc-rs", kill_on_drop: false }`
[INFO] [stderr] Cloning into bare repository '/workspace/cache/git-repos/https%3A%2F%2Fgithub.com%2Flillycat332%2Fdc-rs'...
[INFO] running `Command { std: "git" "rev-parse" "HEAD", kill_on_drop: false }`
[INFO] [stdout] 5a8cfd5b5c7838aee536c04a9ef98bd127c11dbc
[INFO] testing lillycat332/dc-rs against nightly-2025-01-18+rustflags=-Zrandomize-layout for randomize-layout-2
[INFO] running `Command { std: "git" "clone" "/workspace/cache/git-repos/https%3A%2F%2Fgithub.com%2Flillycat332%2Fdc-rs" "/workspace/builds/worker-7-tc2/source", kill_on_drop: false }`
[INFO] [stderr] Cloning into '/workspace/builds/worker-7-tc2/source'...
[INFO] [stderr] done.
[INFO] validating manifest of git repo https://github.com/lillycat332/dc-rs on toolchain nightly-2025-01-18
[INFO] running `Command { std: CARGO_HOME="/workspace/cargo-home" RUSTUP_HOME="/workspace/rustup-home" "/workspace/cargo-home/bin/cargo" "+nightly-2025-01-18" "metadata" "--manifest-path" "Cargo.toml" "--no-deps", kill_on_drop: false }`
[INFO] started tweaking git repo https://github.com/lillycat332/dc-rs
[INFO] finished tweaking git repo https://github.com/lillycat332/dc-rs
[INFO] tweaked toml for git repo https://github.com/lillycat332/dc-rs written to /workspace/builds/worker-7-tc2/source/Cargo.toml
[INFO] crate git repo https://github.com/lillycat332/dc-rs already has a lockfile, it will not be regenerated
[INFO] running `Command { std: CARGO_HOME="/workspace/cargo-home" RUSTUP_HOME="/workspace/rustup-home" "/workspace/cargo-home/bin/cargo" "+nightly-2025-01-18" "fetch" "--manifest-path" "Cargo.toml", kill_on_drop: false }`
[INFO] [stderr] warning: unused manifest key: package.license_file
[INFO] [stderr]     Blocking waiting for file lock on package cache
[INFO] [stderr]     Blocking waiting for file lock on package cache
[INFO] running `Command { std: "docker" "create" "-v" "/var/lib/crater-agent-workspace/builds/worker-7-tc2/target:/opt/rustwide/target:rw,Z" "-v" "/var/lib/crater-agent-workspace/builds/worker-7-tc2/source:/opt/rustwide/workdir:ro,Z" "-v" "/var/lib/crater-agent-workspace/cargo-home:/opt/rustwide/cargo-home:ro,Z" "-v" "/var/lib/crater-agent-workspace/rustup-home:/opt/rustwide/rustup-home:ro,Z" "-e" "SOURCE_DIR=/opt/rustwide/workdir" "-e" "CARGO_TARGET_DIR=/opt/rustwide/target" "-e" "CARGO_HOME=/opt/rustwide/cargo-home" "-e" "RUSTUP_HOME=/opt/rustwide/rustup-home" "-w" "/opt/rustwide/workdir" "-m" "1610612736" "--user" "0:0" "--network" "none" "ghcr.io/rust-lang/crates-build-env/linux@sha256:819108c5571ea2e421544af4d832f968d213c87fbe3707a016657f43d2f853bc" "/opt/rustwide/cargo-home/bin/cargo" "+nightly-2025-01-18" "metadata" "--no-deps" "--format-version=1", kill_on_drop: false }`
[INFO] [stdout] 14aa8cdb98cd81b63def8de8ff997efa3351478871d36a3fec131a4a7694958f
[INFO] running `Command { std: "docker" "start" "-a" "14aa8cdb98cd81b63def8de8ff997efa3351478871d36a3fec131a4a7694958f", kill_on_drop: false }`
[INFO] running `Command { std: "docker" "inspect" "14aa8cdb98cd81b63def8de8ff997efa3351478871d36a3fec131a4a7694958f", kill_on_drop: false }`
[INFO] running `Command { std: "docker" "rm" "-f" "14aa8cdb98cd81b63def8de8ff997efa3351478871d36a3fec131a4a7694958f", kill_on_drop: false }`
[INFO] [stdout] 14aa8cdb98cd81b63def8de8ff997efa3351478871d36a3fec131a4a7694958f
[INFO] running `Command { std: "docker" "create" "-v" "/var/lib/crater-agent-workspace/builds/worker-7-tc2/target:/opt/rustwide/target:rw,Z" "-v" "/var/lib/crater-agent-workspace/builds/worker-7-tc2/source:/opt/rustwide/workdir:ro,Z" "-v" "/var/lib/crater-agent-workspace/cargo-home:/opt/rustwide/cargo-home:ro,Z" "-v" "/var/lib/crater-agent-workspace/rustup-home:/opt/rustwide/rustup-home:ro,Z" "-e" "SOURCE_DIR=/opt/rustwide/workdir" "-e" "CARGO_TARGET_DIR=/opt/rustwide/target" "-e" "CARGO_INCREMENTAL=0" "-e" "RUST_BACKTRACE=full" "-e" "RUSTFLAGS=--cap-lints=forbid -Zrandomize-layout" "-e" "RUSTDOCFLAGS=--cap-lints=forbid" "-e" "CARGO_HOME=/opt/rustwide/cargo-home" "-e" "RUSTUP_HOME=/opt/rustwide/rustup-home" "-w" "/opt/rustwide/workdir" "-m" "1610612736" "--user" "0:0" "--network" "none" "ghcr.io/rust-lang/crates-build-env/linux@sha256:819108c5571ea2e421544af4d832f968d213c87fbe3707a016657f43d2f853bc" "/opt/rustwide/cargo-home/bin/cargo" "+nightly-2025-01-18" "build" "--frozen" "--message-format=json", kill_on_drop: false }`
[INFO] [stdout] 23e02a3060307cf22db385257cc4f5c5fc1ac814584ae45a3d442b7a695b78a3
[INFO] running `Command { std: "docker" "start" "-a" "23e02a3060307cf22db385257cc4f5c5fc1ac814584ae45a3d442b7a695b78a3", kill_on_drop: false }`
[INFO] [stderr] warning: unused manifest key: package.license_file
[INFO] [stderr]    Compiling dc-ock v2.0.1 (/opt/rustwide/workdir)
[INFO] [stderr]     Finished `dev` profile [unoptimized + debuginfo] target(s) in 0.21s
[INFO] running `Command { std: "docker" "inspect" "23e02a3060307cf22db385257cc4f5c5fc1ac814584ae45a3d442b7a695b78a3", kill_on_drop: false }`
[INFO] running `Command { std: "docker" "rm" "-f" "23e02a3060307cf22db385257cc4f5c5fc1ac814584ae45a3d442b7a695b78a3", kill_on_drop: false }`
[INFO] [stdout] 23e02a3060307cf22db385257cc4f5c5fc1ac814584ae45a3d442b7a695b78a3
[INFO] running `Command { std: "docker" "create" "-v" "/var/lib/crater-agent-workspace/builds/worker-7-tc2/target:/opt/rustwide/target:rw,Z" "-v" "/var/lib/crater-agent-workspace/builds/worker-7-tc2/source:/opt/rustwide/workdir:ro,Z" "-v" "/var/lib/crater-agent-workspace/cargo-home:/opt/rustwide/cargo-home:ro,Z" "-v" "/var/lib/crater-agent-workspace/rustup-home:/opt/rustwide/rustup-home:ro,Z" "-e" "SOURCE_DIR=/opt/rustwide/workdir" "-e" "CARGO_TARGET_DIR=/opt/rustwide/target" "-e" "CARGO_INCREMENTAL=0" "-e" "RUST_BACKTRACE=full" "-e" "RUSTFLAGS=--cap-lints=forbid -Zrandomize-layout" "-e" "RUSTDOCFLAGS=--cap-lints=forbid" "-e" "CARGO_HOME=/opt/rustwide/cargo-home" "-e" "RUSTUP_HOME=/opt/rustwide/rustup-home" "-w" "/opt/rustwide/workdir" "-m" "1610612736" "--user" "0:0" "--network" "none" "ghcr.io/rust-lang/crates-build-env/linux@sha256:819108c5571ea2e421544af4d832f968d213c87fbe3707a016657f43d2f853bc" "/opt/rustwide/cargo-home/bin/cargo" "+nightly-2025-01-18" "test" "--frozen" "--no-run" "--message-format=json", kill_on_drop: false }`
[INFO] [stdout] e9b65f102b5487c264c37caa282205f5a11ee2d800a621c2c36e839a444d20a3
[INFO] running `Command { std: "docker" "start" "-a" "e9b65f102b5487c264c37caa282205f5a11ee2d800a621c2c36e839a444d20a3", kill_on_drop: false }`
[INFO] [stderr] warning: unused manifest key: package.license_file
[INFO] [stderr]    Compiling dc-ock v2.0.1 (/opt/rustwide/workdir)
[INFO] [stderr]     Finished `test` profile [unoptimized + debuginfo] target(s) in 0.27s
[INFO] running `Command { std: "docker" "inspect" "e9b65f102b5487c264c37caa282205f5a11ee2d800a621c2c36e839a444d20a3", kill_on_drop: false }`
[INFO] running `Command { std: "docker" "rm" "-f" "e9b65f102b5487c264c37caa282205f5a11ee2d800a621c2c36e839a444d20a3", kill_on_drop: false }`
[INFO] [stdout] e9b65f102b5487c264c37caa282205f5a11ee2d800a621c2c36e839a444d20a3
[INFO] running `Command { std: "docker" "create" "-v" "/var/lib/crater-agent-workspace/builds/worker-7-tc2/target:/opt/rustwide/target:rw,Z" "-v" "/var/lib/crater-agent-workspace/builds/worker-7-tc2/source:/opt/rustwide/workdir:ro,Z" "-v" "/var/lib/crater-agent-workspace/cargo-home:/opt/rustwide/cargo-home:ro,Z" "-v" "/var/lib/crater-agent-workspace/rustup-home:/opt/rustwide/rustup-home:ro,Z" "-e" "SOURCE_DIR=/opt/rustwide/workdir" "-e" "CARGO_TARGET_DIR=/opt/rustwide/target" "-e" "CARGO_INCREMENTAL=0" "-e" "RUST_BACKTRACE=full" "-e" "RUSTFLAGS=--cap-lints=forbid -Zrandomize-layout" "-e" "RUSTDOCFLAGS=--cap-lints=forbid" "-e" "CARGO_HOME=/opt/rustwide/cargo-home" "-e" "RUSTUP_HOME=/opt/rustwide/rustup-home" "-w" "/opt/rustwide/workdir" "-m" "1610612736" "--user" "0:0" "--network" "none" "ghcr.io/rust-lang/crates-build-env/linux@sha256:819108c5571ea2e421544af4d832f968d213c87fbe3707a016657f43d2f853bc" "/opt/rustwide/cargo-home/bin/cargo" "+nightly-2025-01-18" "test" "--frozen", kill_on_drop: false }`
[INFO] [stdout] 73948c0a7e339e48f5b120ffb6d8333f3585de9134b90f45a40a2a0aa0e3d237
[INFO] running `Command { std: "docker" "start" "-a" "73948c0a7e339e48f5b120ffb6d8333f3585de9134b90f45a40a2a0aa0e3d237", kill_on_drop: false }`
[INFO] [stderr] warning: unused manifest key: package.license_file
[INFO] [stderr]     Finished `test` profile [unoptimized + debuginfo] target(s) in 0.01s
[INFO] [stderr]      Running unittests src/lib.rs (/opt/rustwide/target/debug/deps/dc_ock-32530ae8988d99c8)
[INFO] [stderr]    Doc-tests dc_ock
[INFO] [stdout] 
[INFO] [stdout] running 0 tests
[INFO] [stdout] 
[INFO] [stdout] test result: ok. 0 passed; 0 failed; 0 ignored; 0 measured; 0 filtered out; finished in 0.00s
[INFO] [stdout] 
[INFO] [stdout] 
[INFO] [stdout] running 2 tests
[INFO] [stdout] test src/lib.rs - safe_eval_with_stack (line 228) ... FAILED
[INFO] [stdout] test src/lib.rs - safe_eval (line 122) ... FAILED
[INFO] [stdout] 
[INFO] [stdout] failures:
[INFO] [stdout] 
[INFO] [stdout] ---- src/lib.rs - safe_eval_with_stack (line 228) stdout ----
[INFO] [stdout] error: expected one of `::`, `;`, or `as`, found `-`
[INFO] [stdout]  --> src/lib.rs:229:7
[INFO] [stdout]   |
[INFO] [stdout] 3 | use dc-ock::safe_eval_with_stack;
[INFO] [stdout]   |       ^ expected one of `::`, `;`, or `as`
[INFO] [stdout] 
[INFO] [stdout] error: aborting due to 1 previous error
[INFO] [stdout] 
[INFO] [stdout] Couldn't compile the test.
[INFO] [stdout] ---- src/lib.rs - safe_eval (line 122) stdout ----
[INFO] [stdout] error: expected one of `::`, `;`, or `as`, found `-`
[INFO] [stdout]  --> src/lib.rs:123:7
[INFO] [stdout]   |
[INFO] [stdout] 3 | use dc-ock::safe_eval;
[INFO] [stdout]   |       ^ expected one of `::`, `;`, or `as`
[INFO] [stdout] 
[INFO] [stdout] error: aborting due to 1 previous error
[INFO] [stdout] 
[INFO] [stdout] Couldn't compile the test.
[INFO] [stdout] 
[INFO] [stdout] failures:
[INFO] [stdout]     src/lib.rs - safe_eval (line 122)
[INFO] [stdout]     src/lib.rs - safe_eval_with_stack (line 228)
[INFO] [stdout] 
[INFO] [stdout] test result: FAILED. 0 passed; 2 failed; 0 ignored; 0 measured; 0 filtered out; finished in 0.09s
[INFO] [stdout] 
[INFO] [stderr] error: doctest failed, to rerun pass `--doc`
[INFO] running `Command { std: "docker" "inspect" "73948c0a7e339e48f5b120ffb6d8333f3585de9134b90f45a40a2a0aa0e3d237", kill_on_drop: false }`
[INFO] running `Command { std: "docker" "rm" "-f" "73948c0a7e339e48f5b120ffb6d8333f3585de9134b90f45a40a2a0aa0e3d237", kill_on_drop: false }`
[INFO] [stdout] 73948c0a7e339e48f5b120ffb6d8333f3585de9134b90f45a40a2a0aa0e3d237
