[INFO] cloning repository https://github.com/keisukew53/anchor-escrow
[INFO] running `Command { std: "git" "-c" "credential.helper=" "-c" "credential.helper=/workspace/cargo-home/bin/git-credential-null" "clone" "--bare" "https://github.com/keisukew53/anchor-escrow" "/workspace/cache/git-repos/https%3A%2F%2Fgithub.com%2Fkeisukew53%2Fanchor-escrow", kill_on_drop: false }`
[INFO] [stderr] Cloning into bare repository '/workspace/cache/git-repos/https%3A%2F%2Fgithub.com%2Fkeisukew53%2Fanchor-escrow'...
[INFO] [stderr] /workspace/cache/git-repos/https%3A%2F%2Fgithub.com%2Fkeisukew53%2Fanchor-escrow/objects/pack: No space left on device
[WARN] Retrying crate fetch in 3 seconds (attempt 1)
[INFO] cloning repository https://github.com/keisukew53/anchor-escrow
[INFO] running `Command { std: "git" "-c" "credential.helper=" "-c" "credential.helper=/workspace/cargo-home/bin/git-credential-null" "clone" "--bare" "https://github.com/keisukew53/anchor-escrow" "/workspace/cache/git-repos/https%3A%2F%2Fgithub.com%2Fkeisukew53%2Fanchor-escrow", kill_on_drop: false }`
[INFO] [stderr] Cloning into bare repository '/workspace/cache/git-repos/https%3A%2F%2Fgithub.com%2Fkeisukew53%2Fanchor-escrow'...
[INFO] [stderr] /workspace/cache/git-repos/https%3A%2F%2Fgithub.com%2Fkeisukew53%2Fanchor-escrow/branches/: No space left on device
[WARN] Retrying crate fetch in 3 seconds (attempt 2)
[INFO] cloning repository https://github.com/keisukew53/anchor-escrow
[INFO] running `Command { std: "git" "-c" "credential.helper=" "-c" "credential.helper=/workspace/cargo-home/bin/git-credential-null" "clone" "--bare" "https://github.com/keisukew53/anchor-escrow" "/workspace/cache/git-repos/https%3A%2F%2Fgithub.com%2Fkeisukew53%2Fanchor-escrow", kill_on_drop: false }`
[INFO] [stderr] Cloning into bare repository '/workspace/cache/git-repos/https%3A%2F%2Fgithub.com%2Fkeisukew53%2Fanchor-escrow'...
[INFO] [stderr] /workspace/cache/git-repos/https%3A%2F%2Fgithub.com%2Fkeisukew53%2Fanchor-escrow: No space left on device
[WARN] Retrying crate fetch in 3 seconds (attempt 3)
[INFO] cloning repository https://github.com/keisukew53/anchor-escrow
[INFO] running `Command { std: "git" "-c" "credential.helper=" "-c" "credential.helper=/workspace/cargo-home/bin/git-credential-null" "clone" "--bare" "https://github.com/keisukew53/anchor-escrow" "/workspace/cache/git-repos/https%3A%2F%2Fgithub.com%2Fkeisukew53%2Fanchor-escrow", kill_on_drop: false }`
[INFO] [stderr] Cloning into bare repository '/workspace/cache/git-repos/https%3A%2F%2Fgithub.com%2Fkeisukew53%2Fanchor-escrow'...
[INFO] [stderr] /workspace/cache/git-repos/https%3A%2F%2Fgithub.com%2Fkeisukew53%2Fanchor-escrow: No space left on device
[WARN] Retrying crate fetch in 3 seconds (attempt 4)
[INFO] cloning repository https://github.com/keisukew53/anchor-escrow
[INFO] running `Command { std: "git" "-c" "credential.helper=" "-c" "credential.helper=/workspace/cargo-home/bin/git-credential-null" "clone" "--bare" "https://github.com/keisukew53/anchor-escrow" "/workspace/cache/git-repos/https%3A%2F%2Fgithub.com%2Fkeisukew53%2Fanchor-escrow", kill_on_drop: false }`
[INFO] [stderr] Cloning into bare repository '/workspace/cache/git-repos/https%3A%2F%2Fgithub.com%2Fkeisukew53%2Fanchor-escrow'...
[INFO] [stderr] /workspace/cache/git-repos/https%3A%2F%2Fgithub.com%2Fkeisukew53%2Fanchor-escrow: No space left on device
[WARN] Retrying crate fetch in 3 seconds (attempt 5)
[INFO] cloning repository https://github.com/keisukew53/anchor-escrow
[INFO] running `Command { std: "git" "-c" "credential.helper=" "-c" "credential.helper=/workspace/cargo-home/bin/git-credential-null" "clone" "--bare" "https://github.com/keisukew53/anchor-escrow" "/workspace/cache/git-repos/https%3A%2F%2Fgithub.com%2Fkeisukew53%2Fanchor-escrow", kill_on_drop: false }`
[INFO] [stderr] Cloning into bare repository '/workspace/cache/git-repos/https%3A%2F%2Fgithub.com%2Fkeisukew53%2Fanchor-escrow'...
[INFO] [stderr] /workspace/cache/git-repos/https%3A%2F%2Fgithub.com%2Fkeisukew53%2Fanchor-escrow: No space left on device
[WARN] Retrying crate fetch in 3 seconds (attempt 6)
[INFO] cloning repository https://github.com/keisukew53/anchor-escrow
[INFO] running `Command { std: "git" "-c" "credential.helper=" "-c" "credential.helper=/workspace/cargo-home/bin/git-credential-null" "clone" "--bare" "https://github.com/keisukew53/anchor-escrow" "/workspace/cache/git-repos/https%3A%2F%2Fgithub.com%2Fkeisukew53%2Fanchor-escrow", kill_on_drop: false }`
[INFO] [stderr] Cloning into bare repository '/workspace/cache/git-repos/https%3A%2F%2Fgithub.com%2Fkeisukew53%2Fanchor-escrow'...
[INFO] [stderr] /workspace/cache/git-repos/https%3A%2F%2Fgithub.com%2Fkeisukew53%2Fanchor-escrow: No space left on device
[WARN] Retrying crate fetch in 3 seconds (attempt 7)
[INFO] cloning repository https://github.com/keisukew53/anchor-escrow
[INFO] running `Command { std: "git" "-c" "credential.helper=" "-c" "credential.helper=/workspace/cargo-home/bin/git-credential-null" "clone" "--bare" "https://github.com/keisukew53/anchor-escrow" "/workspace/cache/git-repos/https%3A%2F%2Fgithub.com%2Fkeisukew53%2Fanchor-escrow", kill_on_drop: false }`
[INFO] [stderr] Cloning into bare repository '/workspace/cache/git-repos/https%3A%2F%2Fgithub.com%2Fkeisukew53%2Fanchor-escrow'...
[INFO] [stderr] /workspace/cache/git-repos/https%3A%2F%2Fgithub.com%2Fkeisukew53%2Fanchor-escrow: No space left on device
[WARN] Retrying crate fetch in 3 seconds (attempt 8)
[INFO] cloning repository https://github.com/keisukew53/anchor-escrow
[INFO] running `Command { std: "git" "-c" "credential.helper=" "-c" "credential.helper=/workspace/cargo-home/bin/git-credential-null" "clone" "--bare" "https://github.com/keisukew53/anchor-escrow" "/workspace/cache/git-repos/https%3A%2F%2Fgithub.com%2Fkeisukew53%2Fanchor-escrow", kill_on_drop: false }`
[INFO] [stderr] Cloning into bare repository '/workspace/cache/git-repos/https%3A%2F%2Fgithub.com%2Fkeisukew53%2Fanchor-escrow'...
[INFO] [stderr] /workspace/cache/git-repos/https%3A%2F%2Fgithub.com%2Fkeisukew53%2Fanchor-escrow: No space left on device
[WARN] Retrying crate fetch in 3 seconds (attempt 9)
[INFO] cloning repository https://github.com/keisukew53/anchor-escrow
[INFO] running `Command { std: "git" "-c" "credential.helper=" "-c" "credential.helper=/workspace/cargo-home/bin/git-credential-null" "clone" "--bare" "https://github.com/keisukew53/anchor-escrow" "/workspace/cache/git-repos/https%3A%2F%2Fgithub.com%2Fkeisukew53%2Fanchor-escrow", kill_on_drop: false }`
[INFO] [stderr] Cloning into bare repository '/workspace/cache/git-repos/https%3A%2F%2Fgithub.com%2Fkeisukew53%2Fanchor-escrow'...
[INFO] [stderr] /workspace/cache/git-repos/https%3A%2F%2Fgithub.com%2Fkeisukew53%2Fanchor-escrow: No space left on device
[WARN] Retrying crate fetch in 3 seconds (attempt 10)
[INFO] cloning repository https://github.com/keisukew53/anchor-escrow
[INFO] running `Command { std: "git" "-c" "credential.helper=" "-c" "credential.helper=/workspace/cargo-home/bin/git-credential-null" "clone" "--bare" "https://github.com/keisukew53/anchor-escrow" "/workspace/cache/git-repos/https%3A%2F%2Fgithub.com%2Fkeisukew53%2Fanchor-escrow", kill_on_drop: false }`
[INFO] [stderr] Cloning into bare repository '/workspace/cache/git-repos/https%3A%2F%2Fgithub.com%2Fkeisukew53%2Fanchor-escrow'...
[INFO] [stderr] /workspace/cache/git-repos/https%3A%2F%2Fgithub.com%2Fkeisukew53%2Fanchor-escrow: No space left on device
[WARN] Retrying crate fetch in 3 seconds (attempt 11)
[INFO] cloning repository https://github.com/keisukew53/anchor-escrow
[INFO] running `Command { std: "git" "-c" "credential.helper=" "-c" "credential.helper=/workspace/cargo-home/bin/git-credential-null" "clone" "--bare" "https://github.com/keisukew53/anchor-escrow" "/workspace/cache/git-repos/https%3A%2F%2Fgithub.com%2Fkeisukew53%2Fanchor-escrow", kill_on_drop: false }`
[INFO] [stderr] Cloning into bare repository '/workspace/cache/git-repos/https%3A%2F%2Fgithub.com%2Fkeisukew53%2Fanchor-escrow'...
[INFO] [stderr] /workspace/cache/git-repos/https%3A%2F%2Fgithub.com%2Fkeisukew53%2Fanchor-escrow: No space left on device
[WARN] Retrying crate fetch in 3 seconds (attempt 12)
[INFO] cloning repository https://github.com/keisukew53/anchor-escrow
[INFO] running `Command { std: "git" "-c" "credential.helper=" "-c" "credential.helper=/workspace/cargo-home/bin/git-credential-null" "clone" "--bare" "https://github.com/keisukew53/anchor-escrow" "/workspace/cache/git-repos/https%3A%2F%2Fgithub.com%2Fkeisukew53%2Fanchor-escrow", kill_on_drop: false }`
[INFO] [stderr] Cloning into bare repository '/workspace/cache/git-repos/https%3A%2F%2Fgithub.com%2Fkeisukew53%2Fanchor-escrow'...
[INFO] [stderr] /workspace/cache/git-repos/https%3A%2F%2Fgithub.com%2Fkeisukew53%2Fanchor-escrow: No space left on device
[WARN] Retrying crate fetch in 3 seconds (attempt 13)
[INFO] cloning repository https://github.com/keisukew53/anchor-escrow
[INFO] running `Command { std: "git" "-c" "credential.helper=" "-c" "credential.helper=/workspace/cargo-home/bin/git-credential-null" "clone" "--bare" "https://github.com/keisukew53/anchor-escrow" "/workspace/cache/git-repos/https%3A%2F%2Fgithub.com%2Fkeisukew53%2Fanchor-escrow", kill_on_drop: false }`
[INFO] [stderr] Cloning into bare repository '/workspace/cache/git-repos/https%3A%2F%2Fgithub.com%2Fkeisukew53%2Fanchor-escrow'...
[INFO] [stderr] /workspace/cache/git-repos/https%3A%2F%2Fgithub.com%2Fkeisukew53%2Fanchor-escrow: No space left on device
[WARN] Retrying crate fetch in 3 seconds (attempt 14)
[INFO] cloning repository https://github.com/keisukew53/anchor-escrow
[INFO] running `Command { std: "git" "-c" "credential.helper=" "-c" "credential.helper=/workspace/cargo-home/bin/git-credential-null" "clone" "--bare" "https://github.com/keisukew53/anchor-escrow" "/workspace/cache/git-repos/https%3A%2F%2Fgithub.com%2Fkeisukew53%2Fanchor-escrow", kill_on_drop: false }`
[INFO] [stderr] Cloning into bare repository '/workspace/cache/git-repos/https%3A%2F%2Fgithub.com%2Fkeisukew53%2Fanchor-escrow'...
[INFO] running `Command { std: "git" "rev-parse" "HEAD", kill_on_drop: false }`
[INFO] [stdout] 579f460c1bb5df98d54b25eeec71124992f807f7
[INFO] testing keisukew53/anchor-escrow against nightly-2025-01-18 for randomize-layout-2
[INFO] running `Command { std: "git" "clone" "/workspace/cache/git-repos/https%3A%2F%2Fgithub.com%2Fkeisukew53%2Fanchor-escrow" "/workspace/builds/worker-3-tc1/source", kill_on_drop: false }`
[INFO] [stderr] Cloning into '/workspace/builds/worker-3-tc1/source'...
[INFO] [stderr] done.
[INFO] validating manifest of git repo https://github.com/keisukew53/anchor-escrow on toolchain nightly-2025-01-18
[INFO] running `Command { std: CARGO_HOME="/workspace/cargo-home" RUSTUP_HOME="/workspace/rustup-home" "/workspace/cargo-home/bin/cargo" "+nightly-2025-01-18" "metadata" "--manifest-path" "Cargo.toml" "--no-deps", kill_on_drop: false }`
[INFO] started tweaking git repo https://github.com/keisukew53/anchor-escrow
[INFO] finished tweaking git repo https://github.com/keisukew53/anchor-escrow
[INFO] tweaked toml for git repo https://github.com/keisukew53/anchor-escrow written to /workspace/builds/worker-3-tc1/source/Cargo.toml
[INFO] crate git repo https://github.com/keisukew53/anchor-escrow already has a lockfile, it will not be regenerated
[INFO] running `Command { std: CARGO_HOME="/workspace/cargo-home" RUSTUP_HOME="/workspace/rustup-home" "/workspace/cargo-home/bin/cargo" "+nightly-2025-01-18" "fetch" "--manifest-path" "Cargo.toml", kill_on_drop: false }`
[INFO] [stderr]     Blocking waiting for file lock on package cache
[INFO] [stderr]     Blocking waiting for file lock on package cache
[INFO] running `Command { std: "docker" "create" "-v" "/var/lib/crater-agent-workspace/builds/worker-3-tc1/target:/opt/rustwide/target:rw,Z" "-v" "/var/lib/crater-agent-workspace/builds/worker-3-tc1/source:/opt/rustwide/workdir:ro,Z" "-v" "/var/lib/crater-agent-workspace/cargo-home:/opt/rustwide/cargo-home:ro,Z" "-v" "/var/lib/crater-agent-workspace/rustup-home:/opt/rustwide/rustup-home:ro,Z" "-e" "SOURCE_DIR=/opt/rustwide/workdir" "-e" "CARGO_TARGET_DIR=/opt/rustwide/target" "-e" "CARGO_HOME=/opt/rustwide/cargo-home" "-e" "RUSTUP_HOME=/opt/rustwide/rustup-home" "-w" "/opt/rustwide/workdir" "-m" "1610612736" "--user" "0:0" "--network" "none" "ghcr.io/rust-lang/crates-build-env/linux@sha256:819108c5571ea2e421544af4d832f968d213c87fbe3707a016657f43d2f853bc" "/opt/rustwide/cargo-home/bin/cargo" "+nightly-2025-01-18" "metadata" "--no-deps" "--format-version=1", kill_on_drop: false }`
[INFO] [stdout] 1280b2e935fb261319905bf1dab56012bcdc28e0b793207b25ea72fd9780eb56
[INFO] running `Command { std: "docker" "start" "-a" "1280b2e935fb261319905bf1dab56012bcdc28e0b793207b25ea72fd9780eb56", kill_on_drop: false }`
[INFO] running `Command { std: "docker" "inspect" "1280b2e935fb261319905bf1dab56012bcdc28e0b793207b25ea72fd9780eb56", kill_on_drop: false }`
[INFO] running `Command { std: "docker" "rm" "-f" "1280b2e935fb261319905bf1dab56012bcdc28e0b793207b25ea72fd9780eb56", kill_on_drop: false }`
[INFO] [stdout] 1280b2e935fb261319905bf1dab56012bcdc28e0b793207b25ea72fd9780eb56
[INFO] running `Command { std: "docker" "create" "-v" "/var/lib/crater-agent-workspace/builds/worker-3-tc1/target:/opt/rustwide/target:rw,Z" "-v" "/var/lib/crater-agent-workspace/builds/worker-3-tc1/source:/opt/rustwide/workdir:ro,Z" "-v" "/var/lib/crater-agent-workspace/cargo-home:/opt/rustwide/cargo-home:ro,Z" "-v" "/var/lib/crater-agent-workspace/rustup-home:/opt/rustwide/rustup-home:ro,Z" "-e" "SOURCE_DIR=/opt/rustwide/workdir" "-e" "CARGO_TARGET_DIR=/opt/rustwide/target" "-e" "CARGO_INCREMENTAL=0" "-e" "RUST_BACKTRACE=full" "-e" "RUSTFLAGS=--cap-lints=forbid" "-e" "RUSTDOCFLAGS=--cap-lints=forbid" "-e" "CARGO_HOME=/opt/rustwide/cargo-home" "-e" "RUSTUP_HOME=/opt/rustwide/rustup-home" "-w" "/opt/rustwide/workdir" "-m" "1610612736" "--user" "0:0" "--network" "none" "ghcr.io/rust-lang/crates-build-env/linux@sha256:819108c5571ea2e421544af4d832f968d213c87fbe3707a016657f43d2f853bc" "/opt/rustwide/cargo-home/bin/cargo" "+nightly-2025-01-18" "build" "--frozen" "--message-format=json", kill_on_drop: false }`
[INFO] [stdout] 20342f4ad6f82c59191121361af21ce92dd6cb78c5e8fc52954fb4e1cac04148
[INFO] running `Command { std: "docker" "start" "-a" "20342f4ad6f82c59191121361af21ce92dd6cb78c5e8fc52954fb4e1cac04148", kill_on_drop: false }`
[INFO] [stderr]    Compiling proc-macro2 v1.0.32
[INFO] [stderr]    Compiling unicode-xid v0.2.2
[INFO] [stderr]    Compiling syn v1.0.81
[INFO] [stderr]    Compiling serde_derive v1.0.130
[INFO] [stderr]    Compiling serde v1.0.130
[INFO] [stderr]    Compiling version_check v0.9.3
[INFO] [stderr]    Compiling typenum v1.14.0
[INFO] [stderr]    Compiling cfg-if v1.0.0
[INFO] [stderr]    Compiling block-padding v0.2.1
[INFO] [stderr]    Compiling opaque-debug v0.3.0
[INFO] [stderr]    Compiling cpufeatures v0.2.1
[INFO] [stderr]    Compiling libc v0.2.106
[INFO] [stderr]    Compiling bs58 v0.3.1
[INFO] [stderr]    Compiling subtle v2.4.1
[INFO] [stderr]    Compiling semver-parser v0.7.0
[INFO] [stderr]    Compiling ryu v1.0.5
[INFO] [stderr]    Compiling anyhow v1.0.45
[INFO] [stderr]    Compiling serde_json v1.0.68
[INFO] [stderr]    Compiling yansi v0.5.0
[INFO] [stderr]    Compiling itoa v0.4.8
[INFO] [stderr]    Compiling crunchy v0.2.2
[INFO] [stderr]    Compiling memchr v2.4.1
[INFO] [stderr]    Compiling unicode-segmentation v1.8.0
[INFO] [stderr]    Compiling semver v0.9.0
[INFO] [stderr]    Compiling getrandom v0.1.16
[INFO] [stderr]    Compiling log v0.4.14
[INFO] [stderr]    Compiling rustc_version v0.2.3
[INFO] [stderr]    Compiling regex-syntax v0.6.25
[INFO] [stderr]    Compiling generic-array v0.14.4
[INFO] [stderr]    Compiling proc-macro2-diagnostics v0.9.1
[INFO] [stderr]    Compiling feature-probe v0.1.1
[INFO] [stderr]    Compiling rustversion v1.0.5
[INFO] [stderr]    Compiling cc v1.0.71
[INFO] [stderr]    Compiling humantime v2.1.0
[INFO] [stderr]    Compiling ppv-lite86 v0.2.15
[INFO] [stderr] error: failed to write `/opt/rustwide/target/debug/build/log-d39ce35bd5039740/output`
[INFO] [stderr] 
[INFO] [stderr] Caused by:
[INFO] [stderr]   No space left on device (os error 28)
[INFO] [stderr] warning: build failed, waiting for other jobs to finish...
[INFO] [stdout] error: error writing dependencies to `/opt/rustwide/target/debug/deps/memchr-f79915562e969c92.d`: No space left on device (os error 28)
[INFO] [stdout] 
[INFO] [stdout] 
[INFO] [stderr] error: could not compile `memchr` (lib) due to 1 previous error
[INFO] [stderr] error: failed to run custom build command for `typenum v1.14.0`
[INFO] [stderr] note: To improve backtraces for build dependencies, set the CARGO_PROFILE_DEV_BUILD_OVERRIDE_DEBUG=true environment variable to enable debug information generation.
[INFO] [stderr] 
[INFO] [stderr] Caused by:
[INFO] [stderr]   process didn't exit successfully: `/opt/rustwide/target/debug/build/typenum-5bbfc709be9c2458/build-script-main` (exit status: 101)
[INFO] [stderr]   --- stdout
[INFO] [stderr]   cargo:rustc-env=TYPENUM_BUILD_CONSTS=/opt/rustwide/target/debug/build/typenum-9e90a8468500c2a6/out/consts.rs
[INFO] [stderr] 
[INFO] [stderr]   --- stderr
[INFO] [stderr] 
[INFO] [stderr]   thread 'main' panicked at /opt/rustwide/cargo-home/registry/src/index.crates.io-1949cf8c6b5b557f/typenum-1.14.0/build/main.rs:168:63:
[INFO] [stderr]   called `Result::unwrap()` on an `Err` value: Os { code: 28, kind: StorageFull, message: "No space left on device" }
[INFO] [stderr]   stack backtrace:
[INFO] [stderr]      0:     0x63fde4cfa57a - std::backtrace_rs::backtrace::libunwind::trace::hb059275cfc8d6126
[INFO] [stderr]                                  at /rustc/6067b36314ab5eb2eb47cecc464545ba58e1ad24/library/std/src/../../backtrace/src/backtrace/libunwind.rs:116:5
[INFO] [stderr]      1:     0x63fde4cfa57a - std::backtrace_rs::backtrace::trace_unsynchronized::h2da071e4327ce3ee
[INFO] [stderr]                                  at /rustc/6067b36314ab5eb2eb47cecc464545ba58e1ad24/library/std/src/../../backtrace/src/backtrace/mod.rs:66:5
[INFO] [stderr]      2:     0x63fde4cfa57a - std::sys::backtrace::_print_fmt::h842a1474e6f8d23f
[INFO] [stderr]                                  at /rustc/6067b36314ab5eb2eb47cecc464545ba58e1ad24/library/std/src/sys/backtrace.rs:66:9
[INFO] [stderr]      3:     0x63fde4cfa57a - <std::sys::backtrace::BacktraceLock::print::DisplayBacktrace as core::fmt::Display>::fmt::h71a62eb3b9696b12
[INFO] [stderr]                                  at /rustc/6067b36314ab5eb2eb47cecc464545ba58e1ad24/library/std/src/sys/backtrace.rs:39:26
[INFO] [stderr]      4:     0x63fde4d17b83 - core::fmt::rt::Argument::fmt::hdb6b616786b41dc1
[INFO] [stderr]                                  at /rustc/6067b36314ab5eb2eb47cecc464545ba58e1ad24/library/core/src/fmt/rt.rs:177:76
[INFO] [stderr]      5:     0x63fde4d17b83 - core::fmt::write::h2cc1698af7e2d686
[INFO] [stderr]                                  at /rustc/6067b36314ab5eb2eb47cecc464545ba58e1ad24/library/core/src/fmt/mod.rs:1440:21
[INFO] [stderr]      6:     0x63fde4cf78d3 - std::io::Write::write_fmt::h00c8700df393f328
[INFO] [stderr]                                  at /rustc/6067b36314ab5eb2eb47cecc464545ba58e1ad24/library/std/src/io/mod.rs:1887:15
[INFO] [stderr]      7:     0x63fde4cfa3c2 - std::sys::backtrace::BacktraceLock::print::h147fe35b4ea13b08
[INFO] [stderr]                                  at /rustc/6067b36314ab5eb2eb47cecc464545ba58e1ad24/library/std/src/sys/backtrace.rs:42:9
[INFO] [stderr]      8:     0x63fde4cfb30f - std::panicking::default_hook::{{closure}}::hbd44223dbdc0d208
[INFO] [stderr]                                  at /rustc/6067b36314ab5eb2eb47cecc464545ba58e1ad24/library/std/src/panicking.rs:298:22
[INFO] [stderr]      9:     0x63fde4cfb17a - std::panicking::default_hook::h20f81eb0576efcec
[INFO] [stderr]                                  at /rustc/6067b36314ab5eb2eb47cecc464545ba58e1ad24/library/std/src/panicking.rs:325:9
[INFO] [stderr]     10:     0x63fde4cfbbe2 - std::panicking::rust_panic_with_hook::h625eea43051b2edc
[INFO] [stderr]                                  at /rustc/6067b36314ab5eb2eb47cecc464545ba58e1ad24/library/std/src/panicking.rs:831:13
[INFO] [stderr]     11:     0x63fde4cfba7a - std::panicking::begin_panic_handler::{{closure}}::h4f9159cfbc3f6bd3
[INFO] [stderr]                                  at /rustc/6067b36314ab5eb2eb47cecc464545ba58e1ad24/library/std/src/panicking.rs:704:13
[INFO] [stderr]     12:     0x63fde4cfaa79 - std::sys::backtrace::__rust_end_short_backtrace::h0390abce48353151
[INFO] [stderr]                                  at /rustc/6067b36314ab5eb2eb47cecc464545ba58e1ad24/library/std/src/sys/backtrace.rs:168:18
[INFO] [stderr]     13:     0x63fde4cfb70d - rust_begin_unwind
[INFO] [stderr]                                  at /rustc/6067b36314ab5eb2eb47cecc464545ba58e1ad24/library/std/src/panicking.rs:695:5
[INFO] [stderr]     14:     0x63fde4d16db0 - core::panicking::panic_fmt::h9e7c637e9e5f29c9
[INFO] [stderr]                                  at /rustc/6067b36314ab5eb2eb47cecc464545ba58e1ad24/library/core/src/panicking.rs:75:14
[INFO] [stderr]     15:     0x63fde4d17156 - core::result::unwrap_failed::h7979f09313fe1849
[INFO] [stderr]                                  at /rustc/6067b36314ab5eb2eb47cecc464545ba58e1ad24/library/core/src/result.rs:1704:5
[INFO] [stderr]     16:     0x63fde4cd0056 - build_script_main::main::h41cad5937cbf1d82
[INFO] [stderr]     17:     0x63fde4cd8273 - core::ops::function::FnOnce::call_once::hdbce9d2c0c60cf37
[INFO] [stderr]     18:     0x63fde4cd5836 - std::sys::backtrace::__rust_begin_short_backtrace::h1d8730d25c9f19b9
[INFO] [stderr]     19:     0x63fde4cd7e89 - std::rt::lang_start::{{closure}}::he6e201f69f7b10d0
[INFO] [stderr]     20:     0x63fde4cf49b0 - core::ops::function::impls::<impl core::ops::function::FnOnce<A> for &F>::call_once::h1b085b6c1d2518b2
[INFO] [stderr]                                  at /rustc/6067b36314ab5eb2eb47cecc464545ba58e1ad24/library/core/src/ops/function.rs:284:13
[INFO] [stderr]     21:     0x63fde4cf49b0 - std::panicking::try::do_call::h382f964a5a23b565
[INFO] [stderr]                                  at /rustc/6067b36314ab5eb2eb47cecc464545ba58e1ad24/library/std/src/panicking.rs:587:40
[INFO] [stderr]     22:     0x63fde4cf49b0 - std::panicking::try::h57f991055eb622f9
[INFO] [stderr]                                  at /rustc/6067b36314ab5eb2eb47cecc464545ba58e1ad24/library/std/src/panicking.rs:550:19
[INFO] [stderr]     23:     0x63fde4cf49b0 - std::panic::catch_unwind::h4d9a74ef04456343
[INFO] [stderr]                                  at /rustc/6067b36314ab5eb2eb47cecc464545ba58e1ad24/library/std/src/panic.rs:358:14
[INFO] [stderr]     24:     0x63fde4cf49b0 - std::rt::lang_start_internal::{{closure}}::h2faa8ae84a93f314
[INFO] [stderr]                                  at /rustc/6067b36314ab5eb2eb47cecc464545ba58e1ad24/library/std/src/rt.rs:163:24
[INFO] [stderr]     25:     0x63fde4cf49b0 - std::panicking::try::do_call::h0f8932bf638a9bf5
[INFO] [stderr]                                  at /rustc/6067b36314ab5eb2eb47cecc464545ba58e1ad24/library/std/src/panicking.rs:587:40
[INFO] [stderr]     26:     0x63fde4cf49b0 - std::panicking::try::h683416ea756b175d
[INFO] [stderr]                                  at /rustc/6067b36314ab5eb2eb47cecc464545ba58e1ad24/library/std/src/panicking.rs:550:19
[INFO] [stderr]     27:     0x63fde4cf49b0 - std::panic::catch_unwind::h56189fac8994979f
[INFO] [stderr]                                  at /rustc/6067b36314ab5eb2eb47cecc464545ba58e1ad24/library/std/src/panic.rs:358:14
[INFO] [stderr]     28:     0x63fde4cf49b0 - std::rt::lang_start_internal::h8bbc1061691274fe
[INFO] [stderr]                                  at /rustc/6067b36314ab5eb2eb47cecc464545ba58e1ad24/library/std/src/rt.rs:159:5
[INFO] [stderr]     29:     0x63fde4cd7e71 - std::rt::lang_start::h42cbe65ea5247084
[INFO] [stderr]     30:     0x63fde4cd0545 - main
[INFO] [stderr]     31:     0x75e408e2fd90 - <unknown>
[INFO] [stderr]     32:     0x75e408e2fe40 - __libc_start_main
[INFO] [stderr]     33:     0x63fde4cc3495 - _start
[INFO] [stderr]     34:                0x0 - <unknown>
[INFO] [stderr] rustc-LLVM ERROR: IO failure on output stream: No space left on device
[INFO] [stderr] error: could not parse/generate dep info at: /opt/rustwide/target/debug/deps/feature_probe-2f6c1b79090dfd5f.d
[INFO] [stderr] 
[INFO] [stderr] Caused by:
[INFO] [stderr]   failed to write `/opt/rustwide/target/debug/.fingerprint/feature-probe-2f6c1b79090dfd5f/dep-lib-feature_probe`
[INFO] [stderr] 
[INFO] [stderr] Caused by:
[INFO] [stderr]   No space left on device (os error 28)
[INFO] [stderr] error: could not compile `rustversion` (build script)
[INFO] [stderr] 
[INFO] [stderr] Caused by:
[INFO] [stderr]   No space left on device (os error 28)
[INFO] [stderr] 
[INFO] [stderr] Caused by:
[INFO] [stderr]   failed to parse process output: `/opt/rustwide/rustup-home/toolchains/nightly-2025-01-18-x86_64-unknown-linux-gnu/bin/rustc --crate-name build_script_build --edition=2018 /opt/rustwide/cargo-home/registry/src/index.crates.io-1949cf8c6b5b557f/rustversion-1.0.5/build/build.rs --error-format=json --json=diagnostic-rendered-ansi,artifacts,future-incompat --crate-type bin --emit=dep-info,link -C embed-bitcode=no --check-cfg 'cfg(docsrs,test)' --check-cfg 'cfg(feature, values())' -C metadata=cc7898403b2af510 -C extra-filename=-735c195da9aa8faf --out-dir /opt/rustwide/target/debug/build/rustversion-735c195da9aa8faf -L dependency=/opt/rustwide/target/debug/deps --cap-lints allow --cap-lints=forbid` (exit status: 101)
[INFO] [stdout] error: linking with `cc` failed: exit status: 1
[INFO] [stdout]   |
[INFO] [stdout]   = note: LC_ALL="C" PATH="/opt/rustwide/rustup-home/toolchains/nightly-2025-01-18-x86_64-unknown-linux-gnu/lib/rustlib/x86_64-unknown-linux-gnu/bin:/opt/rustwide/rustup-home/toolchains/nightly-2025-01-18-x86_64-unknown-linux-gnu/lib/rustlib/x86_64-unknown-linux-gnu/bin/self-contained:/opt/rustwide/cargo-home/bin:/usr/local/sbin:/usr/local/bin:/usr/sbin:/usr/bin:/sbin:/bin" VSLANG="1033" "cc" "-m64" "/tmp/rustcjvg5zo/symbols.o" "<2 object files omitted>" "-Wl,--as-needed" "-Wl,-Bstatic" "/opt/rustwide/target/debug/deps/{libversion_check-7b4782a97d65a983.rlib}" "/opt/rustwide/rustup-home/toolchains/nightly-2025-01-18-x86_64-unknown-linux-gnu/lib/rustlib/x86_64-unknown-linux-gnu/lib/{libstd-006123e2ce67e99d.rlib,libpanic_unwind-e1447e1efa6f1e57.rlib,libobject-f6963a4916fcf097.rlib,libmemchr-49a2d9af912f4524.rlib,libaddr2line-04d19aad3936869d.rlib,libgimli-483c235edb789db0.rlib,librustc_demangle-294281af50b8f748.rlib,libstd_detect-3b08295250aabc2a.rlib,libhashbrown-4472d1e05ba0dfaf.rlib,librustc_std_workspace_alloc-2ef099fac590e457.rlib,libminiz_oxide-8a51f5e848546c29.rlib,libadler2-3d3fa22b868db521.rlib,libunwind-0ffda8b08e22dbea.rlib,libcfg_if-b08f62458fdd43b9.rlib,liblibc-559675126e63b890.rlib,liballoc-fcf21c8d1c9c7b75.rlib,librustc_std_workspace_core-e0b0460135bcf21d.rlib,libcore-d4097fdcbddd3bc7.rlib,libcompiler_builtins-fea484ac1eed7881.rlib}" "-Wl,-Bdynamic" "-lgcc_s" "-lutil" "-lrt" "-lpthread" "-lm" "-ldl" "-lc" "-B/opt/rustwide/rustup-home/toolchains/nightly-2025-01-18-x86_64-unknown-linux-gnu/lib/rustlib/x86_64-unknown-linux-gnu/bin/gcc-ld" "-fuse-ld=lld" "-Wl,--eh-frame-hdr" "-Wl,-z,noexecstack" "-L" "/opt/rustwide/rustup-home/toolchains/nightly-2025-01-18-x86_64-unknown-linux-gnu/lib/rustlib/x86_64-unknown-linux-gnu/lib" "-o" "/opt/rustwide/target/debug/build/proc-macro2-diagnostics-6014081df01e41af/build_script_build-6014081df01e41af" "-Wl,--gc-sections" "-pie" "-Wl,-z,relro,-z,now" "-nodefaultlibs"
[INFO] [stdout]   = note: some arguments are omitted. use `--verbose` to show all linker arguments
[INFO] [stdout]   = note: collect2: fatal error: ld terminated with signal 7 [Bus error], core dumped
[INFO] [stdout]           compilation terminated.
[INFO] [stdout]           
[INFO] [stdout] 
[INFO] [stdout] 
[INFO] [stderr] error: could not compile `proc-macro2-diagnostics` (build script) due to 1 previous error
[INFO] [stdout] error: failed to write /tmp/rustcDdoITT/lib.rmeta: No space left on device (os error 28)
[INFO] [stdout] 
[INFO] [stdout] 
[INFO] [stderr] error: could not compile `regex-syntax` (lib) due to 1 previous error
[INFO] running `Command { std: "docker" "inspect" "20342f4ad6f82c59191121361af21ce92dd6cb78c5e8fc52954fb4e1cac04148", kill_on_drop: false }`
[INFO] running `Command { std: "docker" "rm" "-f" "20342f4ad6f82c59191121361af21ce92dd6cb78c5e8fc52954fb4e1cac04148", kill_on_drop: false }`
[INFO] [stdout] 20342f4ad6f82c59191121361af21ce92dd6cb78c5e8fc52954fb4e1cac04148
