[INFO] cloning repository https://github.com/jzanecook/yikes-pingora-proxy
[INFO] running `Command { std: "git" "-c" "credential.helper=" "-c" "credential.helper=/workspace/cargo-home/bin/git-credential-null" "clone" "--bare" "https://github.com/jzanecook/yikes-pingora-proxy" "/workspace/cache/git-repos/https%3A%2F%2Fgithub.com%2Fjzanecook%2Fyikes-pingora-proxy", kill_on_drop: false }`
[INFO] [stderr] Cloning into bare repository '/workspace/cache/git-repos/https%3A%2F%2Fgithub.com%2Fjzanecook%2Fyikes-pingora-proxy'...
[INFO] running `Command { std: "git" "rev-parse" "HEAD", kill_on_drop: false }`
[INFO] [stdout] 8e23d5230fab9faab8486f316ba7aca3cc5ee2a3
[INFO] testing jzanecook/yikes-pingora-proxy against nightly-2025-01-18 for randomize-layout-2
[INFO] running `Command { std: "git" "clone" "/workspace/cache/git-repos/https%3A%2F%2Fgithub.com%2Fjzanecook%2Fyikes-pingora-proxy" "/workspace/builds/worker-3-tc1/source", kill_on_drop: false }`
[INFO] [stderr] Cloning into '/workspace/builds/worker-3-tc1/source'...
[INFO] [stderr] done.
[INFO] validating manifest of git repo https://github.com/jzanecook/yikes-pingora-proxy on toolchain nightly-2025-01-18
[INFO] running `Command { std: CARGO_HOME="/workspace/cargo-home" RUSTUP_HOME="/workspace/rustup-home" "/workspace/cargo-home/bin/cargo" "+nightly-2025-01-18" "metadata" "--manifest-path" "Cargo.toml" "--no-deps", kill_on_drop: false }`
[INFO] started tweaking git repo https://github.com/jzanecook/yikes-pingora-proxy
[INFO] finished tweaking git repo https://github.com/jzanecook/yikes-pingora-proxy
[INFO] tweaked toml for git repo https://github.com/jzanecook/yikes-pingora-proxy written to /workspace/builds/worker-3-tc1/source/Cargo.toml
[INFO] crate git repo https://github.com/jzanecook/yikes-pingora-proxy already has a lockfile, it will not be regenerated
[INFO] running `Command { std: CARGO_HOME="/workspace/cargo-home" RUSTUP_HOME="/workspace/rustup-home" "/workspace/cargo-home/bin/cargo" "+nightly-2025-01-18" "fetch" "--manifest-path" "Cargo.toml", kill_on_drop: false }`
[INFO] [stderr]     Updating crates.io index
[INFO] [stderr]  Downloading crates ...
[INFO] [stderr]   Downloaded pingora-error v0.1.0
[INFO] [stderr]   Downloaded sentry v0.26.0
[INFO] [stderr]   Downloaded pingora-proxy v0.1.0
[INFO] [stderr]   Downloaded pingora-openssl v0.1.0
[INFO] [stderr]   Downloaded sentry-panic v0.26.0
[INFO] [stderr]   Downloaded pingora-http v0.1.0
[INFO] [stderr]   Downloaded rustracing v0.5.1
[INFO] [stderr]   Downloaded pingora-load-balancing v0.1.0
[INFO] [stderr]   Downloaded sentry-core v0.26.0
[INFO] [stderr]   Downloaded pingora-ketama v0.1.0
[INFO] [stderr]   Downloaded arc-swap v1.7.0
[INFO] [stderr]   Downloaded pingora-cache v0.1.0
[INFO] [stderr]   Downloaded rustracing_jaeger v0.7.0
[INFO] [stderr]   Downloaded pingora-pool v0.1.0
[INFO] [stderr]   Downloaded pingora-core v0.1.0
[INFO] [stderr]   Downloaded pingora-header-serde v0.1.0
[INFO] [stderr]   Downloaded sentry-types v0.26.0
[INFO] [stderr]   Downloaded pingora-lru v0.1.0
[INFO] [stderr]   Downloaded pingora-runtime v0.1.0
[INFO] [stderr]   Downloaded sentry-contexts v0.26.0
[INFO] [stderr]   Downloaded sentry-backtrace v0.26.0
[INFO] [stderr]   Downloaded sfv v0.9.4
[INFO] [stderr]   Downloaded pingora-timeout v0.1.0
[INFO] [stderr]   Downloaded pingora v0.1.0
[INFO] running `Command { std: "docker" "create" "-v" "/var/lib/crater-agent-workspace/builds/worker-3-tc1/target:/opt/rustwide/target:rw,Z" "-v" "/var/lib/crater-agent-workspace/builds/worker-3-tc1/source:/opt/rustwide/workdir:ro,Z" "-v" "/var/lib/crater-agent-workspace/cargo-home:/opt/rustwide/cargo-home:ro,Z" "-v" "/var/lib/crater-agent-workspace/rustup-home:/opt/rustwide/rustup-home:ro,Z" "-e" "SOURCE_DIR=/opt/rustwide/workdir" "-e" "CARGO_TARGET_DIR=/opt/rustwide/target" "-e" "CARGO_HOME=/opt/rustwide/cargo-home" "-e" "RUSTUP_HOME=/opt/rustwide/rustup-home" "-w" "/opt/rustwide/workdir" "-m" "1610612736" "--user" "0:0" "--network" "none" "ghcr.io/rust-lang/crates-build-env/linux@sha256:819108c5571ea2e421544af4d832f968d213c87fbe3707a016657f43d2f853bc" "/opt/rustwide/cargo-home/bin/cargo" "+nightly-2025-01-18" "metadata" "--no-deps" "--format-version=1", kill_on_drop: false }`
[INFO] [stdout] e7be274814973d11159f7e8c3881ed2633dbd72675ceae7d3bb7f66e3151161a
[INFO] running `Command { std: "docker" "start" "-a" "e7be274814973d11159f7e8c3881ed2633dbd72675ceae7d3bb7f66e3151161a", kill_on_drop: false }`
[INFO] running `Command { std: "docker" "inspect" "e7be274814973d11159f7e8c3881ed2633dbd72675ceae7d3bb7f66e3151161a", kill_on_drop: false }`
[INFO] running `Command { std: "docker" "rm" "-f" "e7be274814973d11159f7e8c3881ed2633dbd72675ceae7d3bb7f66e3151161a", kill_on_drop: false }`
[INFO] [stdout] e7be274814973d11159f7e8c3881ed2633dbd72675ceae7d3bb7f66e3151161a
[INFO] running `Command { std: "docker" "create" "-v" "/var/lib/crater-agent-workspace/builds/worker-3-tc1/target:/opt/rustwide/target:rw,Z" "-v" "/var/lib/crater-agent-workspace/builds/worker-3-tc1/source:/opt/rustwide/workdir:ro,Z" "-v" "/var/lib/crater-agent-workspace/cargo-home:/opt/rustwide/cargo-home:ro,Z" "-v" "/var/lib/crater-agent-workspace/rustup-home:/opt/rustwide/rustup-home:ro,Z" "-e" "SOURCE_DIR=/opt/rustwide/workdir" "-e" "CARGO_TARGET_DIR=/opt/rustwide/target" "-e" "CARGO_INCREMENTAL=0" "-e" "RUST_BACKTRACE=full" "-e" "RUSTFLAGS=--cap-lints=forbid" "-e" "RUSTDOCFLAGS=--cap-lints=forbid" "-e" "CARGO_HOME=/opt/rustwide/cargo-home" "-e" "RUSTUP_HOME=/opt/rustwide/rustup-home" "-w" "/opt/rustwide/workdir" "-m" "1610612736" "--user" "0:0" "--network" "none" "ghcr.io/rust-lang/crates-build-env/linux@sha256:819108c5571ea2e421544af4d832f968d213c87fbe3707a016657f43d2f853bc" "/opt/rustwide/cargo-home/bin/cargo" "+nightly-2025-01-18" "build" "--frozen" "--message-format=json", kill_on_drop: false }`
[INFO] [stdout] f7d8b635f3e852af1f7e01e12d5f2b89124a50a0c62e1e8214726d1462d3edda
[INFO] running `Command { std: "docker" "start" "-a" "f7d8b635f3e852af1f7e01e12d5f2b89124a50a0c62e1e8214726d1462d3edda", kill_on_drop: false }`
[INFO] [stderr]    Compiling libc v0.2.153
[INFO] [stderr]    Compiling proc-macro2 v1.0.78
[INFO] [stderr]    Compiling unicode-ident v1.0.12
[INFO] [stderr]    Compiling cfg-if v1.0.0
[INFO] [stderr]    Compiling autocfg v1.1.0
[INFO] [stderr]    Compiling version_check v0.9.4
[INFO] [stderr]    Compiling memchr v2.7.1
[INFO] [stderr]    Compiling once_cell v1.19.0
[INFO] [stderr]    Compiling pin-project-lite v0.2.13
[INFO] [stderr]    Compiling bytes v1.5.0
[INFO] [stderr]    Compiling itoa v1.0.10
[INFO] [stderr]    Compiling futures-core v0.3.30
[INFO] [stderr]    Compiling serde v1.0.197
[INFO] [stderr]    Compiling futures-sink v0.3.30
[INFO] [stderr]    Compiling pin-utils v0.1.0
[INFO] [stderr]    Compiling futures-task v0.3.30
[INFO] [stderr]    Compiling zerocopy v0.7.32
[INFO] [stderr]    Compiling futures-io v0.3.30
[INFO] [stderr]    Compiling futures-channel v0.3.30
[INFO] [stderr]    Compiling fnv v1.0.7
[INFO] [stderr]    Compiling allocator-api2 v0.2.16
[INFO] [stderr]    Compiling percent-encoding v2.3.1
[INFO] [stderr]    Compiling slab v0.4.9
[INFO] [stderr]    Compiling ppv-lite86 v0.2.17
[INFO] [stderr]    Compiling tinyvec_macros v0.1.1
[INFO] [stderr]    Compiling syn v1.0.109
[INFO] [stderr]    Compiling ahash v0.8.11
[INFO] [stderr]    Compiling tinyvec v1.6.0
[INFO] [stderr]    Compiling ryu v1.0.17
[INFO] [stderr]    Compiling form_urlencoded v1.2.1
[INFO] [stderr]    Compiling thiserror v1.0.57
[INFO] [stderr]    Compiling serde_json v1.0.114
[INFO] [stderr]    Compiling unicode-bidi v0.3.15
[INFO] [stderr]    Compiling tracing-core v0.1.32
[INFO] [stderr]    Compiling log v0.4.21
[INFO] [stderr]    Compiling powerfmt v0.2.0
[INFO] [stderr]    Compiling equivalent v1.0.1
[INFO] [stderr]    Compiling pkg-config v0.3.30
[INFO] [stderr]    Compiling vcpkg v0.2.15
[INFO] [stderr]    Compiling spin v0.9.8
[INFO] [stderr]    Compiling untrusted v0.9.0
[INFO] [stderr]    Compiling num-traits v0.2.18
[INFO] [stderr]    Compiling deranged v0.3.11
[INFO] [stderr]    Compiling aho-corasick v1.1.2
[INFO] [stderr]    Compiling lock_api v0.4.11
[INFO] [stderr]    Compiling num-conv v0.1.0
[INFO] [stderr]    Compiling gimli v0.28.1
[INFO] [stderr]    Compiling semver v1.0.22
[INFO] [stderr]    Compiling parking_lot_core v0.9.9
[INFO] [stderr]    Compiling tracing v0.1.40
[INFO] [stderr]    Compiling time-core v0.1.2
[INFO] [stderr]    Compiling regex-syntax v0.8.2
[INFO] [stderr]    Compiling httparse v1.8.0
[INFO] [stderr]    Compiling crossbeam-utils v0.8.19
[INFO] [stderr]    Compiling jobserver v0.1.28
[INFO] [stderr]    Compiling quote v1.0.35
[INFO] [stderr]    Compiling lazy_static v1.4.0
[INFO] [stderr]    Compiling adler v1.0.2
[INFO] [stderr]    Compiling cc v1.0.90
[INFO] [stderr]    Compiling miniz_oxide v0.7.2
[INFO] [stderr]    Compiling object v0.32.2
[INFO] [stderr]    Compiling http v0.2.12
[INFO] [stderr]    Compiling rustc-demangle v0.1.23
[INFO] [stderr]    Compiling hex v0.4.3
[INFO] [stderr]    Compiling syn v2.0.52
[INFO] [stderr]    Compiling unicode-normalization v0.1.23
[INFO] [stderr]    Compiling scopeguard v1.2.0
[INFO] [stderr]    Compiling smallvec v1.13.1
[INFO] [stderr]    Compiling rustls v0.21.10
[INFO] [stderr]    Compiling time v0.3.34
[INFO] [stderr]    Compiling proc-macro-error-attr v1.0.4
[INFO] [stderr]    Compiling idna v0.5.0
[INFO] [stderr]    Compiling typenum v1.17.0
[INFO] [stderr]    Compiling openssl-src v300.2.3+3.2.1
[INFO] [stderr]    Compiling try-lock v0.2.5
[INFO] [stderr]    Compiling want v0.3.1
[INFO] [stderr]    Compiling http-body v0.4.6
[INFO] [stderr]    Compiling cmake v0.1.50
[INFO] [stderr]    Compiling rustc_version v0.4.0
[INFO] [stderr]    Compiling getrandom v0.2.12
[INFO] [stderr]    Compiling socket2 v0.5.6
[INFO] [stderr]    Compiling signal-hook-registry v1.4.1
[INFO] [stderr]    Compiling num_cpus v1.16.0
[INFO] [stderr]    Compiling mio v0.8.11
[INFO] [stderr]    Compiling rand_core v0.6.4
[INFO] [stderr]    Compiling ring v0.17.8
[INFO] [stdout] error[E0282]: type annotations needed for `Box<_>`
[INFO] [stdout]   --> /opt/rustwide/cargo-home/registry/src/index.crates.io-1949cf8c6b5b557f/time-0.3.34/src/format_description/parse/mod.rs:83:9
[INFO] [stdout]    |
[INFO] [stdout] 83 |     let items = format_items
[INFO] [stdout]    |         ^^^^^
[INFO] [stdout] ...
[INFO] [stdout] 86 |     Ok(items.into())
[INFO] [stdout]    |              ---- type must be known at this point
[INFO] [stdout]    |
[INFO] [stdout]    = note: this is an inference error on crate `time` caused by an API change in Rust 1.80.0; update `time` to version `>=0.3.35` by calling `cargo update`
[INFO] [stdout] 
[INFO] [stdout] 
[INFO] [stderr]    Compiling openssl-sys v0.9.101
[INFO] [stderr]    Compiling backtrace v0.3.69
[INFO] [stderr]    Compiling hashbrown v0.14.3
[INFO] [stderr]    Compiling rand_chacha v0.3.1
[INFO] [stderr]    Compiling zstd-sys v1.6.2+zstd.1.5.1
[INFO] [stderr]    Compiling generic-array v0.14.7
[INFO] [stderr]    Compiling proc-macro-error v1.0.4
[INFO] [stderr]    Compiling thread_local v1.1.8
[INFO] [stdout] For more information about this error, try `rustc --explain E0282`.
[INFO] [stdout] 
[INFO] [stderr] error: could not compile `time` (lib) due to 1 previous error
[INFO] [stderr] warning: build failed, waiting for other jobs to finish...
[INFO] [stderr] warning: openssl-sys@0.9.101: Compiler version doesn't include clang or GCC: "cc" "--version"
[INFO] [stderr] error: failed to run custom build command for `openssl-sys v0.9.101`
[INFO] [stderr] note: To improve backtraces for build dependencies, set the CARGO_PROFILE_DEV_BUILD_OVERRIDE_DEBUG=true environment variable to enable debug information generation.
[INFO] [stderr] 
[INFO] [stderr] Caused by:
[INFO] [stderr]   process didn't exit successfully: `/opt/rustwide/target/debug/build/openssl-sys-3d19a47559c22486/build-script-main` (exit status: 101)
[INFO] [stderr]   --- stdout
[INFO] [stderr]   cargo:rerun-if-env-changed=X86_64_UNKNOWN_LINUX_GNU_OPENSSL_NO_VENDOR
[INFO] [stderr]   X86_64_UNKNOWN_LINUX_GNU_OPENSSL_NO_VENDOR unset
[INFO] [stderr]   cargo:rerun-if-env-changed=OPENSSL_NO_VENDOR
[INFO] [stderr]   OPENSSL_NO_VENDOR unset
[INFO] [stderr]   cargo:rerun-if-env-changed=CC_x86_64-unknown-linux-gnu
[INFO] [stderr]   CC_x86_64-unknown-linux-gnu = None
[INFO] [stderr]   cargo:rerun-if-env-changed=CC_x86_64_unknown_linux_gnu
[INFO] [stderr]   CC_x86_64_unknown_linux_gnu = None
[INFO] [stderr]   cargo:rerun-if-env-changed=HOST_CC
[INFO] [stderr]   HOST_CC = None
[INFO] [stderr]   cargo:rerun-if-env-changed=CC
[INFO] [stderr]   CC = None
[INFO] [stderr]   cargo:rerun-if-env-changed=CC_ENABLE_DEBUG_OUTPUT
[INFO] [stderr]   cargo:warning=Compiler version doesn't include clang or GCC: "cc" "--version"
[INFO] [stderr]   cargo:rerun-if-env-changed=CRATE_CC_NO_DEFAULTS
[INFO] [stderr]   CRATE_CC_NO_DEFAULTS = None
[INFO] [stderr]   DEBUG = Some("true")
[INFO] [stderr]   CARGO_CFG_TARGET_FEATURE = Some("fxsr,sse,sse2,x87")
[INFO] [stderr]   cargo:rerun-if-env-changed=CFLAGS_x86_64-unknown-linux-gnu
[INFO] [stderr]   CFLAGS_x86_64-unknown-linux-gnu = None
[INFO] [stderr]   cargo:rerun-if-env-changed=CFLAGS_x86_64_unknown_linux_gnu
[INFO] [stderr]   CFLAGS_x86_64_unknown_linux_gnu = None
[INFO] [stderr]   cargo:rerun-if-env-changed=HOST_CFLAGS
[INFO] [stderr]   HOST_CFLAGS = None
[INFO] [stderr]   cargo:rerun-if-env-changed=CFLAGS
[INFO] [stderr]   CFLAGS = None
[INFO] [stderr]   cargo:rerun-if-env-changed=AR_x86_64-unknown-linux-gnu
[INFO] [stderr]   AR_x86_64-unknown-linux-gnu = None
[INFO] [stderr]   cargo:rerun-if-env-changed=AR_x86_64_unknown_linux_gnu
[INFO] [stderr]   AR_x86_64_unknown_linux_gnu = None
[INFO] [stderr]   cargo:rerun-if-env-changed=HOST_AR
[INFO] [stderr]   HOST_AR = None
[INFO] [stderr]   cargo:rerun-if-env-changed=AR
[INFO] [stderr]   AR = None
[INFO] [stderr]   cargo:rerun-if-env-changed=ARFLAGS_x86_64-unknown-linux-gnu
[INFO] [stderr]   ARFLAGS_x86_64-unknown-linux-gnu = None
[INFO] [stderr]   cargo:rerun-if-env-changed=ARFLAGS_x86_64_unknown_linux_gnu
[INFO] [stderr]   ARFLAGS_x86_64_unknown_linux_gnu = None
[INFO] [stderr]   cargo:rerun-if-env-changed=HOST_ARFLAGS
[INFO] [stderr]   HOST_ARFLAGS = None
[INFO] [stderr]   cargo:rerun-if-env-changed=ARFLAGS
[INFO] [stderr]   ARFLAGS = None
[INFO] [stderr]   cargo:rerun-if-env-changed=RANLIB_x86_64-unknown-linux-gnu
[INFO] [stderr]   RANLIB_x86_64-unknown-linux-gnu = None
[INFO] [stderr]   cargo:rerun-if-env-changed=RANLIB_x86_64_unknown_linux_gnu
[INFO] [stderr]   RANLIB_x86_64_unknown_linux_gnu = None
[INFO] [stderr]   cargo:rerun-if-env-changed=HOST_RANLIB
[INFO] [stderr]   HOST_RANLIB = None
[INFO] [stderr]   cargo:rerun-if-env-changed=RANLIB
[INFO] [stderr]   RANLIB = None
[INFO] [stderr]   cargo:rerun-if-env-changed=RANLIBFLAGS_x86_64-unknown-linux-gnu
[INFO] [stderr]   RANLIBFLAGS_x86_64-unknown-linux-gnu = None
[INFO] [stderr]   cargo:rerun-if-env-changed=RANLIBFLAGS_x86_64_unknown_linux_gnu
[INFO] [stderr]   RANLIBFLAGS_x86_64_unknown_linux_gnu = None
[INFO] [stderr]   cargo:rerun-if-env-changed=HOST_RANLIBFLAGS
[INFO] [stderr]   HOST_RANLIBFLAGS = None
[INFO] [stderr]   cargo:rerun-if-env-changed=RANLIBFLAGS
[INFO] [stderr]   RANLIBFLAGS = None
[INFO] [stderr]   running cd "/opt/rustwide/target/debug/build/openssl-sys-2a83c2e8f4de37e2/out/openssl-build/build/src" && env -u CROSS_COMPILE AR="ar" CC="cc" RANLIB="ranlib" "perl" "./Configure" "--prefix=/opt/rustwide/target/debug/build/openssl-sys-2a83c2e8f4de37e2/out/openssl-build/install" "--openssldir=/usr/local/ssl" "no-dso" "no-shared" "no-ssl3" "no-tests" "no-comp" "no-zlib" "no-zlib-dynamic" "--libdir=lib" "no-md2" "no-rc5" "no-weak-ssl-ciphers" "no-camellia" "no-idea" "no-seed" "linux-x86_64" "-O2" "-ffunction-sections" "-fdata-sections" "-fPIC" "-gdwarf-4" "-fno-omit-frame-pointer" "-m64"
[INFO] [stderr]   Configuring OpenSSL version 3.2.1 for target linux-x86_64
[INFO] [stderr]   Using os-specific seed configuration
[INFO] [stderr]   Created configdata.pm
[INFO] [stderr]   Running configdata.pm
[INFO] [stderr]   Created Makefile.in
[INFO] [stderr]   Created Makefile
[INFO] [stderr]   Created include/openssl/configuration.h
[INFO] [stderr] 
[INFO] [stderr]   **********************************************************************
[INFO] [stderr]   ***                                                                ***
[INFO] [stderr]   ***   OpenSSL has been successfully configured                     ***
[INFO] [stderr]   ***                                                                ***
[INFO] [stderr]   ***   If you encounter a problem while building, please open an    ***
[INFO] [stderr]   ***   issue on GitHub <https://github.com/openssl/openssl/issues>  ***
[INFO] [stderr]   ***   and include the output from the following command:           ***
[INFO] [stderr]   ***                                                                ***
[INFO] [stderr]   ***       perl configdata.pm --dump                                ***
[INFO] [stderr]   ***                                                                ***
[INFO] [stderr]   ***   (If you are new to OpenSSL, you might want to consult the    ***
[INFO] [stderr]   ***   'Troubleshooting' section in the INSTALL.md file first)      ***
[INFO] [stderr]   ***                                                                ***
[INFO] [stderr]   **********************************************************************
[INFO] [stderr]   running cd "/opt/rustwide/target/debug/build/openssl-sys-2a83c2e8f4de37e2/out/openssl-build/build/src" && "make" "depend"
[INFO] [stderr]   running cd "/opt/rustwide/target/debug/build/openssl-sys-2a83c2e8f4de37e2/out/openssl-build/build/src" && MAKEFLAGS="-j --jobserver-fds=8,9 --jobserver-auth=8,9" "make" "build_libs"
[INFO] [stderr]   /usr/bin/perl "-I." "-Iutil/perl" "-Mconfigdata" "-MOpenSSL::paramnames" "util/dofile.pl" "-oMakefile" crypto/params_idx.c.in > crypto/params_idx.c
[INFO] [stderr]   /usr/bin/perl "-I." "-Mconfigdata" "util/dofile.pl" "-oMakefile" include/crypto/bn_conf.h.in > include/crypto/bn_conf.h
[INFO] [stderr]   /usr/bin/perl "-I." "-Mconfigdata" "util/dofile.pl" "-oMakefile" include/crypto/dso_conf.h.in > include/crypto/dso_conf.h
[INFO] [stderr]   /usr/bin/perl "-I." "-Iutil/perl" "-Mconfigdata" "-MOpenSSL::paramnames" "util/dofile.pl" "-oMakefile" include/internal/param_names.h.in > include/internal/param_names.h
[INFO] [stderr]   /usr/bin/perl "-I." "-Mconfigdata" "util/dofile.pl" "-oMakefile" include/openssl/asn1.h.in > include/openssl/asn1.h
[INFO] [stderr]   /usr/bin/perl "-I." "-Mconfigdata" "util/dofile.pl" "-oMakefile" include/openssl/asn1t.h.in > include/openssl/asn1t.h
[INFO] [stderr]   /usr/bin/perl "-I." "-Mconfigdata" "util/dofile.pl" "-oMakefile" include/openssl/bio.h.in > include/openssl/bio.h
[INFO] [stderr]   /usr/bin/perl "-I." "-Mconfigdata" "util/dofile.pl" "-oMakefile" include/openssl/cmp.h.in > include/openssl/cmp.h
[INFO] [stderr]   /usr/bin/perl "-I." "-Mconfigdata" "util/dofile.pl" "-oMakefile" include/openssl/cms.h.in > include/openssl/cms.h
[INFO] [stderr]   /usr/bin/perl "-I." "-Mconfigdata" "util/dofile.pl" "-oMakefile" include/openssl/conf.h.in > include/openssl/conf.h
[INFO] [stderr]   /usr/bin/perl "-I." "-Iutil/perl" "-Mconfigdata" "-MOpenSSL::paramnames" "util/dofile.pl" "-oMakefile" include/openssl/core_names.h.in > include/openssl/core_names.h
[INFO] [stderr]   /usr/bin/perl "-I." "-Mconfigdata" "util/dofile.pl" "-oMakefile" include/openssl/crmf.h.in > include/openssl/crmf.h
[INFO] [stderr]   /usr/bin/perl "-I." "-Mconfigdata" "util/dofile.pl" "-oMakefile" include/openssl/crypto.h.in > include/openssl/crypto.h
[INFO] [stderr]   /usr/bin/perl "-I." "-Mconfigdata" "util/dofile.pl" "-oMakefile" include/openssl/ct.h.in > include/openssl/ct.h
[INFO] [stderr]   /usr/bin/perl "-I." "-Mconfigdata" "util/dofile.pl" "-oMakefile" include/openssl/err.h.in > include/openssl/err.h
[INFO] [stderr]   /usr/bin/perl "-I." "-Mconfigdata" "util/dofile.pl" "-oMakefile" include/openssl/ess.h.in > include/openssl/ess.h
[INFO] [stderr]   /usr/bin/perl "-I." "-Mconfigdata" "util/dofile.pl" "-oMakefile" include/openssl/fipskey.h.in > include/openssl/fipskey.h
[INFO] [stderr]   /usr/bin/perl "-I." "-Mconfigdata" "util/dofile.pl" "-oMakefile" include/openssl/lhash.h.in > include/openssl/lhash.h
[INFO] [stderr]   /usr/bin/perl "-I." "-Mconfigdata" "util/dofile.pl" "-oMakefile" include/openssl/ocsp.h.in > include/openssl/ocsp.h
[INFO] [stderr]   /usr/bin/perl "-I." "-Mconfigdata" "util/dofile.pl" "-oMakefile" include/openssl/opensslv.h.in > include/openssl/opensslv.h
[INFO] [stderr]   /usr/bin/perl "-I." "-Mconfigdata" "util/dofile.pl" "-oMakefile" include/openssl/pkcs12.h.in > include/openssl/pkcs12.h
[INFO] [stderr]   /usr/bin/perl "-I." "-Mconfigdata" "util/dofile.pl" "-oMakefile" include/openssl/pkcs7.h.in > include/openssl/pkcs7.h
[INFO] [stderr]   /usr/bin/perl "-I." "-Mconfigdata" "util/dofile.pl" "-oMakefile" include/openssl/safestack.h.in > include/openssl/safestack.h
[INFO] [stderr]   /usr/bin/perl "-I." "-Mconfigdata" "util/dofile.pl" "-oMakefile" include/openssl/srp.h.in > include/openssl/srp.h
[INFO] [stderr]   /usr/bin/perl "-I." "-Mconfigdata" "util/dofile.pl" "-oMakefile" include/openssl/ssl.h.in > include/openssl/ssl.h
[INFO] [stderr]   /usr/bin/perl "-I." "-Mconfigdata" "util/dofile.pl" "-oMakefile" include/openssl/ui.h.in > include/openssl/ui.h
[INFO] [stderr]   /usr/bin/perl "-I." "-Mconfigdata" "util/dofile.pl" "-oMakefile" include/openssl/x509.h.in > include/openssl/x509.h
[INFO] [stderr]   /usr/bin/perl "-I." "-Mconfigdata" "util/dofile.pl" "-oMakefile" include/openssl/x509_vfy.h.in > include/openssl/x509_vfy.h
[INFO] [stderr]   /usr/bin/perl "-I." "-Mconfigdata" "util/dofile.pl" "-oMakefile" include/openssl/x509v3.h.in > include/openssl/x509v3.h
[INFO] [stderr]   make depend && make _build_libs
[INFO] [stderr]   make[1]: Entering directory '/opt/rustwide/target/debug/build/openssl-sys-2a83c2e8f4de37e2/out/openssl-build/build/src'
[INFO] [stderr]   make[1]: Leaving directory '/opt/rustwide/target/debug/build/openssl-sys-2a83c2e8f4de37e2/out/openssl-build/build/src'
[INFO] [stderr]   make[1]: Entering directory '/opt/rustwide/target/debug/build/openssl-sys-2a83c2e8f4de37e2/out/openssl-build/build/src'
[INFO] [stderr]   cc  -I. -Iinclude -Iapps/include  -fPIC -pthread -m64 -Wa,--noexecstack -Wall -O3 -O2 -ffunction-sections -fdata-sections -fPIC -gdwarf-4 -fno-omit-frame-pointer -m64 -DOPENSSL_USE_NODELETE -DL_ENDIAN -DOPENSSL_PIC -DOPENSSLDIR="\"/usr/local/ssl\"" -DENGINESDIR="\"/opt/rustwide/target/debug/build/openssl-sys-2a83c2e8f4de37e2/out/openssl-build/install/lib/engines-3\"" -DMODULESDIR="\"/opt/rustwide/target/debug/build/openssl-sys-2a83c2e8f4de37e2/out/openssl-build/install/lib/ossl-modules\"" -DOPENSSL_BUILDING_OPENSSL -DNDEBUG  -MMD -MF apps/lib/libapps-lib-app_libctx.d.tmp -MT apps/lib/libapps-lib-app_libctx.o -c -o apps/lib/libapps-lib-app_libctx.o apps/lib/app_libctx.c
[INFO] [stderr]   cc  -I. -Iinclude -Iapps/include  -fPIC -pthread -m64 -Wa,--noexecstack -Wall -O3 -O2 -ffunction-sections -fdata-sections -fPIC -gdwarf-4 -fno-omit-frame-pointer -m64 -DOPENSSL_USE_NODELETE -DL_ENDIAN -DOPENSSL_PIC -DOPENSSLDIR="\"/usr/local/ssl\"" -DENGINESDIR="\"/opt/rustwide/target/debug/build/openssl-sys-2a83c2e8f4de37e2/out/openssl-build/install/lib/engines-3\"" -DMODULESDIR="\"/opt/rustwide/target/debug/build/openssl-sys-2a83c2e8f4de37e2/out/openssl-build/install/lib/ossl-modules\"" -DOPENSSL_BUILDING_OPENSSL -DNDEBUG  -MMD -MF apps/lib/libapps-lib-app_params.d.tmp -MT apps/lib/libapps-lib-app_params.o -c -o apps/lib/libapps-lib-app_params.o apps/lib/app_params.c
[INFO] [stderr]   cc  -I. -Iinclude -Iapps/include  -fPIC -pthread -m64 -Wa,--noexecstack -Wall -O3 -O2 -ffunction-sections -fdata-sections -fPIC -gdwarf-4 -fno-omit-frame-pointer -m64 -DOPENSSL_USE_NODELETE -DL_ENDIAN -DOPENSSL_PIC -DOPENSSLDIR="\"/usr/local/ssl\"" -DENGINESDIR="\"/opt/rustwide/target/debug/build/openssl-sys-2a83c2e8f4de37e2/out/openssl-build/install/lib/engines-3\"" -DMODULESDIR="\"/opt/rustwide/target/debug/build/openssl-sys-2a83c2e8f4de37e2/out/openssl-build/install/lib/ossl-modules\"" -DOPENSSL_BUILDING_OPENSSL -DNDEBUG  -MMD -MF apps/lib/libapps-lib-app_provider.d.tmp -MT apps/lib/libapps-lib-app_provider.o -c -o apps/lib/libapps-lib-app_provider.o apps/lib/app_provider.c
[INFO] [stderr]   cc  -I. -Iinclude -Iapps/include  -fPIC -pthread -m64 -Wa,--noexecstack -Wall -O3 -O2 -ffunction-sections -fdata-sections -fPIC -gdwarf-4 -fno-omit-frame-pointer -m64 -DOPENSSL_USE_NODELETE -DL_ENDIAN -DOPENSSL_PIC -DOPENSSLDIR="\"/usr/local/ssl\"" -DENGINESDIR="\"/opt/rustwide/target/debug/build/openssl-sys-2a83c2e8f4de37e2/out/openssl-build/install/lib/engines-3\"" -DMODULESDIR="\"/opt/rustwide/target/debug/build/openssl-sys-2a83c2e8f4de37e2/out/openssl-build/install/lib/ossl-modules\"" -DOPENSSL_BUILDING_OPENSSL -DNDEBUG  -MMD -MF apps/lib/libapps-lib-app_rand.d.tmp -MT apps/lib/libapps-lib-app_rand.o -c -o apps/lib/libapps-lib-app_rand.o apps/lib/app_rand.c
[INFO] [stderr]   cc  -I. -Iinclude -Iapps/include  -fPIC -pthread -m64 -Wa,--noexecstack -Wall -O3 -O2 -ffunction-sections -fdata-sections -fPIC -gdwarf-4 -fno-omit-frame-pointer -m64 -DOPENSSL_USE_NODELETE -DL_ENDIAN -DOPENSSL_PIC -DOPENSSLDIR="\"/usr/local/ssl\"" -DENGINESDIR="\"/opt/rustwide/target/debug/build/openssl-sys-2a83c2e8f4de37e2/out/openssl-build/install/lib/engines-3\"" -DMODULESDIR="\"/opt/rustwide/target/debug/build/openssl-sys-2a83c2e8f4de37e2/out/openssl-build/install/lib/ossl-modules\"" -DOPENSSL_BUILDING_OPENSSL -DNDEBUG  -MMD -MF apps/lib/libapps-lib-app_x509.d.tmp -MT apps/lib/libapps-lib-app_x509.o -c -o apps/lib/libapps-lib-app_x509.o apps/lib/app_x509.c
[INFO] [stderr]   cc  -I. -Iinclude -Iapps/include  -fPIC -pthread -m64 -Wa,--noexecstack -Wall -O3 -O2 -ffunction-sections -fdata-sections -fPIC -gdwarf-4 -fno-omit-frame-pointer -m64 -DOPENSSL_USE_NODELETE -DL_ENDIAN -DOPENSSL_PIC -DOPENSSLDIR="\"/usr/local/ssl\"" -DENGINESDIR="\"/opt/rustwide/target/debug/build/openssl-sys-2a83c2e8f4de37e2/out/openssl-build/install/lib/engines-3\"" -DMODULESDIR="\"/opt/rustwide/target/debug/build/openssl-sys-2a83c2e8f4de37e2/out/openssl-build/install/lib/ossl-modules\"" -DOPENSSL_BUILDING_OPENSSL -DNDEBUG  -MMD -MF apps/lib/libapps-lib-apps.d.tmp -MT apps/lib/libapps-lib-apps.o -c -o apps/lib/libapps-lib-apps.o apps/lib/apps.c
[INFO] [stderr]   cc  -I. -Iinclude -Iapps/include  -fPIC -pthread -m64 -Wa,--noexecstack -Wall -O3 -O2 -ffunction-sections -fdata-sections -fPIC -gdwarf-4 -fno-omit-frame-pointer -m64 -DOPENSSL_USE_NODELETE -DL_ENDIAN -DOPENSSL_PIC -DOPENSSLDIR="\"/usr/local/ssl\"" -DENGINESDIR="\"/opt/rustwide/target/debug/build/openssl-sys-2a83c2e8f4de37e2/out/openssl-build/install/lib/engines-3\"" -DMODULESDIR="\"/opt/rustwide/target/debug/build/openssl-sys-2a83c2e8f4de37e2/out/openssl-build/install/lib/ossl-modules\"" -DOPENSSL_BUILDING_OPENSSL -DNDEBUG  -MMD -MF apps/lib/libapps-lib-apps_opt_printf.d.tmp -MT apps/lib/libapps-lib-apps_opt_printf.o -c -o apps/lib/libapps-lib-apps_opt_printf.o apps/lib/apps_opt_printf.c
[INFO] [stderr]   cc  -I. -Iinclude -Iapps/include  -fPIC -pthread -m64 -Wa,--noexecstack -Wall -O3 -O2 -ffunction-sections -fdata-sections -fPIC -gdwarf-4 -fno-omit-frame-pointer -m64 -DOPENSSL_USE_NODELETE -DL_ENDIAN -DOPENSSL_PIC -DOPENSSLDIR="\"/usr/local/ssl\"" -DENGINESDIR="\"/opt/rustwide/target/debug/build/openssl-sys-2a83c2e8f4de37e2/out/openssl-build/install/lib/engines-3\"" -DMODULESDIR="\"/opt/rustwide/target/debug/build/openssl-sys-2a83c2e8f4de37e2/out/openssl-build/install/lib/ossl-modules\"" -DOPENSSL_BUILDING_OPENSSL -DNDEBUG  -MMD -MF apps/lib/libapps-lib-apps_ui.d.tmp -MT apps/lib/libapps-lib-apps_ui.o -c -o apps/lib/libapps-lib-apps_ui.o apps/lib/apps_ui.c
[INFO] [stderr]   cc  -I. -Iinclude -Iapps/include  -fPIC -pthread -m64 -Wa,--noexecstack -Wall -O3 -O2 -ffunction-sections -fdata-sections -fPIC -gdwarf-4 -fno-omit-frame-pointer -m64 -DOPENSSL_USE_NODELETE -DL_ENDIAN -DOPENSSL_PIC -DOPENSSLDIR="\"/usr/local/ssl\"" -DENGINESDIR="\"/opt/rustwide/target/debug/build/openssl-sys-2a83c2e8f4de37e2/out/openssl-build/install/lib/engines-3\"" -DMODULESDIR="\"/opt/rustwide/target/debug/build/openssl-sys-2a83c2e8f4de37e2/out/openssl-build/install/lib/ossl-modules\"" -DOPENSSL_BUILDING_OPENSSL -DNDEBUG  -MMD -MF apps/lib/libapps-lib-columns.d.tmp -MT apps/lib/libapps-lib-columns.o -c -o apps/lib/libapps-lib-columns.o apps/lib/columns.c
[INFO] [stderr]   cc  -I. -Iinclude -Iapps/include  -fPIC -pthread -m64 -Wa,--noexecstack -Wall -O3 -O2 -ffunction-sections -fdata-sections -fPIC -gdwarf-4 -fno-omit-frame-pointer -m64 -DOPENSSL_USE_NODELETE -DL_ENDIAN -DOPENSSL_PIC -DOPENSSLDIR="\"/usr/local/ssl\"" -DENGINESDIR="\"/opt/rustwide/target/debug/build/openssl-sys-2a83c2e8f4de37e2/out/openssl-build/install/lib/engines-3\"" -DMODULESDIR="\"/opt/rustwide/target/debug/build/openssl-sys-2a83c2e8f4de37e2/out/openssl-build/install/lib/ossl-modules\"" -DOPENSSL_BUILDING_OPENSSL -DNDEBUG  -MMD -MF apps/lib/libapps-lib-engine.d.tmp -MT apps/lib/libapps-lib-engine.o -c -o apps/lib/libapps-lib-engine.o apps/lib/engine.c
[INFO] [stderr]   cc  -I. -Iinclude -Iapps/include  -fPIC -pthread -m64 -Wa,--noexecstack -Wall -O3 -O2 -ffunction-sections -fdata-sections -fPIC -gdwarf-4 -fno-omit-frame-pointer -m64 -DOPENSSL_USE_NODELETE -DL_ENDIAN -DOPENSSL_PIC -DOPENSSLDIR="\"/usr/local/ssl\"" -DENGINESDIR="\"/opt/rustwide/target/debug/build/openssl-sys-2a83c2e8f4de37e2/out/openssl-build/install/lib/engines-3\"" -DMODULESDIR="\"/opt/rustwide/target/debug/build/openssl-sys-2a83c2e8f4de37e2/out/openssl-build/install/lib/ossl-modules\"" -DOPENSSL_BUILDING_OPENSSL -DNDEBUG  -MMD -MF apps/lib/libapps-lib-engine_loader.d.tmp -MT apps/lib/libapps-lib-engine_loader.o -c -o apps/lib/libapps-lib-engine_loader.o apps/lib/engine_loader.c
[INFO] [stderr]   cc  -I. -Iinclude -Iapps/include  -fPIC -pthread -m64 -Wa,--noexecstack -Wall -O3 -O2 -ffunction-sections -fdata-sections -fPIC -gdwarf-4 -fno-omit-frame-pointer -m64 -DOPENSSL_USE_NODELETE -DL_ENDIAN -DOPENSSL_PIC -DOPENSSLDIR="\"/usr/local/ssl\"" -DENGINESDIR="\"/opt/rustwide/target/debug/build/openssl-sys-2a83c2e8f4de37e2/out/openssl-build/install/lib/engines-3\"" -DMODULESDIR="\"/opt/rustwide/target/debug/build/openssl-sys-2a83c2e8f4de37e2/out/openssl-build/install/lib/ossl-modules\"" -DOPENSSL_BUILDING_OPENSSL -DNDEBUG  -MMD -MF apps/lib/libapps-lib-fmt.d.tmp -MT apps/lib/libapps-lib-fmt.o -c -o apps/lib/libapps-lib-fmt.o apps/lib/fmt.c
[INFO] [stderr]   cc  -I. -Iinclude -Iapps/include  -fPIC -pthread -m64 -Wa,--noexecstack -Wall -O3 -O2 -ffunction-sections -fdata-sections -fPIC -gdwarf-4 -fno-omit-frame-pointer -m64 -DOPENSSL_USE_NODELETE -DL_ENDIAN -DOPENSSL_PIC -DOPENSSLDIR="\"/usr/local/ssl\"" -DENGINESDIR="\"/opt/rustwide/target/debug/build/openssl-sys-2a83c2e8f4de37e2/out/openssl-build/install/lib/engines-3\"" -DMODULESDIR="\"/opt/rustwide/target/debug/build/openssl-sys-2a83c2e8f4de37e2/out/openssl-build/install/lib/ossl-modules\"" -DOPENSSL_BUILDING_OPENSSL -DNDEBUG  -MMD -MF apps/lib/libapps-lib-http_server.d.tmp -MT apps/lib/libapps-lib-http_server.o -c -o apps/lib/libapps-lib-http_server.o apps/lib/http_server.c
[INFO] [stderr]   cc  -I. -Iinclude -Iapps/include  -fPIC -pthread -m64 -Wa,--noexecstack -Wall -O3 -O2 -ffunction-sections -fdata-sections -fPIC -gdwarf-4 -fno-omit-frame-pointer -m64 -DOPENSSL_USE_NODELETE -DL_ENDIAN -DOPENSSL_PIC -DOPENSSLDIR="\"/usr/local/ssl\"" -DENGINESDIR="\"/opt/rustwide/target/debug/build/openssl-sys-2a83c2e8f4de37e2/out/openssl-build/install/lib/engines-3\"" -DMODULESDIR="\"/opt/rustwide/target/debug/build/openssl-sys-2a83c2e8f4de37e2/out/openssl-build/install/lib/ossl-modules\"" -DOPENSSL_BUILDING_OPENSSL -DNDEBUG  -MMD -MF apps/lib/libapps-lib-log.d.tmp -MT apps/lib/libapps-lib-log.o -c -o apps/lib/libapps-lib-log.o apps/lib/log.c
[INFO] [stderr]   cc  -I. -Iinclude -Iapps/include  -fPIC -pthread -m64 -Wa,--noexecstack -Wall -O3 -O2 -ffunction-sections -fdata-sections -fPIC -gdwarf-4 -fno-omit-frame-pointer -m64 -DOPENSSL_USE_NODELETE -DL_ENDIAN -DOPENSSL_PIC -DOPENSSLDIR="\"/usr/local/ssl\"" -DENGINESDIR="\"/opt/rustwide/target/debug/build/openssl-sys-2a83c2e8f4de37e2/out/openssl-build/install/lib/engines-3\"" -DMODULESDIR="\"/opt/rustwide/target/debug/build/openssl-sys-2a83c2e8f4de37e2/out/openssl-build/install/lib/ossl-modules\"" -DOPENSSL_BUILDING_OPENSSL -DNDEBUG  -MMD -MF apps/lib/libapps-lib-names.d.tmp -MT apps/lib/libapps-lib-names.o -c -o apps/lib/libapps-lib-names.o apps/lib/names.c
[INFO] [stderr]   cc  -I. -Iinclude -Iapps/include  -fPIC -pthread -m64 -Wa,--noexecstack -Wall -O3 -O2 -ffunction-sections -fdata-sections -fPIC -gdwarf-4 -fno-omit-frame-pointer -m64 -DOPENSSL_USE_NODELETE -DL_ENDIAN -DOPENSSL_PIC -DOPENSSLDIR="\"/usr/local/ssl\"" -DENGINESDIR="\"/opt/rustwide/target/debug/build/openssl-sys-2a83c2e8f4de37e2/out/openssl-build/install/lib/engines-3\"" -DMODULESDIR="\"/opt/rustwide/target/debug/build/openssl-sys-2a83c2e8f4de37e2/out/openssl-build/install/lib/ossl-modules\"" -DOPENSSL_BUILDING_OPENSSL -DNDEBUG  -MMD -MF apps/lib/libapps-lib-opt.d.tmp -MT apps/lib/libapps-lib-opt.o -c -o apps/lib/libapps-lib-opt.o apps/lib/opt.c
[INFO] [stderr]   cc  -I. -Iinclude -Iapps/include  -fPIC -pthread -m64 -Wa,--noexecstack -Wall -O3 -O2 -ffunction-sections -fdata-sections -fPIC -gdwarf-4 -fno-omit-frame-pointer -m64 -DOPENSSL_USE_NODELETE -DL_ENDIAN -DOPENSSL_PIC -DOPENSSLDIR="\"/usr/local/ssl\"" -DENGINESDIR="\"/opt/rustwide/target/debug/build/openssl-sys-2a83c2e8f4de37e2/out/openssl-build/install/lib/engines-3\"" -DMODULESDIR="\"/opt/rustwide/target/debug/build/openssl-sys-2a83c2e8f4de37e2/out/openssl-build/install/lib/ossl-modules\"" -DOPENSSL_BUILDING_OPENSSL -DNDEBUG  -MMD -MF apps/lib/libapps-lib-s_cb.d.tmp -MT apps/lib/libapps-lib-s_cb.o -c -o apps/lib/libapps-lib-s_cb.o apps/lib/s_cb.c
[INFO] [stderr]   cc  -I. -Iinclude -Iapps/include  -fPIC -pthread -m64 -Wa,--noexecstack -Wall -O3 -O2 -ffunction-sections -fdata-sections -fPIC -gdwarf-4 -fno-omit-frame-pointer -m64 -DOPENSSL_USE_NODELETE -DL_ENDIAN -DOPENSSL_PIC -DOPENSSLDIR="\"/usr/local/ssl\"" -DENGINESDIR="\"/opt/rustwide/target/debug/build/openssl-sys-2a83c2e8f4de37e2/out/openssl-build/install/lib/engines-3\"" -DMODULESDIR="\"/opt/rustwide/target/debug/build/openssl-sys-2a83c2e8f4de37e2/out/openssl-build/install/lib/ossl-modules\"" -DOPENSSL_BUILDING_OPENSSL -DNDEBUG  -MMD -MF apps/lib/libapps-lib-s_socket.d.tmp -MT apps/lib/libapps-lib-s_socket.o -c -o apps/lib/libapps-lib-s_socket.o apps/lib/s_socket.c
[INFO] [stderr]   cc  -I. -Iinclude -Iapps/include  -fPIC -pthread -m64 -Wa,--noexecstack -Wall -O3 -O2 -ffunction-sections -fdata-sections -fPIC -gdwarf-4 -fno-omit-frame-pointer -m64 -DOPENSSL_USE_NODELETE -DL_ENDIAN -DOPENSSL_PIC -DOPENSSLDIR="\"/usr/local/ssl\"" -DENGINESDIR="\"/opt/rustwide/target/debug/build/openssl-sys-2a83c2e8f4de37e2/out/openssl-build/install/lib/engines-3\"" -DMODULESDIR="\"/opt/rustwide/target/debug/build/openssl-sys-2a83c2e8f4de37e2/out/openssl-build/install/lib/ossl-modules\"" -DOPENSSL_BUILDING_OPENSSL -DNDEBUG  -MMD -MF apps/lib/libapps-lib-tlssrp_depr.d.tmp -MT apps/lib/libapps-lib-tlssrp_depr.o -c -o apps/lib/libapps-lib-tlssrp_depr.o apps/lib/tlssrp_depr.c
[INFO] [stderr]   CC="cc" /usr/bin/perl crypto/aes/asm/aes-x86_64.pl "elf" -I. -Iinclude -Iproviders/common/include -Iproviders/implementations/include -fPIC -pthread -m64 -Wa,--noexecstack -Wall -O3 -O2 -ffunction-sections -fdata-sections -fPIC -gdwarf-4 -fno-omit-frame-pointer -m64 -DOPENSSL_USE_NODELETE -DL_ENDIAN -DOPENSSL_PIC -DOPENSSLDIR="\"/usr/local/ssl\"" -DENGINESDIR="\"/opt/rustwide/target/debug/build/openssl-sys-2a83c2e8f4de37e2/out/openssl-build/install/lib/engines-3\"" -DMODULESDIR="\"/opt/rustwide/target/debug/build/openssl-sys-2a83c2e8f4de37e2/out/openssl-build/install/lib/ossl-modules\"" -DOPENSSL_BUILDING_OPENSSL -DNDEBUG  -DAES_ASM -DBSAES_ASM -DECP_NISTZ256_ASM -DGHASH_ASM -DKECCAK1600_ASM -DMD5_ASM -DOPENSSL_BN_ASM_GF2m -DOPENSSL_BN_ASM_MONT -DOPENSSL_BN_ASM_MONT5 -DOPENSSL_CPUID_OBJ -DOPENSSL_IA32_SSE2 -DPADLOCK_ASM -DPOLY1305_ASM -DRC4_ASM -DSHA1_ASM -DSHA256_ASM -DSHA512_ASM -DSTATIC_LEGACY -DVPAES_ASM -DWHIRLPOOL_ASM -DX25519_ASM  crypto/aes/aes-x86_64.s
[INFO] [stderr]   cc  -I. -Iinclude -Iproviders/common/include -Iproviders/implementations/include  -DAES_ASM -DBSAES_ASM -DECP_NISTZ256_ASM -DGHASH_ASM -DKECCAK1600_ASM -DMD5_ASM -DOPENSSL_BN_ASM_GF2m -DOPENSSL_BN_ASM_MONT -DOPENSSL_BN_ASM_MONT5 -DOPENSSL_CPUID_OBJ -DOPENSSL_IA32_SSE2 -DPADLOCK_ASM -DPOLY1305_ASM -DRC4_ASM -DSHA1_ASM -DSHA256_ASM -DSHA512_ASM -DSTATIC_LEGACY -DVPAES_ASM -DWHIRLPOOL_ASM -DX25519_ASM -fPIC -pthread -m64 -Wa,--noexecstack -Wall -O3 -O2 -ffunction-sections -fdata-sections -fPIC -gdwarf-4 -fno-omit-frame-pointer -m64 -DOPENSSL_USE_NODELETE -DL_ENDIAN -DOPENSSL_PIC -DOPENSSLDIR="\"/usr/local/ssl\"" -DENGINESDIR="\"/opt/rustwide/target/debug/build/openssl-sys-2a83c2e8f4de37e2/out/openssl-build/install/lib/engines-3\"" -DMODULESDIR="\"/opt/rustwide/target/debug/build/openssl-sys-2a83c2e8f4de37e2/out/openssl-build/install/lib/ossl-modules\"" -DOPENSSL_BUILDING_OPENSSL -DNDEBUG  -MMD -MF crypto/aes/libcrypto-lib-aes_cfb.d.tmp -MT crypto/aes/libcrypto-lib-aes_cfb.o -c -o crypto/aes/libcrypto-lib-aes_cfb.o crypto/aes/aes_cfb.c
[INFO] [stderr]   cc  -I. -Iinclude -Iproviders/common/include -Iproviders/implementations/include  -DAES_ASM -DBSAES_ASM -DECP_NISTZ256_ASM -DGHASH_ASM -DKECCAK1600_ASM -DMD5_ASM -DOPENSSL_BN_ASM_GF2m -DOPENSSL_BN_ASM_MONT -DOPENSSL_BN_ASM_MONT5 -DOPENSSL_CPUID_OBJ -DOPENSSL_IA32_SSE2 -DPADLOCK_ASM -DPOLY1305_ASM -DRC4_ASM -DSHA1_ASM -DSHA256_ASM -DSHA512_ASM -DSTATIC_LEGACY -DVPAES_ASM -DWHIRLPOOL_ASM -DX25519_ASM -fPIC -pthread -m64 -Wa,--noexecstack -Wall -O3 -O2 -ffunction-sections -fdata-sections -fPIC -gdwarf-4 -fno-omit-frame-pointer -m64 -DOPENSSL_USE_NODELETE -DL_ENDIAN -DOPENSSL_PIC -DOPENSSLDIR="\"/usr/local/ssl\"" -DENGINESDIR="\"/opt/rustwide/target/debug/build/openssl-sys-2a83c2e8f4de37e2/out/openssl-build/install/lib/engines-3\"" -DMODULESDIR="\"/opt/rustwide/target/debug/build/openssl-sys-2a83c2e8f4de37e2/out/openssl-build/install/lib/ossl-modules\"" -DOPENSSL_BUILDING_OPENSSL -DNDEBUG  -MMD -MF crypto/aes/libcrypto-lib-aes_ecb.d.tmp -MT crypto/aes/libcrypto-lib-aes_ecb.o -c -o crypto/aes/libcrypto-lib-aes_ecb.o crypto/aes/aes_ecb.c
[INFO] [stderr]   cc  -I. -Iinclude -Iproviders/common/include -Iproviders/implementations/include  -DAES_ASM -DBSAES_ASM -DECP_NISTZ256_ASM -DGHASH_ASM -DKECCAK1600_ASM -DMD5_ASM -DOPENSSL_BN_ASM_GF2m -DOPENSSL_BN_ASM_MONT -DOPENSSL_BN_ASM_MONT5 -DOPENSSL_CPUID_OBJ -DOPENSSL_IA32_SSE2 -DPADLOCK_ASM -DPOLY1305_ASM -DRC4_ASM -DSHA1_ASM -DSHA256_ASM -DSHA512_ASM -DSTATIC_LEGACY -DVPAES_ASM -DWHIRLPOOL_ASM -DX25519_ASM -fPIC -pthread -m64 -Wa,--noexecstack -Wall -O3 -O2 -ffunction-sections -fdata-sections -fPIC -gdwarf-4 -fno-omit-frame-pointer -m64 -DOPENSSL_USE_NODELETE -DL_ENDIAN -DOPENSSL_PIC -DOPENSSLDIR="\"/usr/local/ssl\"" -DENGINESDIR="\"/opt/rustwide/target/debug/build/openssl-sys-2a83c2e8f4de37e2/out/openssl-build/install/lib/engines-3\"" -DMODULESDIR="\"/opt/rustwide/target/debug/build/openssl-sys-2a83c2e8f4de37e2/out/openssl-build/install/lib/ossl-modules\"" -DOPENSSL_BUILDING_OPENSSL -DNDEBUG  -MMD -MF crypto/aes/libcrypto-lib-aes_ige.d.tmp -MT crypto/aes/libcrypto-lib-aes_ige.o -c -o crypto/aes/libcrypto-lib-aes_ige.o crypto/aes/aes_ige.c
[INFO] [stderr]   cc  -I. -Iinclude -Iproviders/common/include -Iproviders/implementations/include  -DAES_ASM -DBSAES_ASM -DECP_NISTZ256_ASM -DGHASH_ASM -DKECCAK1600_ASM -DMD5_ASM -DOPENSSL_BN_ASM_GF2m -DOPENSSL_BN_ASM_MONT -DOPENSSL_BN_ASM_MONT5 -DOPENSSL_CPUID_OBJ -DOPENSSL_IA32_SSE2 -DPADLOCK_ASM -DPOLY1305_ASM -DRC4_ASM -DSHA1_ASM -DSHA256_ASM -DSHA512_ASM -DSTATIC_LEGACY -DVPAES_ASM -DWHIRLPOOL_ASM -DX25519_ASM -fPIC -pthread -m64 -Wa,--noexecstack -Wall -O3 -O2 -ffunction-sections -fdata-sections -fPIC -gdwarf-4 -fno-omit-frame-pointer -m64 -DOPENSSL_USE_NODELETE -DL_ENDIAN -DOPENSSL_PIC -DOPENSSLDIR="\"/usr/local/ssl\"" -DENGINESDIR="\"/opt/rustwide/target/debug/build/openssl-sys-2a83c2e8f4de37e2/out/openssl-build/install/lib/engines-3\"" -DMODULESDIR="\"/opt/rustwide/target/debug/build/openssl-sys-2a83c2e8f4de37e2/out/openssl-build/install/lib/ossl-modules\"" -DOPENSSL_BUILDING_OPENSSL -DNDEBUG  -MMD -MF crypto/aes/libcrypto-lib-aes_misc.d.tmp -MT crypto/aes/libcrypto-lib-aes_misc.o -c -o crypto/aes/libcrypto-lib-aes_misc.o crypto/aes/aes_misc.c
[INFO] [stderr]   cc  -I. -Iinclude -Iproviders/common/include -Iproviders/implementations/include  -DAES_ASM -DBSAES_ASM -DECP_NISTZ256_ASM -DGHASH_ASM -DKECCAK1600_ASM -DMD5_ASM -DOPENSSL_BN_ASM_GF2m -DOPENSSL_BN_ASM_MONT -DOPENSSL_BN_ASM_MONT5 -DOPENSSL_CPUID_OBJ -DOPENSSL_IA32_SSE2 -DPADLOCK_ASM -DPOLY1305_ASM -DRC4_ASM -DSHA1_ASM -DSHA256_ASM -DSHA512_ASM -DSTATIC_LEGACY -DVPAES_ASM -DWHIRLPOOL_ASM -DX25519_ASM -fPIC -pthread -m64 -Wa,--noexecstack -Wall -O3 -O2 -ffunction-sections -fdata-sections -fPIC -gdwarf-4 -fno-omit-frame-pointer -m64 -DOPENSSL_USE_NODELETE -DL_ENDIAN -DOPENSSL_PIC -DOPENSSLDIR="\"/usr/local/ssl\"" -DENGINESDIR="\"/opt/rustwide/target/debug/build/openssl-sys-2a83c2e8f4de37e2/out/openssl-build/install/lib/engines-3\"" -DMODULESDIR="\"/opt/rustwide/target/debug/build/openssl-sys-2a83c2e8f4de37e2/out/openssl-build/install/lib/ossl-modules\"" -DOPENSSL_BUILDING_OPENSSL -DNDEBUG  -MMD -MF crypto/aes/libcrypto-lib-aes_ofb.d.tmp -MT crypto/aes/libcrypto-lib-aes_ofb.o -c -o crypto/aes/libcrypto-lib-aes_ofb.o crypto/aes/aes_ofb.c
[INFO] [stderr]   cc  -I. -Iinclude -Iproviders/common/include -Iproviders/implementations/include  -DAES_ASM -DBSAES_ASM -DECP_NISTZ256_ASM -DGHASH_ASM -DKECCAK1600_ASM -DMD5_ASM -DOPENSSL_BN_ASM_GF2m -DOPENSSL_BN_ASM_MONT -DOPENSSL_BN_ASM_MONT5 -DOPENSSL_CPUID_OBJ -DOPENSSL_IA32_SSE2 -DPADLOCK_ASM -DPOLY1305_ASM -DRC4_ASM -DSHA1_ASM -DSHA256_ASM -DSHA512_ASM -DSTATIC_LEGACY -DVPAES_ASM -DWHIRLPOOL_ASM -DX25519_ASM -fPIC -pthread -m64 -Wa,--noexecstack -Wall -O3 -O2 -ffunction-sections -fdata-sections -fPIC -gdwarf-4 -fno-omit-frame-pointer -m64 -DOPENSSL_USE_NODELETE -DL_ENDIAN -DOPENSSL_PIC -DOPENSSLDIR="\"/usr/local/ssl\"" -DENGINESDIR="\"/opt/rustwide/target/debug/build/openssl-sys-2a83c2e8f4de37e2/out/openssl-build/install/lib/engines-3\"" -DMODULESDIR="\"/opt/rustwide/target/debug/build/openssl-sys-2a83c2e8f4de37e2/out/openssl-build/install/lib/ossl-modules\"" -DOPENSSL_BUILDING_OPENSSL -DNDEBUG  -MMD -MF crypto/aes/libcrypto-lib-aes_wrap.d.tmp -MT crypto/aes/libcrypto-lib-aes_wrap.o -c -o crypto/aes/libcrypto-lib-aes_wrap.o crypto/aes/aes_wrap.c
[INFO] [stderr]   CC="cc" /usr/bin/perl crypto/aes/asm/aesni-mb-x86_64.pl "elf" -I. -Iinclude -Iproviders/common/include -Iproviders/implementations/include -fPIC -pthread -m64 -Wa,--noexecstack -Wall -O3 -O2 -ffunction-sections -fdata-sections -fPIC -gdwarf-4 -fno-omit-frame-pointer -m64 -DOPENSSL_USE_NODELETE -DL_ENDIAN -DOPENSSL_PIC -DOPENSSLDIR="\"/usr/local/ssl\"" -DENGINESDIR="\"/opt/rustwide/target/debug/build/openssl-sys-2a83c2e8f4de37e2/out/openssl-build/install/lib/engines-3\"" -DMODULESDIR="\"/opt/rustwide/target/debug/build/openssl-sys-2a83c2e8f4de37e2/out/openssl-build/install/lib/ossl-modules\"" -DOPENSSL_BUILDING_OPENSSL -DNDEBUG  -DAES_ASM -DBSAES_ASM -DECP_NISTZ256_ASM -DGHASH_ASM -DKECCAK1600_ASM -DMD5_ASM -DOPENSSL_BN_ASM_GF2m -DOPENSSL_BN_ASM_MONT -DOPENSSL_BN_ASM_MONT5 -DOPENSSL_CPUID_OBJ -DOPENSSL_IA32_SSE2 -DPADLOCK_ASM -DPOLY1305_ASM -DRC4_ASM -DSHA1_ASM -DSHA256_ASM -DSHA512_ASM -DSTATIC_LEGACY -DVPAES_ASM -DWHIRLPOOL_ASM -DX25519_ASM  crypto/aes/aesni-mb-x86_64.s
[INFO] [stderr]   CC="cc" /usr/bin/perl crypto/aes/asm/aesni-sha1-x86_64.pl "elf" -I. -Iinclude -Iproviders/common/include -Iproviders/implementations/include -fPIC -pthread -m64 -Wa,--noexecstack -Wall -O3 -O2 -ffunction-sections -fdata-sections -fPIC -gdwarf-4 -fno-omit-frame-pointer -m64 -DOPENSSL_USE_NODELETE -DL_ENDIAN -DOPENSSL_PIC -DOPENSSLDIR="\"/usr/local/ssl\"" -DENGINESDIR="\"/opt/rustwide/target/debug/build/openssl-sys-2a83c2e8f4de37e2/out/openssl-build/install/lib/engines-3\"" -DMODULESDIR="\"/opt/rustwide/target/debug/build/openssl-sys-2a83c2e8f4de37e2/out/openssl-build/install/lib/ossl-modules\"" -DOPENSSL_BUILDING_OPENSSL -DNDEBUG  -DAES_ASM -DBSAES_ASM -DECP_NISTZ256_ASM -DGHASH_ASM -DKECCAK1600_ASM -DMD5_ASM -DOPENSSL_BN_ASM_GF2m -DOPENSSL_BN_ASM_MONT -DOPENSSL_BN_ASM_MONT5 -DOPENSSL_CPUID_OBJ -DOPENSSL_IA32_SSE2 -DPADLOCK_ASM -DPOLY1305_ASM -DRC4_ASM -DSHA1_ASM -DSHA256_ASM -DSHA512_ASM -DSTATIC_LEGACY -DVPAES_ASM -DWHIRLPOOL_ASM -DX25519_ASM  crypto/aes/aesni-sha1-x86_64.s
[INFO] [stderr]   CC="cc" /usr/bin/perl crypto/aes/asm/aesni-sha256-x86_64.pl "elf" -I. -Iinclude -Iproviders/common/include -Iproviders/implementations/include -fPIC -pthread -m64 -Wa,--noexecstack -Wall -O3 -O2 -ffunction-sections -fdata-sections -fPIC -gdwarf-4 -fno-omit-frame-pointer -m64 -DOPENSSL_USE_NODELETE -DL_ENDIAN -DOPENSSL_PIC -DOPENSSLDIR="\"/usr/local/ssl\"" -DENGINESDIR="\"/opt/rustwide/target/debug/build/openssl-sys-2a83c2e8f4de37e2/out/openssl-build/install/lib/engines-3\"" -DMODULESDIR="\"/opt/rustwide/target/debug/build/openssl-sys-2a83c2e8f4de37e2/out/openssl-build/install/lib/ossl-modules\"" -DOPENSSL_BUILDING_OPENSSL -DNDEBUG  -DAES_ASM -DBSAES_ASM -DECP_NISTZ256_ASM -DGHASH_ASM -DKECCAK1600_ASM -DMD5_ASM -DOPENSSL_BN_ASM_GF2m -DOPENSSL_BN_ASM_MONT -DOPENSSL_BN_ASM_MONT5 -DOPENSSL_CPUID_OBJ -DOPENSSL_IA32_SSE2 -DPADLOCK_ASM -DPOLY1305_ASM -DRC4_ASM -DSHA1_ASM -DSHA256_ASM -DSHA512_ASM -DSTATIC_LEGACY -DVPAES_ASM -DWHIRLPOOL_ASM -DX25519_ASM  crypto/aes/aesni-sha256-x86_64.s
[INFO] [stderr]   CC="cc" /usr/bin/perl crypto/aes/asm/aesni-x86_64.pl "elf" -I. -Iinclude -Iproviders/common/include -Iproviders/implementations/include -fPIC -pthread -m64 -Wa,--noexecstack -Wall -O3 -O2 -ffunction-sections -fdata-sections -fPIC -gdwarf-4 -fno-omit-frame-pointer -m64 -DOPENSSL_USE_NODELETE -DL_ENDIAN -DOPENSSL_PIC -DOPENSSLDIR="\"/usr/local/ssl\"" -DENGINESDIR="\"/opt/rustwide/target/debug/build/openssl-sys-2a83c2e8f4de37e2/out/openssl-build/install/lib/engines-3\"" -DMODULESDIR="\"/opt/rustwide/target/debug/build/openssl-sys-2a83c2e8f4de37e2/out/openssl-build/install/lib/ossl-modules\"" -DOPENSSL_BUILDING_OPENSSL -DNDEBUG  -DAES_ASM -DBSAES_ASM -DECP_NISTZ256_ASM -DGHASH_ASM -DKECCAK1600_ASM -DMD5_ASM -DOPENSSL_BN_ASM_GF2m -DOPENSSL_BN_ASM_MONT -DOPENSSL_BN_ASM_MONT5 -DOPENSSL_CPUID_OBJ -DOPENSSL_IA32_SSE2 -DPADLOCK_ASM -DPOLY1305_ASM -DRC4_ASM -DSHA1_ASM -DSHA256_ASM -DSHA512_ASM -DSTATIC_LEGACY -DVPAES_ASM -DWHIRLPOOL_ASM -DX25519_ASM  crypto/aes/aesni-x86_64.s
[INFO] [stderr]   CC="cc" /usr/bin/perl crypto/aes/asm/bsaes-x86_64.pl "elf" -I. -Iinclude -Iproviders/common/include -Iproviders/implementations/include -fPIC -pthread -m64 -Wa,--noexecstack -Wall -O3 -O2 -ffunction-sections -fdata-sections -fPIC -gdwarf-4 -fno-omit-frame-pointer -m64 -DOPENSSL_USE_NODELETE -DL_ENDIAN -DOPENSSL_PIC -DOPENSSLDIR="\"/usr/local/ssl\"" -DENGINESDIR="\"/opt/rustwide/target/debug/build/openssl-sys-2a83c2e8f4de37e2/out/openssl-build/install/lib/engines-3\"" -DMODULESDIR="\"/opt/rustwide/target/debug/build/openssl-sys-2a83c2e8f4de37e2/out/openssl-build/install/lib/ossl-modules\"" -DOPENSSL_BUILDING_OPENSSL -DNDEBUG  -DAES_ASM -DBSAES_ASM -DECP_NISTZ256_ASM -DGHASH_ASM -DKECCAK1600_ASM -DMD5_ASM -DOPENSSL_BN_ASM_GF2m -DOPENSSL_BN_ASM_MONT -DOPENSSL_BN_ASM_MONT5 -DOPENSSL_CPUID_OBJ -DOPENSSL_IA32_SSE2 -DPADLOCK_ASM -DPOLY1305_ASM -DRC4_ASM -DSHA1_ASM -DSHA256_ASM -DSHA512_ASM -DSTATIC_LEGACY -DVPAES_ASM -DWHIRLPOOL_ASM -DX25519_ASM  crypto/aes/bsaes-x86_64.s
[INFO] [stderr]   CC="cc" /usr/bin/perl crypto/aes/asm/vpaes-x86_64.pl "elf" -I. -Iinclude -Iproviders/common/include -Iproviders/implementations/include -fPIC -pthread -m64 -Wa,--noexecstack -Wall -O3 -O2 -ffunction-sections -fdata-sections -fPIC -gdwarf-4 -fno-omit-frame-pointer -m64 -DOPENSSL_USE_NODELETE -DL_ENDIAN -DOPENSSL_PIC -DOPENSSLDIR="\"/usr/local/ssl\"" -DENGINESDIR="\"/opt/rustwide/target/debug/build/openssl-sys-2a83c2e8f4de37e2/out/openssl-build/install/lib/engines-3\"" -DMODULESDIR="\"/opt/rustwide/target/debug/build/openssl-sys-2a83c2e8f4de37e2/out/openssl-build/install/lib/ossl-modules\"" -DOPENSSL_BUILDING_OPENSSL -DNDEBUG  -DAES_ASM -DBSAES_ASM -DECP_NISTZ256_ASM -DGHASH_ASM -DKECCAK1600_ASM -DMD5_ASM -DOPENSSL_BN_ASM_GF2m -DOPENSSL_BN_ASM_MONT -DOPENSSL_BN_ASM_MONT5 -DOPENSSL_CPUID_OBJ -DOPENSSL_IA32_SSE2 -DPADLOCK_ASM -DPOLY1305_ASM -DRC4_ASM -DSHA1_ASM -DSHA256_ASM -DSHA512_ASM -DSTATIC_LEGACY -DVPAES_ASM -DWHIRLPOOL_ASM -DX25519_ASM  crypto/aes/vpaes-x86_64.s
[INFO] [stderr]   cc  -I. -Iinclude -Iproviders/common/include -Iproviders/implementations/include  -DAES_ASM -DBSAES_ASM -DECP_NISTZ256_ASM -DGHASH_ASM -DKECCAK1600_ASM -DMD5_ASM -DOPENSSL_BN_ASM_GF2m -DOPENSSL_BN_ASM_MONT -DOPENSSL_BN_ASM_MONT5 -DOPENSSL_CPUID_OBJ -DOPENSSL_IA32_SSE2 -DPADLOCK_ASM -DPOLY1305_ASM -DRC4_ASM -DSHA1_ASM -DSHA256_ASM -DSHA512_ASM -DSTATIC_LEGACY -DVPAES_ASM -DWHIRLPOOL_ASM -DX25519_ASM -fPIC -pthread -m64 -Wa,--noexecstack -Wall -O3 -O2 -ffunction-sections -fdata-sections -fPIC -gdwarf-4 -fno-omit-frame-pointer -m64 -DOPENSSL_USE_NODELETE -DL_ENDIAN -DOPENSSL_PIC -DOPENSSLDIR="\"/usr/local/ssl\"" -DENGINESDIR="\"/opt/rustwide/target/debug/build/openssl-sys-2a83c2e8f4de37e2/out/openssl-build/install/lib/engines-3\"" -DMODULESDIR="\"/opt/rustwide/target/debug/build/openssl-sys-2a83c2e8f4de37e2/out/openssl-build/install/lib/ossl-modules\"" -DOPENSSL_BUILDING_OPENSSL -DNDEBUG  -MMD -MF crypto/aria/libcrypto-lib-aria.d.tmp -MT crypto/aria/libcrypto-lib-aria.o -c -o crypto/aria/libcrypto-lib-aria.o crypto/aria/aria.c
[INFO] [stderr]   cc  -I. -Iinclude -Iproviders/common/include -Iproviders/implementations/include  -DAES_ASM -DBSAES_ASM -DECP_NISTZ256_ASM -DGHASH_ASM -DKECCAK1600_ASM -DMD5_ASM -DOPENSSL_BN_ASM_GF2m -DOPENSSL_BN_ASM_MONT -DOPENSSL_BN_ASM_MONT5 -DOPENSSL_CPUID_OBJ -DOPENSSL_IA32_SSE2 -DPADLOCK_ASM -DPOLY1305_ASM -DRC4_ASM -DSHA1_ASM -DSHA256_ASM -DSHA512_ASM -DSTATIC_LEGACY -DVPAES_ASM -DWHIRLPOOL_ASM -DX25519_ASM -fPIC -pthread -m64 -Wa,--noexecstack -Wall -O3 -O2 -ffunction-sections -fdata-sections -fPIC -gdwarf-4 -fno-omit-frame-pointer -m64 -DOPENSSL_USE_NODELETE -DL_ENDIAN -DOPENSSL_PIC -DOPENSSLDIR="\"/usr/local/ssl\"" -DENGINESDIR="\"/opt/rustwide/target/debug/build/openssl-sys-2a83c2e8f4de37e2/out/openssl-build/install/lib/engines-3\"" -DMODULESDIR="\"/opt/rustwide/target/debug/build/openssl-sys-2a83c2e8f4de37e2/out/openssl-build/install/lib/ossl-modules\"" -DOPENSSL_BUILDING_OPENSSL -DNDEBUG  -MMD -MF crypto/asn1/libcrypto-lib-a_bitstr.d.tmp -MT crypto/asn1/libcrypto-lib-a_bitstr.o -c -o crypto/asn1/libcrypto-lib-a_bitstr.o crypto/asn1/a_bitstr.c
[INFO] [stderr]   cc  -I. -Iinclude -Iproviders/common/include -Iproviders/implementations/include  -DAES_ASM -DBSAES_ASM -DECP_NISTZ256_ASM -DGHASH_ASM -DKECCAK1600_ASM -DMD5_ASM -DOPENSSL_BN_ASM_GF2m -DOPENSSL_BN_ASM_MONT -DOPENSSL_BN_ASM_MONT5 -DOPENSSL_CPUID_OBJ -DOPENSSL_IA32_SSE2 -DPADLOCK_ASM -DPOLY1305_ASM -DRC4_ASM -DSHA1_ASM -DSHA256_ASM -DSHA512_ASM -DSTATIC_LEGACY -DVPAES_ASM -DWHIRLPOOL_ASM -DX25519_ASM -fPIC -pthread -m64 -Wa,--noexecstack -Wall -O3 -O2 -ffunction-sections -fdata-sections -fPIC -gdwarf-4 -fno-omit-frame-pointer -m64 -DOPENSSL_USE_NODELETE -DL_ENDIAN -DOPENSSL_PIC -DOPENSSLDIR="\"/usr/local/ssl\"" -DENGINESDIR="\"/opt/rustwide/target/debug/build/openssl-sys-2a83c2e8f4de37e2/out/openssl-build/install/lib/engines-3\"" -DMODULESDIR="\"/opt/rustwide/target/debug/build/openssl-sys-2a83c2e8f4de37e2/out/openssl-build/install/lib/ossl-modules\"" -DOPENSSL_BUILDING_OPENSSL -DNDEBUG  -MMD -MF crypto/asn1/libcrypto-lib-a_d2i_fp.d.tmp -MT crypto/asn1/libcrypto-lib-a_d2i_fp.o -c -o crypto/asn1/libcrypto-lib-a_d2i_fp.o crypto/asn1/a_d2i_fp.c
[INFO] [stderr]   cc  -I. -Iinclude -Iproviders/common/include -Iproviders/implementations/include  -DAES_ASM -DBSAES_ASM -DECP_NISTZ256_ASM -DGHASH_ASM -DKECCAK1600_ASM -DMD5_ASM -DOPENSSL_BN_ASM_GF2m -DOPENSSL_BN_ASM_MONT -DOPENSSL_BN_ASM_MONT5 -DOPENSSL_CPUID_OBJ -DOPENSSL_IA32_SSE2 -DPADLOCK_ASM -DPOLY1305_ASM -DRC4_ASM -DSHA1_ASM -DSHA256_ASM -DSHA512_ASM -DSTATIC_LEGACY -DVPAES_ASM -DWHIRLPOOL_ASM -DX25519_ASM -fPIC -pthread -m64 -Wa,--noexecstack -Wall -O3 -O2 -ffunction-sections -fdata-sections -fPIC -gdwarf-4 -fno-omit-frame-pointer -m64 -DOPENSSL_USE_NODELETE -DL_ENDIAN -DOPENSSL_PIC -DOPENSSLDIR="\"/usr/local/ssl\"" -DENGINESDIR="\"/opt/rustwide/target/debug/build/openssl-sys-2a83c2e8f4de37e2/out/openssl-build/install/lib/engines-3\"" -DMODULESDIR="\"/opt/rustwide/target/debug/build/openssl-sys-2a83c2e8f4de37e2/out/openssl-build/install/lib/ossl-modules\"" -DOPENSSL_BUILDING_OPENSSL -DNDEBUG  -MMD -MF crypto/asn1/libcrypto-lib-a_digest.d.tmp -MT crypto/asn1/libcrypto-lib-a_digest.o -c -o crypto/asn1/libcrypto-lib-a_digest.o crypto/asn1/a_digest.c
[INFO] [stderr]   cc  -I. -Iinclude -Iproviders/common/include -Iproviders/implementations/include  -DAES_ASM -DBSAES_ASM -DECP_NISTZ256_ASM -DGHASH_ASM -DKECCAK1600_ASM -DMD5_ASM -DOPENSSL_BN_ASM_GF2m -DOPENSSL_BN_ASM_MONT -DOPENSSL_BN_ASM_MONT5 -DOPENSSL_CPUID_OBJ -DOPENSSL_IA32_SSE2 -DPADLOCK_ASM -DPOLY1305_ASM -DRC4_ASM -DSHA1_ASM -DSHA256_ASM -DSHA512_ASM -DSTATIC_LEGACY -DVPAES_ASM -DWHIRLPOOL_ASM -DX25519_ASM -fPIC -pthread -m64 -Wa,--noexecstack -Wall -O3 -O2 -ffunction-sections -fdata-sections -fPIC -gdwarf-4 -fno-omit-frame-pointer -m64 -DOPENSSL_USE_NODELETE -DL_ENDIAN -DOPENSSL_PIC -DOPENSSLDIR="\"/usr/local/ssl\"" -DENGINESDIR="\"/opt/rustwide/target/debug/build/openssl-sys-2a83c2e8f4de37e2/out/openssl-build/install/lib/engines-3\"" -DMODULESDIR="\"/opt/rustwide/target/debug/build/openssl-sys-2a83c2e8f4de37e2/out/openssl-build/install/lib/ossl-modules\"" -DOPENSSL_BUILDING_OPENSSL -DNDEBUG  -MMD -MF crypto/asn1/libcrypto-lib-a_dup.d.tmp -MT crypto/asn1/libcrypto-lib-a_dup.o -c -o crypto/asn1/libcrypto-lib-a_dup.o crypto/asn1/a_dup.c
[INFO] [stderr]   cc  -I. -Iinclude -Iproviders/common/include -Iproviders/implementations/include  -DAES_ASM -DBSAES_ASM -DECP_NISTZ256_ASM -DGHASH_ASM -DKECCAK1600_ASM -DMD5_ASM -DOPENSSL_BN_ASM_GF2m -DOPENSSL_BN_ASM_MONT -DOPENSSL_BN_ASM_MONT5 -DOPENSSL_CPUID_OBJ -DOPENSSL_IA32_SSE2 -DPADLOCK_ASM -DPOLY1305_ASM -DRC4_ASM -DSHA1_ASM -DSHA256_ASM -DSHA512_ASM -DSTATIC_LEGACY -DVPAES_ASM -DWHIRLPOOL_ASM -DX25519_ASM -fPIC -pthread -m64 -Wa,--noexecstack -Wall -O3 -O2 -ffunction-sections -fdata-sections -fPIC -gdwarf-4 -fno-omit-frame-pointer -m64 -DOPENSSL_USE_NODELETE -DL_ENDIAN -DOPENSSL_PIC -DOPENSSLDIR="\"/usr/local/ssl\"" -DENGINESDIR="\"/opt/rustwide/target/debug/build/openssl-sys-2a83c2e8f4de37e2/out/openssl-build/install/lib/engines-3\"" -DMODULESDIR="\"/opt/rustwide/target/debug/build/openssl-sys-2a83c2e8f4de37e2/out/openssl-build/install/lib/ossl-modules\"" -DOPENSSL_BUILDING_OPENSSL -DNDEBUG  -MMD -MF crypto/asn1/libcrypto-lib-a_gentm.d.tmp -MT crypto/asn1/libcrypto-lib-a_gentm.o -c -o crypto/asn1/libcrypto-lib-a_gentm.o crypto/asn1/a_gentm.c
[INFO] [stderr]   cc  -I. -Iinclude -Iproviders/common/include -Iproviders/implementations/include  -DAES_ASM -DBSAES_ASM -DECP_NISTZ256_ASM -DGHASH_ASM -DKECCAK1600_ASM -DMD5_ASM -DOPENSSL_BN_ASM_GF2m -DOPENSSL_BN_ASM_MONT -DOPENSSL_BN_ASM_MONT5 -DOPENSSL_CPUID_OBJ -DOPENSSL_IA32_SSE2 -DPADLOCK_ASM -DPOLY1305_ASM -DRC4_ASM -DSHA1_ASM -DSHA256_ASM -DSHA512_ASM -DSTATIC_LEGACY -DVPAES_ASM -DWHIRLPOOL_ASM -DX25519_ASM -fPIC -pthread -m64 -Wa,--noexecstack -Wall -O3 -O2 -ffunction-sections -fdata-sections -fPIC -gdwarf-4 -fno-omit-frame-pointer -m64 -DOPENSSL_USE_NODELETE -DL_ENDIAN -DOPENSSL_PIC -DOPENSSLDIR="\"/usr/local/ssl\"" -DENGINESDIR="\"/opt/rustwide/target/debug/build/openssl-sys-2a83c2e8f4de37e2/out/openssl-build/install/lib/engines-3\"" -DMODULESDIR="\"/opt/rustwide/target/debug/build/openssl-sys-2a83c2e8f4de37e2/out/openssl-build/install/lib/ossl-modules\"" -DOPENSSL_BUILDING_OPENSSL -DNDEBUG  -MMD -MF crypto/asn1/libcrypto-lib-a_i2d_fp.d.tmp -MT crypto/asn1/libcrypto-lib-a_i2d_fp.o -c -o crypto/asn1/libcrypto-lib-a_i2d_fp.o crypto/asn1/a_i2d_fp.c
[INFO] [stderr]   cc  -I. -Iinclude -Iproviders/common/include -Iproviders/implementations/include  -DAES_ASM -DBSAES_ASM -DECP_NISTZ256_ASM -DGHASH_ASM -DKECCAK1600_ASM -DMD5_ASM -DOPENSSL_BN_ASM_GF2m -DOPENSSL_BN_ASM_MONT -DOPENSSL_BN_ASM_MONT5 -DOPENSSL_CPUID_OBJ -DOPENSSL_IA32_SSE2 -DPADLOCK_ASM -DPOLY1305_ASM -DRC4_ASM -DSHA1_ASM -DSHA256_ASM -DSHA512_ASM -DSTATIC_LEGACY -DVPAES_ASM -DWHIRLPOOL_ASM -DX25519_ASM -fPIC -pthread -m64 -Wa,--noexecstack -Wall -O3 -O2 -ffunction-sections -fdata-sections -fPIC -gdwarf-4 -fno-omit-frame-pointer -m64 -DOPENSSL_USE_NODELETE -DL_ENDIAN -DOPENSSL_PIC -DOPENSSLDIR="\"/usr/local/ssl\"" -DENGINESDIR="\"/opt/rustwide/target/debug/build/openssl-sys-2a83c2e8f4de37e2/out/openssl-build/install/lib/engines-3\"" -DMODULESDIR="\"/opt/rustwide/target/debug/build/openssl-sys-2a83c2e8f4de37e2/out/openssl-build/install/lib/ossl-modules\"" -DOPENSSL_BUILDING_OPENSSL -DNDEBUG  -MMD -MF crypto/asn1/libcrypto-lib-a_int.d.tmp -MT crypto/asn1/libcrypto-lib-a_int.o -c -o crypto/asn1/libcrypto-lib-a_int.o crypto/asn1/a_int.c
[INFO] [stderr]   cc  -I. -Iinclude -Iproviders/common/include -Iproviders/implementations/include  -DAES_ASM -DBSAES_ASM -DECP_NISTZ256_ASM -DGHASH_ASM -DKECCAK1600_ASM -DMD5_ASM -DOPENSSL_BN_ASM_GF2m -DOPENSSL_BN_ASM_MONT -DOPENSSL_BN_ASM_MONT5 -DOPENSSL_CPUID_OBJ -DOPENSSL_IA32_SSE2 -DPADLOCK_ASM -DPOLY1305_ASM -DRC4_ASM -DSHA1_ASM -DSHA256_ASM -DSHA512_ASM -DSTATIC_LEGACY -DVPAES_ASM -DWHIRLPOOL_ASM -DX25519_ASM -fPIC -pthread -m64 -Wa,--noexecstack -Wall -O3 -O2 -ffunction-sections -fdata-sections -fPIC -gdwarf-4 -fno-omit-frame-pointer -m64 -DOPENSSL_USE_NODELETE -DL_ENDIAN -DOPENSSL_PIC -DOPENSSLDIR="\"/usr/local/ssl\"" -DENGINESDIR="\"/opt/rustwide/target/debug/build/openssl-sys-2a83c2e8f4de37e2/out/openssl-build/install/lib/engines-3\"" -DMODULESDIR="\"/opt/rustwide/target/debug/build/openssl-sys-2a83c2e8f4de37e2/out/openssl-build/install/lib/ossl-modules\"" -DOPENSSL_BUILDING_OPENSSL -DNDEBUG  -MMD -MF crypto/asn1/libcrypto-lib-a_mbstr.d.tmp -MT crypto/asn1/libcrypto-lib-a_mbstr.o -c -o crypto/asn1/libcrypto-lib-a_mbstr.o crypto/asn1/a_mbstr.c
[INFO] [stderr]   cc  -I. -Iinclude -Iproviders/common/include -Iproviders/implementations/include  -DAES_ASM -DBSAES_ASM -DECP_NISTZ256_ASM -DGHASH_ASM -DKECCAK1600_ASM -DMD5_ASM -DOPENSSL_BN_ASM_GF2m -DOPENSSL_BN_ASM_MONT -DOPENSSL_BN_ASM_MONT5 -DOPENSSL_CPUID_OBJ -DOPENSSL_IA32_SSE2 -DPADLOCK_ASM -DPOLY1305_ASM -DRC4_ASM -DSHA1_ASM -DSHA256_ASM -DSHA512_ASM -DSTATIC_LEGACY -DVPAES_ASM -DWHIRLPOOL_ASM -DX25519_ASM -fPIC -pthread -m64 -Wa,--noexecstack -Wall -O3 -O2 -ffunction-sections -fdata-sections -fPIC -gdwarf-4 -fno-omit-frame-pointer -m64 -DOPENSSL_USE_NODELETE -DL_ENDIAN -DOPENSSL_PIC -DOPENSSLDIR="\"/usr/local/ssl\"" -DENGINESDIR="\"/opt/rustwide/target/debug/build/openssl-sys-2a83c2e8f4de37e2/out/openssl-build/install/lib/engines-3\"" -DMODULESDIR="\"/opt/rustwide/target/debug/build/openssl-sys-2a83c2e8f4de37e2/out/openssl-build/install/lib/ossl-modules\"" -DOPENSSL_BUILDING_OPENSSL -DNDEBUG  -MMD -MF crypto/asn1/libcrypto-lib-a_object.d.tmp -MT crypto/asn1/libcrypto-lib-a_object.o -c -o crypto/asn1/libcrypto-lib-a_object.o crypto/asn1/a_object.c
[INFO] [stderr]   cc  -I. -Iinclude -Iproviders/common/include -Iproviders/implementations/include  -DAES_ASM -DBSAES_ASM -DECP_NISTZ256_ASM -DGHASH_ASM -DKECCAK1600_ASM -DMD5_ASM -DOPENSSL_BN_ASM_GF2m -DOPENSSL_BN_ASM_MONT -DOPENSSL_BN_ASM_MONT5 -DOPENSSL_CPUID_OBJ -DOPENSSL_IA32_SSE2 -DPADLOCK_ASM -DPOLY1305_ASM -DRC4_ASM -DSHA1_ASM -DSHA256_ASM -DSHA512_ASM -DSTATIC_LEGACY -DVPAES_ASM -DWHIRLPOOL_ASM -DX25519_ASM -fPIC -pthread -m64 -Wa,--noexecstack -Wall -O3 -O2 -ffunction-sections -fdata-sections -fPIC -gdwarf-4 -fno-omit-frame-pointer -m64 -DOPENSSL_USE_NODELETE -DL_ENDIAN -DOPENSSL_PIC -DOPENSSLDIR="\"/usr/local/ssl\"" -DENGINESDIR="\"/opt/rustwide/target/debug/build/openssl-sys-2a83c2e8f4de37e2/out/openssl-build/install/lib/engines-3\"" -DMODULESDIR="\"/opt/rustwide/target/debug/build/openssl-sys-2a83c2e8f4de37e2/out/openssl-build/install/lib/ossl-modules\"" -DOPENSSL_BUILDING_OPENSSL -DNDEBUG  -MMD -MF crypto/asn1/libcrypto-lib-a_octet.d.tmp -MT crypto/asn1/libcrypto-lib-a_octet.o -c -o crypto/asn1/libcrypto-lib-a_octet.o crypto/asn1/a_octet.c
[INFO] [stderr]   cc  -I. -Iinclude -Iproviders/common/include -Iproviders/implementations/include  -DAES_ASM -DBSAES_ASM -DECP_NISTZ256_ASM -DGHASH_ASM -DKECCAK1600_ASM -DMD5_ASM -DOPENSSL_BN_ASM_GF2m -DOPENSSL_BN_ASM_MONT -DOPENSSL_BN_ASM_MONT5 -DOPENSSL_CPUID_OBJ -DOPENSSL_IA32_SSE2 -DPADLOCK_ASM -DPOLY1305_ASM -DRC4_ASM -DSHA1_ASM -DSHA256_ASM -DSHA512_ASM -DSTATIC_LEGACY -DVPAES_ASM -DWHIRLPOOL_ASM -DX25519_ASM -fPIC -pthread -m64 -Wa,--noexecstack -Wall -O3 -O2 -ffunction-sections -fdata-sections -fPIC -gdwarf-4 -fno-omit-frame-pointer -m64 -DOPENSSL_USE_NODELETE -DL_ENDIAN -DOPENSSL_PIC -DOPENSSLDIR="\"/usr/local/ssl\"" -DENGINESDIR="\"/opt/rustwide/target/debug/build/openssl-sys-2a83c2e8f4de37e2/out/openssl-build/install/lib/engines-3\"" -DMODULESDIR="\"/opt/rustwide/target/debug/build/openssl-sys-2a83c2e8f4de37e2/out/openssl-build/install/lib/ossl-modules\"" -DOPENSSL_BUILDING_OPENSSL -DNDEBUG  -MMD -MF crypto/asn1/libcrypto-lib-a_print.d.tmp -MT crypto/asn1/libcrypto-lib-a_print.o -c -o crypto/asn1/libcrypto-lib-a_print.o crypto/asn1/a_print.c
[INFO] [stderr]   cc  -I. -Iinclude -Iproviders/common/include -Iproviders/implementations/include  -DAES_ASM -DBSAES_ASM -DECP_NISTZ256_ASM -DGHASH_ASM -DKECCAK1600_ASM -DMD5_ASM -DOPENSSL_BN_ASM_GF2m -DOPENSSL_BN_ASM_MONT -DOPENSSL_BN_ASM_MONT5 -DOPENSSL_CPUID_OBJ -DOPENSSL_IA32_SSE2 -DPADLOCK_ASM -DPOLY1305_ASM -DRC4_ASM -DSHA1_ASM -DSHA256_ASM -DSHA512_ASM -DSTATIC_LEGACY -DVPAES_ASM -DWHIRLPOOL_ASM -DX25519_ASM -fPIC -pthread -m64 -Wa,--noexecstack -Wall -O3 -O2 -ffunction-sections -fdata-sections -fPIC -gdwarf-4 -fno-omit-frame-pointer -m64 -DOPENSSL_USE_NODELETE -DL_ENDIAN -DOPENSSL_PIC -DOPENSSLDIR="\"/usr/local/ssl\"" -DENGINESDIR="\"/opt/rustwide/target/debug/build/openssl-sys-2a83c2e8f4de37e2/out/openssl-build/install/lib/engines-3\"" -DMODULESDIR="\"/opt/rustwide/target/debug/build/openssl-sys-2a83c2e8f4de37e2/out/openssl-build/install/lib/ossl-modules\"" -DOPENSSL_BUILDING_OPENSSL -DNDEBUG  -MMD -MF crypto/asn1/libcrypto-lib-a_sign.d.tmp -MT crypto/asn1/libcrypto-lib-a_sign.o -c -o crypto/asn1/libcrypto-lib-a_sign.o crypto/asn1/a_sign.c
[INFO] [stderr]   cc  -I. -Iinclude -Iproviders/common/include -Iproviders/implementations/include  -DAES_ASM -DBSAES_ASM -DECP_NISTZ256_ASM -DGHASH_ASM -DKECCAK1600_ASM -DMD5_ASM -DOPENSSL_BN_ASM_GF2m -DOPENSSL_BN_ASM_MONT -DOPENSSL_BN_ASM_MONT5 -DOPENSSL_CPUID_OBJ -DOPENSSL_IA32_SSE2 -DPADLOCK_ASM -DPOLY1305_ASM -DRC4_ASM -DSHA1_ASM -DSHA256_ASM -DSHA512_ASM -DSTATIC_LEGACY -DVPAES_ASM -DWHIRLPOOL_ASM -DX25519_ASM -fPIC -pthread -m64 -Wa,--noexecstack -Wall -O3 -O2 -ffunction-sections -fdata-sections -fPIC -gdwarf-4 -fno-omit-frame-pointer -m64 -DOPENSSL_USE_NODELETE -DL_ENDIAN -DOPENSSL_PIC -DOPENSSLDIR="\"/usr/local/ssl\"" -DENGINESDIR="\"/opt/rustwide/target/debug/build/openssl-sys-2a83c2e8f4de37e2/out/openssl-build/install/lib/engines-3\"" -DMODULESDIR="\"/opt/rustwide/target/debug/build/openssl-sys-2a83c2e8f4de37e2/out/openssl-build/install/lib/ossl-modules\"" -DOPENSSL_BUILDING_OPENSSL -DNDEBUG  -MMD -MF crypto/asn1/libcrypto-lib-a_strex.d.tmp -MT crypto/asn1/libcrypto-lib-a_strex.o -c -o crypto/asn1/libcrypto-lib-a_strex.o crypto/asn1/a_strex.c
[INFO] [stderr]   cc  -I. -Iinclude -Iproviders/common/include -Iproviders/implementations/include  -DAES_ASM -DBSAES_ASM -DECP_NISTZ256_ASM -DGHASH_ASM -DKECCAK1600_ASM -DMD5_ASM -DOPENSSL_BN_ASM_GF2m -DOPENSSL_BN_ASM_MONT -DOPENSSL_BN_ASM_MONT5 -DOPENSSL_CPUID_OBJ -DOPENSSL_IA32_SSE2 -DPADLOCK_ASM -DPOLY1305_ASM -DRC4_ASM -DSHA1_ASM -DSHA256_ASM -DSHA512_ASM -DSTATIC_LEGACY -DVPAES_ASM -DWHIRLPOOL_ASM -DX25519_ASM -fPIC -pthread -m64 -Wa,--noexecstack -Wall -O3 -O2 -ffunction-sections -fdata-sections -fPIC -gdwarf-4 -fno-omit-frame-pointer -m64 -DOPENSSL_USE_NODELETE -DL_ENDIAN -DOPENSSL_PIC -DOPENSSLDIR="\"/usr/local/ssl\"" -DENGINESDIR="\"/opt/rustwide/target/debug/build/openssl-sys-2a83c2e8f4de37e2/out/openssl-build/install/lib/engines-3\"" -DMODULESDIR="\"/opt/rustwide/target/debug/build/openssl-sys-2a83c2e8f4de37e2/out/openssl-build/install/lib/ossl-modules\"" -DOPENSSL_BUILDING_OPENSSL -DNDEBUG  -MMD -MF crypto/asn1/libcrypto-lib-a_strnid.d.tmp -MT crypto/asn1/libcrypto-lib-a_strnid.o -c -o crypto/asn1/libcrypto-lib-a_strnid.o crypto/asn1/a_strnid.c
[INFO] [stderr]   cc  -I. -Iinclude -Iproviders/common/include -Iproviders/implementations/include  -DAES_ASM -DBSAES_ASM -DECP_NISTZ256_ASM -DGHASH_ASM -DKECCAK1600_ASM -DMD5_ASM -DOPENSSL_BN_ASM_GF2m -DOPENSSL_BN_ASM_MONT -DOPENSSL_BN_ASM_MONT5 -DOPENSSL_CPUID_OBJ -DOPENSSL_IA32_SSE2 -DPADLOCK_ASM -DPOLY1305_ASM -DRC4_ASM -DSHA1_ASM -DSHA256_ASM -DSHA512_ASM -DSTATIC_LEGACY -DVPAES_ASM -DWHIRLPOOL_ASM -DX25519_ASM -fPIC -pthread -m64 -Wa,--noexecstack -Wall -O3 -O2 -ffunction-sections -fdata-sections -fPIC -gdwarf-4 -fno-omit-frame-pointer -m64 -DOPENSSL_USE_NODELETE -DL_ENDIAN -DOPENSSL_PIC -DOPENSSLDIR="\"/usr/local/ssl\"" -DENGINESDIR="\"/opt/rustwide/target/debug/build/openssl-sys-2a83c2e8f4de37e2/out/openssl-build/install/lib/engines-3\"" -DMODULESDIR="\"/opt/rustwide/target/debug/build/openssl-sys-2a83c2e8f4de37e2/out/openssl-build/install/lib/ossl-modules\"" -DOPENSSL_BUILDING_OPENSSL -DNDEBUG  -MMD -MF crypto/asn1/libcrypto-lib-a_time.d.tmp -MT crypto/asn1/libcrypto-lib-a_time.o -c -o crypto/asn1/libcrypto-lib-a_time.o crypto/asn1/a_time.c
[INFO] [stderr]   cc  -I. -Iinclude -Iproviders/common/include -Iproviders/implementations/include  -DAES_ASM -DBSAES_ASM -DECP_NISTZ256_ASM -DGHASH_ASM -DKECCAK1600_ASM -DMD5_ASM -DOPENSSL_BN_ASM_GF2m -DOPENSSL_BN_ASM_MONT -DOPENSSL_BN_ASM_MONT5 -DOPENSSL_CPUID_OBJ -DOPENSSL_IA32_SSE2 -DPADLOCK_ASM -DPOLY1305_ASM -DRC4_ASM -DSHA1_ASM -DSHA256_ASM -DSHA512_ASM -DSTATIC_LEGACY -DVPAES_ASM -DWHIRLPOOL_ASM -DX25519_ASM -fPIC -pthread -m64 -Wa,--noexecstack -Wall -O3 -O2 -ffunction-sections -fdata-sections -fPIC -gdwarf-4 -fno-omit-frame-pointer -m64 -DOPENSSL_USE_NODELETE -DL_ENDIAN -DOPENSSL_PIC -DOPENSSLDIR="\"/usr/local/ssl\"" -DENGINESDIR="\"/opt/rustwide/target/debug/build/openssl-sys-2a83c2e8f4de37e2/out/openssl-build/install/lib/engines-3\"" -DMODULESDIR="\"/opt/rustwide/target/debug/build/openssl-sys-2a83c2e8f4de37e2/out/openssl-build/install/lib/ossl-modules\"" -DOPENSSL_BUILDING_OPENSSL -DNDEBUG  -MMD -MF crypto/asn1/libcrypto-lib-a_type.d.tmp -MT crypto/asn1/libcrypto-lib-a_type.o -c -o crypto/asn1/libcrypto-lib-a_type.o crypto/asn1/a_type.c
[INFO] [stderr]   cc  -I. -Iinclude -Iproviders/common/include -Iproviders/implementations/include  -DAES_ASM -DBSAES_ASM -DECP_NISTZ256_ASM -DGHASH_ASM -DKECCAK1600_ASM -DMD5_ASM -DOPENSSL_BN_ASM_GF2m -DOPENSSL_BN_ASM_MONT -DOPENSSL_BN_ASM_MONT5 -DOPENSSL_CPUID_OBJ -DOPENSSL_IA32_SSE2 -DPADLOCK_ASM -DPOLY1305_ASM -DRC4_ASM -DSHA1_ASM -DSHA256_ASM -DSHA512_ASM -DSTATIC_LEGACY -DVPAES_ASM -DWHIRLPOOL_ASM -DX25519_ASM -fPIC -pthread -m64 -Wa,--noexecstack -Wall -O3 -O2 -ffunction-sections -fdata-sections -fPIC -gdwarf-4 -fno-omit-frame-pointer -m64 -DOPENSSL_USE_NODELETE -DL_ENDIAN -DOPENSSL_PIC -DOPENSSLDIR="\"/usr/local/ssl\"" -DENGINESDIR="\"/opt/rustwide/target/debug/build/openssl-sys-2a83c2e8f4de37e2/out/openssl-build/install/lib/engines-3\"" -DMODULESDIR="\"/opt/rustwide/target/debug/build/openssl-sys-2a83c2e8f4de37e2/out/openssl-build/install/lib/ossl-modules\"" -DOPENSSL_BUILDING_OPENSSL -DNDEBUG  -MMD -MF crypto/asn1/libcrypto-lib-a_utctm.d.tmp -MT crypto/asn1/libcrypto-lib-a_utctm.o -c -o crypto/asn1/libcrypto-lib-a_utctm.o crypto/asn1/a_utctm.c
[INFO] [stderr]   cc  -I. -Iinclude -Iproviders/common/include -Iproviders/implementations/include  -DAES_ASM -DBSAES_ASM -DECP_NISTZ256_ASM -DGHASH_ASM -DKECCAK1600_ASM -DMD5_ASM -DOPENSSL_BN_ASM_GF2m -DOPENSSL_BN_ASM_MONT -DOPENSSL_BN_ASM_MONT5 -DOPENSSL_CPUID_OBJ -DOPENSSL_IA32_SSE2 -DPADLOCK_ASM -DPOLY1305_ASM -DRC4_ASM -DSHA1_ASM -DSHA256_ASM -DSHA512_ASM -DSTATIC_LEGACY -DVPAES_ASM -DWHIRLPOOL_ASM -DX25519_ASM -fPIC -pthread -m64 -Wa,--noexecstack -Wall -O3 -O2 -ffunction-sections -fdata-sections -fPIC -gdwarf-4 -fno-omit-frame-pointer -m64 -DOPENSSL_USE_NODELETE -DL_ENDIAN -DOPENSSL_PIC -DOPENSSLDIR="\"/usr/local/ssl\"" -DENGINESDIR="\"/opt/rustwide/target/debug/build/openssl-sys-2a83c2e8f4de37e2/out/openssl-build/install/lib/engines-3\"" -DMODULESDIR="\"/opt/rustwide/target/debug/build/openssl-sys-2a83c2e8f4de37e2/out/openssl-build/install/lib/ossl-modules\"" -DOPENSSL_BUILDING_OPENSSL -DNDEBUG  -MMD -MF crypto/asn1/libcrypto-lib-a_utf8.d.tmp -MT crypto/asn1/libcrypto-lib-a_utf8.o -c -o crypto/asn1/libcrypto-lib-a_utf8.o crypto/asn1/a_utf8.c
[INFO] [stderr]   cc  -I. -Iinclude -Iproviders/common/include -Iproviders/implementations/include  -DAES_ASM -DBSAES_ASM -DECP_NISTZ256_ASM -DGHASH_ASM -DKECCAK1600_ASM -DMD5_ASM -DOPENSSL_BN_ASM_GF2m -DOPENSSL_BN_ASM_MONT -DOPENSSL_BN_ASM_MONT5 -DOPENSSL_CPUID_OBJ -DOPENSSL_IA32_SSE2 -DPADLOCK_ASM -DPOLY1305_ASM -DRC4_ASM -DSHA1_ASM -DSHA256_ASM -DSHA512_ASM -DSTATIC_LEGACY -DVPAES_ASM -DWHIRLPOOL_ASM -DX25519_ASM -fPIC -pthread -m64 -Wa,--noexecstack -Wall -O3 -O2 -ffunction-sections -fdata-sections -fPIC -gdwarf-4 -fno-omit-frame-pointer -m64 -DOPENSSL_USE_NODELETE -DL_ENDIAN -DOPENSSL_PIC -DOPENSSLDIR="\"/usr/local/ssl\"" -DENGINESDIR="\"/opt/rustwide/target/debug/build/openssl-sys-2a83c2e8f4de37e2/out/openssl-build/install/lib/engines-3\"" -DMODULESDIR="\"/opt/rustwide/target/debug/build/openssl-sys-2a83c2e8f4de37e2/out/openssl-build/install/lib/ossl-modules\"" -DOPENSSL_BUILDING_OPENSSL -DNDEBUG  -MMD -MF crypto/asn1/libcrypto-lib-a_verify.d.tmp -MT crypto/asn1/libcrypto-lib-a_verify.o -c -o crypto/asn1/libcrypto-lib-a_verify.o crypto/asn1/a_verify.c
[INFO] [stderr]   cc  -I. -Iinclude -Iproviders/common/include -Iproviders/implementations/include  -DAES_ASM -DBSAES_ASM -DECP_NISTZ256_ASM -DGHASH_ASM -DKECCAK1600_ASM -DMD5_ASM -DOPENSSL_BN_ASM_GF2m -DOPENSSL_BN_ASM_MONT -DOPENSSL_BN_ASM_MONT5 -DOPENSSL_CPUID_OBJ -DOPENSSL_IA32_SSE2 -DPADLOCK_ASM -DPOLY1305_ASM -DRC4_ASM -DSHA1_ASM -DSHA256_ASM -DSHA512_ASM -DSTATIC_LEGACY -DVPAES_ASM -DWHIRLPOOL_ASM -DX25519_ASM -fPIC -pthread -m64 -Wa,--noexecstack -Wall -O3 -O2 -ffunction-sections -fdata-sections -fPIC -gdwarf-4 -fno-omit-frame-pointer -m64 -DOPENSSL_USE_NODELETE -DL_ENDIAN -DOPENSSL_PIC -DOPENSSLDIR="\"/usr/local/ssl\"" -DENGINESDIR="\"/opt/rustwide/target/debug/build/openssl-sys-2a83c2e8f4de37e2/out/openssl-build/install/lib/engines-3\"" -DMODULESDIR="\"/opt/rustwide/target/debug/build/openssl-sys-2a83c2e8f4de37e2/out/openssl-build/install/lib/ossl-modules\"" -DOPENSSL_BUILDING_OPENSSL -DNDEBUG  -MMD -MF crypto/asn1/libcrypto-lib-ameth_lib.d.tmp -MT crypto/asn1/libcrypto-lib-ameth_lib.o -c -o crypto/asn1/libcrypto-lib-ameth_lib.o crypto/asn1/ameth_lib.c
[INFO] [stderr]   cc  -I. -Iinclude -Iproviders/common/include -Iproviders/implementations/include  -DAES_ASM -DBSAES_ASM -DECP_NISTZ256_ASM -DGHASH_ASM -DKECCAK1600_ASM -DMD5_ASM -DOPENSSL_BN_ASM_GF2m -DOPENSSL_BN_ASM_MONT -DOPENSSL_BN_ASM_MONT5 -DOPENSSL_CPUID_OBJ -DOPENSSL_IA32_SSE2 -DPADLOCK_ASM -DPOLY1305_ASM -DRC4_ASM -DSHA1_ASM -DSHA256_ASM -DSHA512_ASM -DSTATIC_LEGACY -DVPAES_ASM -DWHIRLPOOL_ASM -DX25519_ASM -fPIC -pthread -m64 -Wa,--noexecstack -Wall -O3 -O2 -ffunction-sections -fdata-sections -fPIC -gdwarf-4 -fno-omit-frame-pointer -m64 -DOPENSSL_USE_NODELETE -DL_ENDIAN -DOPENSSL_PIC -DOPENSSLDIR="\"/usr/local/ssl\"" -DENGINESDIR="\"/opt/rustwide/target/debug/build/openssl-sys-2a83c2e8f4de37e2/out/openssl-build/install/lib/engines-3\"" -DMODULESDIR="\"/opt/rustwide/target/debug/build/openssl-sys-2a83c2e8f4de37e2/out/openssl-build/install/lib/ossl-modules\"" -DOPENSSL_BUILDING_OPENSSL -DNDEBUG  -MMD -MF crypto/asn1/libcrypto-lib-asn1_err.d.tmp -MT crypto/asn1/libcrypto-lib-asn1_err.o -c -o crypto/asn1/libcrypto-lib-asn1_err.o crypto/asn1/asn1_err.c
[INFO] [stderr]   cc  -I. -Iinclude -Iproviders/common/include -Iproviders/implementations/include  -DAES_ASM -DBSAES_ASM -DECP_NISTZ256_ASM -DGHASH_ASM -DKECCAK1600_ASM -DMD5_ASM -DOPENSSL_BN_ASM_GF2m -DOPENSSL_BN_ASM_MONT -DOPENSSL_BN_ASM_MONT5 -DOPENSSL_CPUID_OBJ -DOPENSSL_IA32_SSE2 -DPADLOCK_ASM -DPOLY1305_ASM -DRC4_ASM -DSHA1_ASM -DSHA256_ASM -DSHA512_ASM -DSTATIC_LEGACY -DVPAES_ASM -DWHIRLPOOL_ASM -DX25519_ASM -fPIC -pthread -m64 -Wa,--noexecstack -Wall -O3 -O2 -ffunction-sections -fdata-sections -fPIC -gdwarf-4 -fno-omit-frame-pointer -m64 -DOPENSSL_USE_NODELETE -DL_ENDIAN -DOPENSSL_PIC -DOPENSSLDIR="\"/usr/local/ssl\"" -DENGINESDIR="\"/opt/rustwide/target/debug/build/openssl-sys-2a83c2e8f4de37e2/out/openssl-build/install/lib/engines-3\"" -DMODULESDIR="\"/opt/rustwide/target/debug/build/openssl-sys-2a83c2e8f4de37e2/out/openssl-build/install/lib/ossl-modules\"" -DOPENSSL_BUILDING_OPENSSL -DNDEBUG  -MMD -MF crypto/asn1/libcrypto-lib-asn1_gen.d.tmp -MT crypto/asn1/libcrypto-lib-asn1_gen.o -c -o crypto/asn1/libcrypto-lib-asn1_gen.o crypto/asn1/asn1_gen.c
[INFO] [stderr]   cc  -I. -Iinclude -Iproviders/common/include -Iproviders/implementations/include  -DAES_ASM -DBSAES_ASM -DECP_NISTZ256_ASM -DGHASH_ASM -DKECCAK1600_ASM -DMD5_ASM -DOPENSSL_BN_ASM_GF2m -DOPENSSL_BN_ASM_MONT -DOPENSSL_BN_ASM_MONT5 -DOPENSSL_CPUID_OBJ -DOPENSSL_IA32_SSE2 -DPADLOCK_ASM -DPOLY1305_ASM -DRC4_ASM -DSHA1_ASM -DSHA256_ASM -DSHA512_ASM -DSTATIC_LEGACY -DVPAES_ASM -DWHIRLPOOL_ASM -DX25519_ASM -fPIC -pthread -m64 -Wa,--noexecstack -Wall -O3 -O2 -ffunction-sections -fdata-sections -fPIC -gdwarf-4 -fno-omit-frame-pointer -m64 -DOPENSSL_USE_NODELETE -DL_ENDIAN -DOPENSSL_PIC -DOPENSSLDIR="\"/usr/local/ssl\"" -DENGINESDIR="\"/opt/rustwide/target/debug/build/openssl-sys-2a83c2e8f4de37e2/out/openssl-build/install/lib/engines-3\"" -DMODULESDIR="\"/opt/rustwide/target/debug/build/openssl-sys-2a83c2e8f4de37e2/out/openssl-build/install/lib/ossl-modules\"" -DOPENSSL_BUILDING_OPENSSL -DNDEBUG  -MMD -MF crypto/asn1/libcrypto-lib-asn1_item_list.d.tmp -MT crypto/asn1/libcrypto-lib-asn1_item_list.o -c -o crypto/asn1/libcrypto-lib-asn1_item_list.o crypto/asn1/asn1_item_list.c
[INFO] [stderr]   cc  -I. -Iinclude -Iproviders/common/include -Iproviders/implementations/include  -DAES_ASM -DBSAES_ASM -DECP_NISTZ256_ASM -DGHASH_ASM -DKECCAK1600_ASM -DMD5_ASM -DOPENSSL_BN_ASM_GF2m -DOPENSSL_BN_ASM_MONT -DOPENSSL_BN_ASM_MONT5 -DOPENSSL_CPUID_OBJ -DOPENSSL_IA32_SSE2 -DPADLOCK_ASM -DPOLY1305_ASM -DRC4_ASM -DSHA1_ASM -DSHA256_ASM -DSHA512_ASM -DSTATIC_LEGACY -DVPAES_ASM -DWHIRLPOOL_ASM -DX25519_ASM -fPIC -pthread -m64 -Wa,--noexecstack -Wall -O3 -O2 -ffunction-sections -fdata-sections -fPIC -gdwarf-4 -fno-omit-frame-pointer -m64 -DOPENSSL_USE_NODELETE -DL_ENDIAN -DOPENSSL_PIC -DOPENSSLDIR="\"/usr/local/ssl\"" -DENGINESDIR="\"/opt/rustwide/target/debug/build/openssl-sys-2a83c2e8f4de37e2/out/openssl-build/install/lib/engines-3\"" -DMODULESDIR="\"/opt/rustwide/target/debug/build/openssl-sys-2a83c2e8f4de37e2/out/openssl-build/install/lib/ossl-modules\"" -DOPENSSL_BUILDING_OPENSSL -DNDEBUG  -MMD -MF crypto/asn1/libcrypto-lib-asn1_lib.d.tmp -MT crypto/asn1/libcrypto-lib-asn1_lib.o -c -o crypto/asn1/libcrypto-lib-asn1_lib.o crypto/asn1/asn1_lib.c
[INFO] [stderr]   cc  -I. -Iinclude -Iproviders/common/include -Iproviders/implementations/include  -DAES_ASM -DBSAES_ASM -DECP_NISTZ256_ASM -DGHASH_ASM -DKECCAK1600_ASM -DMD5_ASM -DOPENSSL_BN_ASM_GF2m -DOPENSSL_BN_ASM_MONT -DOPENSSL_BN_ASM_MONT5 -DOPENSSL_CPUID_OBJ -DOPENSSL_IA32_SSE2 -DPADLOCK_ASM -DPOLY1305_ASM -DRC4_ASM -DSHA1_ASM -DSHA256_ASM -DSHA512_ASM -DSTATIC_LEGACY -DVPAES_ASM -DWHIRLPOOL_ASM -DX25519_ASM -fPIC -pthread -m64 -Wa,--noexecstack -Wall -O3 -O2 -ffunction-sections -fdata-sections -fPIC -gdwarf-4 -fno-omit-frame-pointer -m64 -DOPENSSL_USE_NODELETE -DL_ENDIAN -DOPENSSL_PIC -DOPENSSLDIR="\"/usr/local/ssl\"" -DENGINESDIR="\"/opt/rustwide/target/debug/build/openssl-sys-2a83c2e8f4de37e2/out/openssl-build/install/lib/engines-3\"" -DMODULESDIR="\"/opt/rustwide/target/debug/build/openssl-sys-2a83c2e8f4de37e2/out/openssl-build/install/lib/ossl-modules\"" -DOPENSSL_BUILDING_OPENSSL -DNDEBUG  -MMD -MF crypto/asn1/libcrypto-lib-asn1_parse.d.tmp -MT crypto/asn1/libcrypto-lib-asn1_parse.o -c -o crypto/asn1/libcrypto-lib-asn1_parse.o crypto/asn1/asn1_parse.c
[INFO] [stderr]   cc  -I. -Iinclude -Iproviders/common/include -Iproviders/implementations/include  -DAES_ASM -DBSAES_ASM -DECP_NISTZ256_ASM -DGHASH_ASM -DKECCAK1600_ASM -DMD5_ASM -DOPENSSL_BN_ASM_GF2m -DOPENSSL_BN_ASM_MONT -DOPENSSL_BN_ASM_MONT5 -DOPENSSL_CPUID_OBJ -DOPENSSL_IA32_SSE2 -DPADLOCK_ASM -DPOLY1305_ASM -DRC4_ASM -DSHA1_ASM -DSHA256_ASM -DSHA512_ASM -DSTATIC_LEGACY -DVPAES_ASM -DWHIRLPOOL_ASM -DX25519_ASM -fPIC -pthread -m64 -Wa,--noexecstack -Wall -O3 -O2 -ffunction-sections -fdata-sections -fPIC -gdwarf-4 -fno-omit-frame-pointer -m64 -DOPENSSL_USE_NODELETE -DL_ENDIAN -DOPENSSL_PIC -DOPENSSLDIR="\"/usr/local/ssl\"" -DENGINESDIR="\"/opt/rustwide/target/debug/build/openssl-sys-2a83c2e8f4de37e2/out/openssl-build/install/lib/engines-3\"" -DMODULESDIR="\"/opt/rustwide/target/debug/build/openssl-sys-2a83c2e8f4de37e2/out/openssl-build/install/lib/ossl-modules\"" -DOPENSSL_BUILDING_OPENSSL -DNDEBUG  -MMD -MF crypto/asn1/libcrypto-lib-asn_mime.d.tmp -MT crypto/asn1/libcrypto-lib-asn_mime.o -c -o crypto/asn1/libcrypto-lib-asn_mime.o crypto/asn1/asn_mime.c
[INFO] [stderr]   cc  -I. -Iinclude -Iproviders/common/include -Iproviders/implementations/include  -DAES_ASM -DBSAES_ASM -DECP_NISTZ256_ASM -DGHASH_ASM -DKECCAK1600_ASM -DMD5_ASM -DOPENSSL_BN_ASM_GF2m -DOPENSSL_BN_ASM_MONT -DOPENSSL_BN_ASM_MONT5 -DOPENSSL_CPUID_OBJ -DOPENSSL_IA32_SSE2 -DPADLOCK_ASM -DPOLY1305_ASM -DRC4_ASM -DSHA1_ASM -DSHA256_ASM -DSHA512_ASM -DSTATIC_LEGACY -DVPAES_ASM -DWHIRLPOOL_ASM -DX25519_ASM -fPIC -pthread -m64 -Wa,--noexecstack -Wall -O3 -O2 -ffunction-sections -fdata-sections -fPIC -gdwarf-4 -fno-omit-frame-pointer -m64 -DOPENSSL_USE_NODELETE -DL_ENDIAN -DOPENSSL_PIC -DOPENSSLDIR="\"/usr/local/ssl\"" -DENGINESDIR="\"/opt/rustwide/target/debug/build/openssl-sys-2a83c2e8f4de37e2/out/openssl-build/install/lib/engines-3\"" -DMODULESDIR="\"/opt/rustwide/target/debug/build/openssl-sys-2a83c2e8f4de37e2/out/openssl-build/install/lib/ossl-modules\"" -DOPENSSL_BUILDING_OPENSSL -DNDEBUG  -MMD -MF crypto/asn1/libcrypto-lib-asn_moid.d.tmp -MT crypto/asn1/libcrypto-lib-asn_moid.o -c -o crypto/asn1/libcrypto-lib-asn_moid.o crypto/asn1/asn_moid.c
[INFO] [stderr]   cc  -I. -Iinclude -Iproviders/common/include -Iproviders/implementations/include  -DAES_ASM -DBSAES_ASM -DECP_NISTZ256_ASM -DGHASH_ASM -DKECCAK1600_ASM -DMD5_ASM -DOPENSSL_BN_ASM_GF2m -DOPENSSL_BN_ASM_MONT -DOPENSSL_BN_ASM_MONT5 -DOPENSSL_CPUID_OBJ -DOPENSSL_IA32_SSE2 -DPADLOCK_ASM -DPOLY1305_ASM -DRC4_ASM -DSHA1_ASM -DSHA256_ASM -DSHA512_ASM -DSTATIC_LEGACY -DVPAES_ASM -DWHIRLPOOL_ASM -DX25519_ASM -fPIC -pthread -m64 -Wa,--noexecstack -Wall -O3 -O2 -ffunction-sections -fdata-sections -fPIC -gdwarf-4 -fno-omit-frame-pointer -m64 -DOPENSSL_USE_NODELETE -DL_ENDIAN -DOPENSSL_PIC -DOPENSSLDIR="\"/usr/local/ssl\"" -DENGINESDIR="\"/opt/rustwide/target/debug/build/openssl-sys-2a83c2e8f4de37e2/out/openssl-build/install/lib/engines-3\"" -DMODULESDIR="\"/opt/rustwide/target/debug/build/openssl-sys-2a83c2e8f4de37e2/out/openssl-build/install/lib/ossl-modules\"" -DOPENSSL_BUILDING_OPENSSL -DNDEBUG  -MMD -MF crypto/asn1/libcrypto-lib-asn_mstbl.d.tmp -MT crypto/asn1/libcrypto-lib-asn_mstbl.o -c -o crypto/asn1/libcrypto-lib-asn_mstbl.o crypto/asn1/asn_mstbl.c
[INFO] [stderr]   cc  -I. -Iinclude -Iproviders/common/include -Iproviders/implementations/include  -DAES_ASM -DBSAES_ASM -DECP_NISTZ256_ASM -DGHASH_ASM -DKECCAK1600_ASM -DMD5_ASM -DOPENSSL_BN_ASM_GF2m -DOPENSSL_BN_ASM_MONT -DOPENSSL_BN_ASM_MONT5 -DOPENSSL_CPUID_OBJ -DOPENSSL_IA32_SSE2 -DPADLOCK_ASM -DPOLY1305_ASM -DRC4_ASM -DSHA1_ASM -DSHA256_ASM -DSHA512_ASM -DSTATIC_LEGACY -DVPAES_ASM -DWHIRLPOOL_ASM -DX25519_ASM -fPIC -pthread -m64 -Wa,--noexecstack -Wall -O3 -O2 -ffunction-sections -fdata-sections -fPIC -gdwarf-4 -fno-omit-frame-pointer -m64 -DOPENSSL_USE_NODELETE -DL_ENDIAN -DOPENSSL_PIC -DOPENSSLDIR="\"/usr/local/ssl\"" -DENGINESDIR="\"/opt/rustwide/target/debug/build/openssl-sys-2a83c2e8f4de37e2/out/openssl-build/install/lib/engines-3\"" -DMODULESDIR="\"/opt/rustwide/target/debug/build/openssl-sys-2a83c2e8f4de37e2/out/openssl-build/install/lib/ossl-modules\"" -DOPENSSL_BUILDING_OPENSSL -DNDEBUG  -MMD -MF crypto/asn1/libcrypto-lib-asn_pack.d.tmp -MT crypto/asn1/libcrypto-lib-asn_pack.o -c -o crypto/asn1/libcrypto-lib-asn_pack.o crypto/asn1/asn_pack.c
[INFO] [stderr]   cc  -I. -Iinclude -Iproviders/common/include -Iproviders/implementations/include  -DAES_ASM -DBSAES_ASM -DECP_NISTZ256_ASM -DGHASH_ASM -DKECCAK1600_ASM -DMD5_ASM -DOPENSSL_BN_ASM_GF2m -DOPENSSL_BN_ASM_MONT -DOPENSSL_BN_ASM_MONT5 -DOPENSSL_CPUID_OBJ -DOPENSSL_IA32_SSE2 -DPADLOCK_ASM -DPOLY1305_ASM -DRC4_ASM -DSHA1_ASM -DSHA256_ASM -DSHA512_ASM -DSTATIC_LEGACY -DVPAES_ASM -DWHIRLPOOL_ASM -DX25519_ASM -fPIC -pthread -m64 -Wa,--noexecstack -Wall -O3 -O2 -ffunction-sections -fdata-sections -fPIC -gdwarf-4 -fno-omit-frame-pointer -m64 -DOPENSSL_USE_NODELETE -DL_ENDIAN -DOPENSSL_PIC -DOPENSSLDIR="\"/usr/local/ssl\"" -DENGINESDIR="\"/opt/rustwide/target/debug/build/openssl-sys-2a83c2e8f4de37e2/out/openssl-build/install/lib/engines-3\"" -DMODULESDIR="\"/opt/rustwide/target/debug/build/openssl-sys-2a83c2e8f4de37e2/out/openssl-build/install/lib/ossl-modules\"" -DOPENSSL_BUILDING_OPENSSL -DNDEBUG  -MMD -MF crypto/asn1/libcrypto-lib-bio_asn1.d.tmp -MT crypto/asn1/libcrypto-lib-bio_asn1.o -c -o crypto/asn1/libcrypto-lib-bio_asn1.o crypto/asn1/bio_asn1.c
[INFO] [stderr]   cc  -I. -Iinclude -Iproviders/common/include -Iproviders/implementations/include  -DAES_ASM -DBSAES_ASM -DECP_NISTZ256_ASM -DGHASH_ASM -DKECCAK1600_ASM -DMD5_ASM -DOPENSSL_BN_ASM_GF2m -DOPENSSL_BN_ASM_MONT -DOPENSSL_BN_ASM_MONT5 -DOPENSSL_CPUID_OBJ -DOPENSSL_IA32_SSE2 -DPADLOCK_ASM -DPOLY1305_ASM -DRC4_ASM -DSHA1_ASM -DSHA256_ASM -DSHA512_ASM -DSTATIC_LEGACY -DVPAES_ASM -DWHIRLPOOL_ASM -DX25519_ASM -fPIC -pthread -m64 -Wa,--noexecstack -Wall -O3 -O2 -ffunction-sections -fdata-sections -fPIC -gdwarf-4 -fno-omit-frame-pointer -m64 -DOPENSSL_USE_NODELETE -DL_ENDIAN -DOPENSSL_PIC -DOPENSSLDIR="\"/usr/local/ssl\"" -DENGINESDIR="\"/opt/rustwide/target/debug/build/openssl-sys-2a83c2e8f4de37e2/out/openssl-build/install/lib/engines-3\"" -DMODULESDIR="\"/opt/rustwide/target/debug/build/openssl-sys-2a83c2e8f4de37e2/out/openssl-build/install/lib/ossl-modules\"" -DOPENSSL_BUILDING_OPENSSL -DNDEBUG  -MMD -MF crypto/asn1/libcrypto-lib-bio_ndef.d.tmp -MT crypto/asn1/libcrypto-lib-bio_ndef.o -c -o crypto/asn1/libcrypto-lib-bio_ndef.o crypto/asn1/bio_ndef.c
[INFO] [stderr]   cc  -I. -Iinclude -Iproviders/common/include -Iproviders/implementations/include  -DAES_ASM -DBSAES_ASM -DECP_NISTZ256_ASM -DGHASH_ASM -DKECCAK1600_ASM -DMD5_ASM -DOPENSSL_BN_ASM_GF2m -DOPENSSL_BN_ASM_MONT -DOPENSSL_BN_ASM_MONT5 -DOPENSSL_CPUID_OBJ -DOPENSSL_IA32_SSE2 -DPADLOCK_ASM -DPOLY1305_ASM -DRC4_ASM -DSHA1_ASM -DSHA256_ASM -DSHA512_ASM -DSTATIC_LEGACY -DVPAES_ASM -DWHIRLPOOL_ASM -DX25519_ASM -fPIC -pthread -m64 -Wa,--noexecstack -Wall -O3 -O2 -ffunction-sections -fdata-sections -fPIC -gdwarf-4 -fno-omit-frame-pointer -m64 -DOPENSSL_USE_NODELETE -DL_ENDIAN -DOPENSSL_PIC -DOPENSSLDIR="\"/usr/local/ssl\"" -DENGINESDIR="\"/opt/rustwide/target/debug/build/openssl-sys-2a83c2e8f4de37e2/out/openssl-build/install/lib/engines-3\"" -DMODULESDIR="\"/opt/rustwide/target/debug/build/openssl-sys-2a83c2e8f4de37e2/out/openssl-build/install/lib/ossl-modules\"" -DOPENSSL_BUILDING_OPENSSL -DNDEBUG  -MMD -MF crypto/asn1/libcrypto-lib-d2i_param.d.tmp -MT crypto/asn1/libcrypto-lib-d2i_param.o -c -o crypto/asn1/libcrypto-lib-d2i_param.o crypto/asn1/d2i_param.c
[INFO] [stderr]   cc  -I. -Iinclude -Iproviders/common/include -Iproviders/implementations/include  -DAES_ASM -DBSAES_ASM -DECP_NISTZ256_ASM -DGHASH_ASM -DKECCAK1600_ASM -DMD5_ASM -DOPENSSL_BN_ASM_GF2m -DOPENSSL_BN_ASM_MONT -DOPENSSL_BN_ASM_MONT5 -DOPENSSL_CPUID_OBJ -DOPENSSL_IA32_SSE2 -DPADLOCK_ASM -DPOLY1305_ASM -DRC4_ASM -DSHA1_ASM -DSHA256_ASM -DSHA512_ASM -DSTATIC_LEGACY -DVPAES_ASM -DWHIRLPOOL_ASM -DX25519_ASM -fPIC -pthread -m64 -Wa,--noexecstack -Wall -O3 -O2 -ffunction-sections -fdata-sections -fPIC -gdwarf-4 -fno-omit-frame-pointer -m64 -DOPENSSL_USE_NODELETE -DL_ENDIAN -DOPENSSL_PIC -DOPENSSLDIR="\"/usr/local/ssl\"" -DENGINESDIR="\"/opt/rustwide/target/debug/build/openssl-sys-2a83c2e8f4de37e2/out/openssl-build/install/lib/engines-3\"" -DMODULESDIR="\"/opt/rustwide/target/debug/build/openssl-sys-2a83c2e8f4de37e2/out/openssl-build/install/lib/ossl-modules\"" -DOPENSSL_BUILDING_OPENSSL -DNDEBUG  -MMD -MF crypto/asn1/libcrypto-lib-d2i_pr.d.tmp -MT crypto/asn1/libcrypto-lib-d2i_pr.o -c -o crypto/asn1/libcrypto-lib-d2i_pr.o crypto/asn1/d2i_pr.c
[INFO] [stderr]   cc  -I. -Iinclude -Iproviders/common/include -Iproviders/implementations/include  -DAES_ASM -DBSAES_ASM -DECP_NISTZ256_ASM -DGHASH_ASM -DKECCAK1600_ASM -DMD5_ASM -DOPENSSL_BN_ASM_GF2m -DOPENSSL_BN_ASM_MONT -DOPENSSL_BN_ASM_MONT5 -DOPENSSL_CPUID_OBJ -DOPENSSL_IA32_SSE2 -DPADLOCK_ASM -DPOLY1305_ASM -DRC4_ASM -DSHA1_ASM -DSHA256_ASM -DSHA512_ASM -DSTATIC_LEGACY -DVPAES_ASM -DWHIRLPOOL_ASM -DX25519_ASM -fPIC -pthread -m64 -Wa,--noexecstack -Wall -O3 -O2 -ffunction-sections -fdata-sections -fPIC -gdwarf-4 -fno-omit-frame-pointer -m64 -DOPENSSL_USE_NODELETE -DL_ENDIAN -DOPENSSL_PIC -DOPENSSLDIR="\"/usr/local/ssl\"" -DENGINESDIR="\"/opt/rustwide/target/debug/build/openssl-sys-2a83c2e8f4de37e2/out/openssl-build/install/lib/engines-3\"" -DMODULESDIR="\"/opt/rustwide/target/debug/build/openssl-sys-2a83c2e8f4de37e2/out/openssl-build/install/lib/ossl-modules\"" -DOPENSSL_BUILDING_OPENSSL -DNDEBUG  -MMD -MF crypto/asn1/libcrypto-lib-d2i_pu.d.tmp -MT crypto/asn1/libcrypto-lib-d2i_pu.o -c -o crypto/asn1/libcrypto-lib-d2i_pu.o crypto/asn1/d2i_pu.c
[INFO] [stderr]   cc  -I. -Iinclude -Iproviders/common/include -Iproviders/implementations/include  -DAES_ASM -DBSAES_ASM -DECP_NISTZ256_ASM -DGHASH_ASM -DKECCAK1600_ASM -DMD5_ASM -DOPENSSL_BN_ASM_GF2m -DOPENSSL_BN_ASM_MONT -DOPENSSL_BN_ASM_MONT5 -DOPENSSL_CPUID_OBJ -DOPENSSL_IA32_SSE2 -DPADLOCK_ASM -DPOLY1305_ASM -DRC4_ASM -DSHA1_ASM -DSHA256_ASM -DSHA512_ASM -DSTATIC_LEGACY -DVPAES_ASM -DWHIRLPOOL_ASM -DX25519_ASM -fPIC -pthread -m64 -Wa,--noexecstack -Wall -O3 -O2 -ffunction-sections -fdata-sections -fPIC -gdwarf-4 -fno-omit-frame-pointer -m64 -DOPENSSL_USE_NODELETE -DL_ENDIAN -DOPENSSL_PIC -DOPENSSLDIR="\"/usr/local/ssl\"" -DENGINESDIR="\"/opt/rustwide/target/debug/build/openssl-sys-2a83c2e8f4de37e2/out/openssl-build/install/lib/engines-3\"" -DMODULESDIR="\"/opt/rustwide/target/debug/build/openssl-sys-2a83c2e8f4de37e2/out/openssl-build/install/lib/ossl-modules\"" -DOPENSSL_BUILDING_OPENSSL -DNDEBUG  -MMD -MF crypto/asn1/libcrypto-lib-evp_asn1.d.tmp -MT crypto/asn1/libcrypto-lib-evp_asn1.o -c -o crypto/asn1/libcrypto-lib-evp_asn1.o crypto/asn1/evp_asn1.c
[INFO] [stderr]   cc  -I. -Iinclude -Iproviders/common/include -Iproviders/implementations/include  -DAES_ASM -DBSAES_ASM -DECP_NISTZ256_ASM -DGHASH_ASM -DKECCAK1600_ASM -DMD5_ASM -DOPENSSL_BN_ASM_GF2m -DOPENSSL_BN_ASM_MONT -DOPENSSL_BN_ASM_MONT5 -DOPENSSL_CPUID_OBJ -DOPENSSL_IA32_SSE2 -DPADLOCK_ASM -DPOLY1305_ASM -DRC4_ASM -DSHA1_ASM -DSHA256_ASM -DSHA512_ASM -DSTATIC_LEGACY -DVPAES_ASM -DWHIRLPOOL_ASM -DX25519_ASM -fPIC -pthread -m64 -Wa,--noexecstack -Wall -O3 -O2 -ffunction-sections -fdata-sections -fPIC -gdwarf-4 -fno-omit-frame-pointer -m64 -DOPENSSL_USE_NODELETE -DL_ENDIAN -DOPENSSL_PIC -DOPENSSLDIR="\"/usr/local/ssl\"" -DENGINESDIR="\"/opt/rustwide/target/debug/build/openssl-sys-2a83c2e8f4de37e2/out/openssl-build/install/lib/engines-3\"" -DMODULESDIR="\"/opt/rustwide/target/debug/build/openssl-sys-2a83c2e8f4de37e2/out/openssl-build/install/lib/ossl-modules\"" -DOPENSSL_BUILDING_OPENSSL -DNDEBUG  -MMD -MF crypto/asn1/libcrypto-lib-f_int.d.tmp -MT crypto/asn1/libcrypto-lib-f_int.o -c -o crypto/asn1/libcrypto-lib-f_int.o crypto/asn1/f_int.c
[INFO] [stderr]   cc  -I. -Iinclude -Iproviders/common/include -Iproviders/implementations/include  -DAES_ASM -DBSAES_ASM -DECP_NISTZ256_ASM -DGHASH_ASM -DKECCAK1600_ASM -DMD5_ASM -DOPENSSL_BN_ASM_GF2m -DOPENSSL_BN_ASM_MONT -DOPENSSL_BN_ASM_MONT5 -DOPENSSL_CPUID_OBJ -DOPENSSL_IA32_SSE2 -DPADLOCK_ASM -DPOLY1305_ASM -DRC4_ASM -DSHA1_ASM -DSHA256_ASM -DSHA512_ASM -DSTATIC_LEGACY -DVPAES_ASM -DWHIRLPOOL_ASM -DX25519_ASM -fPIC -pthread -m64 -Wa,--noexecstack -Wall -O3 -O2 -ffunction-sections -fdata-sections -fPIC -gdwarf-4 -fno-omit-frame-pointer -m64 -DOPENSSL_USE_NODELETE -DL_ENDIAN -DOPENSSL_PIC -DOPENSSLDIR="\"/usr/local/ssl\"" -DENGINESDIR="\"/opt/rustwide/target/debug/build/openssl-sys-2a83c2e8f4de37e2/out/openssl-build/install/lib/engines-3\"" -DMODULESDIR="\"/opt/rustwide/target/debug/build/openssl-sys-2a83c2e8f4de37e2/out/openssl-build/install/lib/ossl-modules\"" -DOPENSSL_BUILDING_OPENSSL -DNDEBUG  -MMD -MF crypto/asn1/libcrypto-lib-f_string.d.tmp -MT crypto/asn1/libcrypto-lib-f_string.o -c -o crypto/asn1/libcrypto-lib-f_string.o crypto/asn1/f_string.c
[INFO] [stderr]   cc  -I. -Iinclude -Iproviders/common/include -Iproviders/implementations/include  -DAES_ASM -DBSAES_ASM -DECP_NISTZ256_ASM -DGHASH_ASM -DKECCAK1600_ASM -DMD5_ASM -DOPENSSL_BN_ASM_GF2m -DOPENSSL_BN_ASM_MONT -DOPENSSL_BN_ASM_MONT5 -DOPENSSL_CPUID_OBJ -DOPENSSL_IA32_SSE2 -DPADLOCK_ASM -DPOLY1305_ASM -DRC4_ASM -DSHA1_ASM -DSHA256_ASM -DSHA512_ASM -DSTATIC_LEGACY -DVPAES_ASM -DWHIRLPOOL_ASM -DX25519_ASM -fPIC -pthread -m64 -Wa,--noexecstack -Wall -O3 -O2 -ffunction-sections -fdata-sections -fPIC -gdwarf-4 -fno-omit-frame-pointer -m64 -DOPENSSL_USE_NODELETE -DL_ENDIAN -DOPENSSL_PIC -DOPENSSLDIR="\"/usr/local/ssl\"" -DENGINESDIR="\"/opt/rustwide/target/debug/build/openssl-sys-2a83c2e8f4de37e2/out/openssl-build/install/lib/engines-3\"" -DMODULESDIR="\"/opt/rustwide/target/debug/build/openssl-sys-2a83c2e8f4de37e2/out/openssl-build/install/lib/ossl-modules\"" -DOPENSSL_BUILDING_OPENSSL -DNDEBUG  -MMD -MF crypto/asn1/libcrypto-lib-i2d_evp.d.tmp -MT crypto/asn1/libcrypto-lib-i2d_evp.o -c -o crypto/asn1/libcrypto-lib-i2d_evp.o crypto/asn1/i2d_evp.c
[INFO] [stderr]   cc  -I. -Iinclude -Iproviders/common/include -Iproviders/implementations/include  -DAES_ASM -DBSAES_ASM -DECP_NISTZ256_ASM -DGHASH_ASM -DKECCAK1600_ASM -DMD5_ASM -DOPENSSL_BN_ASM_GF2m -DOPENSSL_BN_ASM_MONT -DOPENSSL_BN_ASM_MONT5 -DOPENSSL_CPUID_OBJ -DOPENSSL_IA32_SSE2 -DPADLOCK_ASM -DPOLY1305_ASM -DRC4_ASM -DSHA1_ASM -DSHA256_ASM -DSHA512_ASM -DSTATIC_LEGACY -DVPAES_ASM -DWHIRLPOOL_ASM -DX25519_ASM -fPIC -pthread -m64 -Wa,--noexecstack -Wall -O3 -O2 -ffunction-sections -fdata-sections -fPIC -gdwarf-4 -fno-omit-frame-pointer -m64 -DOPENSSL_USE_NODELETE -DL_ENDIAN -DOPENSSL_PIC -DOPENSSLDIR="\"/usr/local/ssl\"" -DENGINESDIR="\"/opt/rustwide/target/debug/build/openssl-sys-2a83c2e8f4de37e2/out/openssl-build/install/lib/engines-3\"" -DMODULESDIR="\"/opt/rustwide/target/debug/build/openssl-sys-2a83c2e8f4de37e2/out/openssl-build/install/lib/ossl-modules\"" -DOPENSSL_BUILDING_OPENSSL -DNDEBUG  -MMD -MF crypto/asn1/libcrypto-lib-n_pkey.d.tmp -MT crypto/asn1/libcrypto-lib-n_pkey.o -c -o crypto/asn1/libcrypto-lib-n_pkey.o crypto/asn1/n_pkey.c
[INFO] [stderr]   cc  -I. -Iinclude -Iproviders/common/include -Iproviders/implementations/include  -DAES_ASM -DBSAES_ASM -DECP_NISTZ256_ASM -DGHASH_ASM -DKECCAK1600_ASM -DMD5_ASM -DOPENSSL_BN_ASM_GF2m -DOPENSSL_BN_ASM_MONT -DOPENSSL_BN_ASM_MONT5 -DOPENSSL_CPUID_OBJ -DOPENSSL_IA32_SSE2 -DPADLOCK_ASM -DPOLY1305_ASM -DRC4_ASM -DSHA1_ASM -DSHA256_ASM -DSHA512_ASM -DSTATIC_LEGACY -DVPAES_ASM -DWHIRLPOOL_ASM -DX25519_ASM -fPIC -pthread -m64 -Wa,--noexecstack -Wall -O3 -O2 -ffunction-sections -fdata-sections -fPIC -gdwarf-4 -fno-omit-frame-pointer -m64 -DOPENSSL_USE_NODELETE -DL_ENDIAN -DOPENSSL_PIC -DOPENSSLDIR="\"/usr/local/ssl\"" -DENGINESDIR="\"/opt/rustwide/target/debug/build/openssl-sys-2a83c2e8f4de37e2/out/openssl-build/install/lib/engines-3\"" -DMODULESDIR="\"/opt/rustwide/target/debug/build/openssl-sys-2a83c2e8f4de37e2/out/openssl-build/install/lib/ossl-modules\"" -DOPENSSL_BUILDING_OPENSSL -DNDEBUG  -MMD -MF crypto/asn1/libcrypto-lib-nsseq.d.tmp -MT crypto/asn1/libcrypto-lib-nsseq.o -c -o crypto/asn1/libcrypto-lib-nsseq.o crypto/asn1/nsseq.c
[INFO] [stderr]   cc  -I. -Iinclude -Iproviders/common/include -Iproviders/implementations/include  -DAES_ASM -DBSAES_ASM -DECP_NISTZ256_ASM -DGHASH_ASM -DKECCAK1600_ASM -DMD5_ASM -DOPENSSL_BN_ASM_GF2m -DOPENSSL_BN_ASM_MONT -DOPENSSL_BN_ASM_MONT5 -DOPENSSL_CPUID_OBJ -DOPENSSL_IA32_SSE2 -DPADLOCK_ASM -DPOLY1305_ASM -DRC4_ASM -DSHA1_ASM -DSHA256_ASM -DSHA512_ASM -DSTATIC_LEGACY -DVPAES_ASM -DWHIRLPOOL_ASM -DX25519_ASM -fPIC -pthread -m64 -Wa,--noexecstack -Wall -O3 -O2 -ffunction-sections -fdata-sections -fPIC -gdwarf-4 -fno-omit-frame-pointer -m64 -DOPENSSL_USE_NODELETE -DL_ENDIAN -DOPENSSL_PIC -DOPENSSLDIR="\"/usr/local/ssl\"" -DENGINESDIR="\"/opt/rustwide/target/debug/build/openssl-sys-2a83c2e8f4de37e2/out/openssl-build/install/lib/engines-3\"" -DMODULESDIR="\"/opt/rustwide/target/debug/build/openssl-sys-2a83c2e8f4de37e2/out/openssl-build/install/lib/ossl-modules\"" -DOPENSSL_BUILDING_OPENSSL -DNDEBUG  -MMD -MF crypto/asn1/libcrypto-lib-p5_pbe.d.tmp -MT crypto/asn1/libcrypto-lib-p5_pbe.o -c -o crypto/asn1/libcrypto-lib-p5_pbe.o crypto/asn1/p5_pbe.c
[INFO] [stderr]   cc  -I. -Iinclude -Iproviders/common/include -Iproviders/implementations/include  -DAES_ASM -DBSAES_ASM -DECP_NISTZ256_ASM -DGHASH_ASM -DKECCAK1600_ASM -DMD5_ASM -DOPENSSL_BN_ASM_GF2m -DOPENSSL_BN_ASM_MONT -DOPENSSL_BN_ASM_MONT5 -DOPENSSL_CPUID_OBJ -DOPENSSL_IA32_SSE2 -DPADLOCK_ASM -DPOLY1305_ASM -DRC4_ASM -DSHA1_ASM -DSHA256_ASM -DSHA512_ASM -DSTATIC_LEGACY -DVPAES_ASM -DWHIRLPOOL_ASM -DX25519_ASM -fPIC -pthread -m64 -Wa,--noexecstack -Wall -O3 -O2 -ffunction-sections -fdata-sections -fPIC -gdwarf-4 -fno-omit-frame-pointer -m64 -DOPENSSL_USE_NODELETE -DL_ENDIAN -DOPENSSL_PIC -DOPENSSLDIR="\"/usr/local/ssl\"" -DENGINESDIR="\"/opt/rustwide/target/debug/build/openssl-sys-2a83c2e8f4de37e2/out/openssl-build/install/lib/engines-3\"" -DMODULESDIR="\"/opt/rustwide/target/debug/build/openssl-sys-2a83c2e8f4de37e2/out/openssl-build/install/lib/ossl-modules\"" -DOPENSSL_BUILDING_OPENSSL -DNDEBUG  -MMD -MF crypto/asn1/libcrypto-lib-p5_pbev2.d.tmp -MT crypto/asn1/libcrypto-lib-p5_pbev2.o -c -o crypto/asn1/libcrypto-lib-p5_pbev2.o crypto/asn1/p5_pbev2.c
[INFO] [stderr]   cc  -I. -Iinclude -Iproviders/common/include -Iproviders/implementations/include  -DAES_ASM -DBSAES_ASM -DECP_NISTZ256_ASM -DGHASH_ASM -DKECCAK1600_ASM -DMD5_ASM -DOPENSSL_BN_ASM_GF2m -DOPENSSL_BN_ASM_MONT -DOPENSSL_BN_ASM_MONT5 -DOPENSSL_CPUID_OBJ -DOPENSSL_IA32_SSE2 -DPADLOCK_ASM -DPOLY1305_ASM -DRC4_ASM -DSHA1_ASM -DSHA256_ASM -DSHA512_ASM -DSTATIC_LEGACY -DVPAES_ASM -DWHIRLPOOL_ASM -DX25519_ASM -fPIC -pthread -m64 -Wa,--noexecstack -Wall -O3 -O2 -ffunction-sections -fdata-sections -fPIC -gdwarf-4 -fno-omit-frame-pointer -m64 -DOPENSSL_USE_NODELETE -DL_ENDIAN -DOPENSSL_PIC -DOPENSSLDIR="\"/usr/local/ssl\"" -DENGINESDIR="\"/opt/rustwide/target/debug/build/openssl-sys-2a83c2e8f4de37e2/out/openssl-build/install/lib/engines-3\"" -DMODULESDIR="\"/opt/rustwide/target/debug/build/openssl-sys-2a83c2e8f4de37e2/out/openssl-build/install/lib/ossl-modules\"" -DOPENSSL_BUILDING_OPENSSL -DNDEBUG  -MMD -MF crypto/asn1/libcrypto-lib-p5_scrypt.d.tmp -MT crypto/asn1/libcrypto-lib-p5_scrypt.o -c -o crypto/asn1/libcrypto-lib-p5_scrypt.o crypto/asn1/p5_scrypt.c
[INFO] [stderr]   cc  -I. -Iinclude -Iproviders/common/include -Iproviders/implementations/include  -DAES_ASM -DBSAES_ASM -DECP_NISTZ256_ASM -DGHASH_ASM -DKECCAK1600_ASM -DMD5_ASM -DOPENSSL_BN_ASM_GF2m -DOPENSSL_BN_ASM_MONT -DOPENSSL_BN_ASM_MONT5 -DOPENSSL_CPUID_OBJ -DOPENSSL_IA32_SSE2 -DPADLOCK_ASM -DPOLY1305_ASM -DRC4_ASM -DSHA1_ASM -DSHA256_ASM -DSHA512_ASM -DSTATIC_LEGACY -DVPAES_ASM -DWHIRLPOOL_ASM -DX25519_ASM -fPIC -pthread -m64 -Wa,--noexecstack -Wall -O3 -O2 -ffunction-sections -fdata-sections -fPIC -gdwarf-4 -fno-omit-frame-pointer -m64 -DOPENSSL_USE_NODELETE -DL_ENDIAN -DOPENSSL_PIC -DOPENSSLDIR="\"/usr/local/ssl\"" -DENGINESDIR="\"/opt/rustwide/target/debug/build/openssl-sys-2a83c2e8f4de37e2/out/openssl-build/install/lib/engines-3\"" -DMODULESDIR="\"/opt/rustwide/target/debug/build/openssl-sys-2a83c2e8f4de37e2/out/openssl-build/install/lib/ossl-modules\"" -DOPENSSL_BUILDING_OPENSSL -DNDEBUG  -MMD -MF crypto/asn1/libcrypto-lib-p8_pkey.d.tmp -MT crypto/asn1/libcrypto-lib-p8_pkey.o -c -o crypto/asn1/libcrypto-lib-p8_pkey.o crypto/asn1/p8_pkey.c
[INFO] [stderr]   make[1]: Leaving directory '/opt/rustwide/target/debug/build/openssl-sys-2a83c2e8f4de37e2/out/openssl-build/build/src'
[INFO] [stderr] 
[INFO] [stderr]   --- stderr
[INFO] [stderr]   /tmp/cc3EoGvO.s: Assembler messages:
[INFO] [stderr]   /tmp/cc3EoGvO.s: Fatal error: can't write 12 bytes to section .text.PBEPARAM_it of crypto/asn1/libcrypto-lib-p5_pbe.o: 'No space left on device'
[INFO] [stderr]   /tmp/cc3EoGvO.s: Fatal error: crypto/asn1/libcrypto-lib-p5_pbe.o: No space left on device
[INFO] [stderr]   /tmp/ccTzmJCp.s: Assembler messages:
[INFO] [stderr]   /tmp/ccTzmJCp.s: Fatal error: can't write 12 bytes to section .text.ASN1_TIME_it of crypto/asn1/libcrypto-lib-a_time.o: 'No space left on device'
[INFO] [stderr]   /tmp/ccTzmJCp.s: Fatal error: crypto/asn1/libcrypto-lib-a_time.o: No space left on device
[INFO] [stderr]   make[1]: *** [Makefile:5312: crypto/asn1/libcrypto-lib-p5_pbe.o] Error 1
[INFO] [stderr]   make[1]: *** Waiting for unfinished jobs....
[INFO] [stderr]   make[1]: *** [Makefile:5104: crypto/asn1/libcrypto-lib-a_time.o] Error 1
[INFO] [stderr]   crypto/asn1/asn_moid.c:102:1: fatal error: error writing to /tmp/ccYqRLp4.s: No space left on device
[INFO] [stderr]     102 | }
[INFO] [stderr]         | ^
[INFO] [stderr]   compilation terminated.
[INFO] [stderr]   make[1]: *** [Makefile:5200: crypto/asn1/libcrypto-lib-asn_moid.o] Error 1
[INFO] [stderr]   crypto/asn1/asn1_parse.c:387:1: fatal error: error writing to /tmp/ccBT9zER.s: No space left on device
[INFO] [stderr]     387 | }
[INFO] [stderr]         | ^
[INFO] [stderr]   compilation terminated.
[INFO] [stderr]   make[1]: *** [Makefile:5184: crypto/asn1/libcrypto-lib-asn1_parse.o] Error 1
[INFO] [stderr]   crypto/asn1/i2d_evp.c:148:1: fatal error: error writing to /tmp/ccL9vaJs.s: No space left on device
[INFO] [stderr]     148 | }
[INFO] [stderr]         | ^
[INFO] [stderr]   compilation terminated.
[INFO] [stderr]   make[1]: *** [Makefile:5288: crypto/asn1/libcrypto-lib-i2d_evp.o] Error 1
[INFO] [stderr]   crypto/asn1/p8_pkey.c:91:1: fatal error: error writing to /tmp/ccJvqFMd.s: No space left on device
[INFO] [stderr]      91 | }
[INFO] [stderr]         | ^
[INFO] [stderr]   compilation terminated.
[INFO] [stderr]   make[1]: *** [Makefile:5336: crypto/asn1/libcrypto-lib-p8_pkey.o] Error 1
[INFO] [stderr]   make: *** [Makefile:2314: build_libs] Error 2
[INFO] [stderr] 
[INFO] [stderr]   thread 'main' panicked at /opt/rustwide/cargo-home/registry/src/index.crates.io-1949cf8c6b5b557f/openssl-src-300.2.3+3.2.1/src/lib.rs:611:9:
[INFO] [stderr] 
[INFO] [stderr] 
[INFO] [stderr] 
[INFO] [stderr]   Error building OpenSSL:
[INFO] [stderr]       Command: cd "/opt/rustwide/target/debug/build/openssl-sys-2a83c2e8f4de37e2/out/openssl-build/build/src" && MAKEFLAGS="-j --jobserver-fds=8,9 --jobserver-auth=8,9" "make" "build_libs"
[INFO] [stderr]       Exit status: exit status: 2
[INFO] [stderr] 
[INFO] [stderr] 
[INFO] [stderr]       
[INFO] [stderr]   stack backtrace:
[INFO] [stderr]      0:     0x57676229b9da - std::backtrace_rs::backtrace::libunwind::trace::hb059275cfc8d6126
[INFO] [stderr]                                  at /rustc/6067b36314ab5eb2eb47cecc464545ba58e1ad24/library/std/src/../../backtrace/src/backtrace/libunwind.rs:116:5
[INFO] [stderr]      1:     0x57676229b9da - std::backtrace_rs::backtrace::trace_unsynchronized::h2da071e4327ce3ee
[INFO] [stderr]                                  at /rustc/6067b36314ab5eb2eb47cecc464545ba58e1ad24/library/std/src/../../backtrace/src/backtrace/mod.rs:66:5
[INFO] [stderr]      2:     0x57676229b9da - std::sys::backtrace::_print_fmt::h842a1474e6f8d23f
[INFO] [stderr]                                  at /rustc/6067b36314ab5eb2eb47cecc464545ba58e1ad24/library/std/src/sys/backtrace.rs:66:9
[INFO] [stderr]      3:     0x57676229b9da - <std::sys::backtrace::BacktraceLock::print::DisplayBacktrace as core::fmt::Display>::fmt::h71a62eb3b9696b12
[INFO] [stderr]                                  at /rustc/6067b36314ab5eb2eb47cecc464545ba58e1ad24/library/std/src/sys/backtrace.rs:39:26
[INFO] [stderr]      4:     0x5767622c3333 - core::fmt::rt::Argument::fmt::hdb6b616786b41dc1
[INFO] [stderr]                                  at /rustc/6067b36314ab5eb2eb47cecc464545ba58e1ad24/library/core/src/fmt/rt.rs:177:76
[INFO] [stderr]      5:     0x5767622c3333 - core::fmt::write::h2cc1698af7e2d686
[INFO] [stderr]                                  at /rustc/6067b36314ab5eb2eb47cecc464545ba58e1ad24/library/core/src/fmt/mod.rs:1440:21
[INFO] [stderr]      6:     0x576762296fa3 - std::io::Write::write_fmt::h00c8700df393f328
[INFO] [stderr]                                  at /rustc/6067b36314ab5eb2eb47cecc464545ba58e1ad24/library/std/src/io/mod.rs:1887:15
[INFO] [stderr]      7:     0x57676229b822 - std::sys::backtrace::BacktraceLock::print::h147fe35b4ea13b08
[INFO] [stderr]                                  at /rustc/6067b36314ab5eb2eb47cecc464545ba58e1ad24/library/std/src/sys/backtrace.rs:42:9
[INFO] [stderr]      8:     0x57676229cfaf - std::panicking::default_hook::{{closure}}::hbd44223dbdc0d208
[INFO] [stderr]                                  at /rustc/6067b36314ab5eb2eb47cecc464545ba58e1ad24/library/std/src/panicking.rs:298:22
[INFO] [stderr]      9:     0x57676229ce1a - std::panicking::default_hook::h20f81eb0576efcec
[INFO] [stderr]                                  at /rustc/6067b36314ab5eb2eb47cecc464545ba58e1ad24/library/std/src/panicking.rs:325:9
[INFO] [stderr]     10:     0x57676229d9d2 - std::panicking::rust_panic_with_hook::h625eea43051b2edc
[INFO] [stderr]                                  at /rustc/6067b36314ab5eb2eb47cecc464545ba58e1ad24/library/std/src/panicking.rs:831:13
[INFO] [stderr]     11:     0x57676229d75a - std::panicking::begin_panic_handler::{{closure}}::h4f9159cfbc3f6bd3
[INFO] [stderr]                                  at /rustc/6067b36314ab5eb2eb47cecc464545ba58e1ad24/library/std/src/panicking.rs:704:13
[INFO] [stderr]     12:     0x57676229bed9 - std::sys::backtrace::__rust_end_short_backtrace::h0390abce48353151
[INFO] [stderr]                                  at /rustc/6067b36314ab5eb2eb47cecc464545ba58e1ad24/library/std/src/sys/backtrace.rs:168:18
[INFO] [stderr]     13:     0x57676229d3ed - rust_begin_unwind
[INFO] [stderr]                                  at /rustc/6067b36314ab5eb2eb47cecc464545ba58e1ad24/library/std/src/panicking.rs:695:5
[INFO] [stderr]     14:     0x5767622c20d0 - core::panicking::panic_fmt::h9e7c637e9e5f29c9
[INFO] [stderr]                                  at /rustc/6067b36314ab5eb2eb47cecc464545ba58e1ad24/library/core/src/panicking.rs:75:14
[INFO] [stderr]     15:     0x5767621f0f9b - openssl_src::Build::run_command::h97e154ac7396dd07
[INFO] [stderr]     16:     0x5767621eff77 - openssl_src::Build::build::hdb6c9978a59105d1
[INFO] [stderr]     17:     0x576762182893 - build_script_main::find_vendored::get_openssl::h17d843d1f17fb2d6
[INFO] [stderr]     18:     0x576762179558 - build_script_main::find_openssl::h27e09dff13f9d25d
[INFO] [stderr]     19:     0x576762179751 - build_script_main::main::h4a8f2b15dd896fa5
[INFO] [stderr]     20:     0x576762174583 - core::ops::function::FnOnce::call_once::h0659f25c2d9dee6c
[INFO] [stderr]     21:     0x576762180026 - std::sys::backtrace::__rust_begin_short_backtrace::h4f021703916fafaa
[INFO] [stderr]     22:     0x57676217fe39 - std::rt::lang_start::{{closure}}::h890cfe076b6e5184
[INFO] [stderr]     23:     0x576762291190 - core::ops::function::impls::<impl core::ops::function::FnOnce<A> for &F>::call_once::h1b085b6c1d2518b2
[INFO] [stderr]                                  at /rustc/6067b36314ab5eb2eb47cecc464545ba58e1ad24/library/core/src/ops/function.rs:284:13
[INFO] [stderr]     24:     0x576762291190 - std::panicking::try::do_call::h382f964a5a23b565
[INFO] [stderr]                                  at /rustc/6067b36314ab5eb2eb47cecc464545ba58e1ad24/library/std/src/panicking.rs:587:40
[INFO] [stderr]     25:     0x576762291190 - std::panicking::try::h57f991055eb622f9
[INFO] [stderr]                                  at /rustc/6067b36314ab5eb2eb47cecc464545ba58e1ad24/library/std/src/panicking.rs:550:19
[INFO] [stderr]     26:     0x576762291190 - std::panic::catch_unwind::h4d9a74ef04456343
[INFO] [stderr]                                  at /rustc/6067b36314ab5eb2eb47cecc464545ba58e1ad24/library/std/src/panic.rs:358:14
[INFO] [stderr]     27:     0x576762291190 - std::rt::lang_start_internal::{{closure}}::h2faa8ae84a93f314
[INFO] [stderr]                                  at /rustc/6067b36314ab5eb2eb47cecc464545ba58e1ad24/library/std/src/rt.rs:163:24
[INFO] [stderr]     28:     0x576762291190 - std::panicking::try::do_call::h0f8932bf638a9bf5
[INFO] [stderr]                                  at /rustc/6067b36314ab5eb2eb47cecc464545ba58e1ad24/library/std/src/panicking.rs:587:40
[INFO] [stderr]     29:     0x576762291190 - std::panicking::try::h683416ea756b175d
[INFO] [stderr]                                  at /rustc/6067b36314ab5eb2eb47cecc464545ba58e1ad24/library/std/src/panicking.rs:550:19
[INFO] [stderr]     30:     0x576762291190 - std::panic::catch_unwind::h56189fac8994979f
[INFO] [stderr]                                  at /rustc/6067b36314ab5eb2eb47cecc464545ba58e1ad24/library/std/src/panic.rs:358:14
[INFO] [stderr]     31:     0x576762291190 - std::rt::lang_start_internal::h8bbc1061691274fe
[INFO] [stderr]                                  at /rustc/6067b36314ab5eb2eb47cecc464545ba58e1ad24/library/std/src/rt.rs:159:5
[INFO] [stderr]     32:     0x57676217fe21 - std::rt::lang_start::h3df59692feb61052
[INFO] [stderr]     33:     0x57676217d715 - main
[INFO] [stderr]     34:     0x704f70bd4d90 - <unknown>
[INFO] [stderr]     35:     0x704f70bd4e40 - __libc_start_main
[INFO] [stderr]     36:     0x576762173865 - _start
[INFO] [stderr]     37:                0x0 - <unknown>
[INFO] running `Command { std: "docker" "inspect" "f7d8b635f3e852af1f7e01e12d5f2b89124a50a0c62e1e8214726d1462d3edda", kill_on_drop: false }`
[INFO] running `Command { std: "docker" "rm" "-f" "f7d8b635f3e852af1f7e01e12d5f2b89124a50a0c62e1e8214726d1462d3edda", kill_on_drop: false }`
[INFO] [stdout] f7d8b635f3e852af1f7e01e12d5f2b89124a50a0c62e1e8214726d1462d3edda
