[INFO] cloning repository https://github.com/jerbly/honey-explore
[INFO] running `Command { std: "git" "-c" "credential.helper=" "-c" "credential.helper=/workspace/cargo-home/bin/git-credential-null" "clone" "--bare" "https://github.com/jerbly/honey-explore" "/workspace/cache/git-repos/https%3A%2F%2Fgithub.com%2Fjerbly%2Fhoney-explore", kill_on_drop: false }`
[INFO] [stderr] Cloning into bare repository '/workspace/cache/git-repos/https%3A%2F%2Fgithub.com%2Fjerbly%2Fhoney-explore'...
[INFO] running `Command { std: "git" "rev-parse" "HEAD", kill_on_drop: false }`
[INFO] [stdout] 274e05ab611c85d39b275f11374e362b4fb0f402
[INFO] testing jerbly/honey-explore against nightly-2025-01-18 for randomize-layout-2
[INFO] running `Command { std: "git" "clone" "/workspace/cache/git-repos/https%3A%2F%2Fgithub.com%2Fjerbly%2Fhoney-explore" "/workspace/builds/worker-4-tc1/source", kill_on_drop: false }`
[INFO] [stderr] Cloning into '/workspace/builds/worker-4-tc1/source'...
[INFO] [stderr] done.
[INFO] validating manifest of git repo https://github.com/jerbly/honey-explore on toolchain nightly-2025-01-18
[INFO] running `Command { std: CARGO_HOME="/workspace/cargo-home" RUSTUP_HOME="/workspace/rustup-home" "/workspace/cargo-home/bin/cargo" "+nightly-2025-01-18" "metadata" "--manifest-path" "Cargo.toml" "--no-deps", kill_on_drop: false }`
[INFO] started tweaking git repo https://github.com/jerbly/honey-explore
[INFO] finished tweaking git repo https://github.com/jerbly/honey-explore
[INFO] tweaked toml for git repo https://github.com/jerbly/honey-explore written to /workspace/builds/worker-4-tc1/source/Cargo.toml
[INFO] crate git repo https://github.com/jerbly/honey-explore already has a lockfile, it will not be regenerated
[INFO] running `Command { std: CARGO_HOME="/workspace/cargo-home" RUSTUP_HOME="/workspace/rustup-home" "/workspace/cargo-home/bin/cargo" "+nightly-2025-01-18" "fetch" "--manifest-path" "Cargo.toml", kill_on_drop: false }`
[INFO] [stderr] warning: /workspace/builds/worker-4-tc1/source/Cargo.toml: version requirement `0.9.34+deprecated` for dependency `serde_yaml` includes semver metadata which will be ignored, removing the metadata is recommended to avoid confusion
[INFO] [stderr]     Updating git repository `https://github.com/jerbly/honeycomb-client`
[INFO] running `Command { std: "docker" "create" "-v" "/var/lib/crater-agent-workspace/builds/worker-4-tc1/target:/opt/rustwide/target:rw,Z" "-v" "/var/lib/crater-agent-workspace/builds/worker-4-tc1/source:/opt/rustwide/workdir:ro,Z" "-v" "/var/lib/crater-agent-workspace/cargo-home:/opt/rustwide/cargo-home:ro,Z" "-v" "/var/lib/crater-agent-workspace/rustup-home:/opt/rustwide/rustup-home:ro,Z" "-e" "SOURCE_DIR=/opt/rustwide/workdir" "-e" "CARGO_TARGET_DIR=/opt/rustwide/target" "-e" "CARGO_HOME=/opt/rustwide/cargo-home" "-e" "RUSTUP_HOME=/opt/rustwide/rustup-home" "-w" "/opt/rustwide/workdir" "-m" "1610612736" "--user" "0:0" "--network" "none" "ghcr.io/rust-lang/crates-build-env/linux@sha256:819108c5571ea2e421544af4d832f968d213c87fbe3707a016657f43d2f853bc" "/opt/rustwide/cargo-home/bin/cargo" "+nightly-2025-01-18" "metadata" "--no-deps" "--format-version=1", kill_on_drop: false }`
[INFO] [stdout] 944c889b7d16418c49fad5557049d7f52b86d4e139a234c4c17a9e146019dee3
[INFO] running `Command { std: "docker" "start" "-a" "944c889b7d16418c49fad5557049d7f52b86d4e139a234c4c17a9e146019dee3", kill_on_drop: false }`
[INFO] running `Command { std: "docker" "inspect" "944c889b7d16418c49fad5557049d7f52b86d4e139a234c4c17a9e146019dee3", kill_on_drop: false }`
[INFO] running `Command { std: "docker" "rm" "-f" "944c889b7d16418c49fad5557049d7f52b86d4e139a234c4c17a9e146019dee3", kill_on_drop: false }`
[INFO] [stdout] 944c889b7d16418c49fad5557049d7f52b86d4e139a234c4c17a9e146019dee3
[INFO] running `Command { std: "docker" "create" "-v" "/var/lib/crater-agent-workspace/builds/worker-4-tc1/target:/opt/rustwide/target:rw,Z" "-v" "/var/lib/crater-agent-workspace/builds/worker-4-tc1/source:/opt/rustwide/workdir:ro,Z" "-v" "/var/lib/crater-agent-workspace/cargo-home:/opt/rustwide/cargo-home:ro,Z" "-v" "/var/lib/crater-agent-workspace/rustup-home:/opt/rustwide/rustup-home:ro,Z" "-e" "SOURCE_DIR=/opt/rustwide/workdir" "-e" "CARGO_TARGET_DIR=/opt/rustwide/target" "-e" "CARGO_INCREMENTAL=0" "-e" "RUST_BACKTRACE=full" "-e" "RUSTFLAGS=--cap-lints=forbid" "-e" "RUSTDOCFLAGS=--cap-lints=forbid" "-e" "CARGO_HOME=/opt/rustwide/cargo-home" "-e" "RUSTUP_HOME=/opt/rustwide/rustup-home" "-w" "/opt/rustwide/workdir" "-m" "1610612736" "--user" "0:0" "--network" "none" "ghcr.io/rust-lang/crates-build-env/linux@sha256:819108c5571ea2e421544af4d832f968d213c87fbe3707a016657f43d2f853bc" "/opt/rustwide/cargo-home/bin/cargo" "+nightly-2025-01-18" "build" "--frozen" "--message-format=json", kill_on_drop: false }`
[INFO] [stdout] f634ae03b60e79941df349a08c47ec91aed9f17312d33c7427d6cdb1bfe919d2
[INFO] running `Command { std: "docker" "start" "-a" "f634ae03b60e79941df349a08c47ec91aed9f17312d33c7427d6cdb1bfe919d2", kill_on_drop: false }`
[INFO] [stderr] warning: /opt/rustwide/workdir/Cargo.toml: version requirement `0.9.34+deprecated` for dependency `serde_yaml` includes semver metadata which will be ignored, removing the metadata is recommended to avoid confusion
[INFO] [stderr]    Compiling proc-macro2 v1.0.89
[INFO] [stderr]    Compiling unicode-ident v1.0.12
[INFO] [stderr]    Compiling autocfg v1.1.0
[INFO] [stderr]    Compiling libc v0.2.151
[INFO] [stderr]    Compiling memchr v2.6.4
[INFO] [stderr]    Compiling once_cell v1.19.0
[INFO] [stderr]    Compiling cfg-if v1.0.0
[INFO] [stderr]    Compiling pin-project-lite v0.2.13
[INFO] [stderr]    Compiling bytes v1.5.0
[INFO] [stderr]    Compiling itoa v1.0.10
[INFO] [stderr]    Compiling futures-core v0.3.31
[INFO] [stderr]    Compiling version_check v0.9.4
[INFO] [stderr]    Compiling futures-sink v0.3.31
[INFO] [stderr]    Compiling pin-utils v0.1.0
[INFO] [stderr]    Compiling futures-io v0.3.31
[INFO] [stderr]    Compiling futures-task v0.3.31
[INFO] [stderr]    Compiling parking_lot_core v0.9.9
[INFO] [stderr]    Compiling smallvec v1.13.1
[INFO] [stderr]    Compiling fnv v1.0.7
[INFO] [stderr]    Compiling scopeguard v1.2.0
[INFO] [stderr]    Compiling log v0.4.20
[INFO] [stderr]    Compiling futures-channel v0.3.31
[INFO] [stderr]    Compiling serde v1.0.217
[INFO] [stderr]    Compiling tower-service v0.3.3
[INFO] [stderr]    Compiling vcpkg v0.2.15
[INFO] [stderr]    Compiling pkg-config v0.3.28
[INFO] [stderr]    Compiling typenum v1.17.0
[INFO] [stderr]    Compiling tracing-core v0.1.32
[INFO] [stderr]    Compiling httparse v1.8.0
[INFO] [stderr]    Compiling mime v0.3.17
[INFO] [stderr]    Compiling slab v0.4.9
[INFO] [stderr]    Compiling lock_api v0.4.11
[INFO] [stderr]    Compiling percent-encoding v2.3.1
[INFO] [stderr]    Compiling httpdate v1.0.3
[INFO] [stderr]    Compiling unicase v2.7.0
[INFO] [stderr]    Compiling generic-array v0.14.7
[INFO] [stderr]    Compiling tower-layer v0.3.3
[INFO] [stderr]    Compiling openssl v0.10.68
[INFO] [stderr]    Compiling foreign-types-shared v0.1.1
[INFO] [stderr]    Compiling http v1.0.0
[INFO] [stderr]    Compiling equivalent v1.0.1
[INFO] [stderr]    Compiling tracing v0.1.40
[INFO] [stderr]    Compiling ryu v1.0.16
[INFO] [stderr]    Compiling hashbrown v0.14.3
[INFO] [stderr]    Compiling foreign-types v0.3.2
[INFO] [stderr]    Compiling http v0.2.11
[INFO] [stderr]    Compiling mime_guess v2.0.5
[INFO] [stderr]    Compiling form_urlencoded v1.2.1
[INFO] [stderr]    Compiling quote v1.0.35
[INFO] [stderr]    Compiling num-traits v0.2.17
[INFO] [stderr]    Compiling bitflags v2.4.1
[INFO] [stderr]    Compiling native-tls v0.2.11
[INFO] [stderr]    Compiling rustversion v1.0.14
[INFO] [stderr]    Compiling cc v1.0.83
[INFO] [stderr]    Compiling socket2 v0.5.5
[INFO] [stderr]    Compiling mio v1.0.2
[INFO] [stderr]    Compiling signal-hook-registry v1.4.1
[INFO] [stderr]    Compiling tinyvec_macros v0.1.1
[INFO] [stderr]    Compiling syn v2.0.87
[INFO] [stderr]    Compiling async-trait v0.1.74
[INFO] [stderr]    Compiling serde_json v1.0.134
[INFO] [stderr]    Compiling tinyvec v1.6.0
[INFO] [stderr]    Compiling parking_lot v0.12.1
[INFO] [stderr]    Compiling aho-corasick v1.1.1
[INFO] [stderr]    Compiling regex-syntax v0.7.5
[INFO] [stderr]    Compiling http-body v1.0.0
[INFO] [stderr]    Compiling minimal-lexical v0.2.1
[INFO] [stderr]    Compiling indexmap v2.2.5
[INFO] [stderr]    Compiling try-lock v0.2.5
[INFO] [stderr]    Compiling openssl-probe v0.1.5
[INFO] [stderr]    Compiling libm v0.2.8
[INFO] [stderr]    Compiling want v0.3.1
[INFO] [stderr]    Compiling deunicode v1.4.2
[INFO] [stderr]    Compiling same-file v1.0.6
[INFO] [stderr]    Compiling openssl-src v300.4.0+3.4.0
[INFO] [stderr]    Compiling http-body v0.4.6
[INFO] [stderr]    Compiling unicode-bidi v0.3.14
[INFO] [stderr]    Compiling portable-atomic v1.6.0
[INFO] [stderr]    Compiling unicode-normalization v0.1.22
[INFO] [stderr]    Compiling nom v7.1.3
[INFO] [stderr]    Compiling block-buffer v0.10.4
[INFO] [stderr]    Compiling crypto-common v0.1.6
[INFO] [stderr]    Compiling sync_wrapper v1.0.1
[INFO] [stderr]    Compiling utf8parse v0.2.1
[INFO] [stderr]    Compiling cpufeatures v0.2.12
[INFO] [stderr]    Compiling anstyle-parse v0.2.3
[INFO] [stderr]    Compiling slug v0.1.5
[INFO] [stderr]    Compiling walkdir v2.4.0
[INFO] [stderr]    Compiling sync_wrapper v0.1.2
[INFO] [stderr]    Compiling digest v0.10.7
[INFO] [stderr]    Compiling unicode_categories v0.1.1
[INFO] [stderr]    Compiling colorchoice v1.0.0
[INFO] [stderr]    Compiling typed-arena v2.0.2
[INFO] [stderr]    Compiling anstyle-query v1.0.2
[INFO] [stderr]    Compiling lazy_static v1.4.0
[INFO] [stderr]    Compiling anstyle v1.0.10
[INFO] [stderr]    Compiling anyhow v1.0.95
[INFO] [stderr]    Compiling entities v1.0.1
[INFO] [stderr]    Compiling openssl-sys v0.9.104
[INFO] [stderr]    Compiling unicode-width v0.1.11
[INFO] [stderr]    Compiling sha2 v0.10.8
[INFO] [stderr]    Compiling anstream v0.6.13
[INFO] [stderr]    Compiling console v0.15.8
[INFO] [stderr]    Compiling is-docker v0.2.0
[INFO] [stderr]    Compiling encoding_rs v0.8.33
[INFO] [stderr]    Compiling idna v0.5.0
[INFO] [stderr]    Compiling askama_escape v0.10.3
[INFO] [stderr]    Compiling heck v0.5.0
[INFO] [stderr]    Compiling number_prefix v0.4.0
[INFO] [stderr]    Compiling base64 v0.21.5
[INFO] [stderr]    Compiling iana-time-zone v0.1.58
[INFO] [stderr]    Compiling ipnet v2.9.0
[INFO] [stderr]    Compiling rust-embed-utils v8.5.0
[INFO] [stderr]    Compiling matchit v0.7.3
[INFO] [stderr]    Compiling strsim v0.11.0
[INFO] [stderr]    Compiling clap_lex v0.7.4
[INFO] [stderr]    Compiling url v2.5.0
[INFO] [stderr]    Compiling humansize v2.1.3
[INFO] [stderr]    Compiling clap_builder v4.5.23
[INFO] [stderr]    Compiling indicatif v0.17.8
[INFO] [stderr]    Compiling is-wsl v0.4.0
[INFO] [stderr]    Compiling pathdiff v0.2.3
[INFO] [stderr]    Compiling unsafe-libyaml v0.2.11
[INFO] [stderr]    Compiling glob v0.3.2
[INFO] [stderr]    Compiling dotenv v0.15.0
[INFO] [stderr]    Compiling open v5.3.1
[INFO] [stderr]    Compiling askama_parser v0.1.1
[INFO] [stderr]    Compiling regex-automata v0.3.9
[INFO] [stderr]    Compiling futures-macro v0.3.31
[INFO] [stderr]    Compiling serde_derive v1.0.217
[INFO] [stderr]    Compiling tokio-macros v2.4.0
[INFO] [stderr]    Compiling openssl-macros v0.1.1
[INFO] [stderr]    Compiling pin-project-internal v1.1.3
[INFO] [stderr]    Compiling clap_derive v4.5.18
[INFO] [stderr]    Compiling rust-embed-impl v8.5.0
[INFO] [stderr]    Compiling tokio v1.42.0
[INFO] [stderr]    Compiling futures-util v0.3.31
[INFO] [stderr]    Compiling pin-project v1.1.3
[INFO] [stderr]    Compiling clap v4.5.23
[INFO] [stderr]    Compiling regex v1.9.6
[INFO] [stderr]    Compiling comrak v0.18.0
[INFO] [stderr]    Compiling http-body-util v0.1.0
[INFO] [stderr]    Compiling futures-executor v0.3.31
[INFO] [stderr]    Compiling axum-core v0.4.5
[INFO] [stderr]    Compiling futures v0.3.31
[INFO] [stderr]    Compiling tokio-util v0.7.10
[INFO] [stderr]    Compiling tower v0.4.13
[INFO] [stderr]    Compiling hyper v1.2.0
[INFO] [stderr]    Compiling tower v0.5.1
[INFO] [stderr]    Compiling h2 v0.3.22
[INFO] [stderr]    Compiling serde_urlencoded v0.7.1
[INFO] [stderr]    Compiling basic-toml v0.1.7
[INFO] [stderr]    Compiling serde_path_to_error v0.1.14
[INFO] [stderr]    Compiling chrono v0.4.39
[INFO] [stderr]    Compiling serde_yaml v0.9.34+deprecated
[INFO] [stderr]    Compiling hyper-util v0.1.3
[INFO] [stderr]    Compiling askama_derive v0.12.2
[INFO] [stderr]    Compiling askama v0.12.1
[INFO] [stderr]    Compiling axum v0.7.9
[INFO] [stderr]    Compiling askama_axum v0.4.0
[INFO] [stderr] rustc-LLVM ERROR: IO failure on output stream: No space left on device
[INFO] [stderr] rustc-LLVM ERROR: IO failure on output stream: No space left on device
[INFO] [stderr] rustc-LLVM ERROR: IO failure on output stream: No space left on device
[INFO] [stderr] rustc-LLVM ERROR: IO failure on output stream: No space left on device
[INFO] [stderr] error: could not compile `askama_axum` (lib)
[INFO] [stderr] 
[INFO] [stderr] Caused by:
[INFO] [stderr]   process didn't exit successfully: `/opt/rustwide/rustup-home/toolchains/nightly-2025-01-18-x86_64-unknown-linux-gnu/bin/rustc --crate-name askama_axum --edition=2021 /opt/rustwide/cargo-home/registry/src/index.crates.io-1949cf8c6b5b557f/askama_axum-0.4.0/src/lib.rs --error-format=json --json=diagnostic-rendered-ansi,artifacts,future-incompat --crate-type lib --emit=dep-info,metadata,link -C embed-bitcode=no -C debuginfo=2 --cfg 'feature="default"' --check-cfg 'cfg(docsrs,test)' --check-cfg 'cfg(feature, values("config", "default", "humansize", "markdown", "num-traits", "serde-json", "serde-yaml", "urlencode"))' -C metadata=61057581a19e16f2 -C extra-filename=-7b7ffada53759af1 --out-dir /opt/rustwide/target/debug/deps -L dependency=/opt/rustwide/target/debug/deps --extern askama=/opt/rustwide/target/debug/deps/libaskama-36110749eb609d22.rmeta --extern axum_core=/opt/rustwide/target/debug/deps/libaxum_core-95914082d7be9be6.rmeta --extern http=/opt/rustwide/target/debug/deps/libhttp-572dc8107b6da8fd.rmeta --cap-lints allow --cap-lints=forbid` (exit status: 101)
[INFO] [stderr] warning: build failed, waiting for other jobs to finish...
[INFO] [stderr] error: could not compile `askama` (lib)
[INFO] [stderr] 
[INFO] [stderr] Caused by:
[INFO] [stderr]   process didn't exit successfully: `/opt/rustwide/rustup-home/toolchains/nightly-2025-01-18-x86_64-unknown-linux-gnu/bin/rustc --crate-name askama --edition=2021 /opt/rustwide/cargo-home/registry/src/index.crates.io-1949cf8c6b5b557f/askama-0.12.1/src/lib.rs --error-format=json --json=diagnostic-rendered-ansi,artifacts,future-incompat --crate-type lib --emit=dep-info,metadata,link -C embed-bitcode=no -C debuginfo=2 --cfg 'feature="comrak"' --cfg 'feature="config"' --cfg 'feature="default"' --cfg 'feature="dep_humansize"' --cfg 'feature="dep_num_traits"' --cfg 'feature="humansize"' --cfg 'feature="markdown"' --cfg 'feature="mime"' --cfg 'feature="mime_guess"' --cfg 'feature="num-traits"' --cfg 'feature="percent-encoding"' --cfg 'feature="urlencode"' --cfg 'feature="with-axum"' --check-cfg 'cfg(docsrs,test)' --check-cfg 'cfg(feature, values("comrak", "config", "default", "dep_humansize", "dep_num_traits", "humansize", "markdown", "mime", "mime_guess", "num-traits", "percent-encoding", "serde", "serde-json", "serde-yaml", "serde_json", "serde_yaml", "urlencode", "with-actix-web", "with-axum", "with-gotham", "with-hyper", "with-mendes", "with-rocket", "with-tide", "with-warp"))' -C metadata=620a61c47e354f0c -C extra-filename=-36110749eb609d22 --out-dir /opt/rustwide/target/debug/deps -L dependency=/opt/rustwide/target/debug/deps --extern askama_derive=/opt/rustwide/target/debug/deps/libaskama_derive-429f5a335a68a18c.so --extern askama_escape=/opt/rustwide/target/debug/deps/libaskama_escape-8089f0410a205f51.rmeta --extern comrak=/opt/rustwide/target/debug/deps/libcomrak-55701e41822d6a42.rmeta --extern dep_humansize=/opt/rustwide/target/debug/deps/libhumansize-3f9d2f8dcb284e1b.rmeta --extern dep_num_traits=/opt/rustwide/target/debug/deps/libnum_traits-dc57fdeb8e4c04bf.rmeta --extern percent_encoding=/opt/rustwide/target/debug/deps/libpercent_encoding-9bee39bbc5bd523a.rmeta --cap-lints allow --cap-lints=forbid` (exit status: 101)
[INFO] [stdout] error: failed to build archive at `/opt/rustwide/target/debug/deps/libchrono-7448b32f43cf3c91.rlib`: No space left on device (os error 28)
[INFO] [stdout] 
[INFO] [stdout] 
[INFO] [stderr] error: could not compile `serde_json` (lib)
[INFO] [stderr] 
[INFO] [stderr] Caused by:
[INFO] [stderr]   process didn't exit successfully: `/opt/rustwide/rustup-home/toolchains/nightly-2025-01-18-x86_64-unknown-linux-gnu/bin/rustc --crate-name serde_json --edition=2021 /opt/rustwide/cargo-home/registry/src/index.crates.io-1949cf8c6b5b557f/serde_json-1.0.134/src/lib.rs --error-format=json --json=diagnostic-rendered-ansi,artifacts,future-incompat --crate-type lib --emit=dep-info,metadata,link -C embed-bitcode=no -C debuginfo=2 --cfg 'feature="default"' --cfg 'feature="raw_value"' --cfg 'feature="std"' --check-cfg 'cfg(docsrs,test)' --check-cfg 'cfg(feature, values("alloc", "arbitrary_precision", "default", "float_roundtrip", "indexmap", "preserve_order", "raw_value", "std", "unbounded_depth"))' -C metadata=ca72f026ba0247ba -C extra-filename=-e374952c3c79d317 --out-dir /opt/rustwide/target/debug/deps -L dependency=/opt/rustwide/target/debug/deps --extern itoa=/opt/rustwide/target/debug/deps/libitoa-cbcf4da6e0ac7621.rmeta --extern memchr=/opt/rustwide/target/debug/deps/libmemchr-5ca7148678800e70.rmeta --extern ryu=/opt/rustwide/target/debug/deps/libryu-8ff14dfa97b8970c.rmeta --extern serde=/opt/rustwide/target/debug/deps/libserde-48e4bb41bc896641.rmeta --cap-lints allow --cap-lints=forbid --cfg 'fast_arithmetic="64"' --check-cfg 'cfg(fast_arithmetic, values("32", "64"))'` (exit status: 101)
[INFO] [stderr] error: could not compile `serde_yaml` (lib)
[INFO] [stderr] 
[INFO] [stderr] Caused by:
[INFO] [stderr]   No space left on device (os error 28)
[INFO] [stderr] 
[INFO] [stderr] Caused by:
[INFO] [stderr]   failed to parse process output: `/opt/rustwide/rustup-home/toolchains/nightly-2025-01-18-x86_64-unknown-linux-gnu/bin/rustc --crate-name serde_yaml --edition=2021 /opt/rustwide/cargo-home/registry/src/index.crates.io-1949cf8c6b5b557f/serde_yaml-0.9.34+deprecated/src/lib.rs --error-format=json --json=diagnostic-rendered-ansi,artifacts,future-incompat --crate-type lib --emit=dep-info,metadata,link -C embed-bitcode=no -C debuginfo=2 --check-cfg 'cfg(docsrs,test)' --check-cfg 'cfg(feature, values())' -C metadata=d3f3bd019210cd1f -C extra-filename=-b1dbf34314a09921 --out-dir /opt/rustwide/target/debug/deps -L dependency=/opt/rustwide/target/debug/deps --extern indexmap=/opt/rustwide/target/debug/deps/libindexmap-39cb3f61f23dfbeb.rmeta --extern itoa=/opt/rustwide/target/debug/deps/libitoa-cbcf4da6e0ac7621.rmeta --extern ryu=/opt/rustwide/target/debug/deps/libryu-8ff14dfa97b8970c.rmeta --extern serde=/opt/rustwide/target/debug/deps/libserde-48e4bb41bc896641.rmeta --extern unsafe_libyaml=/opt/rustwide/target/debug/deps/libunsafe_libyaml-7bc1bf218b2f5452.rmeta --cap-lints allow --cap-lints=forbid` (exit status: 101)
[INFO] [stderr] error: could not compile `chrono` (lib) due to 1 previous error
[INFO] [stderr] warning: openssl-sys@0.9.104: building OpenSSL: 'make' reported failure with exit status: 2
[INFO] [stderr] warning: openssl-sys@0.9.104: openssl-src: failed to build OpenSSL from source
[INFO] [stderr] error: failed to run custom build command for `openssl-sys v0.9.104`
[INFO] [stderr] note: To improve backtraces for build dependencies, set the CARGO_PROFILE_DEV_BUILD_OVERRIDE_DEBUG=true environment variable to enable debug information generation.
[INFO] [stderr] 
[INFO] [stderr] Caused by:
[INFO] [stderr]   process didn't exit successfully: `/opt/rustwide/target/debug/build/openssl-sys-2187c8d8e8e18ee5/build-script-main` (exit status: 1)
[INFO] [stderr]   --- stdout
[INFO] [stderr]   cargo:rustc-check-cfg=cfg(osslconf, values("OPENSSL_NO_OCB", "OPENSSL_NO_SM4", "OPENSSL_NO_SEED", "OPENSSL_NO_CHACHA", "OPENSSL_NO_CAST", "OPENSSL_NO_IDEA", "OPENSSL_NO_CAMELLIA", "OPENSSL_NO_RC4", "OPENSSL_NO_BF", "OPENSSL_NO_PSK", "OPENSSL_NO_DEPRECATED_3_0", "OPENSSL_NO_SCRYPT", "OPENSSL_NO_SM3", "OPENSSL_NO_RMD160", "OPENSSL_NO_EC2M", "OPENSSL_NO_OCSP", "OPENSSL_NO_CMS", "OPENSSL_NO_COMP", "OPENSSL_NO_SOCK", "OPENSSL_NO_STDIO", "OPENSSL_NO_EC", "OPENSSL_NO_SSL3_METHOD", "OPENSSL_NO_KRB5", "OPENSSL_NO_TLSEXT", "OPENSSL_NO_SRP", "OPENSSL_NO_RFC3779", "OPENSSL_NO_SHA", "OPENSSL_NO_NEXTPROTONEG", "OPENSSL_NO_ENGINE", "OPENSSL_NO_BUF_FREELISTS"))
[INFO] [stderr]   cargo:rustc-check-cfg=cfg(openssl)
[INFO] [stderr]   cargo:rustc-check-cfg=cfg(libressl)
[INFO] [stderr]   cargo:rustc-check-cfg=cfg(boringssl)
[INFO] [stderr]   cargo:rustc-check-cfg=cfg(libressl250)
[INFO] [stderr]   cargo:rustc-check-cfg=cfg(libressl251)
[INFO] [stderr]   cargo:rustc-check-cfg=cfg(libressl252)
[INFO] [stderr]   cargo:rustc-check-cfg=cfg(libressl261)
[INFO] [stderr]   cargo:rustc-check-cfg=cfg(libressl270)
[INFO] [stderr]   cargo:rustc-check-cfg=cfg(libressl271)
[INFO] [stderr]   cargo:rustc-check-cfg=cfg(libressl273)
[INFO] [stderr]   cargo:rustc-check-cfg=cfg(libressl280)
[INFO] [stderr]   cargo:rustc-check-cfg=cfg(libressl281)
[INFO] [stderr]   cargo:rustc-check-cfg=cfg(libressl291)
[INFO] [stderr]   cargo:rustc-check-cfg=cfg(libressl310)
[INFO] [stderr]   cargo:rustc-check-cfg=cfg(libressl321)
[INFO] [stderr]   cargo:rustc-check-cfg=cfg(libressl332)
[INFO] [stderr]   cargo:rustc-check-cfg=cfg(libressl340)
[INFO] [stderr]   cargo:rustc-check-cfg=cfg(libressl350)
[INFO] [stderr]   cargo:rustc-check-cfg=cfg(libressl360)
[INFO] [stderr]   cargo:rustc-check-cfg=cfg(libressl361)
[INFO] [stderr]   cargo:rustc-check-cfg=cfg(libressl370)
[INFO] [stderr]   cargo:rustc-check-cfg=cfg(libressl380)
[INFO] [stderr]   cargo:rustc-check-cfg=cfg(libressl381)
[INFO] [stderr]   cargo:rustc-check-cfg=cfg(libressl382)
[INFO] [stderr]   cargo:rustc-check-cfg=cfg(libressl390)
[INFO] [stderr]   cargo:rustc-check-cfg=cfg(libressl400)
[INFO] [stderr]   cargo:rustc-check-cfg=cfg(ossl101)
[INFO] [stderr]   cargo:rustc-check-cfg=cfg(ossl102)
[INFO] [stderr]   cargo:rustc-check-cfg=cfg(ossl102f)
[INFO] [stderr]   cargo:rustc-check-cfg=cfg(ossl102h)
[INFO] [stderr]   cargo:rustc-check-cfg=cfg(ossl110)
[INFO] [stderr]   cargo:rustc-check-cfg=cfg(ossl110f)
[INFO] [stderr]   cargo:rustc-check-cfg=cfg(ossl110g)
[INFO] [stderr]   cargo:rustc-check-cfg=cfg(ossl110h)
[INFO] [stderr]   cargo:rustc-check-cfg=cfg(ossl111)
[INFO] [stderr]   cargo:rustc-check-cfg=cfg(ossl111b)
[INFO] [stderr]   cargo:rustc-check-cfg=cfg(ossl111c)
[INFO] [stderr]   cargo:rustc-check-cfg=cfg(ossl111d)
[INFO] [stderr]   cargo:rustc-check-cfg=cfg(ossl300)
[INFO] [stderr]   cargo:rustc-check-cfg=cfg(ossl310)
[INFO] [stderr]   cargo:rustc-check-cfg=cfg(ossl320)
[INFO] [stderr]   cargo:rustc-check-cfg=cfg(ossl330)
[INFO] [stderr]   cargo:rustc-check-cfg=cfg(ossl340)
[INFO] [stderr]   cargo:rerun-if-env-changed=X86_64_UNKNOWN_LINUX_GNU_OPENSSL_NO_VENDOR
[INFO] [stderr]   X86_64_UNKNOWN_LINUX_GNU_OPENSSL_NO_VENDOR unset
[INFO] [stderr]   cargo:rerun-if-env-changed=OPENSSL_NO_VENDOR
[INFO] [stderr]   OPENSSL_NO_VENDOR unset
[INFO] [stderr]   cargo:rerun-if-env-changed=X86_64_UNKNOWN_LINUX_GNU_OPENSSL_CONFIG_DIR
[INFO] [stderr]   X86_64_UNKNOWN_LINUX_GNU_OPENSSL_CONFIG_DIR unset
[INFO] [stderr]   cargo:rerun-if-env-changed=OPENSSL_CONFIG_DIR
[INFO] [stderr]   OPENSSL_CONFIG_DIR unset
[INFO] [stderr]   cargo:rerun-if-env-changed=CC_x86_64-unknown-linux-gnu
[INFO] [stderr]   CC_x86_64-unknown-linux-gnu = None
[INFO] [stderr]   cargo:rerun-if-env-changed=CC_x86_64_unknown_linux_gnu
[INFO] [stderr]   CC_x86_64_unknown_linux_gnu = None
[INFO] [stderr]   cargo:rerun-if-env-changed=HOST_CC
[INFO] [stderr]   HOST_CC = None
[INFO] [stderr]   cargo:rerun-if-env-changed=CC
[INFO] [stderr]   CC = None
[INFO] [stderr]   cargo:rerun-if-env-changed=CRATE_CC_NO_DEFAULTS
[INFO] [stderr]   CRATE_CC_NO_DEFAULTS = None
[INFO] [stderr]   DEBUG = Some("true")
[INFO] [stderr]   CARGO_CFG_TARGET_FEATURE = Some("fxsr,sse,sse2,x87")
[INFO] [stderr]   cargo:rerun-if-env-changed=CFLAGS_x86_64-unknown-linux-gnu
[INFO] [stderr]   CFLAGS_x86_64-unknown-linux-gnu = None
[INFO] [stderr]   cargo:rerun-if-env-changed=CFLAGS_x86_64_unknown_linux_gnu
[INFO] [stderr]   CFLAGS_x86_64_unknown_linux_gnu = None
[INFO] [stderr]   cargo:rerun-if-env-changed=HOST_CFLAGS
[INFO] [stderr]   HOST_CFLAGS = None
[INFO] [stderr]   cargo:rerun-if-env-changed=CFLAGS
[INFO] [stderr]   CFLAGS = None
[INFO] [stderr]   cargo:rerun-if-env-changed=AR_x86_64-unknown-linux-gnu
[INFO] [stderr]   AR_x86_64-unknown-linux-gnu = None
[INFO] [stderr]   cargo:rerun-if-env-changed=AR_x86_64_unknown_linux_gnu
[INFO] [stderr]   AR_x86_64_unknown_linux_gnu = None
[INFO] [stderr]   cargo:rerun-if-env-changed=HOST_AR
[INFO] [stderr]   HOST_AR = None
[INFO] [stderr]   cargo:rerun-if-env-changed=AR
[INFO] [stderr]   AR = None
[INFO] [stderr]   cargo:rerun-if-env-changed=ARFLAGS_x86_64-unknown-linux-gnu
[INFO] [stderr]   ARFLAGS_x86_64-unknown-linux-gnu = None
[INFO] [stderr]   cargo:rerun-if-env-changed=ARFLAGS_x86_64_unknown_linux_gnu
[INFO] [stderr]   ARFLAGS_x86_64_unknown_linux_gnu = None
[INFO] [stderr]   cargo:rerun-if-env-changed=HOST_ARFLAGS
[INFO] [stderr]   HOST_ARFLAGS = None
[INFO] [stderr]   cargo:rerun-if-env-changed=ARFLAGS
[INFO] [stderr]   ARFLAGS = None
[INFO] [stderr]   cargo:rerun-if-env-changed=RANLIB_x86_64-unknown-linux-gnu
[INFO] [stderr]   RANLIB_x86_64-unknown-linux-gnu = None
[INFO] [stderr]   cargo:rerun-if-env-changed=RANLIB_x86_64_unknown_linux_gnu
[INFO] [stderr]   RANLIB_x86_64_unknown_linux_gnu = None
[INFO] [stderr]   cargo:rerun-if-env-changed=HOST_RANLIB
[INFO] [stderr]   HOST_RANLIB = None
[INFO] [stderr]   cargo:rerun-if-env-changed=RANLIB
[INFO] [stderr]   RANLIB = None
[INFO] [stderr]   cargo:rerun-if-env-changed=RANLIBFLAGS_x86_64-unknown-linux-gnu
[INFO] [stderr]   RANLIBFLAGS_x86_64-unknown-linux-gnu = None
[INFO] [stderr]   cargo:rerun-if-env-changed=RANLIBFLAGS_x86_64_unknown_linux_gnu
[INFO] [stderr]   RANLIBFLAGS_x86_64_unknown_linux_gnu = None
[INFO] [stderr]   cargo:rerun-if-env-changed=HOST_RANLIBFLAGS
[INFO] [stderr]   HOST_RANLIBFLAGS = None
[INFO] [stderr]   cargo:rerun-if-env-changed=RANLIBFLAGS
[INFO] [stderr]   RANLIBFLAGS = None
[INFO] [stderr]   running cd "/opt/rustwide/target/debug/build/openssl-sys-1dc5133eb6fe6302/out/openssl-build/build/src" && env -u CROSS_COMPILE AR="ar" CC="cc" RANLIB="ranlib" "perl" "./Configure" "--prefix=/opt/rustwide/target/debug/build/openssl-sys-1dc5133eb6fe6302/out/openssl-build/install" "--openssldir=/usr/local/ssl" "no-shared" "no-ssl3" "no-tests" "no-comp" "no-zlib" "no-zlib-dynamic" "--libdir=lib" "no-md2" "no-rc5" "no-weak-ssl-ciphers" "no-camellia" "no-idea" "no-seed" "linux-x86_64" "-O2" "-ffunction-sections" "-fdata-sections" "-fPIC" "-gdwarf-4" "-fno-omit-frame-pointer" "-m64"
[INFO] [stderr]   Configuring OpenSSL version 3.4.0 for target linux-x86_64
[INFO] [stderr]   Using os-specific seed configuration
[INFO] [stderr]   Created configdata.pm
[INFO] [stderr]   Running configdata.pm
[INFO] [stderr]   Created Makefile.in
[INFO] [stderr]   Created Makefile
[INFO] [stderr]   Created include/openssl/configuration.h
[INFO] [stderr] 
[INFO] [stderr]   **********************************************************************
[INFO] [stderr]   ***                                                                ***
[INFO] [stderr]   ***   OpenSSL has been successfully configured                     ***
[INFO] [stderr]   ***                                                                ***
[INFO] [stderr]   ***   If you encounter a problem while building, please open an    ***
[INFO] [stderr]   ***   issue on GitHub <https://github.com/openssl/openssl/issues>  ***
[INFO] [stderr]   ***   and include the output from the following command:           ***
[INFO] [stderr]   ***                                                                ***
[INFO] [stderr]   ***       perl configdata.pm --dump                                ***
[INFO] [stderr]   ***                                                                ***
[INFO] [stderr]   ***   (If you are new to OpenSSL, you might want to consult the    ***
[INFO] [stderr]   ***   'Troubleshooting' section in the INSTALL.md file first)      ***
[INFO] [stderr]   ***                                                                ***
[INFO] [stderr]   **********************************************************************
[INFO] [stderr]   running cd "/opt/rustwide/target/debug/build/openssl-sys-1dc5133eb6fe6302/out/openssl-build/build/src" && "make" "depend"
[INFO] [stderr]   running cd "/opt/rustwide/target/debug/build/openssl-sys-1dc5133eb6fe6302/out/openssl-build/build/src" && MAKEFLAGS="-j --jobserver-fds=8,9 --jobserver-auth=8,9" "make" "build_libs"
[INFO] [stderr]   /usr/bin/perl util/mkinstallvars.pl PREFIX=. BINDIR=apps APPLINKDIR=ms LIBDIR= INCLUDEDIR=include "INCLUDEDIR=./include" ENGINESDIR=engines MODULESDIR=providers "VERSION=3.4.0" "LDLIBS=-ldl -pthread " > builddata.pm
[INFO] [stderr]   /usr/bin/perl "-I." "-Iutil/perl" "-Mconfigdata" "-MOpenSSL::paramnames" "util/dofile.pl" "-oMakefile" crypto/params_idx.c.in > crypto/params_idx.c
[INFO] [stderr]   /usr/bin/perl util/mkinstallvars.pl "PREFIX=/opt/rustwide/target/debug/build/openssl-sys-1dc5133eb6fe6302/out/openssl-build/install" BINDIR=bin "LIBDIR=lib" "libdir=/opt/rustwide/target/debug/build/openssl-sys-1dc5133eb6fe6302/out/openssl-build/install/lib" INCLUDEDIR=include APPLINKDIR=include/openssl "ENGINESDIR=/opt/rustwide/target/debug/build/openssl-sys-1dc5133eb6fe6302/out/openssl-build/install/lib/engines-3" "MODULESDIR=/opt/rustwide/target/debug/build/openssl-sys-1dc5133eb6fe6302/out/openssl-build/install/lib/ossl-modules" "PKGCONFIGDIR=/opt/rustwide/target/debug/build/openssl-sys-1dc5133eb6fe6302/out/openssl-build/install/lib/pkgconfig" "CMAKECONFIGDIR=/opt/rustwide/target/debug/build/openssl-sys-1dc5133eb6fe6302/out/openssl-build/install/lib/cmake/OpenSSL" "LDLIBS=-ldl -pthread " "VERSION=3.4.0" > installdata.pm
[INFO] [stderr]   /usr/bin/perl "-I." "-Mconfigdata" "util/dofile.pl" "-oMakefile" include/crypto/bn_conf.h.in > include/crypto/bn_conf.h
[INFO] [stderr]   /usr/bin/perl "-I." "-Mconfigdata" "util/dofile.pl" "-oMakefile" include/crypto/dso_conf.h.in > include/crypto/dso_conf.h
[INFO] [stderr]   /usr/bin/perl "-I." "-Iutil/perl" "-Mconfigdata" "-MOpenSSL::paramnames" "util/dofile.pl" "-oMakefile" include/internal/param_names.h.in > include/internal/param_names.h
[INFO] [stderr]   /usr/bin/perl "-I." "-Mconfigdata" "util/dofile.pl" "-oMakefile" include/openssl/asn1.h.in > include/openssl/asn1.h
[INFO] [stderr]   /usr/bin/perl "-I." "-Mconfigdata" "util/dofile.pl" "-oMakefile" include/openssl/asn1t.h.in > include/openssl/asn1t.h
[INFO] [stderr]   /usr/bin/perl "-I." "-Mconfigdata" "util/dofile.pl" "-oMakefile" include/openssl/bio.h.in > include/openssl/bio.h
[INFO] [stderr]   /usr/bin/perl "-I." "-Mconfigdata" "util/dofile.pl" "-oMakefile" include/openssl/cmp.h.in > include/openssl/cmp.h
[INFO] [stderr]   /usr/bin/perl "-I." "-Mconfigdata" "util/dofile.pl" "-oMakefile" include/openssl/cms.h.in > include/openssl/cms.h
[INFO] [stderr]   /usr/bin/perl "-I." "-Mconfigdata" "util/dofile.pl" "-oMakefile" include/openssl/comp.h.in > include/openssl/comp.h
[INFO] [stderr]   /usr/bin/perl "-I." "-Mconfigdata" "util/dofile.pl" "-oMakefile" include/openssl/conf.h.in > include/openssl/conf.h
[INFO] [stderr]   /usr/bin/perl "-I." "-Iutil/perl" "-Mconfigdata" "-MOpenSSL::paramnames" "util/dofile.pl" "-oMakefile" include/openssl/core_names.h.in > include/openssl/core_names.h
[INFO] [stderr]   /usr/bin/perl "-I." "-Mconfigdata" "util/dofile.pl" "-oMakefile" include/openssl/crmf.h.in > include/openssl/crmf.h
[INFO] [stderr]   /usr/bin/perl "-I." "-Mconfigdata" "util/dofile.pl" "-oMakefile" include/openssl/crypto.h.in > include/openssl/crypto.h
[INFO] [stderr]   /usr/bin/perl "-I." "-Mconfigdata" "util/dofile.pl" "-oMakefile" include/openssl/ct.h.in > include/openssl/ct.h
[INFO] [stderr]   /usr/bin/perl "-I." "-Mconfigdata" "util/dofile.pl" "-oMakefile" include/openssl/err.h.in > include/openssl/err.h
[INFO] [stderr]   /usr/bin/perl "-I." "-Mconfigdata" "util/dofile.pl" "-oMakefile" include/openssl/ess.h.in > include/openssl/ess.h
[INFO] [stderr]   /usr/bin/perl "-I." "-Mconfigdata" "util/dofile.pl" "-oMakefile" include/openssl/fipskey.h.in > include/openssl/fipskey.h
[INFO] [stderr]   /usr/bin/perl "-I." "-Mconfigdata" "util/dofile.pl" "-oMakefile" include/openssl/lhash.h.in > include/openssl/lhash.h
[INFO] [stderr]   /usr/bin/perl "-I." "-Mconfigdata" "util/dofile.pl" "-oMakefile" include/openssl/ocsp.h.in > include/openssl/ocsp.h
[INFO] [stderr]   /usr/bin/perl "-I." "-Mconfigdata" "util/dofile.pl" "-oMakefile" include/openssl/opensslv.h.in > include/openssl/opensslv.h
[INFO] [stderr]   /usr/bin/perl "-I." "-Mconfigdata" "util/dofile.pl" "-oMakefile" include/openssl/pkcs12.h.in > include/openssl/pkcs12.h
[INFO] [stderr]   /usr/bin/perl "-I." "-Mconfigdata" "util/dofile.pl" "-oMakefile" include/openssl/pkcs7.h.in > include/openssl/pkcs7.h
[INFO] [stderr]   /usr/bin/perl "-I." "-Mconfigdata" "util/dofile.pl" "-oMakefile" include/openssl/safestack.h.in > include/openssl/safestack.h
[INFO] [stderr]   /usr/bin/perl "-I." "-Mconfigdata" "util/dofile.pl" "-oMakefile" include/openssl/srp.h.in > include/openssl/srp.h
[INFO] [stderr]   /usr/bin/perl "-I." "-Mconfigdata" "util/dofile.pl" "-oMakefile" include/openssl/ssl.h.in > include/openssl/ssl.h
[INFO] [stderr]   /usr/bin/perl "-I." "-Mconfigdata" "util/dofile.pl" "-oMakefile" include/openssl/ui.h.in > include/openssl/ui.h
[INFO] [stderr]   /usr/bin/perl "-I." "-Mconfigdata" "util/dofile.pl" "-oMakefile" include/openssl/x509.h.in > include/openssl/x509.h
[INFO] [stderr]   /usr/bin/perl "-I." "-Mconfigdata" "util/dofile.pl" "-oMakefile" include/openssl/x509_acert.h.in > include/openssl/x509_acert.h
[INFO] [stderr]   /usr/bin/perl "-I." "-Mconfigdata" "util/dofile.pl" "-oMakefile" include/openssl/x509_vfy.h.in > include/openssl/x509_vfy.h
[INFO] [stderr]   /usr/bin/perl "-I." "-Mconfigdata" "util/dofile.pl" "-oMakefile" include/openssl/x509v3.h.in > include/openssl/x509v3.h
[INFO] [stderr]   /usr/bin/perl "-I." "-Mconfigdata" "-Mbuilddata" "util/dofile.pl" "-oMakefile" exporters/pkg-config/libcrypto.pc.in > libcrypto.pc
[INFO] [stderr]   /usr/bin/perl "-I." "-Mconfigdata" "-Mbuilddata" "util/dofile.pl" "-oMakefile" exporters/pkg-config/libssl.pc.in > libssl.pc
[INFO] [stderr]   /usr/bin/perl "-I." "-Mconfigdata" "-Mbuilddata" "util/dofile.pl" "-oMakefile" exporters/cmake/OpenSSLConfig.cmake.in > OpenSSLConfig.cmake
[INFO] [stderr]   /usr/bin/perl "-I." "-Mconfigdata" "-Minstalldata" "util/dofile.pl" "-oMakefile" exporters/cmake/OpenSSLConfig.cmake.in > exporters/OpenSSLConfig.cmake
[INFO] [stderr]   /usr/bin/perl "-I." "-Mconfigdata" "-Minstalldata" "util/dofile.pl" "-oMakefile" exporters/pkg-config/libcrypto.pc.in > exporters/libcrypto.pc
[INFO] [stderr]   /usr/bin/perl "-I." "-Mconfigdata" "-Minstalldata" "util/dofile.pl" "-oMakefile" exporters/pkg-config/libssl.pc.in > exporters/libssl.pc
[INFO] [stderr]   /usr/bin/perl "-I." "-Mconfigdata" "-Mbuilddata" "-Mbuilddata" "-Mbuilddata" "util/dofile.pl" "-oMakefile" exporters/pkg-config/openssl.pc.in > openssl.pc
[INFO] [stderr]   /usr/bin/perl "-I." "-Mconfigdata" "-Mconfigdata" "-Minstalldata" "util/dofile.pl" "-oMakefile" exporters/cmake/OpenSSLConfigVersion.cmake.in > exporters/OpenSSLConfigVersion.cmake
[INFO] [stderr]   /usr/bin/perl "-I." "-Mconfigdata" "-Mconfigdata" "-Mbuilddata" "util/dofile.pl" "-oMakefile" exporters/cmake/OpenSSLConfigVersion.cmake.in > OpenSSLConfigVersion.cmake
[INFO] [stderr]   cargo:warning=building OpenSSL: 'make' reported failure with exit status: 2
[INFO] [stderr]   cargo:warning=openssl-src: failed to build OpenSSL from source
[INFO] [stderr] 
[INFO] [stderr]   --- stderr
[INFO] [stderr]   DEBUG: all keys: APPLINKDIR, BINDIR, CMAKECONFIGDIR, ENGINESDIR, INCLUDEDIR, LDLIBS, LIBDIR, MODULESDIR, PKGCONFIGDIR, PREFIX, VERSION, libdir
[INFO] [stderr]   No value given for CMAKECONFIGDIR
[INFO] [stderr]   No value given for PKGCONFIGDIR
[INFO] [stderr]   No value given for libdir
[INFO] [stderr]   DEBUG: PREFIX = . => PREFIX = /opt/rustwide/target/debug/build/openssl-sys-1dc5133eb6fe6302/out/openssl-build/build/src
[INFO] [stderr]   DEBUG: libdir = . => libdir = /opt/rustwide/target/debug/build/openssl-sys-1dc5133eb6fe6302/out/openssl-build/build/src
[INFO] [stderr]   DEBUG: BINDIR = apps => BINDIR = /opt/rustwide/target/debug/build/openssl-sys-1dc5133eb6fe6302/out/openssl-build/build/src/apps, BINDIR_REL_PREFIX = apps
[INFO] [stderr]   DEBUG: LIBDIR =  => LIBDIR = /opt/rustwide/target/debug/build/openssl-sys-1dc5133eb6fe6302/out/openssl-build/build/src, LIBDIR_REL_PREFIX = 
[INFO] [stderr]   DEBUG: INCLUDEDIR = [ include, ./include ] => INCLUDEDIR = [ /opt/rustwide/target/debug/build/openssl-sys-1dc5133eb6fe6302/out/openssl-build/build/src/include, /opt/rustwide/target/debug/build/openssl-sys-1dc5133eb6fe6302/out/openssl-build/build/src/include ], INCLUDEDIR_REL_PREFIX = [ include, ./include ]
[INFO] [stderr]   DEBUG: APPLINKDIR = ms => APPLINKDIR = /opt/rustwide/target/debug/build/openssl-sys-1dc5133eb6fe6302/out/openssl-build/build/src/ms, APPLINKDIR_REL_PREFIX = ms
[INFO] [stderr]   DEBUG: ENGINESDIR = engines => ENGINESDIR = /opt/rustwide/target/debug/build/openssl-sys-1dc5133eb6fe6302/out/openssl-build/build/src/engines, ENGINESDIR_REL_LIBDIR = engines
[INFO] [stderr]   DEBUG: MODULESDIR = providers => MODULESDIR = /opt/rustwide/target/debug/build/openssl-sys-1dc5133eb6fe6302/out/openssl-build/build/src/providers, MODULESDIR_REL_LIBDIR = providers
[INFO] [stderr]   DEBUG: PKGCONFIGDIR = . => PKGCONFIGDIR = /opt/rustwide/target/debug/build/openssl-sys-1dc5133eb6fe6302/out/openssl-build/build/src, PKGCONFIGDIR_REL_LIBDIR = .
[INFO] [stderr]   DEBUG: CMAKECONFIGDIR = . => CMAKECONFIGDIR = /opt/rustwide/target/debug/build/openssl-sys-1dc5133eb6fe6302/out/openssl-build/build/src, CMAKECONFIGDIR_REL_LIBDIR = .
[INFO] [stderr]   DEBUG: all keys: APPLINKDIR, BINDIR, CMAKECONFIGDIR, ENGINESDIR, INCLUDEDIR, LDLIBS, LIBDIR, MODULESDIR, PKGCONFIGDIR, PREFIX, VERSION, libdir
[INFO] [stderr]   DEBUG: PREFIX = /opt/rustwide/target/debug/build/openssl-sys-1dc5133eb6fe6302/out/openssl-build/install => PREFIX = /opt/rustwide/target/debug/build/openssl-sys-1dc5133eb6fe6302/out/openssl-build/install
[INFO] [stderr]   DEBUG: libdir = /opt/rustwide/target/debug/build/openssl-sys-1dc5133eb6fe6302/out/openssl-build/install/lib => libdir = /opt/rustwide/target/debug/build/openssl-sys-1dc5133eb6fe6302/out/openssl-build/install/lib
[INFO] [stderr]   DEBUG: BINDIR = bin => BINDIR = /opt/rustwide/target/debug/build/openssl-sys-1dc5133eb6fe6302/out/openssl-build/install/bin, BINDIR_REL_PREFIX = bin
[INFO] [stderr]   DEBUG: LIBDIR = lib => LIBDIR = /opt/rustwide/target/debug/build/openssl-sys-1dc5133eb6fe6302/out/openssl-build/install/lib, LIBDIR_REL_PREFIX = lib
[INFO] [stderr]   DEBUG: INCLUDEDIR = include => INCLUDEDIR = /opt/rustwide/target/debug/build/openssl-sys-1dc5133eb6fe6302/out/openssl-build/install/include, INCLUDEDIR_REL_PREFIX = include
[INFO] [stderr]   DEBUG: APPLINKDIR = include/openssl => APPLINKDIR = /opt/rustwide/target/debug/build/openssl-sys-1dc5133eb6fe6302/out/openssl-build/install/include/openssl, APPLINKDIR_REL_PREFIX = include/openssl
[INFO] [stderr]   DEBUG: ENGINESDIR = /opt/rustwide/target/debug/build/openssl-sys-1dc5133eb6fe6302/out/openssl-build/install/lib/engines-3 => ENGINESDIR = /opt/rustwide/target/debug/build/openssl-sys-1dc5133eb6fe6302/out/openssl-build/install/lib/engines-3, ENGINESDIR_REL_LIBDIR = engines-3
[INFO] [stderr]   DEBUG: MODULESDIR = /opt/rustwide/target/debug/build/openssl-sys-1dc5133eb6fe6302/out/openssl-build/install/lib/ossl-modules => MODULESDIR = /opt/rustwide/target/debug/build/openssl-sys-1dc5133eb6fe6302/out/openssl-build/install/lib/ossl-modules, MODULESDIR_REL_LIBDIR = ossl-modules
[INFO] [stderr]   DEBUG: PKGCONFIGDIR = /opt/rustwide/target/debug/build/openssl-sys-1dc5133eb6fe6302/out/openssl-build/install/lib/pkgconfig => PKGCONFIGDIR = /opt/rustwide/target/debug/build/openssl-sys-1dc5133eb6fe6302/out/openssl-build/install/lib/pkgconfig, PKGCONFIGDIR_REL_LIBDIR = pkgconfig
[INFO] [stderr]   DEBUG: CMAKECONFIGDIR = /opt/rustwide/target/debug/build/openssl-sys-1dc5133eb6fe6302/out/openssl-build/install/lib/cmake/OpenSSL => CMAKECONFIGDIR = /opt/rustwide/target/debug/build/openssl-sys-1dc5133eb6fe6302/out/openssl-build/install/lib/cmake/OpenSSL, CMAKECONFIGDIR_REL_LIBDIR = cmake/OpenSSL
[INFO] [stderr]   Unable to flush stdout: No space left on device
[INFO] [stderr]   Unable to flush stdout: No space left on device
[INFO] [stderr]   make: *** [Makefile:3796: exporters/OpenSSLConfigVersion.cmake] Error 1
[INFO] [stderr]   make: *** Waiting for unfinished jobs....
[INFO] [stderr]   Unable to flush stdout: No space left on device
[INFO] [stderr]   make: *** [Makefile:3804: exporters/libcrypto.pc] Error 1
[INFO] [stderr]   make: *** [Makefile:3806: exporters/libssl.pc] Error 1
[INFO] [stderr]   Unable to flush stdout: No space left on device
[INFO] [stderr]   make: *** [Makefile:3868: openssl.pc] Error 1
[INFO] [stderr]   Unable to flush stdout: No space left on device
[INFO] [stderr]   make: *** [Makefile:3788: OpenSSLConfigVersion.cmake] Error 1
[INFO] [stderr] 
[INFO] [stderr] 
[INFO] [stderr] 
[INFO] [stderr]   Error building OpenSSL:
[INFO] [stderr]       'make' reported failure with exit status: 2
[INFO] [stderr]       Command failed: cd "/opt/rustwide/target/debug/build/openssl-sys-1dc5133eb6fe6302/out/openssl-build/build/src" && MAKEFLAGS="-j --jobserver-fds=8,9 --jobserver-auth=8,9" "make" "build_libs"
[INFO] [stderr] 
[INFO] [stderr] 
[INFO] [stderr] 
[INFO] running `Command { std: "docker" "inspect" "f634ae03b60e79941df349a08c47ec91aed9f17312d33c7427d6cdb1bfe919d2", kill_on_drop: false }`
[INFO] running `Command { std: "docker" "rm" "-f" "f634ae03b60e79941df349a08c47ec91aed9f17312d33c7427d6cdb1bfe919d2", kill_on_drop: false }`
[INFO] [stdout] f634ae03b60e79941df349a08c47ec91aed9f17312d33c7427d6cdb1bfe919d2
