[INFO] cloning repository https://github.com/jenniferrji/ds210_final
[INFO] running `Command { std: "git" "-c" "credential.helper=" "-c" "credential.helper=/workspace/cargo-home/bin/git-credential-null" "clone" "--bare" "https://github.com/jenniferrji/ds210_final" "/workspace/cache/git-repos/https%3A%2F%2Fgithub.com%2Fjenniferrji%2Fds210_final", kill_on_drop: false }`
[INFO] [stderr] Cloning into bare repository '/workspace/cache/git-repos/https%3A%2F%2Fgithub.com%2Fjenniferrji%2Fds210_final'...
[INFO] running `Command { std: "git" "rev-parse" "HEAD", kill_on_drop: false }`
[INFO] [stdout] 38dfdcb74173420629a6df16df3c7aa22157f22e
[INFO] testing jenniferrji/ds210_final against nightly-2025-01-18 for randomize-layout-2
[INFO] running `Command { std: "git" "clone" "/workspace/cache/git-repos/https%3A%2F%2Fgithub.com%2Fjenniferrji%2Fds210_final" "/workspace/builds/worker-2-tc1/source", kill_on_drop: false }`
[INFO] [stderr] Cloning into '/workspace/builds/worker-2-tc1/source'...
[INFO] [stderr] done.
[INFO] validating manifest of git repo https://github.com/jenniferrji/ds210_final on toolchain nightly-2025-01-18
[INFO] running `Command { std: CARGO_HOME="/workspace/cargo-home" RUSTUP_HOME="/workspace/rustup-home" "/workspace/cargo-home/bin/cargo" "+nightly-2025-01-18" "metadata" "--manifest-path" "Cargo.toml" "--no-deps", kill_on_drop: false }`
[INFO] started tweaking git repo https://github.com/jenniferrji/ds210_final
[INFO] finished tweaking git repo https://github.com/jenniferrji/ds210_final
[INFO] tweaked toml for git repo https://github.com/jenniferrji/ds210_final written to /workspace/builds/worker-2-tc1/source/Cargo.toml
[INFO] crate git repo https://github.com/jenniferrji/ds210_final already has a lockfile, it will not be regenerated
[INFO] running `Command { std: CARGO_HOME="/workspace/cargo-home" RUSTUP_HOME="/workspace/rustup-home" "/workspace/cargo-home/bin/cargo" "+nightly-2025-01-18" "fetch" "--manifest-path" "Cargo.toml", kill_on_drop: false }`
[INFO] [stderr]     Blocking waiting for file lock on package cache
[INFO] running `Command { std: "docker" "create" "-v" "/var/lib/crater-agent-workspace/builds/worker-2-tc1/target:/opt/rustwide/target:rw,Z" "-v" "/var/lib/crater-agent-workspace/builds/worker-2-tc1/source:/opt/rustwide/workdir:ro,Z" "-v" "/var/lib/crater-agent-workspace/cargo-home:/opt/rustwide/cargo-home:ro,Z" "-v" "/var/lib/crater-agent-workspace/rustup-home:/opt/rustwide/rustup-home:ro,Z" "-e" "SOURCE_DIR=/opt/rustwide/workdir" "-e" "CARGO_TARGET_DIR=/opt/rustwide/target" "-e" "CARGO_HOME=/opt/rustwide/cargo-home" "-e" "RUSTUP_HOME=/opt/rustwide/rustup-home" "-w" "/opt/rustwide/workdir" "-m" "1610612736" "--user" "0:0" "--network" "none" "ghcr.io/rust-lang/crates-build-env/linux@sha256:819108c5571ea2e421544af4d832f968d213c87fbe3707a016657f43d2f853bc" "/opt/rustwide/cargo-home/bin/cargo" "+nightly-2025-01-18" "metadata" "--no-deps" "--format-version=1", kill_on_drop: false }`
[INFO] [stdout] dc7ef9ce48de60085246bcb4a33d0a73c887a48985b6c1162bec8d8445bf73e7
[INFO] running `Command { std: "docker" "start" "-a" "dc7ef9ce48de60085246bcb4a33d0a73c887a48985b6c1162bec8d8445bf73e7", kill_on_drop: false }`
[INFO] running `Command { std: "docker" "inspect" "dc7ef9ce48de60085246bcb4a33d0a73c887a48985b6c1162bec8d8445bf73e7", kill_on_drop: false }`
[INFO] running `Command { std: "docker" "rm" "-f" "dc7ef9ce48de60085246bcb4a33d0a73c887a48985b6c1162bec8d8445bf73e7", kill_on_drop: false }`
[INFO] [stdout] dc7ef9ce48de60085246bcb4a33d0a73c887a48985b6c1162bec8d8445bf73e7
[INFO] running `Command { std: "docker" "create" "-v" "/var/lib/crater-agent-workspace/builds/worker-2-tc1/target:/opt/rustwide/target:rw,Z" "-v" "/var/lib/crater-agent-workspace/builds/worker-2-tc1/source:/opt/rustwide/workdir:ro,Z" "-v" "/var/lib/crater-agent-workspace/cargo-home:/opt/rustwide/cargo-home:ro,Z" "-v" "/var/lib/crater-agent-workspace/rustup-home:/opt/rustwide/rustup-home:ro,Z" "-e" "SOURCE_DIR=/opt/rustwide/workdir" "-e" "CARGO_TARGET_DIR=/opt/rustwide/target" "-e" "CARGO_INCREMENTAL=0" "-e" "RUST_BACKTRACE=full" "-e" "RUSTFLAGS=--cap-lints=forbid" "-e" "RUSTDOCFLAGS=--cap-lints=forbid" "-e" "CARGO_HOME=/opt/rustwide/cargo-home" "-e" "RUSTUP_HOME=/opt/rustwide/rustup-home" "-w" "/opt/rustwide/workdir" "-m" "1610612736" "--user" "0:0" "--network" "none" "ghcr.io/rust-lang/crates-build-env/linux@sha256:819108c5571ea2e421544af4d832f968d213c87fbe3707a016657f43d2f853bc" "/opt/rustwide/cargo-home/bin/cargo" "+nightly-2025-01-18" "build" "--frozen" "--message-format=json", kill_on_drop: false }`
[INFO] [stdout] 22244382e26aebf1d6cb17388deaf1ff99223a50385d2ca6a3c6ade1adf3aa31
[INFO] running `Command { std: "docker" "start" "-a" "22244382e26aebf1d6cb17388deaf1ff99223a50385d2ca6a3c6ade1adf3aa31", kill_on_drop: false }`
[INFO] [stderr]    Compiling final_project_tech_layoffs_analysis v0.1.0 (/opt/rustwide/workdir)
[INFO] [stderr]     Finished `dev` profile [unoptimized + debuginfo] target(s) in 0.40s
[INFO] running `Command { std: "docker" "inspect" "22244382e26aebf1d6cb17388deaf1ff99223a50385d2ca6a3c6ade1adf3aa31", kill_on_drop: false }`
[INFO] running `Command { std: "docker" "rm" "-f" "22244382e26aebf1d6cb17388deaf1ff99223a50385d2ca6a3c6ade1adf3aa31", kill_on_drop: false }`
[INFO] [stdout] 22244382e26aebf1d6cb17388deaf1ff99223a50385d2ca6a3c6ade1adf3aa31
[INFO] running `Command { std: "docker" "create" "-v" "/var/lib/crater-agent-workspace/builds/worker-2-tc1/target:/opt/rustwide/target:rw,Z" "-v" "/var/lib/crater-agent-workspace/builds/worker-2-tc1/source:/opt/rustwide/workdir:ro,Z" "-v" "/var/lib/crater-agent-workspace/cargo-home:/opt/rustwide/cargo-home:ro,Z" "-v" "/var/lib/crater-agent-workspace/rustup-home:/opt/rustwide/rustup-home:ro,Z" "-e" "SOURCE_DIR=/opt/rustwide/workdir" "-e" "CARGO_TARGET_DIR=/opt/rustwide/target" "-e" "CARGO_INCREMENTAL=0" "-e" "RUST_BACKTRACE=full" "-e" "RUSTFLAGS=--cap-lints=forbid" "-e" "RUSTDOCFLAGS=--cap-lints=forbid" "-e" "CARGO_HOME=/opt/rustwide/cargo-home" "-e" "RUSTUP_HOME=/opt/rustwide/rustup-home" "-w" "/opt/rustwide/workdir" "-m" "1610612736" "--user" "0:0" "--network" "none" "ghcr.io/rust-lang/crates-build-env/linux@sha256:819108c5571ea2e421544af4d832f968d213c87fbe3707a016657f43d2f853bc" "/opt/rustwide/cargo-home/bin/cargo" "+nightly-2025-01-18" "test" "--frozen" "--no-run" "--message-format=json", kill_on_drop: false }`
[INFO] [stdout] ee89084edcde5b77b41095c7da74b934263399e050ff50706998a56969849781
[INFO] running `Command { std: "docker" "start" "-a" "ee89084edcde5b77b41095c7da74b934263399e050ff50706998a56969849781", kill_on_drop: false }`
[INFO] [stderr]    Compiling final_project_tech_layoffs_analysis v0.1.0 (/opt/rustwide/workdir)
[INFO] [stdout] error[E0422]: cannot find struct, variant or union type `CharacterConnection` in this scope
[INFO] [stdout]   --> src/data_processing.rs:59:13
[INFO] [stdout]    |
[INFO] [stdout] 59 |             CharacterConnection { character_a: "iron man".to_string(), character_b: "thor".to_string() },
[INFO] [stdout]    |             ^^^^^^^^^^^^^^^^^^^ not found in this scope
[INFO] [stdout] 
[INFO] [stdout] 
[INFO] [stdout] error[E0422]: cannot find struct, variant or union type `CharacterConnection` in this scope
[INFO] [stdout]   --> src/data_processing.rs:60:13
[INFO] [stdout]    |
[INFO] [stdout] 60 |             CharacterConnection { character_a: "Black Widow".to_string(), character_b: "HAWKEYE".to_string() },
[INFO] [stdout]    |             ^^^^^^^^^^^^^^^^^^^ not found in this scope
[INFO] [stdout] 
[INFO] [stdout] 
[INFO] [stdout] warning: unused import: `super::*`
[INFO] [stdout]   --> src/data_processing.rs:54:9
[INFO] [stdout]    |
[INFO] [stdout] 54 |     use super::*;
[INFO] [stdout]    |         ^^^^^^^^
[INFO] [stdout]    |
[INFO] [stdout]    = note: `#[warn(unused_imports)]` on by default
[INFO] [stdout] 
[INFO] [stdout] 
[INFO] [stdout] error[E0425]: cannot find function `ensure_uppercase_connections` in this scope
[INFO] [stdout]   --> src/data_processing.rs:63:9
[INFO] [stdout]    |
[INFO] [stdout] 63 |         ensure_uppercase_connections(&mut connections);
[INFO] [stdout]    |         ^^^^^^^^^^^^^^^^^^^^^^^^^^^^ not found in this scope
[INFO] [stdout] 
[INFO] [stdout] 
[INFO] [stdout] Some errors have detailed explanations: E0422, E0425.
[INFO] [stdout] 
[INFO] [stdout] For more information about an error, try `rustc --explain E0422`.
[INFO] [stdout] 
[INFO] [stderr] error: could not compile `final_project_tech_layoffs_analysis` (bin "final_project_tech_layoffs_analysis" test) due to 3 previous errors; 1 warning emitted
[INFO] running `Command { std: "docker" "inspect" "ee89084edcde5b77b41095c7da74b934263399e050ff50706998a56969849781", kill_on_drop: false }`
[INFO] running `Command { std: "docker" "rm" "-f" "ee89084edcde5b77b41095c7da74b934263399e050ff50706998a56969849781", kill_on_drop: false }`
[INFO] [stdout] ee89084edcde5b77b41095c7da74b934263399e050ff50706998a56969849781
