[INFO] cloning repository https://github.com/jaroensakyod/yew-app
[INFO] running `Command { std: "git" "-c" "credential.helper=" "-c" "credential.helper=/workspace/cargo-home/bin/git-credential-null" "clone" "--bare" "https://github.com/jaroensakyod/yew-app" "/workspace/cache/git-repos/https%3A%2F%2Fgithub.com%2Fjaroensakyod%2Fyew-app", kill_on_drop: false }`
[INFO] [stderr] Cloning into bare repository '/workspace/cache/git-repos/https%3A%2F%2Fgithub.com%2Fjaroensakyod%2Fyew-app'...
[INFO] running `Command { std: "git" "rev-parse" "HEAD", kill_on_drop: false }`
[INFO] [stdout] 1bee3b58f8d7b79b203540b7279c4af6c64300f6
[INFO] testing jaroensakyod/yew-app against nightly-2025-01-18+rustflags=-Zrandomize-layout for randomize-layout-2
[INFO] running `Command { std: "git" "clone" "/workspace/cache/git-repos/https%3A%2F%2Fgithub.com%2Fjaroensakyod%2Fyew-app" "/workspace/builds/worker-1-tc2/source", kill_on_drop: false }`
[INFO] [stderr] Cloning into '/workspace/builds/worker-1-tc2/source'...
[INFO] [stderr] done.
[INFO] [stderr] error: unable to write file target/debug/deps/libsyn-0224d7341d9ded6e.rlib
[INFO] [stderr] error: unable to write file target/debug/deps/libsyn-0224d7341d9ded6e.rmeta
[INFO] [stderr] Updating files:  45% (595/1309)
error: unable to write file target/debug/deps/libthiserror-e0944a0eddb52067.rmeta
[INFO] [stderr] error: unable to write file target/debug/deps/libunicode_xid-a2eb6b9af02624f9.rlib
[INFO] [stderr] error: unable to write file target/debug/deps/libunicode_xid-a2eb6b9af02624f9.rmeta
[INFO] [stderr] error: unable to write file target/debug/deps/libversion_check-0c7bb8b4727181dd.rlib
[INFO] [stderr] error: unable to write file target/debug/deps/libversion_check-0c7bb8b4727181dd.rmeta
[INFO] [stderr] error: unable to write file target/debug/deps/libwasm_bindgen-97f530582077ab27.rmeta
[INFO] [stderr] error: unable to write file target/debug/deps/libwasm_bindgen_backend-a15146cb58fdf262.rlib
[INFO] [stderr] error: unable to write file target/debug/deps/libwasm_bindgen_backend-a15146cb58fdf262.rmeta
[INFO] [stderr] Updating files:  46% (603/1309)
error: unable to write file target/debug/deps/libwasm_bindgen_futures-217824d322aa3c28.rmeta
[INFO] [stderr] error: unable to write file target/debug/deps/libwasm_bindgen_macro_support-2a683c280f5c086b.rlib
[INFO] [stderr] error: unable to write file target/debug/deps/libwasm_bindgen_macro_support-2a683c280f5c086b.rmeta
[INFO] [stderr] error: unable to write file target/debug/deps/libwasm_bindgen_shared-3a76cb844d8805d3.rlib
[INFO] [stderr] error: unable to write file target/debug/deps/libwasm_bindgen_shared-3a76cb844d8805d3.rmeta
[INFO] [stderr] error: unable to write file target/debug/deps/libweb_sys-11039cf3e92b42fc.rmeta
[INFO] [stderr] error: unable to write file target/debug/deps/libyew-963a73908dc73027.rmeta
[INFO] [stderr] error: unable to write file target/debug/deps/log-84640a8d503e0ecc.d
[INFO] [stderr] error: unable to write file target/debug/deps/proc_macro2-cb9d12d75f7c9814.d
[INFO] [stderr] error: unable to write file target/debug/deps/proc_macro_error-6be3c7538365604a.d
[INFO] [stderr] error: unable to write file target/debug/deps/proc_macro_error_attr-5833eda5398e0f22.d
[INFO] [stderr] Updating files:  47% (616/1309)
error: unable to write file target/debug/deps/proc_macro_error_attr-5833eda5398e0f22.dll
[INFO] [stderr] error: unable to write file target/debug/deps/proc_macro_error_attr-5833eda5398e0f22.dll.exp
[INFO] [stderr] error: unable to write file target/debug/deps/proc_macro_error_attr-5833eda5398e0f22.dll.lib
[INFO] [stderr] error: unable to write file target/debug/deps/proc_macro_error_attr-5833eda5398e0f22.pdb
[INFO] [stderr] error: unable to write file target/debug/deps/quote-79d51e8b9b7e4433.d
[INFO] [stderr] error: unable to write file target/debug/deps/ryu-7ad4bff469c85a6d.d
[INFO] [stderr] error: unable to write file target/debug/deps/scoped_tls_hkt-619671a3571bbfc5.d
[INFO] [stderr] error: unable to write file target/debug/deps/serde-28777bdb97510d0d.d
[INFO] [stderr] error: unable to write file target/debug/deps/serde_derive-325d8225407901a7.d
[INFO] [stderr] error: unable to write file target/debug/deps/serde_derive-325d8225407901a7.dll
[INFO] [stderr] error: unable to write file target/debug/deps/serde_derive-325d8225407901a7.dll.exp
[INFO] [stderr] error: unable to create file target/debug/deps/serde_derive-325d8225407901a7.dll.lib: No space left on device
[INFO] [stderr] error: unable to write file target/debug/deps/serde_derive-325d8225407901a7.pdb
[INFO] [stderr] Updating files:  48% (629/1309)
error: unable to create file target/debug/deps/serde_json-076ed45347032aa2.d: No space left on device
[INFO] [stderr] error: unable to create file target/debug/deps/slab-f5b038a779d400f7.d: No space left on device
[INFO] [stderr] error: unable to create file target/debug/deps/syn-0224d7341d9ded6e.d: No space left on device
[INFO] [stderr] error: unable to create file target/debug/deps/thiserror-e0944a0eddb52067.d: No space left on device
[INFO] [stderr] error: unable to create file target/debug/deps/thiserror_impl-9bc72c524d9554f3.d: No space left on device
[INFO] [stderr] error: unable to create file target/debug/deps/thiserror_impl-9bc72c524d9554f3.dll: No space left on device
[INFO] [stderr] error: unable to create file target/debug/deps/thiserror_impl-9bc72c524d9554f3.dll.exp: No space left on device
[INFO] [stderr] error: unable to create file target/debug/deps/thiserror_impl-9bc72c524d9554f3.dll.lib: No space left on device
[INFO] [stderr] error: unable to create file target/debug/deps/thiserror_impl-9bc72c524d9554f3.pdb: No space left on device
[INFO] [stderr] error: unable to create file target/debug/deps/unicode_xid-a2eb6b9af02624f9.d: No space left on device
[INFO] [stderr] error: unable to create file target/debug/deps/version_check-0c7bb8b4727181dd.d: No space left on device
[INFO] [stderr] error: unable to create file target/debug/deps/wasm_bindgen-97f530582077ab27.d: No space left on device
[INFO] [stderr] error: unable to create file target/debug/deps/wasm_bindgen_backend-a15146cb58fdf262.d: No space left on device
[INFO] [stderr] Updating files:  49% (642/1309)
error: unable to create file target/debug/deps/wasm_bindgen_futures-217824d322aa3c28.d: No space left on device
[INFO] [stderr] error: unable to create file target/debug/deps/wasm_bindgen_macro-9a12531aa7c12a43.d: No space left on device
[INFO] [stderr] error: unable to create file target/debug/deps/wasm_bindgen_macro-9a12531aa7c12a43.dll: No space left on device
[INFO] [stderr] error: unable to create file target/debug/deps/wasm_bindgen_macro-9a12531aa7c12a43.dll.exp: No space left on device
[INFO] [stderr] error: unable to create file target/debug/deps/wasm_bindgen_macro-9a12531aa7c12a43.dll.lib: No space left on device
[INFO] [stderr] error: unable to create file target/debug/deps/wasm_bindgen_macro-9a12531aa7c12a43.pdb: No space left on device
[INFO] [stderr] error: unable to create file target/debug/deps/wasm_bindgen_macro_support-2a683c280f5c086b.d: No space left on device
[INFO] [stderr] error: unable to create file target/debug/deps/wasm_bindgen_shared-3a76cb844d8805d3.d: No space left on device
[INFO] [stderr] error: unable to create file target/debug/deps/web_sys-11039cf3e92b42fc.d: No space left on device
[INFO] [stderr] error: unable to create file target/debug/deps/yew-963a73908dc73027.d: No space left on device
[INFO] [stderr] error: unable to create file target/debug/deps/yew_app-1c26736186538b9e.d: No space left on device
[INFO] [stderr] error: unable to create file target/debug/deps/yew_app-25dcb3dc4c12f54e.d: No space left on device
[INFO] [stderr] error: unable to create file target/debug/deps/yew_macro-dd1be6c388523c28.d: No space left on device
[INFO] [stderr] Updating files:  50% (655/1309)
error: unable to create file target/debug/deps/yew_macro-dd1be6c388523c28.dll: No space left on device
[INFO] [stderr] error: unable to create file target/debug/deps/yew_macro-dd1be6c388523c28.dll.exp: No space left on device
[INFO] [stderr] error: unable to create file target/debug/deps/yew_macro-dd1be6c388523c28.dll.lib: No space left on device
[INFO] [stderr] error: unable to create file target/debug/deps/yew_macro-dd1be6c388523c28.pdb: No space left on device
[INFO] [stderr] fatal: cannot create directory at 'target/debug/incremental': No space left on device
[INFO] [stderr] warning: Clone succeeded, but checkout failed.
[INFO] [stderr] You can inspect what was checked out with 'git status'
[INFO] [stderr] and retry with 'git restore --source=HEAD :/'
[INFO] [stderr] 
[INFO] testing jaroensakyod/yew-app against nightly-2025-01-18+rustflags=-Zrandomize-layout for randomize-layout-2
[INFO] running `Command { std: "git" "clone" "/workspace/cache/git-repos/https%3A%2F%2Fgithub.com%2Fjaroensakyod%2Fyew-app" "/workspace/builds/worker-1-tc2/source", kill_on_drop: false }`
[INFO] [stderr] Cloning into '/workspace/builds/worker-1-tc2/source'...
[INFO] [stderr] done.
[INFO] [stderr] error: unable to write file target/debug/deps/libsyn-0224d7341d9ded6e.rlib
[INFO] [stderr] error: unable to write file target/debug/deps/libsyn-0224d7341d9ded6e.rmeta
[INFO] [stderr] Updating files:  45% (595/1309)
error: unable to write file target/debug/deps/libthiserror-e0944a0eddb52067.rmeta
[INFO] [stderr] error: unable to write file target/debug/deps/libunicode_xid-a2eb6b9af02624f9.rlib
[INFO] [stderr] error: unable to write file target/debug/deps/libunicode_xid-a2eb6b9af02624f9.rmeta
[INFO] [stderr] error: unable to write file target/debug/deps/libversion_check-0c7bb8b4727181dd.rlib
[INFO] [stderr] error: unable to write file target/debug/deps/libversion_check-0c7bb8b4727181dd.rmeta
[INFO] [stderr] error: unable to write file target/debug/deps/libwasm_bindgen-97f530582077ab27.rmeta
[INFO] [stderr] error: unable to write file target/debug/deps/libwasm_bindgen_backend-a15146cb58fdf262.rlib
[INFO] [stderr] error: unable to write file target/debug/deps/libwasm_bindgen_backend-a15146cb58fdf262.rmeta
[INFO] [stderr] Updating files:  46% (603/1309)
error: unable to write file target/debug/deps/libwasm_bindgen_futures-217824d322aa3c28.rmeta
[INFO] [stderr] error: unable to write file target/debug/deps/libwasm_bindgen_macro_support-2a683c280f5c086b.rlib
[INFO] [stderr] error: unable to write file target/debug/deps/libwasm_bindgen_macro_support-2a683c280f5c086b.rmeta
[INFO] [stderr] error: unable to write file target/debug/deps/libwasm_bindgen_shared-3a76cb844d8805d3.rlib
[INFO] [stderr] error: unable to write file target/debug/deps/libwasm_bindgen_shared-3a76cb844d8805d3.rmeta
[INFO] [stderr] error: unable to write file target/debug/deps/libweb_sys-11039cf3e92b42fc.rmeta
[INFO] [stderr] error: unable to write file target/debug/deps/libyew-963a73908dc73027.rmeta
[INFO] [stderr] error: unable to write file target/debug/deps/log-84640a8d503e0ecc.d
[INFO] [stderr] error: unable to write file target/debug/deps/proc_macro2-cb9d12d75f7c9814.d
[INFO] [stderr] error: unable to write file target/debug/deps/proc_macro_error-6be3c7538365604a.d
[INFO] [stderr] error: unable to write file target/debug/deps/proc_macro_error_attr-5833eda5398e0f22.d
[INFO] [stderr] Updating files:  47% (616/1309)
error: unable to write file target/debug/deps/proc_macro_error_attr-5833eda5398e0f22.dll
[INFO] [stderr] error: unable to write file target/debug/deps/proc_macro_error_attr-5833eda5398e0f22.dll.exp
[INFO] [stderr] error: unable to write file target/debug/deps/proc_macro_error_attr-5833eda5398e0f22.dll.lib
[INFO] [stderr] error: unable to write file target/debug/deps/proc_macro_error_attr-5833eda5398e0f22.pdb
[INFO] [stderr] error: unable to write file target/debug/deps/quote-79d51e8b9b7e4433.d
[INFO] [stderr] error: unable to write file target/debug/deps/ryu-7ad4bff469c85a6d.d
[INFO] [stderr] error: unable to write file target/debug/deps/scoped_tls_hkt-619671a3571bbfc5.d
[INFO] [stderr] error: unable to write file target/debug/deps/serde-28777bdb97510d0d.d
[INFO] [stderr] error: unable to write file target/debug/deps/serde_derive-325d8225407901a7.d
[INFO] [stderr] error: unable to write file target/debug/deps/serde_derive-325d8225407901a7.dll
[INFO] [stderr] error: unable to write file target/debug/deps/serde_derive-325d8225407901a7.dll.exp
[INFO] [stderr] error: unable to create file target/debug/deps/serde_derive-325d8225407901a7.dll.lib: No space left on device
[INFO] [stderr] error: unable to write file target/debug/deps/serde_derive-325d8225407901a7.pdb
[INFO] [stderr] Updating files:  48% (629/1309)
error: unable to create file target/debug/deps/serde_json-076ed45347032aa2.d: No space left on device
[INFO] [stderr] error: unable to create file target/debug/deps/slab-f5b038a779d400f7.d: No space left on device
[INFO] [stderr] error: unable to create file target/debug/deps/syn-0224d7341d9ded6e.d: No space left on device
[INFO] [stderr] error: unable to create file target/debug/deps/thiserror-e0944a0eddb52067.d: No space left on device
[INFO] [stderr] error: unable to create file target/debug/deps/thiserror_impl-9bc72c524d9554f3.d: No space left on device
[INFO] [stderr] error: unable to create file target/debug/deps/thiserror_impl-9bc72c524d9554f3.dll: No space left on device
[INFO] [stderr] error: unable to create file target/debug/deps/thiserror_impl-9bc72c524d9554f3.dll.exp: No space left on device
[INFO] [stderr] error: unable to create file target/debug/deps/thiserror_impl-9bc72c524d9554f3.dll.lib: No space left on device
[INFO] [stderr] error: unable to create file target/debug/deps/thiserror_impl-9bc72c524d9554f3.pdb: No space left on device
[INFO] [stderr] error: unable to create file target/debug/deps/unicode_xid-a2eb6b9af02624f9.d: No space left on device
[INFO] [stderr] error: unable to create file target/debug/deps/version_check-0c7bb8b4727181dd.d: No space left on device
[INFO] [stderr] error: unable to create file target/debug/deps/wasm_bindgen-97f530582077ab27.d: No space left on device
[INFO] [stderr] error: unable to create file target/debug/deps/wasm_bindgen_backend-a15146cb58fdf262.d: No space left on device
[INFO] [stderr] Updating files:  49% (642/1309)
error: unable to create file target/debug/deps/wasm_bindgen_futures-217824d322aa3c28.d: No space left on device
[INFO] [stderr] error: unable to create file target/debug/deps/wasm_bindgen_macro-9a12531aa7c12a43.d: No space left on device
[INFO] [stderr] error: unable to create file target/debug/deps/wasm_bindgen_macro-9a12531aa7c12a43.dll: No space left on device
[INFO] [stderr] error: unable to create file target/debug/deps/wasm_bindgen_macro-9a12531aa7c12a43.dll.exp: No space left on device
[INFO] [stderr] error: unable to create file target/debug/deps/wasm_bindgen_macro-9a12531aa7c12a43.dll.lib: No space left on device
[INFO] [stderr] error: unable to create file target/debug/deps/wasm_bindgen_macro-9a12531aa7c12a43.pdb: No space left on device
[INFO] [stderr] error: unable to create file target/debug/deps/wasm_bindgen_macro_support-2a683c280f5c086b.d: No space left on device
[INFO] [stderr] error: unable to create file target/debug/deps/wasm_bindgen_shared-3a76cb844d8805d3.d: No space left on device
[INFO] [stderr] error: unable to create file target/debug/deps/web_sys-11039cf3e92b42fc.d: No space left on device
[INFO] [stderr] error: unable to create file target/debug/deps/yew-963a73908dc73027.d: No space left on device
[INFO] [stderr] error: unable to create file target/debug/deps/yew_app-1c26736186538b9e.d: No space left on device
[INFO] [stderr] error: unable to create file target/debug/deps/yew_app-25dcb3dc4c12f54e.d: No space left on device
[INFO] [stderr] error: unable to create file target/debug/deps/yew_macro-dd1be6c388523c28.d: No space left on device
[INFO] [stderr] Updating files:  50% (655/1309)
error: unable to create file target/debug/deps/yew_macro-dd1be6c388523c28.dll: No space left on device
[INFO] [stderr] error: unable to create file target/debug/deps/yew_macro-dd1be6c388523c28.dll.exp: No space left on device
[INFO] [stderr] error: unable to create file target/debug/deps/yew_macro-dd1be6c388523c28.dll.lib: No space left on device
[INFO] [stderr] error: unable to create file target/debug/deps/yew_macro-dd1be6c388523c28.pdb: No space left on device
[INFO] [stderr] fatal: cannot create directory at 'target/debug/incremental': No space left on device
[INFO] [stderr] warning: Clone succeeded, but checkout failed.
[INFO] [stderr] You can inspect what was checked out with 'git status'
[INFO] [stderr] and retry with 'git restore --source=HEAD :/'
[INFO] [stderr] 
[INFO] testing jaroensakyod/yew-app against nightly-2025-01-18+rustflags=-Zrandomize-layout for randomize-layout-2
[INFO] running `Command { std: "git" "clone" "/workspace/cache/git-repos/https%3A%2F%2Fgithub.com%2Fjaroensakyod%2Fyew-app" "/workspace/builds/worker-1-tc2/source", kill_on_drop: false }`
[INFO] [stderr] Cloning into '/workspace/builds/worker-1-tc2/source'...
[INFO] [stderr] done.
[INFO] [stderr] error: unable to write file target/debug/deps/libsyn-0224d7341d9ded6e.rlib
[INFO] [stderr] error: unable to write file target/debug/deps/libsyn-0224d7341d9ded6e.rmeta
[INFO] [stderr] error: unable to write file target/debug/deps/libthiserror-e0944a0eddb52067.rmeta
[INFO] [stderr] error: unable to write file target/debug/deps/libunicode_xid-a2eb6b9af02624f9.rlib
[INFO] [stderr] error: unable to write file target/debug/deps/libunicode_xid-a2eb6b9af02624f9.rmeta
[INFO] [stderr] Updating files:  45% (598/1309)
error: unable to write file target/debug/deps/libversion_check-0c7bb8b4727181dd.rlib
[INFO] [stderr] error: unable to write file target/debug/deps/libversion_check-0c7bb8b4727181dd.rmeta
[INFO] [stderr] error: unable to write file target/debug/deps/libwasm_bindgen-97f530582077ab27.rmeta
[INFO] [stderr] error: unable to write file target/debug/deps/libwasm_bindgen_backend-a15146cb58fdf262.rlib
[INFO] [stderr] error: unable to write file target/debug/deps/libwasm_bindgen_backend-a15146cb58fdf262.rmeta
[INFO] [stderr] Updating files:  46% (603/1309)
error: unable to write file target/debug/deps/libwasm_bindgen_futures-217824d322aa3c28.rmeta
[INFO] [stderr] error: unable to write file target/debug/deps/libwasm_bindgen_macro_support-2a683c280f5c086b.rlib
[INFO] [stderr] error: unable to write file target/debug/deps/libwasm_bindgen_macro_support-2a683c280f5c086b.rmeta
[INFO] [stderr] error: unable to write file target/debug/deps/libwasm_bindgen_shared-3a76cb844d8805d3.rlib
[INFO] [stderr] error: unable to write file target/debug/deps/libwasm_bindgen_shared-3a76cb844d8805d3.rmeta
[INFO] [stderr] error: unable to write file target/debug/deps/libweb_sys-11039cf3e92b42fc.rmeta
[INFO] [stderr] error: unable to write file target/debug/deps/libyew-963a73908dc73027.rmeta
[INFO] [stderr] error: unable to write file target/debug/deps/log-84640a8d503e0ecc.d
[INFO] [stderr] error: unable to write file target/debug/deps/proc_macro2-cb9d12d75f7c9814.d
[INFO] [stderr] error: unable to write file target/debug/deps/proc_macro_error-6be3c7538365604a.d
[INFO] [stderr] error: unable to write file target/debug/deps/proc_macro_error_attr-5833eda5398e0f22.d
[INFO] [stderr] Updating files:  47% (616/1309)
error: unable to write file target/debug/deps/proc_macro_error_attr-5833eda5398e0f22.dll
[INFO] [stderr] error: unable to write file target/debug/deps/proc_macro_error_attr-5833eda5398e0f22.dll.exp
[INFO] [stderr] error: unable to write file target/debug/deps/proc_macro_error_attr-5833eda5398e0f22.dll.lib
[INFO] [stderr] error: unable to write file target/debug/deps/proc_macro_error_attr-5833eda5398e0f22.pdb
[INFO] [stderr] error: unable to write file target/debug/deps/quote-79d51e8b9b7e4433.d
[INFO] [stderr] error: unable to write file target/debug/deps/ryu-7ad4bff469c85a6d.d
[INFO] [stderr] error: unable to write file target/debug/deps/scoped_tls_hkt-619671a3571bbfc5.d
[INFO] [stderr] error: unable to write file target/debug/deps/serde-28777bdb97510d0d.d
[INFO] [stderr] error: unable to write file target/debug/deps/serde_derive-325d8225407901a7.d
[INFO] [stderr] error: unable to write file target/debug/deps/serde_derive-325d8225407901a7.dll
[INFO] [stderr] error: unable to write file target/debug/deps/serde_derive-325d8225407901a7.dll.exp
[INFO] [stderr] error: unable to create file target/debug/deps/serde_derive-325d8225407901a7.dll.lib: No space left on device
[INFO] [stderr] error: unable to write file target/debug/deps/serde_derive-325d8225407901a7.pdb
[INFO] [stderr] Updating files:  48% (629/1309)
error: unable to create file target/debug/deps/serde_json-076ed45347032aa2.d: No space left on device
[INFO] [stderr] error: unable to create file target/debug/deps/slab-f5b038a779d400f7.d: No space left on device
[INFO] [stderr] error: unable to create file target/debug/deps/syn-0224d7341d9ded6e.d: No space left on device
[INFO] [stderr] error: unable to create file target/debug/deps/thiserror-e0944a0eddb52067.d: No space left on device
[INFO] [stderr] error: unable to create file target/debug/deps/thiserror_impl-9bc72c524d9554f3.d: No space left on device
[INFO] [stderr] error: unable to create file target/debug/deps/thiserror_impl-9bc72c524d9554f3.dll: No space left on device
[INFO] [stderr] error: unable to create file target/debug/deps/thiserror_impl-9bc72c524d9554f3.dll.exp: No space left on device
[INFO] [stderr] error: unable to create file target/debug/deps/thiserror_impl-9bc72c524d9554f3.dll.lib: No space left on device
[INFO] [stderr] error: unable to create file target/debug/deps/thiserror_impl-9bc72c524d9554f3.pdb: No space left on device
[INFO] [stderr] error: unable to create file target/debug/deps/unicode_xid-a2eb6b9af02624f9.d: No space left on device
[INFO] [stderr] error: unable to create file target/debug/deps/version_check-0c7bb8b4727181dd.d: No space left on device
[INFO] [stderr] error: unable to create file target/debug/deps/wasm_bindgen-97f530582077ab27.d: No space left on device
[INFO] [stderr] error: unable to create file target/debug/deps/wasm_bindgen_backend-a15146cb58fdf262.d: No space left on device
[INFO] [stderr] Updating files:  49% (642/1309)
error: unable to create file target/debug/deps/wasm_bindgen_futures-217824d322aa3c28.d: No space left on device
[INFO] [stderr] error: unable to create file target/debug/deps/wasm_bindgen_macro-9a12531aa7c12a43.d: No space left on device
[INFO] [stderr] error: unable to create file target/debug/deps/wasm_bindgen_macro-9a12531aa7c12a43.dll: No space left on device
[INFO] [stderr] error: unable to create file target/debug/deps/wasm_bindgen_macro-9a12531aa7c12a43.dll.exp: No space left on device
[INFO] [stderr] error: unable to create file target/debug/deps/wasm_bindgen_macro-9a12531aa7c12a43.dll.lib: No space left on device
[INFO] [stderr] Updating files:  50% (655/1309)
Updating files:  51% (668/1309)
Updating files:  52% (681/1309)
Updating files:  53% (694/1309)
Updating files:  54% (707/1309)
Updating files:  55% (720/1309)
Updating files:  56% (734/1309)
Updating files:  57% (747/1309)
Updating files:  58% (760/1309)
Updating files:  59% (773/1309)
Updating files:  60% (786/1309)
Updating files:  61% (799/1309)
Updating files:  62% (812/1309)
Updating files:  63% (825/1309)
Updating files:  64% (838/1309)
Updating files:  65% (851/1309)
Updating files:  66% (864/1309)
Updating files:  67% (878/1309)
Updating files:  68% (891/1309)
Updating files:  69% (904/1309)
Updating files:  70% (917/1309)
Updating files:  71% (930/1309)
Updating files:  72% (943/1309)
Updating files:  73% (956/1309)
Updating files:  74% (969/1309)
Updating files:  75% (982/1309)
Updating files:  76% (995/1309)
Updating files:  77% (1008/1309)
Updating files:  78% (1022/1309)
Updating files:  79% (1035/1309)
Updating files:  80% (1048/1309)
Updating files:  81% (1061/1309)
Updating files:  82% (1074/1309)
Updating files:  83% (1087/1309)
Updating files:  84% (1100/1309)
Updating files:  85% (1113/1309)
Updating files:  86% (1126/1309)
Updating files:  87% (1139/1309)
Updating files:  88% (1152/1309)
Updating files:  89% (1166/1309)
Updating files:  90% (1179/1309)
Updating files:  91% (1192/1309)
Updating files:  92% (1205/1309)
Updating files:  93% (1218/1309)
Updating files:  93% (1221/1309)
Updating files:  94% (1231/1309)
Updating files:  95% (1244/1309)
Updating files:  96% (1257/1309)
Updating files:  97% (1270/1309)
Updating files:  98% (1283/1309)
Updating files:  99% (1296/1309)
Updating files: 100% (1309/1309)
Updating files: 100% (1309/1309), done.
[INFO] [stderr] fatal: unable to checkout working tree
[INFO] [stderr] warning: Clone succeeded, but checkout failed.
[INFO] [stderr] You can inspect what was checked out with 'git status'
[INFO] [stderr] and retry with 'git restore --source=HEAD :/'
[INFO] [stderr] 
[INFO] testing jaroensakyod/yew-app against nightly-2025-01-18+rustflags=-Zrandomize-layout for randomize-layout-2
[INFO] running `Command { std: "git" "clone" "/workspace/cache/git-repos/https%3A%2F%2Fgithub.com%2Fjaroensakyod%2Fyew-app" "/workspace/builds/worker-1-tc2/source", kill_on_drop: false }`
[INFO] [stderr] Cloning into '/workspace/builds/worker-1-tc2/source'...
[INFO] [stderr] done.
[INFO] [stderr] Updating files:  86% (1131/1309)
Updating files:  87% (1139/1309)
Updating files:  88% (1152/1309)
Updating files:  89% (1166/1309)
Updating files:  90% (1179/1309)
Updating files:  91% (1192/1309)
Updating files:  92% (1205/1309)
Updating files:  93% (1218/1309)
Updating files:  94% (1231/1309)
Updating files:  95% (1244/1309)
Updating files:  96% (1257/1309)
Updating files:  97% (1270/1309)
Updating files:  98% (1283/1309)
Updating files:  99% (1296/1309)
Updating files: 100% (1309/1309)
Updating files: 100% (1309/1309), done.
[INFO] validating manifest of git repo https://github.com/jaroensakyod/yew-app on toolchain nightly-2025-01-18
[INFO] running `Command { std: CARGO_HOME="/workspace/cargo-home" RUSTUP_HOME="/workspace/rustup-home" "/workspace/cargo-home/bin/cargo" "+nightly-2025-01-18" "metadata" "--manifest-path" "Cargo.toml" "--no-deps", kill_on_drop: false }`
[INFO] started tweaking git repo https://github.com/jaroensakyod/yew-app
[INFO] finished tweaking git repo https://github.com/jaroensakyod/yew-app
[INFO] tweaked toml for git repo https://github.com/jaroensakyod/yew-app written to /workspace/builds/worker-1-tc2/source/Cargo.toml
[INFO] crate git repo https://github.com/jaroensakyod/yew-app already has a lockfile, it will not be regenerated
[INFO] running `Command { std: CARGO_HOME="/workspace/cargo-home" RUSTUP_HOME="/workspace/rustup-home" "/workspace/cargo-home/bin/cargo" "+nightly-2025-01-18" "fetch" "--manifest-path" "Cargo.toml", kill_on_drop: false }`
[INFO] [stderr]     Blocking waiting for file lock on package cache
[INFO] [stderr]     Blocking waiting for file lock on package cache
[INFO] running `Command { std: "docker" "create" "-v" "/var/lib/crater-agent-workspace/builds/worker-1-tc2/target:/opt/rustwide/target:rw,Z" "-v" "/var/lib/crater-agent-workspace/builds/worker-1-tc2/source:/opt/rustwide/workdir:ro,Z" "-v" "/var/lib/crater-agent-workspace/cargo-home:/opt/rustwide/cargo-home:ro,Z" "-v" "/var/lib/crater-agent-workspace/rustup-home:/opt/rustwide/rustup-home:ro,Z" "-e" "SOURCE_DIR=/opt/rustwide/workdir" "-e" "CARGO_TARGET_DIR=/opt/rustwide/target" "-e" "CARGO_HOME=/opt/rustwide/cargo-home" "-e" "RUSTUP_HOME=/opt/rustwide/rustup-home" "-w" "/opt/rustwide/workdir" "-m" "1610612736" "--user" "0:0" "--network" "none" "ghcr.io/rust-lang/crates-build-env/linux@sha256:819108c5571ea2e421544af4d832f968d213c87fbe3707a016657f43d2f853bc" "/opt/rustwide/cargo-home/bin/cargo" "+nightly-2025-01-18" "metadata" "--no-deps" "--format-version=1", kill_on_drop: false }`
[INFO] [stdout] 9d158ea4dbe8e6f014757e66c88c7724fd36b7d044964990fe82019e86ee6f38
[INFO] running `Command { std: "docker" "start" "-a" "9d158ea4dbe8e6f014757e66c88c7724fd36b7d044964990fe82019e86ee6f38", kill_on_drop: false }`
[INFO] running `Command { std: "docker" "inspect" "9d158ea4dbe8e6f014757e66c88c7724fd36b7d044964990fe82019e86ee6f38", kill_on_drop: false }`
[INFO] running `Command { std: "docker" "rm" "-f" "9d158ea4dbe8e6f014757e66c88c7724fd36b7d044964990fe82019e86ee6f38", kill_on_drop: false }`
[INFO] [stdout] 9d158ea4dbe8e6f014757e66c88c7724fd36b7d044964990fe82019e86ee6f38
[INFO] running `Command { std: "docker" "create" "-v" "/var/lib/crater-agent-workspace/builds/worker-1-tc2/target:/opt/rustwide/target:rw,Z" "-v" "/var/lib/crater-agent-workspace/builds/worker-1-tc2/source:/opt/rustwide/workdir:ro,Z" "-v" "/var/lib/crater-agent-workspace/cargo-home:/opt/rustwide/cargo-home:ro,Z" "-v" "/var/lib/crater-agent-workspace/rustup-home:/opt/rustwide/rustup-home:ro,Z" "-e" "SOURCE_DIR=/opt/rustwide/workdir" "-e" "CARGO_TARGET_DIR=/opt/rustwide/target" "-e" "CARGO_INCREMENTAL=0" "-e" "RUST_BACKTRACE=full" "-e" "RUSTFLAGS=--cap-lints=forbid -Zrandomize-layout" "-e" "RUSTDOCFLAGS=--cap-lints=forbid" "-e" "CARGO_HOME=/opt/rustwide/cargo-home" "-e" "RUSTUP_HOME=/opt/rustwide/rustup-home" "-w" "/opt/rustwide/workdir" "-m" "1610612736" "--user" "0:0" "--network" "none" "ghcr.io/rust-lang/crates-build-env/linux@sha256:819108c5571ea2e421544af4d832f968d213c87fbe3707a016657f43d2f853bc" "/opt/rustwide/cargo-home/bin/cargo" "+nightly-2025-01-18" "build" "--frozen" "--message-format=json", kill_on_drop: false }`
[INFO] [stdout] fe4eaf351a5985f618fd87ea241508cd3a0d6e69b804d5a89910f058e07136a6
[INFO] running `Command { std: "docker" "start" "-a" "fe4eaf351a5985f618fd87ea241508cd3a0d6e69b804d5a89910f058e07136a6", kill_on_drop: false }`
[INFO] [stderr]    Compiling proc-macro2 v1.0.38
[INFO] [stderr]    Compiling unicode-xid v0.2.3
[INFO] [stderr]    Compiling syn v1.0.92
[INFO] [stderr]    Compiling wasm-bindgen-shared v0.2.80
[INFO] [stderr]    Compiling log v0.4.17
[INFO] [stderr]    Compiling lazy_static v1.4.0
[INFO] [stderr]    Compiling cfg-if v1.0.0
[INFO] [stderr]    Compiling serde_derive v1.0.137
[INFO] [stderr]    Compiling bumpalo v3.9.1
[INFO] [stderr]    Compiling serde v1.0.137
[INFO] [stderr]    Compiling serde_json v1.0.81
[INFO] [stderr]    Compiling itoa v1.0.1
[INFO] [stderr]    Compiling wasm-bindgen v0.2.80
[INFO] [stderr]    Compiling ryu v1.0.9
[INFO] [stderr]    Compiling version_check v0.9.4
[INFO] [stderr]    Compiling autocfg v1.1.0
[INFO] [stderr]    Compiling hashbrown v0.11.2
[INFO] [stderr]    Compiling boolinator v2.4.0
[INFO] [stderr]    Compiling slab v0.4.6
[INFO] [stderr]    Compiling scoped-tls-hkt v0.1.2
[INFO] [stderr] rustc-LLVM ERROR: IO failure on output stream: No space left on device
[INFO] [stderr] error: could not compile `log` (lib)
[INFO] [stderr] 
[INFO] [stderr] Caused by:
[INFO] [stderr]   No space left on device (os error 28)
[INFO] [stderr] 
[INFO] [stderr] Caused by:
[INFO] [stderr]   failed to parse process output: `/opt/rustwide/rustup-home/toolchains/nightly-2025-01-18-x86_64-unknown-linux-gnu/bin/rustc --crate-name log --edition=2015 /opt/rustwide/cargo-home/registry/src/index.crates.io-1949cf8c6b5b557f/log-0.4.17/src/lib.rs --error-format=json --json=diagnostic-rendered-ansi,artifacts,future-incompat --crate-type lib --emit=dep-info,metadata,link -C embed-bitcode=no --check-cfg 'cfg(docsrs,test)' --check-cfg 'cfg(feature, values("kv_unstable", "kv_unstable_serde", "kv_unstable_std", "kv_unstable_sval", "max_level_debug", "max_level_error", "max_level_info", "max_level_off", "max_level_trace", "max_level_warn", "release_max_level_debug", "release_max_level_error", "release_max_level_info", "release_max_level_off", "release_max_level_trace", "release_max_level_warn", "serde", "std", "sval", "value-bag"))' -C metadata=b52c17c27596f991 -C extra-filename=-bedc95eb8820b7b0 --out-dir /opt/rustwide/target/debug/deps -L dependency=/opt/rustwide/target/debug/deps --extern cfg_if=/opt/rustwide/target/debug/deps/libcfg_if-8f0231822091c729.rmeta --cap-lints allow --cap-lints=forbid -Zrandomize-layout --cfg atomic_cas --cfg has_atomics` (exit status: 101)
[INFO] [stderr] warning: build failed, waiting for other jobs to finish...
[INFO] [stderr] error: could not compile `serde_derive` (build script) due to 1 previous error
[INFO] [stdout] error: linking with `cc` failed: exit status: 1
[INFO] [stdout]   |
[INFO] [stdout]   = note: LC_ALL="C" PATH="/opt/rustwide/rustup-home/toolchains/nightly-2025-01-18-x86_64-unknown-linux-gnu/lib/rustlib/x86_64-unknown-linux-gnu/bin:/opt/rustwide/rustup-home/toolchains/nightly-2025-01-18-x86_64-unknown-linux-gnu/lib/rustlib/x86_64-unknown-linux-gnu/bin/self-contained:/opt/rustwide/cargo-home/bin:/usr/local/sbin:/usr/local/bin:/usr/sbin:/usr/bin:/sbin:/bin" VSLANG="1033" "cc" "-m64" "/tmp/rustcjmR05h/symbols.o" "<2 object files omitted>" "-Wl,--as-needed" "-Wl,-Bstatic" "/opt/rustwide/rustup-home/toolchains/nightly-2025-01-18-x86_64-unknown-linux-gnu/lib/rustlib/x86_64-unknown-linux-gnu/lib/{libstd-006123e2ce67e99d.rlib,libpanic_unwind-e1447e1efa6f1e57.rlib,libobject-f6963a4916fcf097.rlib,libmemchr-49a2d9af912f4524.rlib,libaddr2line-04d19aad3936869d.rlib,libgimli-483c235edb789db0.rlib,librustc_demangle-294281af50b8f748.rlib,libstd_detect-3b08295250aabc2a.rlib,libhashbrown-4472d1e05ba0dfaf.rlib,librustc_std_workspace_alloc-2ef099fac590e457.rlib,libminiz_oxide-8a51f5e848546c29.rlib,libadler2-3d3fa22b868db521.rlib,libunwind-0ffda8b08e22dbea.rlib,libcfg_if-b08f62458fdd43b9.rlib,liblibc-559675126e63b890.rlib,liballoc-fcf21c8d1c9c7b75.rlib,librustc_std_workspace_core-e0b0460135bcf21d.rlib,libcore-d4097fdcbddd3bc7.rlib,libcompiler_builtins-fea484ac1eed7881.rlib}" "-Wl,-Bdynamic" "-lgcc_s" "-lutil" "-lrt" "-lpthread" "-lm" "-ldl" "-lc" "-B/opt/rustwide/rustup-home/toolchains/nightly-2025-01-18-x86_64-unknown-linux-gnu/lib/rustlib/x86_64-unknown-linux-gnu/bin/gcc-ld" "-fuse-ld=lld" "-Wl,--eh-frame-hdr" "-Wl,-z,noexecstack" "-L" "/opt/rustwide/rustup-home/toolchains/nightly-2025-01-18-x86_64-unknown-linux-gnu/lib/rustlib/x86_64-unknown-linux-gnu/lib" "-o" "/opt/rustwide/target/debug/build/serde_derive-c8bbb8af7fab5e06/build_script_build-c8bbb8af7fab5e06" "-Wl,--gc-sections" "-pie" "-Wl,-z,relro,-z,now" "-nodefaultlibs"
[INFO] [stdout]   = note: some arguments are omitted. use `--verbose` to show all linker arguments
[INFO] [stdout]   = note: PLEASE submit a bug report to https://github.com/llvm/llvm-project/issues/ and include the crash backtrace.
[INFO] [stdout]           LLVM ERROR: IO failure on output stream: No space left on device
[INFO] [stdout]           collect2: error: ld returned 1 exit status
[INFO] [stdout]           
[INFO] [stdout] 
[INFO] [stdout] 
[INFO] [stdout] error: linking with `cc` failed: exit status: 1
[INFO] [stdout]   |
[INFO] [stdout]   = note: LC_ALL="C" PATH="/opt/rustwide/rustup-home/toolchains/nightly-2025-01-18-x86_64-unknown-linux-gnu/lib/rustlib/x86_64-unknown-linux-gnu/bin:/opt/rustwide/rustup-home/toolchains/nightly-2025-01-18-x86_64-unknown-linux-gnu/lib/rustlib/x86_64-unknown-linux-gnu/bin/self-contained:/opt/rustwide/cargo-home/bin:/usr/local/sbin:/usr/local/bin:/usr/sbin:/usr/bin:/sbin:/bin" VSLANG="1033" "cc" "-m64" "/tmp/rustcLRXVK1/symbols.o" "<4 object files omitted>" "-Wl,--as-needed" "-Wl,-Bstatic" "/opt/rustwide/rustup-home/toolchains/nightly-2025-01-18-x86_64-unknown-linux-gnu/lib/rustlib/x86_64-unknown-linux-gnu/lib/{libstd-006123e2ce67e99d.rlib,libpanic_unwind-e1447e1efa6f1e57.rlib,libobject-f6963a4916fcf097.rlib,libmemchr-49a2d9af912f4524.rlib,libaddr2line-04d19aad3936869d.rlib,libgimli-483c235edb789db0.rlib,librustc_demangle-294281af50b8f748.rlib,libstd_detect-3b08295250aabc2a.rlib,libhashbrown-4472d1e05ba0dfaf.rlib,librustc_std_workspace_alloc-2ef099fac590e457.rlib,libminiz_oxide-8a51f5e848546c29.rlib,libadler2-3d3fa22b868db521.rlib,libunwind-0ffda8b08e22dbea.rlib,libcfg_if-b08f62458fdd43b9.rlib,liblibc-559675126e63b890.rlib,liballoc-fcf21c8d1c9c7b75.rlib,librustc_std_workspace_core-e0b0460135bcf21d.rlib,libcore-d4097fdcbddd3bc7.rlib,libcompiler_builtins-fea484ac1eed7881.rlib}" "-Wl,-Bdynamic" "-lgcc_s" "-lutil" "-lrt" "-lpthread" "-lm" "-ldl" "-lc" "-B/opt/rustwide/rustup-home/toolchains/nightly-2025-01-18-x86_64-unknown-linux-gnu/lib/rustlib/x86_64-unknown-linux-gnu/bin/gcc-ld" "-fuse-ld=lld" "-Wl,--eh-frame-hdr" "-Wl,-z,noexecstack" "-L" "/opt/rustwide/rustup-home/toolchains/nightly-2025-01-18-x86_64-unknown-linux-gnu/lib/rustlib/x86_64-unknown-linux-gnu/lib" "-o" "/opt/rustwide/target/debug/build/syn-8d46f884bcef9f7c/build_script_build-8d46f884bcef9f7c" "-Wl,--gc-sections" "-pie" "-Wl,-z,relro,-z,now" "-nodefaultlibs"
[INFO] [stdout]   = note: some arguments are omitted. use `--verbose` to show all linker arguments
[INFO] [stdout]   = note: PLEASE submit a bug report to https://github.com/llvm/llvm-project/issues/ and include the crash backtrace.
[INFO] [stdout]           Stack dump:
[INFO] [stdout]           0.    Program arguments: /opt/rustwide/rustup-home/toolchains/nightly-2025-01-18-x86_64-unknown-linux-gnu/lib/rustlib/x86_64-unknown-linux-gnu/bin/rust-lld -flavor gnu -plugin /usr/lib/gcc/x86_64-linux-gnu/11/liblto_plugin.so -plugin-opt=/usr/lib/gcc/x86_64-linux-gnu/11/lto-wrapper -plugin-opt=-fresolution=/tmp/ccbaHX1T.res --build-id --eh-frame-hdr -m elf_x86_64 --hash-style=gnu --as-needed -dynamic-linker /lib64/ld-linux-x86-64.so.2 -pie -z now -z relro -o /opt/rustwide/target/debug/build/syn-8d46f884bcef9f7c/build_script_build-8d46f884bcef9f7c /usr/lib/gcc/x86_64-linux-gnu/11/../../../x86_64-linux-gnu/Scrt1.o /usr/lib/gcc/x86_64-linux-gnu/11/../../../x86_64-linux-gnu/crti.o /usr/lib/gcc/x86_64-linux-gnu/11/crtbeginS.o -L/opt/rustwide/rustup-home/toolchains/nightly-2025-01-18-x86_64-unknown-linux-gnu/lib/rustlib/x86_64-unknown-linux-gnu/lib -L/opt/rustwide/rustup-home/toolchains/nightly-2025-01-18-x86_64-unknown-linux-gnu/lib/rustlib/x86_64-unknown-linux-gnu/bin/gcc-ld -L/usr/lib/gcc/x86_64-linux-gnu/11 -L/usr/lib/gcc/x86_64-linux-gnu/11/../../../x86_64-linux-gnu -L/usr/lib/gcc/x86_64-linux-gnu/11/../../../../lib -L/lib/x86_64-linux-gnu -L/lib/../lib -L/usr/lib/x86_64-linux-gnu -L/usr/lib/../lib -L/usr/lib/gcc/x86_64-linux-gnu/11/../../.. /tmp/rustcLRXVK1/symbols.o /opt/rustwide/target/debug/build/syn-8d46f884bcef9f7c/build_script_build-8d46f884bcef9f7c.build_script_build.633f81d89e295fca-cgu.0.rcgu.o /opt/rustwide/target/debug/build/syn-8d46f884bcef9f7c/build_script_build-8d46f884bcef9f7c.build_script_build.633f81d89e295fca-cgu.1.rcgu.o /opt/rustwide/target/debug/build/syn-8d46f884bcef9f7c/build_script_build-8d46f884bcef9f7c.build_script_build.633f81d89e295fca-cgu.2.rcgu.o /opt/rustwide/target/debug/build/syn-8d46f884bcef9f7c/build_script_build-8d46f884bcef9f7c.cmbg300y0a8s9ixwi5d7ynktk.rcgu.o --as-needed -Bstatic /opt/rustwide/rustup-home/toolchains/nightly-2025-01-18-x86_64-unknown-linux-gnu/lib/rustlib/x86_64-unknown-linux-gnu/lib/libstd-006123e2ce67e99d.rlib /opt/rustwide/rustup-home/toolchains/nightly-2025-01-18-x86_64-unknown-linux-gnu/lib/rustlib/x86_64-unknown-linux-gnu/lib/libpanic_unwind-e1447e1efa6f1e57.rlib /opt/rustwide/rustup-home/toolchains/nightly-2025-01-18-x86_64-unknown-linux-gnu/lib/rustlib/x86_64-unknown-linux-gnu/lib/libobject-f6963a4916fcf097.rlib /opt/rustwide/rustup-home/toolchains/nightly-2025-01-18-x86_64-unknown-linux-gnu/lib/rustlib/x86_64-unknown-linux-gnu/lib/libmemchr-49a2d9af912f4524.rlib /opt/rustwide/rustup-home/toolchains/nightly-2025-01-18-x86_64-unknown-linux-gnu/lib/rustlib/x86_64-unknown-linux-gnu/lib/libaddr2line-04d19aad3936869d.rlib /opt/rustwide/rustup-home/toolchains/nightly-2025-01-18-x86_64-unknown-linux-gnu/lib/rustlib/x86_64-unknown-linux-gnu/lib/libgimli-483c235edb789db0.rlib /opt/rustwide/rustup-home/toolchains/nightly-2025-01-18-x86_64-unknown-linux-gnu/lib/rustlib/x86_64-unknown-linux-gnu/lib/librustc_demangle-294281af50b8f748.rlib /opt/rustwide/rustup-home/toolchains/nightly-2025-01-18-x86_64-unknown-linux-gnu/lib/rustlib/x86_64-unknown-linux-gnu/lib/libstd_detect-3b08295250aabc2a.rlib /opt/rustwide/rustup-home/toolchains/nightly-2025-01-18-x86_64-unknown-linux-gnu/lib/rustlib/x86_64-unknown-linux-gnu/lib/libhashbrown-4472d1e05ba0dfaf.rlib /opt/rustwide/rustup-home/toolchains/nightly-2025-01-18-x86_64-unknown-linux-gnu/lib/rustlib/x86_64-unknown-linux-gnu/lib/librustc_std_workspace_alloc-2ef099fac590e457.rlib /opt/rustwide/rustup-home/toolchains/nightly-2025-01-18-x86_64-unknown-linux-gnu/lib/rustlib/x86_64-unknown-linux-gnu/lib/libminiz_oxide-8a51f5e848546c29.rlib /opt/rustwide/rustup-home/toolchains/nightly-2025-01-18-x86_64-unknown-linux-gnu/lib/rustlib/x86_64-unknown-linux-gnu/lib/libadler2-3d3fa22b868db521.rlib /opt/rustwide/rustup-home/toolchains/nightly-2025-01-18-x86_64-unknown-linux-gnu/lib/rustlib/x86_64-unknown-linux-gnu/lib/libunwind-0ffda8b08e22dbea.rlib /opt/rustwide/rustup-home/toolchains/nightly-2025-01-18-x86_64-unknown-linux-gnu/lib/rustlib/x86_64-unknown-linux-gnu/lib/libcfg_if-b08f62458fdd43b9.rlib /opt/rustwide/rustup-home/toolchains/nightly-2025-01-18-x86_64-unknown-linux-gnu/lib/rustlib/x86_64-unknown-linux-gnu/lib/liblibc-559675126e63b890.rlib /opt/rustwide/rustup-home/toolchains/nightly-2025-01-18-x86_64-unknown-linux-gnu/lib/rustlib/x86_64-unknown-linux-gnu/lib/liballoc-fcf21c8d1c9c7b75.rlib /opt/rustwide/rustup-home/toolchains/nightly-2025-01-18-x86_64-unknown-linux-gnu/lib/rustlib/x86_64-unknown-linux-gnu/lib/librustc_std_workspace_core-e0b0460135bcf21d.rlib /opt/rustwide/rustup-home/toolchains/nightly-2025-01-18-x86_64-unknown-linux-gnu/lib/rustlib/x86_64-unknown-linux-gnu/lib/libcore-d4097fdcbddd3bc7.rlib /opt/rustwide/rustup-home/toolchains/nightly-2025-01-18-x86_64-unknown-linux-gnu/lib/rustlib/x86_64-unknown-linux-gnu/lib/libcompiler_builtins-fea484ac1eed7881.rlib -Bdynamic -lgcc_s -lutil -lrt -lpthread -lm -ldl -lc --eh-frame-hdr -z noexecstack --gc-sections -z relro -z now /usr/lib/gcc/x86_64-linux-gnu/11/crtendS.o /usr/lib/gcc/x86_64-linux-gnu/11/../../../x86_64-linux-gnu/crtn.o
[INFO] [stdout]           LLVM ERROR: IO failure on output stream: No space left on device
[INFO] [stdout]           collect2: error: ld returned 1 exit status
[INFO] [stdout]           
[INFO] [stdout] 
[INFO] [stdout] 
[INFO] [stderr] error: could not compile `syn` (build script) due to 1 previous error
[INFO] [stderr] rustc-LLVM ERROR: IO failure on output stream: No space left on device
[INFO] [stderr] rustc-LLVM ERROR: IO failure on output stream: No space left on device
[INFO] [stderr] error: could not compile `version_check` (lib)
[INFO] [stderr] 
[INFO] [stderr] Caused by:
[INFO] [stderr]   No space left on device (os error 28)
[INFO] [stderr] 
[INFO] [stderr] Caused by:
[INFO] [stderr]   failed to parse process output: `/opt/rustwide/rustup-home/toolchains/nightly-2025-01-18-x86_64-unknown-linux-gnu/bin/rustc --crate-name version_check --edition=2015 /opt/rustwide/cargo-home/registry/src/index.crates.io-1949cf8c6b5b557f/version_check-0.9.4/src/lib.rs --error-format=json --json=diagnostic-rendered-ansi,artifacts,future-incompat --crate-type lib --emit=dep-info,metadata,link -C embed-bitcode=no --check-cfg 'cfg(docsrs,test)' --check-cfg 'cfg(feature, values())' -C metadata=3e7ac08321e49e29 -C extra-filename=-57abdaf11681ef3d --out-dir /opt/rustwide/target/debug/deps -L dependency=/opt/rustwide/target/debug/deps --cap-lints allow --cap-lints=forbid -Zrandomize-layout` (exit status: 101)
[INFO] [stderr] rustc-LLVM ERROR: IO failure on output stream: No space left on device
[INFO] [stderr] error: could not compile `autocfg` (lib)
[INFO] [stderr] 
[INFO] [stderr] Caused by:
[INFO] [stderr]   No space left on device (os error 28)
[INFO] [stderr] 
[INFO] [stderr] Caused by:
[INFO] [stderr]   failed to parse process output: `/opt/rustwide/rustup-home/toolchains/nightly-2025-01-18-x86_64-unknown-linux-gnu/bin/rustc --crate-name autocfg --edition=2015 /opt/rustwide/cargo-home/registry/src/index.crates.io-1949cf8c6b5b557f/autocfg-1.1.0/src/lib.rs --error-format=json --json=diagnostic-rendered-ansi,artifacts,future-incompat --crate-type lib --emit=dep-info,metadata,link -C embed-bitcode=no --check-cfg 'cfg(docsrs,test)' --check-cfg 'cfg(feature, values())' -C metadata=45e62a2eb12fd55f -C extra-filename=-52fae108bb8df16e --out-dir /opt/rustwide/target/debug/deps -L dependency=/opt/rustwide/target/debug/deps --cap-lints allow --cap-lints=forbid -Zrandomize-layout` (exit status: 101)
[INFO] [stderr] error: could not compile `wasm-bindgen-shared` (lib)
[INFO] [stderr] 
[INFO] [stderr] Caused by:
[INFO] [stderr]   No space left on device (os error 28)
[INFO] [stderr] 
[INFO] [stderr] Caused by:
[INFO] [stderr]   failed to parse process output: `/opt/rustwide/rustup-home/toolchains/nightly-2025-01-18-x86_64-unknown-linux-gnu/bin/rustc --crate-name wasm_bindgen_shared --edition=2018 /opt/rustwide/cargo-home/registry/src/index.crates.io-1949cf8c6b5b557f/wasm-bindgen-shared-0.2.80/src/lib.rs --error-format=json --json=diagnostic-rendered-ansi,artifacts,future-incompat --crate-type lib --emit=dep-info,metadata,link -C embed-bitcode=no --check-cfg 'cfg(docsrs,test)' --check-cfg 'cfg(feature, values())' -C metadata=910c96b7e3185eb7 -C extra-filename=-15d4a4c2980c91f9 --out-dir /opt/rustwide/target/debug/deps -L dependency=/opt/rustwide/target/debug/deps --cap-lints allow --cap-lints=forbid -Zrandomize-layout` (exit status: 101)
[INFO] [stdout] error: linking with `cc` failed: exit status: 1
[INFO] [stdout]   |
[INFO] [stdout]   = note: LC_ALL="C" PATH="/opt/rustwide/rustup-home/toolchains/nightly-2025-01-18-x86_64-unknown-linux-gnu/lib/rustlib/x86_64-unknown-linux-gnu/bin:/opt/rustwide/rustup-home/toolchains/nightly-2025-01-18-x86_64-unknown-linux-gnu/lib/rustlib/x86_64-unknown-linux-gnu/bin/self-contained:/opt/rustwide/cargo-home/bin:/usr/local/sbin:/usr/local/bin:/usr/sbin:/usr/bin:/sbin:/bin" VSLANG="1033" "cc" "-m64" "/tmp/rustcZFE2oM/symbols.o" "<2 object files omitted>" "-Wl,--as-needed" "-Wl,-Bstatic" "/opt/rustwide/rustup-home/toolchains/nightly-2025-01-18-x86_64-unknown-linux-gnu/lib/rustlib/x86_64-unknown-linux-gnu/lib/{libstd-006123e2ce67e99d.rlib,libpanic_unwind-e1447e1efa6f1e57.rlib,libobject-f6963a4916fcf097.rlib,libmemchr-49a2d9af912f4524.rlib,libaddr2line-04d19aad3936869d.rlib,libgimli-483c235edb789db0.rlib,librustc_demangle-294281af50b8f748.rlib,libstd_detect-3b08295250aabc2a.rlib,libhashbrown-4472d1e05ba0dfaf.rlib,librustc_std_workspace_alloc-2ef099fac590e457.rlib,libminiz_oxide-8a51f5e848546c29.rlib,libadler2-3d3fa22b868db521.rlib,libunwind-0ffda8b08e22dbea.rlib,libcfg_if-b08f62458fdd43b9.rlib,liblibc-559675126e63b890.rlib,liballoc-fcf21c8d1c9c7b75.rlib,librustc_std_workspace_core-e0b0460135bcf21d.rlib,libcore-d4097fdcbddd3bc7.rlib,libcompiler_builtins-fea484ac1eed7881.rlib}" "-Wl,-Bdynamic" "-lgcc_s" "-lutil" "-lrt" "-lpthread" "-lm" "-ldl" "-lc" "-B/opt/rustwide/rustup-home/toolchains/nightly-2025-01-18-x86_64-unknown-linux-gnu/lib/rustlib/x86_64-unknown-linux-gnu/bin/gcc-ld" "-fuse-ld=lld" "-Wl,--eh-frame-hdr" "-Wl,-z,noexecstack" "-L" "/opt/rustwide/rustup-home/toolchains/nightly-2025-01-18-x86_64-unknown-linux-gnu/lib/rustlib/x86_64-unknown-linux-gnu/lib" "-o" "/opt/rustwide/target/debug/build/serde_json-752d2a50e522b1fb/build_script_build-752d2a50e522b1fb" "-Wl,--gc-sections" "-pie" "-Wl,-z,relro,-z,now" "-nodefaultlibs"
[INFO] [stdout]   = note: some arguments are omitted. use `--verbose` to show all linker arguments
[INFO] [stdout]   = note: PLEASE submit a bug report to https://github.com/llvm/llvm-project/issues/ and include the crash backtrace.
[INFO] [stdout]           collect2: fatal error: ld terminated with signal 7 [Bus error], core dumped
[INFO] [stdout]           compilation terminated.
[INFO] [stdout]           
[INFO] [stdout] 
[INFO] [stdout] 
[INFO] [stderr] error: could not compile `serde_json` (build script) due to 1 previous error
[INFO] [stdout] error: linking with `cc` failed: exit status: 1
[INFO] [stdout]   |
[INFO] [stdout]   = note: LC_ALL="C" PATH="/opt/rustwide/rustup-home/toolchains/nightly-2025-01-18-x86_64-unknown-linux-gnu/lib/rustlib/x86_64-unknown-linux-gnu/bin:/opt/rustwide/rustup-home/toolchains/nightly-2025-01-18-x86_64-unknown-linux-gnu/lib/rustlib/x86_64-unknown-linux-gnu/bin/self-contained:/opt/rustwide/cargo-home/bin:/usr/local/sbin:/usr/local/bin:/usr/sbin:/usr/bin:/sbin:/bin" VSLANG="1033" "cc" "-m64" "/tmp/rustcwe8yvR/symbols.o" "<2 object files omitted>" "-Wl,--as-needed" "-Wl,-Bstatic" "/opt/rustwide/rustup-home/toolchains/nightly-2025-01-18-x86_64-unknown-linux-gnu/lib/rustlib/x86_64-unknown-linux-gnu/lib/{libstd-006123e2ce67e99d.rlib,libpanic_unwind-e1447e1efa6f1e57.rlib,libobject-f6963a4916fcf097.rlib,libmemchr-49a2d9af912f4524.rlib,libaddr2line-04d19aad3936869d.rlib,libgimli-483c235edb789db0.rlib,librustc_demangle-294281af50b8f748.rlib,libstd_detect-3b08295250aabc2a.rlib,libhashbrown-4472d1e05ba0dfaf.rlib,librustc_std_workspace_alloc-2ef099fac590e457.rlib,libminiz_oxide-8a51f5e848546c29.rlib,libadler2-3d3fa22b868db521.rlib,libunwind-0ffda8b08e22dbea.rlib,libcfg_if-b08f62458fdd43b9.rlib,liblibc-559675126e63b890.rlib,liballoc-fcf21c8d1c9c7b75.rlib,librustc_std_workspace_core-e0b0460135bcf21d.rlib,libcore-d4097fdcbddd3bc7.rlib,libcompiler_builtins-fea484ac1eed7881.rlib}" "-Wl,-Bdynamic" "-lgcc_s" "-lutil" "-lrt" "-lpthread" "-lm" "-ldl" "-lc" "-B/opt/rustwide/rustup-home/toolchains/nightly-2025-01-18-x86_64-unknown-linux-gnu/lib/rustlib/x86_64-unknown-linux-gnu/bin/gcc-ld" "-fuse-ld=lld" "-Wl,--eh-frame-hdr" "-Wl,-z,noexecstack" "-L" "/opt/rustwide/rustup-home/toolchains/nightly-2025-01-18-x86_64-unknown-linux-gnu/lib/rustlib/x86_64-unknown-linux-gnu/lib" "-o" "/opt/rustwide/target/debug/build/serde-72206db68b9aaafa/build_script_build-72206db68b9aaafa" "-Wl,--gc-sections" "-pie" "-Wl,-z,relro,-z,now" "-nodefaultlibs"
[INFO] [stdout]   = note: some arguments are omitted. use `--verbose` to show all linker arguments
[INFO] [stdout]   = note: PLEASE submit a bug report to https://github.com/llvm/llvm-project/issues/ and include the crash backtrace.
[INFO] [stdout]           LLVM ERROR: IO failure on output stream: No space left on device
[INFO] [stdout]           pure virtual method called
[INFO] [stdout]           terminate called without an active exception
[INFO] [stdout]           collect2: fatal error: ld terminated with signal 6 [Aborted], core dumped
[INFO] [stdout]           compilation terminated.
[INFO] [stdout]           
[INFO] [stdout] 
[INFO] [stdout] 
[INFO] [stderr] error: could not compile `serde` (build script) due to 1 previous error
[INFO] [stdout] error: linking with `cc` failed: exit status: 1
[INFO] [stdout]   |
[INFO] [stdout]   = note: LC_ALL="C" PATH="/opt/rustwide/rustup-home/toolchains/nightly-2025-01-18-x86_64-unknown-linux-gnu/lib/rustlib/x86_64-unknown-linux-gnu/bin:/opt/rustwide/rustup-home/toolchains/nightly-2025-01-18-x86_64-unknown-linux-gnu/lib/rustlib/x86_64-unknown-linux-gnu/bin/self-contained:/opt/rustwide/cargo-home/bin:/usr/local/sbin:/usr/local/bin:/usr/sbin:/usr/bin:/sbin:/bin" VSLANG="1033" "cc" "-m64" "/tmp/rustc5zW95P/symbols.o" "<4 object files omitted>" "-Wl,--as-needed" "-Wl,-Bstatic" "/opt/rustwide/rustup-home/toolchains/nightly-2025-01-18-x86_64-unknown-linux-gnu/lib/rustlib/x86_64-unknown-linux-gnu/lib/{libstd-006123e2ce67e99d.rlib,libpanic_unwind-e1447e1efa6f1e57.rlib,libobject-f6963a4916fcf097.rlib,libmemchr-49a2d9af912f4524.rlib,libaddr2line-04d19aad3936869d.rlib,libgimli-483c235edb789db0.rlib,librustc_demangle-294281af50b8f748.rlib,libstd_detect-3b08295250aabc2a.rlib,libhashbrown-4472d1e05ba0dfaf.rlib,librustc_std_workspace_alloc-2ef099fac590e457.rlib,libminiz_oxide-8a51f5e848546c29.rlib,libadler2-3d3fa22b868db521.rlib,libunwind-0ffda8b08e22dbea.rlib,libcfg_if-b08f62458fdd43b9.rlib,liblibc-559675126e63b890.rlib,liballoc-fcf21c8d1c9c7b75.rlib,librustc_std_workspace_core-e0b0460135bcf21d.rlib,libcore-d4097fdcbddd3bc7.rlib,libcompiler_builtins-fea484ac1eed7881.rlib}" "-Wl,-Bdynamic" "-lgcc_s" "-lutil" "-lrt" "-lpthread" "-lm" "-ldl" "-lc" "-B/opt/rustwide/rustup-home/toolchains/nightly-2025-01-18-x86_64-unknown-linux-gnu/lib/rustlib/x86_64-unknown-linux-gnu/bin/gcc-ld" "-fuse-ld=lld" "-Wl,--eh-frame-hdr" "-Wl,-z,noexecstack" "-L" "/opt/rustwide/rustup-home/toolchains/nightly-2025-01-18-x86_64-unknown-linux-gnu/lib/rustlib/x86_64-unknown-linux-gnu/lib" "-o" "/opt/rustwide/target/debug/build/proc-macro2-c5c462cefeba32ac/build_script_build-c5c462cefeba32ac" "-Wl,--gc-sections" "-pie" "-Wl,-z,relro,-z,now" "-nodefaultlibs"
[INFO] [stdout]   = note: some arguments are omitted. use `--verbose` to show all linker arguments
[INFO] [stdout]   = note: PLEASE submit a bug report to https://github.com/llvm/llvm-project/issues/ and include the crash backtrace.
[INFO] [stdout]           LLVM ERROR: IO failure on output stream: No space left on device
[INFO] [stdout]           pure virtual method called
[INFO] [stdout]           terminate called without an active exception
[INFO] [stdout]           collect2: fatal error: ld terminated with signal 6 [Aborted], core dumped
[INFO] [stdout]           compilation terminated.
[INFO] [stdout]           
[INFO] [stdout] 
[INFO] [stdout] 
[INFO] [stderr] error: could not compile `proc-macro2` (build script) due to 1 previous error
[INFO] running `Command { std: "docker" "inspect" "fe4eaf351a5985f618fd87ea241508cd3a0d6e69b804d5a89910f058e07136a6", kill_on_drop: false }`
[INFO] running `Command { std: "docker" "rm" "-f" "fe4eaf351a5985f618fd87ea241508cd3a0d6e69b804d5a89910f058e07136a6", kill_on_drop: false }`
[INFO] [stdout] fe4eaf351a5985f618fd87ea241508cd3a0d6e69b804d5a89910f058e07136a6
