[INFO] cloning repository https://github.com/janne-alatalo/ruuvitag-collector
[INFO] running `Command { std: "git" "-c" "credential.helper=" "-c" "credential.helper=/workspace/cargo-home/bin/git-credential-null" "clone" "--bare" "https://github.com/janne-alatalo/ruuvitag-collector" "/workspace/cache/git-repos/https%3A%2F%2Fgithub.com%2Fjanne-alatalo%2Fruuvitag-collector", kill_on_drop: false }`
[INFO] [stderr] Cloning into bare repository '/workspace/cache/git-repos/https%3A%2F%2Fgithub.com%2Fjanne-alatalo%2Fruuvitag-collector'...
[INFO] [stderr] error: copy-fd: write returned: No space left on device
[INFO] [stderr] fatal: cannot copy '/usr/share/git-core/templates/hooks/fsmonitor-watchman.sample' to '/workspace/cache/git-repos/https%3A%2F%2Fgithub.com%2Fjanne-alatalo%2Fruuvitag-collector/hooks/fsmonitor-watchman.sample': No space left on device
[WARN] Retrying crate fetch in 3 seconds (attempt 1)
[INFO] cloning repository https://github.com/janne-alatalo/ruuvitag-collector
[INFO] running `Command { std: "git" "-c" "credential.helper=" "-c" "credential.helper=/workspace/cargo-home/bin/git-credential-null" "clone" "--bare" "https://github.com/janne-alatalo/ruuvitag-collector" "/workspace/cache/git-repos/https%3A%2F%2Fgithub.com%2Fjanne-alatalo%2Fruuvitag-collector", kill_on_drop: false }`
[INFO] [stderr] Cloning into bare repository '/workspace/cache/git-repos/https%3A%2F%2Fgithub.com%2Fjanne-alatalo%2Fruuvitag-collector'...
[INFO] running `Command { std: "git" "rev-parse" "HEAD", kill_on_drop: false }`
[INFO] [stdout] df94e0d97bfbe34ca12e201e62625fa9c5164287
[INFO] testing janne-alatalo/ruuvitag-collector against nightly-2025-01-18 for randomize-layout-2
[INFO] running `Command { std: "git" "clone" "/workspace/cache/git-repos/https%3A%2F%2Fgithub.com%2Fjanne-alatalo%2Fruuvitag-collector" "/workspace/builds/worker-5-tc1/source", kill_on_drop: false }`
[INFO] [stderr] Cloning into '/workspace/builds/worker-5-tc1/source'...
[INFO] [stderr] done.
[INFO] validating manifest of git repo https://github.com/janne-alatalo/ruuvitag-collector on toolchain nightly-2025-01-18
[INFO] running `Command { std: CARGO_HOME="/workspace/cargo-home" RUSTUP_HOME="/workspace/rustup-home" "/workspace/cargo-home/bin/cargo" "+nightly-2025-01-18" "metadata" "--manifest-path" "Cargo.toml" "--no-deps", kill_on_drop: false }`
[INFO] started tweaking git repo https://github.com/janne-alatalo/ruuvitag-collector
[INFO] finished tweaking git repo https://github.com/janne-alatalo/ruuvitag-collector
[INFO] tweaked toml for git repo https://github.com/janne-alatalo/ruuvitag-collector written to /workspace/builds/worker-5-tc1/source/Cargo.toml
[INFO] crate git repo https://github.com/janne-alatalo/ruuvitag-collector already has a lockfile, it will not be regenerated
[INFO] running `Command { std: CARGO_HOME="/workspace/cargo-home" RUSTUP_HOME="/workspace/rustup-home" "/workspace/cargo-home/bin/cargo" "+nightly-2025-01-18" "fetch" "--manifest-path" "Cargo.toml", kill_on_drop: false }`
[INFO] [stderr] warning: no edition set: defaulting to the 2015 edition while the latest is 2024
[INFO] [stderr]     Blocking waiting for file lock on package cache
[INFO] [stderr]     Updating crates.io index
[INFO] [stderr]     Blocking waiting for file lock on package cache
[INFO] [stderr]  Downloading crates ...
[INFO] [stderr]   Downloaded dbus v0.6.1
[INFO] [stderr]   Downloaded libdbus-sys v0.1.2
[INFO] [stderr]   Downloaded cc v1.0.27
[INFO] [stderr]   Downloaded influx_db_client v0.3.6
[INFO] [stderr]   Downloaded docopt v1.0.0
[INFO] running `Command { std: "docker" "create" "-v" "/var/lib/crater-agent-workspace/builds/worker-5-tc1/target:/opt/rustwide/target:rw,Z" "-v" "/var/lib/crater-agent-workspace/builds/worker-5-tc1/source:/opt/rustwide/workdir:ro,Z" "-v" "/var/lib/crater-agent-workspace/cargo-home:/opt/rustwide/cargo-home:ro,Z" "-v" "/var/lib/crater-agent-workspace/rustup-home:/opt/rustwide/rustup-home:ro,Z" "-e" "SOURCE_DIR=/opt/rustwide/workdir" "-e" "CARGO_TARGET_DIR=/opt/rustwide/target" "-e" "CARGO_HOME=/opt/rustwide/cargo-home" "-e" "RUSTUP_HOME=/opt/rustwide/rustup-home" "-w" "/opt/rustwide/workdir" "-m" "1610612736" "--user" "0:0" "--network" "none" "ghcr.io/rust-lang/crates-build-env/linux@sha256:819108c5571ea2e421544af4d832f968d213c87fbe3707a016657f43d2f853bc" "/opt/rustwide/cargo-home/bin/cargo" "+nightly-2025-01-18" "metadata" "--no-deps" "--format-version=1", kill_on_drop: false }`
[INFO] [stdout] d251dbd99febf78dcf2e8f392616e684cc0c9d309d57260a7e664f04af1c6337
[INFO] running `Command { std: "docker" "start" "-a" "d251dbd99febf78dcf2e8f392616e684cc0c9d309d57260a7e664f04af1c6337", kill_on_drop: false }`
[INFO] running `Command { std: "docker" "inspect" "d251dbd99febf78dcf2e8f392616e684cc0c9d309d57260a7e664f04af1c6337", kill_on_drop: false }`
[INFO] running `Command { std: "docker" "rm" "-f" "d251dbd99febf78dcf2e8f392616e684cc0c9d309d57260a7e664f04af1c6337", kill_on_drop: false }`
[INFO] [stdout] d251dbd99febf78dcf2e8f392616e684cc0c9d309d57260a7e664f04af1c6337
[INFO] running `Command { std: "docker" "create" "-v" "/var/lib/crater-agent-workspace/builds/worker-5-tc1/target:/opt/rustwide/target:rw,Z" "-v" "/var/lib/crater-agent-workspace/builds/worker-5-tc1/source:/opt/rustwide/workdir:ro,Z" "-v" "/var/lib/crater-agent-workspace/cargo-home:/opt/rustwide/cargo-home:ro,Z" "-v" "/var/lib/crater-agent-workspace/rustup-home:/opt/rustwide/rustup-home:ro,Z" "-e" "SOURCE_DIR=/opt/rustwide/workdir" "-e" "CARGO_TARGET_DIR=/opt/rustwide/target" "-e" "CARGO_INCREMENTAL=0" "-e" "RUST_BACKTRACE=full" "-e" "RUSTFLAGS=--cap-lints=forbid" "-e" "RUSTDOCFLAGS=--cap-lints=forbid" "-e" "CARGO_HOME=/opt/rustwide/cargo-home" "-e" "RUSTUP_HOME=/opt/rustwide/rustup-home" "-w" "/opt/rustwide/workdir" "-m" "1610612736" "--user" "0:0" "--network" "none" "ghcr.io/rust-lang/crates-build-env/linux@sha256:819108c5571ea2e421544af4d832f968d213c87fbe3707a016657f43d2f853bc" "/opt/rustwide/cargo-home/bin/cargo" "+nightly-2025-01-18" "build" "--frozen" "--message-format=json", kill_on_drop: false }`
[INFO] [stdout] f99be0e8f30f0fcf56cd47083c29dab3d9d5c8fc2b029f9e23c2a696a4d48598
[INFO] running `Command { std: "docker" "start" "-a" "f99be0e8f30f0fcf56cd47083c29dab3d9d5c8fc2b029f9e23c2a696a4d48598", kill_on_drop: false }`
[INFO] [stderr] warning: no edition set: defaulting to the 2015 edition while the latest is 2024
[INFO] [stderr]    Compiling libc v0.2.36
[INFO] [stderr]    Compiling pkg-config v0.3.9
[INFO] [stderr]    Compiling cfg-if v0.1.2
[INFO] [stderr]    Compiling lazy_static v1.0.0
[INFO] [stderr]    Compiling cc v1.0.27
[INFO] [stderr]    Compiling unicode-xid v0.1.0
[INFO] [stderr]    Compiling version_check v0.1.5
[INFO] [stderr]    Compiling matches v0.1.8
[INFO] [stderr]    Compiling void v1.0.2
[INFO] [stderr]    Compiling openssl v0.10.16
[INFO] [stderr]    Compiling httparse v1.3.3
[INFO] [stderr]    Compiling unicode-normalization v0.1.7
[INFO] [stderr]    Compiling error-chain v0.10.0
[INFO] [stderr]    Compiling serde v1.0.70
[INFO] [stderr]    Compiling num-traits v0.1.42
[INFO] [stderr]    Compiling foreign-types-shared v0.1.1
[INFO] [stderr]    Compiling log v0.4.6
[INFO] [stderr]    Compiling unreachable v1.0.0
[INFO] [stderr]    Compiling unicode-bidi v0.3.4
[INFO] [stderr]    Compiling toml v0.2.1
[INFO] [stderr]    Compiling foreign-types v0.3.2
[INFO] [stderr]    Compiling proc-macro2 v0.4.6
[INFO] [stderr]    Compiling thread_local v0.3.5
[INFO] [stderr]    Compiling utf8-ranges v1.0.0
[INFO] [stderr]    Compiling bitflags v1.0.4
[INFO] [stderr]    Compiling byteorder v1.2.3
[INFO] [stderr]    Compiling log v0.3.9
[INFO] [stderr]    Compiling safemem v0.2.0
[INFO] [stderr]    Compiling native-tls v0.2.2
[INFO] [stderr]    Compiling metadeps v1.1.2
[INFO] [stderr]    Compiling memchr v2.0.1
[INFO] [stderr]    Compiling time v0.1.39
[INFO] [stderr]    Compiling unicase v1.4.2
[INFO] [stderr]    Compiling percent-encoding v1.0.1
[INFO] [stderr]    Compiling mime v0.2.6
[INFO] [stderr]    Compiling num-integer v0.1.35
[INFO] [stderr]    Compiling num_cpus v1.9.0
[INFO] [stderr]    Compiling aho-corasick v0.6.4
[INFO] [stderr]    Compiling num-iter v0.1.34
[INFO] [stderr]    Compiling base64 v0.9.2
[INFO] [stderr]    Compiling language-tags v0.2.2
[INFO] [stderr]    Compiling openssl-probe v0.1.2
[INFO] [stderr]    Compiling regex v1.0.1
[INFO] [stderr]    Compiling quote v0.6.3
[INFO] [stderr]    Compiling traitobject v0.1.0
[INFO] [stderr]    Compiling typeable v0.1.2
[INFO] [stderr]    Compiling libdbus-sys v0.1.2
[INFO] [stderr]    Compiling ucd-util v0.1.1
[INFO] [stderr]    Compiling num v0.1.41
[INFO] [stderr]    Compiling syn v0.14.4
[INFO] [stderr]    Compiling regex-syntax v0.6.1
[INFO] [stderr]    Compiling antidote v1.0.0
[INFO] [stderr]    Compiling itoa v0.4.2
[INFO] [stderr]    Compiling regex-syntax v0.4.2
[INFO] [stderr]    Compiling dtoa v0.4.3
[INFO] [stderr]    Compiling chrono v0.4.0
[INFO] [stderr]    Compiling atty v0.2.6
[INFO] [stderr]    Compiling termcolor v0.3.3
[INFO] [stderr]    Compiling strsim v0.7.0
[INFO] [stderr]    Compiling dbus v0.6.1
[INFO] [stderr]    Compiling openssl-sys v0.9.40
[INFO] [stderr]    Compiling idna v0.1.5
[INFO] [stderr] warning: openssl-sys@0.9.40: /opt/rustwide/target/debug/build/openssl-sys-6670e3e26b5b8434/out/expando.c:4:24: error: pasting "RUST_VERSION_OPENSSL_" and "(" does not give a valid preprocessing token
[INFO] [stderr] warning: openssl-sys@0.9.40:     4 | #define VERSION2(n, v) RUST_VERSION_ ## n ## _ ## v
[INFO] [stderr] warning: openssl-sys@0.9.40:       |                        ^~~~~~~~~~~~~
[INFO] [stderr] warning: openssl-sys@0.9.40: /opt/rustwide/target/debug/build/openssl-sys-6670e3e26b5b8434/out/expando.c:5:23: note: in expansion of macro 'VERSION2'
[INFO] [stderr] warning: openssl-sys@0.9.40:     5 | #define VERSION(n, v) VERSION2(n, v)
[INFO] [stderr] warning: openssl-sys@0.9.40:       |                       ^~~~~~~~
[INFO] [stderr] warning: openssl-sys@0.9.40: /opt/rustwide/target/debug/build/openssl-sys-6670e3e26b5b8434/out/expando.c:7:1: note: in expansion of macro 'VERSION'
[INFO] [stderr] warning: openssl-sys@0.9.40:     7 | VERSION(OPENSSL, OPENSSL_VERSION_NUMBER)
[INFO] [stderr] warning: openssl-sys@0.9.40:       | ^~~~~~~
[INFO] [stderr] error: failed to run custom build command for `openssl-sys v0.9.40`
[INFO] [stderr] note: To improve backtraces for build dependencies, set the CARGO_PROFILE_DEV_BUILD_OVERRIDE_DEBUG=true environment variable to enable debug information generation.
[INFO] [stderr] 
[INFO] [stderr] Caused by:
[INFO] [stderr]   process didn't exit successfully: `/opt/rustwide/target/debug/build/openssl-sys-99d9a9f0c4b902d9/build-script-main` (exit status: 101)
[INFO] [stderr]   --- stdout
[INFO] [stderr]   cargo:rerun-if-env-changed=X86_64_UNKNOWN_LINUX_GNU_OPENSSL_LIB_DIR
[INFO] [stderr]   cargo:rerun-if-env-changed=OPENSSL_LIB_DIR
[INFO] [stderr]   cargo:rerun-if-env-changed=X86_64_UNKNOWN_LINUX_GNU_OPENSSL_INCLUDE_DIR
[INFO] [stderr]   cargo:rerun-if-env-changed=OPENSSL_INCLUDE_DIR
[INFO] [stderr]   cargo:rerun-if-env-changed=X86_64_UNKNOWN_LINUX_GNU_OPENSSL_DIR
[INFO] [stderr]   cargo:rerun-if-env-changed=OPENSSL_DIR
[INFO] [stderr]   cargo:rustc-link-lib=ssl
[INFO] [stderr]   cargo:rustc-link-lib=crypto
[INFO] [stderr]   OPT_LEVEL = Some("0")
[INFO] [stderr]   TARGET = Some("x86_64-unknown-linux-gnu")
[INFO] [stderr]   HOST = Some("x86_64-unknown-linux-gnu")
[INFO] [stderr]   CC_x86_64-unknown-linux-gnu = None
[INFO] [stderr]   CC_x86_64_unknown_linux_gnu = None
[INFO] [stderr]   HOST_CC = None
[INFO] [stderr]   CC = None
[INFO] [stderr]   CFLAGS_x86_64-unknown-linux-gnu = None
[INFO] [stderr]   CFLAGS_x86_64_unknown_linux_gnu = None
[INFO] [stderr]   HOST_CFLAGS = None
[INFO] [stderr]   CFLAGS = None
[INFO] [stderr]   DEBUG = Some("true")
[INFO] [stderr]   running: "cc" "-O0" "-ffunction-sections" "-fdata-sections" "-fPIC" "-g" "-fno-omit-frame-pointer" "-m64" "-Wall" "-Wextra" "-E" "/opt/rustwide/target/debug/build/openssl-sys-6670e3e26b5b8434/out/expando.c"
[INFO] [stderr]   cargo:warning=/opt/rustwide/target/debug/build/openssl-sys-6670e3e26b5b8434/out/expando.c:4:24: error: pasting "RUST_VERSION_OPENSSL_" and "(" does not give a valid preprocessing token
[INFO] [stderr]   cargo:warning=    4 | #define VERSION2(n, v) RUST_VERSION_ ## n ## _ ## v
[INFO] [stderr]   cargo:warning=      |                        ^~~~~~~~~~~~~
[INFO] [stderr]   cargo:warning=/opt/rustwide/target/debug/build/openssl-sys-6670e3e26b5b8434/out/expando.c:5:23: note: in expansion of macro 'VERSION2'
[INFO] [stderr]   cargo:warning=    5 | #define VERSION(n, v) VERSION2(n, v)
[INFO] [stderr]   cargo:warning=      |                       ^~~~~~~~
[INFO] [stderr]   cargo:warning=/opt/rustwide/target/debug/build/openssl-sys-6670e3e26b5b8434/out/expando.c:7:1: note: in expansion of macro 'VERSION'
[INFO] [stderr]   cargo:warning=    7 | VERSION(OPENSSL, OPENSSL_VERSION_NUMBER)
[INFO] [stderr]   cargo:warning=      | ^~~~~~~
[INFO] [stderr]   exit status: 1
[INFO] [stderr] 
[INFO] [stderr]   --- stderr
[INFO] [stderr] 
[INFO] [stderr]   thread 'main' panicked at /opt/rustwide/cargo-home/registry/src/index.crates.io-1949cf8c6b5b557f/openssl-sys-0.9.40/build/main.rs:432:13:
[INFO] [stderr] 
[INFO] [stderr]   Header expansion error:
[INFO] [stderr]   Error { kind: ToolExecError, message: "Command \"cc\" \"-O0\" \"-ffunction-sections\" \"-fdata-sections\" \"-fPIC\" \"-g\" \"-fno-omit-frame-pointer\" \"-m64\" \"-Wall\" \"-Wextra\" \"-E\" \"/opt/rustwide/target/debug/build/openssl-sys-6670e3e26b5b8434/out/expando.c\" with args \"cc\" did not execute successfully (status code exit status: 1)." }
[INFO] [stderr] 
[INFO] [stderr]   Failed to find OpenSSL development headers.
[INFO] [stderr] 
[INFO] [stderr]   You can try fixing this setting the `OPENSSL_DIR` environment variable
[INFO] [stderr]   pointing to your OpenSSL installation or installing OpenSSL headers package
[INFO] [stderr]   specific to your distribution:
[INFO] [stderr] 
[INFO] [stderr]       # On Ubuntu
[INFO] [stderr]       sudo apt-get install libssl-dev
[INFO] [stderr]       # On Arch Linux
[INFO] [stderr]       sudo pacman -S openssl
[INFO] [stderr]       # On Fedora
[INFO] [stderr]       sudo dnf install openssl-devel
[INFO] [stderr] 
[INFO] [stderr]   See rust-openssl README for more information:
[INFO] [stderr] 
[INFO] [stderr]       https://github.com/sfackler/rust-openssl#linux
[INFO] [stderr] 
[INFO] [stderr]   stack backtrace:
[INFO] [stderr]      0:     0x5a94a8b9473a - std::backtrace_rs::backtrace::libunwind::trace::hb059275cfc8d6126
[INFO] [stderr]                                  at /rustc/6067b36314ab5eb2eb47cecc464545ba58e1ad24/library/std/src/../../backtrace/src/backtrace/libunwind.rs:116:5
[INFO] [stderr]      1:     0x5a94a8b9473a - std::backtrace_rs::backtrace::trace_unsynchronized::h2da071e4327ce3ee
[INFO] [stderr]                                  at /rustc/6067b36314ab5eb2eb47cecc464545ba58e1ad24/library/std/src/../../backtrace/src/backtrace/mod.rs:66:5
[INFO] [stderr]      2:     0x5a94a8b9473a - std::sys::backtrace::_print_fmt::h842a1474e6f8d23f
[INFO] [stderr]                                  at /rustc/6067b36314ab5eb2eb47cecc464545ba58e1ad24/library/std/src/sys/backtrace.rs:66:9
[INFO] [stderr]      3:     0x5a94a8b9473a - <std::sys::backtrace::BacktraceLock::print::DisplayBacktrace as core::fmt::Display>::fmt::h71a62eb3b9696b12
[INFO] [stderr]                                  at /rustc/6067b36314ab5eb2eb47cecc464545ba58e1ad24/library/std/src/sys/backtrace.rs:39:26
[INFO] [stderr]      4:     0x5a94a8bb8fb3 - core::fmt::rt::Argument::fmt::hdb6b616786b41dc1
[INFO] [stderr]                                  at /rustc/6067b36314ab5eb2eb47cecc464545ba58e1ad24/library/core/src/fmt/rt.rs:177:76
[INFO] [stderr]      5:     0x5a94a8bb8fb3 - core::fmt::write::h2cc1698af7e2d686
[INFO] [stderr]                                  at /rustc/6067b36314ab5eb2eb47cecc464545ba58e1ad24/library/core/src/fmt/mod.rs:1440:21
[INFO] [stderr]      6:     0x5a94a8b90f13 - std::io::Write::write_fmt::h00c8700df393f328
[INFO] [stderr]                                  at /rustc/6067b36314ab5eb2eb47cecc464545ba58e1ad24/library/std/src/io/mod.rs:1887:15
[INFO] [stderr]      7:     0x5a94a8b94582 - std::sys::backtrace::BacktraceLock::print::h147fe35b4ea13b08
[INFO] [stderr]                                  at /rustc/6067b36314ab5eb2eb47cecc464545ba58e1ad24/library/std/src/sys/backtrace.rs:42:9
[INFO] [stderr]      8:     0x5a94a8b9570f - std::panicking::default_hook::{{closure}}::hbd44223dbdc0d208
[INFO] [stderr]                                  at /rustc/6067b36314ab5eb2eb47cecc464545ba58e1ad24/library/std/src/panicking.rs:298:22
[INFO] [stderr]      9:     0x5a94a8b9557a - std::panicking::default_hook::h20f81eb0576efcec
[INFO] [stderr]                                  at /rustc/6067b36314ab5eb2eb47cecc464545ba58e1ad24/library/std/src/panicking.rs:325:9
[INFO] [stderr]     10:     0x5a94a8b96132 - std::panicking::rust_panic_with_hook::h625eea43051b2edc
[INFO] [stderr]                                  at /rustc/6067b36314ab5eb2eb47cecc464545ba58e1ad24/library/std/src/panicking.rs:831:13
[INFO] [stderr]     11:     0x5a94a8b95eba - std::panicking::begin_panic_handler::{{closure}}::h4f9159cfbc3f6bd3
[INFO] [stderr]                                  at /rustc/6067b36314ab5eb2eb47cecc464545ba58e1ad24/library/std/src/panicking.rs:704:13
[INFO] [stderr]     12:     0x5a94a8b94c39 - std::sys::backtrace::__rust_end_short_backtrace::h0390abce48353151
[INFO] [stderr]                                  at /rustc/6067b36314ab5eb2eb47cecc464545ba58e1ad24/library/std/src/sys/backtrace.rs:168:18
[INFO] [stderr]     13:     0x5a94a8b95b4d - rust_begin_unwind
[INFO] [stderr]                                  at /rustc/6067b36314ab5eb2eb47cecc464545ba58e1ad24/library/std/src/panicking.rs:695:5
[INFO] [stderr]     14:     0x5a94a8bb7d80 - core::panicking::panic_fmt::h9e7c637e9e5f29c9
[INFO] [stderr]                                  at /rustc/6067b36314ab5eb2eb47cecc464545ba58e1ad24/library/core/src/panicking.rs:75:14
[INFO] [stderr]     15:     0x5a94a8b21b17 - build_script_main::validate_headers::h4b4575d31b2c7b15
[INFO] [stderr]     16:     0x5a94a8b26262 - build_script_main::imp::try_pkg_config::hab204183312cd939
[INFO] [stderr]     17:     0x5a94a8b24fe8 - build_script_main::imp::find_openssl_dir::h6878c815760a57bb
[INFO] [stderr]     18:     0x5a94a8b24df2 - build_script_main::imp::get_openssl::{{closure}}::h3d299e846ee17f64
[INFO] [stderr]     19:     0x5a94a8b23733 - core::option::Option<T>::unwrap_or_else::h811dc2a182fa5307
[INFO] [stderr]     20:     0x5a94a8b24c10 - build_script_main::imp::get_openssl::he2f524a5e1c425af
[INFO] [stderr]     21:     0x5a94a8b1f674 - build_script_main::main::h76a9a3e3b819ba20
[INFO] [stderr]     22:     0x5a94a8b293e3 - core::ops::function::FnOnce::call_once::hdc191fc58c1ef7e3
[INFO] [stderr]     23:     0x5a94a8b22fb6 - std::sys::backtrace::__rust_begin_short_backtrace::h304ffe50369c98ec
[INFO] [stderr]     24:     0x5a94a8b272e9 - std::rt::lang_start::{{closure}}::h686df954945bf8a8
[INFO] [stderr]     25:     0x5a94a8b8ce10 - core::ops::function::impls::<impl core::ops::function::FnOnce<A> for &F>::call_once::h1b085b6c1d2518b2
[INFO] [stderr]                                  at /rustc/6067b36314ab5eb2eb47cecc464545ba58e1ad24/library/core/src/ops/function.rs:284:13
[INFO] [stderr]     26:     0x5a94a8b8ce10 - std::panicking::try::do_call::h382f964a5a23b565
[INFO] [stderr]                                  at /rustc/6067b36314ab5eb2eb47cecc464545ba58e1ad24/library/std/src/panicking.rs:587:40
[INFO] [stderr]     27:     0x5a94a8b8ce10 - std::panicking::try::h57f991055eb622f9
[INFO] [stderr]                                  at /rustc/6067b36314ab5eb2eb47cecc464545ba58e1ad24/library/std/src/panicking.rs:550:19
[INFO] [stderr]     28:     0x5a94a8b8ce10 - std::panic::catch_unwind::h4d9a74ef04456343
[INFO] [stderr]                                  at /rustc/6067b36314ab5eb2eb47cecc464545ba58e1ad24/library/std/src/panic.rs:358:14
[INFO] [stderr]     29:     0x5a94a8b8ce10 - std::rt::lang_start_internal::{{closure}}::h2faa8ae84a93f314
[INFO] [stderr]                                  at /rustc/6067b36314ab5eb2eb47cecc464545ba58e1ad24/library/std/src/rt.rs:163:24
[INFO] [stderr]     30:     0x5a94a8b8ce10 - std::panicking::try::do_call::h0f8932bf638a9bf5
[INFO] [stderr]                                  at /rustc/6067b36314ab5eb2eb47cecc464545ba58e1ad24/library/std/src/panicking.rs:587:40
[INFO] [stderr]     31:     0x5a94a8b8ce10 - std::panicking::try::h683416ea756b175d
[INFO] [stderr]                                  at /rustc/6067b36314ab5eb2eb47cecc464545ba58e1ad24/library/std/src/panicking.rs:550:19
[INFO] [stderr]     32:     0x5a94a8b8ce10 - std::panic::catch_unwind::h56189fac8994979f
[INFO] [stderr]                                  at /rustc/6067b36314ab5eb2eb47cecc464545ba58e1ad24/library/std/src/panic.rs:358:14
[INFO] [stderr]     33:     0x5a94a8b8ce10 - std::rt::lang_start_internal::h8bbc1061691274fe
[INFO] [stderr]                                  at /rustc/6067b36314ab5eb2eb47cecc464545ba58e1ad24/library/std/src/rt.rs:159:5
[INFO] [stderr]     34:     0x5a94a8b272d1 - std::rt::lang_start::ha71bad6186672c97
[INFO] [stderr]     35:     0x5a94a8b22b65 - main
[INFO] [stderr]     36:     0x7e0738792d90 - <unknown>
[INFO] [stderr]     37:     0x7e0738792e40 - __libc_start_main
[INFO] [stderr]     38:     0x5a94a8b1ae15 - _start
[INFO] [stderr]     39:                0x0 - <unknown>
[INFO] [stderr] warning: build failed, waiting for other jobs to finish...
[INFO] [stdout] error: failed to write /tmp/rustcvQOPlD/lib.rmeta: No space left on device (os error 28)
[INFO] [stdout] 
[INFO] [stdout] 
[INFO] [stderr] error: could not compile `serde` (lib) due to 1 previous error
[INFO] running `Command { std: "docker" "inspect" "f99be0e8f30f0fcf56cd47083c29dab3d9d5c8fc2b029f9e23c2a696a4d48598", kill_on_drop: false }`
[INFO] running `Command { std: "docker" "rm" "-f" "f99be0e8f30f0fcf56cd47083c29dab3d9d5c8fc2b029f9e23c2a696a4d48598", kill_on_drop: false }`
[INFO] [stdout] f99be0e8f30f0fcf56cd47083c29dab3d9d5c8fc2b029f9e23c2a696a4d48598
