[INFO] cloning repository https://github.com/isunyoo/TotoSlots_Solana
[INFO] running `Command { std: "git" "-c" "credential.helper=" "-c" "credential.helper=/workspace/cargo-home/bin/git-credential-null" "clone" "--bare" "https://github.com/isunyoo/TotoSlots_Solana" "/workspace/cache/git-repos/https%3A%2F%2Fgithub.com%2Fisunyoo%2FTotoSlots_Solana", kill_on_drop: false }`
[INFO] [stderr] Cloning into bare repository '/workspace/cache/git-repos/https%3A%2F%2Fgithub.com%2Fisunyoo%2FTotoSlots_Solana'...
[INFO] running `Command { std: "git" "rev-parse" "HEAD", kill_on_drop: false }`
[INFO] [stdout] 7fb7870c5093e91bcf3055137f121d521888e5e7
[INFO] testing isunyoo/TotoSlots_Solana against nightly-2025-01-18+rustflags=-Zrandomize-layout for randomize-layout-2
[INFO] running `Command { std: "git" "clone" "/workspace/cache/git-repos/https%3A%2F%2Fgithub.com%2Fisunyoo%2FTotoSlots_Solana" "/workspace/builds/worker-6-tc2/source", kill_on_drop: false }`
[INFO] [stderr] Cloning into '/workspace/builds/worker-6-tc2/source'...
[INFO] [stderr] done.
[INFO] [stderr] Updating files:  24% (4168/16917)
Updating files:  25% (4230/16917)
Updating files:  26% (4399/16917)
Updating files:  27% (4568/16917)
Updating files:  28% (4737/16917)
Updating files:  29% (4906/16917)
Updating files:  30% (5076/16917)
Updating files:  31% (5245/16917)
Updating files:  32% (5414/16917)
Updating files:  33% (5583/16917)
Updating files:  33% (5670/16917)
Updating files:  34% (5752/16917)
Updating files:  35% (5921/16917)
Updating files:  36% (6091/16917)
Updating files:  37% (6260/16917)
Updating files:  38% (6429/16917)
Updating files:  39% (6598/16917)
Updating files:  40% (6767/16917)
Updating files:  41% (6936/16917)
Updating files:  42% (7106/16917)
Updating files:  43% (7275/16917)
Updating files:  44% (7444/16917)
Updating files:  45% (7613/16917)
Updating files:  46% (7782/16917)
Updating files:  47% (7951/16917)
Updating files:  48% (8121/16917)
Updating files:  49% (8290/16917)
Updating files:  50% (8459/16917)
Updating files:  51% (8628/16917)
Updating files:  52% (8797/16917)
Updating files:  53% (8967/16917)
Updating files:  54% (9136/16917)
Updating files:  55% (9305/16917)
Updating files:  55% (9387/16917)
Updating files:  56% (9474/16917)
Updating files:  57% (9643/16917)
Updating files:  58% (9812/16917)
Updating files:  59% (9982/16917)
Updating files:  60% (10151/16917)
Updating files:  61% (10320/16917)
Updating files:  62% (10489/16917)
Updating files:  62% (10644/16917)
Updating files:  63% (10658/16917)
Updating files:  64% (10827/16917)
Updating files:  65% (10997/16917)
Updating files:  66% (11166/16917)
Updating files:  67% (11335/16917)
Updating files:  68% (11504/16917)
Updating files:  69% (11673/16917)
Updating files:  70% (11842/16917)
Updating files:  70% (11971/16917)
Updating files:  70% (11991/16917)
Updating files:  71% (12012/16917)
Updating files:  71% (12020/16917)
Updating files:  71% (12042/16917)
Updating files:  71% (12073/16917)
Updating files:  71% (12103/16917)
Updating files:  71% (12168/16917)
Updating files:  71% (12179/16917)
error: unable to write file target/debug/deps/libborsh_derive-884a9ebcbec7bf4b.dylib
[INFO] [stderr] Updating files:  72% (12181/16917)
error: unable to write file target/debug/deps/libborsh_derive_internal-4f2bcdf8944b3d0c.rlib
[INFO] [stderr] Updating files:  72% (12182/16917)
error: unable to write file target/debug/deps/libborsh_derive_internal-4f2bcdf8944b3d0c.rmeta
[INFO] [stderr] error: unable to write file target/debug/deps/libborsh_derive_internal-92425a178ac2bcbf.rlib
[INFO] [stderr] error: unable to write file target/debug/deps/libborsh_derive_internal-92425a178ac2bcbf.rmeta
[INFO] [stderr] error: unable to write file target/debug/deps/libborsh_derive_internal-b7499ef50b6f8936.rlib
[INFO] [stderr] error: unable to write file target/debug/deps/libborsh_derive_internal-b7499ef50b6f8936.rmeta
[INFO] [stderr] error: unable to write file target/debug/deps/libborsh_schema_derive_internal-8ade6fd3bd6dc55e.rlib
[INFO] [stderr] error: unable to write file target/debug/deps/libborsh_schema_derive_internal-8ade6fd3bd6dc55e.rmeta
[INFO] [stderr] error: unable to write file target/debug/deps/libborsh_schema_derive_internal-c0a56b8f4f49d07a.rlib
[INFO] [stderr] error: unable to write file target/debug/deps/libborsh_schema_derive_internal-c0a56b8f4f49d07a.rmeta
[INFO] [stderr] error: unable to write file target/debug/deps/libbs58-25946aaa6185f382.rmeta
[INFO] [stderr] error: unable to write file target/debug/deps/libbs58-26ae87dfb9d12aa3.rlib
[INFO] [stderr] error: unable to write file target/debug/deps/libbs58-26ae87dfb9d12aa3.rmeta
[INFO] [stderr] error: unable to write file target/debug/deps/libbs58-3608d72f5cd9ca0c.rmeta
[INFO] [stderr] error: unable to write file target/debug/deps/libbs58-3a60604fa0f4ccc9.rlib
[INFO] [stderr] error: unable to write file target/debug/deps/libbs58-3a60604fa0f4ccc9.rmeta
[INFO] [stderr] error: unable to write file target/debug/deps/libbs58-db8ae3690b8faa10.rlib
[INFO] [stderr] error: unable to write file target/debug/deps/libbs58-db8ae3690b8faa10.rmeta
[INFO] [stderr] error: unable to write file target/debug/deps/libbs58-ffcd3f84148196cf.rlib
[INFO] [stderr] error: unable to write file target/debug/deps/libbs58-ffcd3f84148196cf.rmeta
[INFO] [stderr] error: unable to write file target/debug/deps/libbumpalo-012f846009f24764.rlib
[INFO] [stderr] error: unable to write file target/debug/deps/libbumpalo-012f846009f24764.rmeta
[INFO] [stderr] error: unable to write file target/debug/deps/libbumpalo-a95ca675f6d631a4.rlib
[INFO] [stderr] error: unable to write file target/debug/deps/libbumpalo-a95ca675f6d631a4.rmeta
[INFO] [stderr] error: unable to write file target/debug/deps/libbv-121aead338d0fa8a.rlib
[INFO] [stderr] error: unable to write file target/debug/deps/libbv-121aead338d0fa8a.rmeta
[INFO] [stderr] error: unable to write file target/debug/deps/libbv-21f5f2511d914ae1.rmeta
[INFO] [stderr] error: unable to write file target/debug/deps/libbv-2ec489a73494eaaf.rlib
[INFO] [stderr] error: unable to write file target/debug/deps/libbv-2ec489a73494eaaf.rmeta
[INFO] [stderr] error: unable to write file target/debug/deps/libbv-6ff818f4ddac81c4.rmeta
[INFO] [stderr] error: unable to write file target/debug/deps/libbv-8de482c74fac7005.rmeta
[INFO] [stderr] error: unable to write file target/debug/deps/libbv-9177f98480abacb5.rlib
[INFO] [stderr] error: unable to write file target/debug/deps/libbyte_slice_cast-21c1eee1b4c0d1d8.rmeta
[INFO] [stderr] error: unable to write file target/debug/deps/libbyte_slice_cast-f986daf71dcc9c7e.rmeta
[INFO] [stderr] error: unable to write file target/debug/deps/libbytemuck-062c04bab51ef386.rlib
[INFO] [stderr] error: unable to write file target/debug/deps/libbytemuck-062c04bab51ef386.rmeta
[INFO] [stderr] error: unable to write file target/debug/deps/libbytemuck-2fd61f3241f6a61d.rlib
[INFO] [stderr] error: unable to write file target/debug/deps/libbytemuck-2fd61f3241f6a61d.rmeta
[INFO] [stderr] error: unable to write file target/debug/deps/libbytemuck-53b6019dc00206e0.rmeta
[INFO] [stderr] error: unable to write file target/debug/deps/libbytemuck-c5112ac24e673e19.rmeta
[INFO] [stderr] error: unable to write file target/debug/deps/libbytemuck-d96b75ef23e7acdf.rmeta
[INFO] [stderr] error: unable to write file target/debug/deps/libbytemuck-eddcd2f580bd492e.rlib
[INFO] [stderr] error: unable to write file target/debug/deps/libbytemuck-eddcd2f580bd492e.rmeta
[INFO] [stderr] error: unable to write file target/debug/deps/libbytemuck_derive-264a2e10f1da8543.so
[INFO] [stderr] Updating files:  72% (12229/16917)
error: unable to write file target/debug/deps/libbytemuck_derive-99acf6b3407e1703.dylib
[INFO] [stderr] error: unable to write file target/debug/deps/libbytemuck_derive-f955a6c49645f25a.dylib
[INFO] [stderr] error: unable to write file target/debug/deps/libbyteorder-86e7ea3d4d837655.rmeta
[INFO] [stderr] error: unable to write file target/debug/deps/libbyteorder-c3260a626a834fea.rlib
[INFO] [stderr] error: unable to write file target/debug/deps/libbyteorder-c3260a626a834fea.rmeta
[INFO] [stderr] error: unable to write file target/debug/deps/libbyteorder-c8b86a7b6614e6a8.rlib
[INFO] [stderr] error: unable to write file target/debug/deps/libbyteorder-c8b86a7b6614e6a8.rmeta
[INFO] [stderr] error: unable to write file target/debug/deps/libbyteorder-cb47bf1fe51cbd05.rlib
[INFO] [stderr] error: unable to write file target/debug/deps/libbyteorder-cb47bf1fe51cbd05.rmeta
[INFO] [stderr] error: unable to write file target/debug/deps/libbyteorder-e5a671443c414101.rmeta
[INFO] [stderr] error: unable to write file target/debug/deps/libbyteorder-ebd178c1f589d716.rmeta
[INFO] [stderr] error: unable to write file target/debug/deps/libbytes-35517db981c24524.rmeta
[INFO] [stderr] error: unable to write file target/debug/deps/libbytes-aa084c449eb3923a.rlib
[INFO] [stderr] error: unable to write file target/debug/deps/libbytes-aa084c449eb3923a.rmeta
[INFO] [stderr] error: unable to write file target/debug/deps/libc-0065392eb9b304ca.d
[INFO] [stderr] error: unable to write file target/debug/deps/libc-5105ebd58af0c492.d
[INFO] [stderr] error: unable to write file target/debug/deps/libc-96195c286552aa6c.d
[INFO] [stderr] error: unable to write file target/debug/deps/libc-fa5d660f6a87fe22.d
[INFO] [stderr] error: unable to write file target/debug/deps/libcc-7ab46a453931cca2.rlib
[INFO] [stderr] error: unable to write file target/debug/deps/libcc-7ab46a453931cca2.rmeta
[INFO] [stderr] error: unable to write file target/debug/deps/libcc-a929870bf5c60764.rlib
[INFO] [stderr] error: unable to write file target/debug/deps/libcc-a929870bf5c60764.rmeta
[INFO] [stderr] error: unable to write file target/debug/deps/libcfg_if-1e19dc40092c02c1.rmeta
[INFO] [stderr] error: unable to write file target/debug/deps/libcfg_if-422f2268079734ae.rlib
[INFO] [stderr] error: unable to write file target/debug/deps/libcfg_if-422f2268079734ae.rmeta
[INFO] [stderr] error: unable to write file target/debug/deps/libcfg_if-540f49c19097eeb6.rlib
[INFO] [stderr] error: unable to write file target/debug/deps/libcfg_if-540f49c19097eeb6.rmeta
[INFO] [stderr] error: unable to write file target/debug/deps/libcfg_if-b07f5348cf235f12.rmeta
[INFO] [stderr] error: unable to write file target/debug/deps/libconcurrent_queue-7545b32763b8680d.rmeta
[INFO] [stderr] error: unable to write file target/debug/deps/libconcurrent_queue-b9586dbfa0178bd0.rlib
[INFO] [stderr] error: unable to write file target/debug/deps/libconcurrent_queue-b9586dbfa0178bd0.rmeta
[INFO] [stderr] error: unable to write file target/debug/deps/libconstant_time_eq-01f6e0698609c18d.rlib
[INFO] [stderr] error: unable to write file target/debug/deps/libconstant_time_eq-01f6e0698609c18d.rmeta
[INFO] [stderr] error: unable to write file target/debug/deps/libconstant_time_eq-33012630c0c1467f.rmeta
[INFO] [stderr] error: unable to write file target/debug/deps/libconstant_time_eq-36960152485819e3.rlib
[INFO] [stderr] error: unable to write file target/debug/deps/libconstant_time_eq-36960152485819e3.rmeta
[INFO] [stderr] error: unable to write file target/debug/deps/libconstant_time_eq-dc414cf3dbaef62c.rmeta
[INFO] [stderr] error: unable to write file target/debug/deps/libconvert_case-09d7f86de1c6b100.rlib
[INFO] [stderr] error: unable to write file target/debug/deps/libconvert_case-09d7f86de1c6b100.rmeta
[INFO] [stderr] error: unable to write file target/debug/deps/libcore_foundation-5959f560394da576.rmeta
[INFO] [stderr] error: unable to write file target/debug/deps/libcore_foundation-ac7f6f642392165a.rlib
[INFO] [stderr] error: unable to write file target/debug/deps/libcore_foundation-ac7f6f642392165a.rmeta
[INFO] [stderr] error: unable to write file target/debug/deps/libcore_foundation_sys-d3acedec7010412e.rlib
[INFO] [stderr] error: unable to write file target/debug/deps/libcore_foundation_sys-d3acedec7010412e.rmeta
[INFO] [stderr] error: unable to write file target/debug/deps/libcore_foundation_sys-fbe11bac17984266.rmeta
[INFO] [stderr] error: unable to write file target/debug/deps/libcpufeatures-b308455f658c43c5.rlib
[INFO] [stderr] error: unable to write file target/debug/deps/libcrossbeam_utils-794ae5d4cb5bf4c6.rlib
[INFO] [stderr] error: unable to write file target/debug/deps/libcrossbeam_utils-794ae5d4cb5bf4c6.rmeta
[INFO] [stderr] error: unable to write file target/debug/deps/libcrossbeam_utils-b1e323f69df2ce36.rmeta
[INFO] [stderr] error: unable to write file target/debug/deps/libcrunchy-2b91b02d257fecc5.rlib
[INFO] [stderr] error: unable to write file target/debug/deps/libcrunchy-2b91b02d257fecc5.rmeta
[INFO] [stderr] error: unable to create file target/debug/deps/libcrunchy-967af9e29d25dd2c.rmeta: No space left on device
[INFO] [stderr] error: unable to write file target/debug/deps/libcrunchy-b597e1dafbfd3d9b.rlib
[INFO] [stderr] error: unable to write file target/debug/deps/libcrunchy-b597e1dafbfd3d9b.rmeta
[INFO] [stderr] error: unable to write file target/debug/deps/libcrunchy-bac608c6e00a09bb.rmeta
[INFO] [stderr] error: unable to write file target/debug/deps/libcrunchy-c36ef8cdbe662974.rlib
[INFO] [stderr] error: unable to write file target/debug/deps/libcrunchy-c36ef8cdbe662974.rmeta
[INFO] [stderr] error: unable to write file target/debug/deps/libcrunchy-d1aa841b42e5a333.rmeta
[INFO] [stderr] error: unable to write file target/debug/deps/libcrypto_common-3f81629f728bca8c.rmeta
[INFO] [stderr] error: unable to write file target/debug/deps/libcrypto_common-6860e0962e73e6f3.rlib
[INFO] [stderr] error: unable to write file target/debug/deps/libcrypto_common-6860e0962e73e6f3.rmeta
[INFO] [stderr] error: unable to write file target/debug/deps/libcrypto_common-98bb31ed9c05ed7a.rlib
[INFO] [stderr] error: unable to write file target/debug/deps/libcrypto_common-98bb31ed9c05ed7a.rmeta
[INFO] [stderr] error: unable to create file target/debug/deps/libcrypto_common-a04f284a8a352a6f.rmeta: No space left on device
[INFO] [stderr] error: unable to write file target/debug/deps/libcrypto_common-e7266c3c32a4a089.rlib
[INFO] [stderr] error: unable to write file target/debug/deps/libcrypto_common-e7266c3c32a4a089.rmeta
[INFO] [stderr] error: unable to write file target/debug/deps/libcrypto_common-f9af3bdaf8ccedc3.rmeta
[INFO] [stderr] error: unable to write file target/debug/deps/libcrypto_mac-48d617da540f48a0.rmeta
[INFO] [stderr] error: unable to write file target/debug/deps/libcrypto_mac-498556129461b840.rlib
[INFO] [stderr] error: unable to write file target/debug/deps/libcrypto_mac-498556129461b840.rmeta
[INFO] [stderr] error: unable to write file target/debug/deps/libcrypto_mac-67c86d9ca0e39d64.rmeta
[INFO] [stderr] error: unable to write file target/debug/deps/libcrypto_mac-704c68786d373ac1.rmeta
[INFO] [stderr] error: unable to write file target/debug/deps/libcrypto_mac-a30791dd5189809e.rlib
[INFO] [stderr] error: unable to write file target/debug/deps/libcrypto_mac-a30791dd5189809e.rmeta
[INFO] [stderr] error: unable to write file target/debug/deps/libcrypto_mac-b2b6be9fa9d66f1a.rlib
[INFO] [stderr] error: unable to create file target/debug/deps/libcrypto_mac-b2b6be9fa9d66f1a.rmeta: No space left on device
[INFO] [stderr] error: unable to write file target/debug/deps/libctor-a435c480b71af425.dylib
[INFO] [stderr] error: unable to write file target/debug/deps/libctor-f2d6b824819db0d3.dylib
[INFO] [stderr] error: unable to write file target/debug/deps/libcurve25519_dalek-08885681481f5f8e.rlib
[INFO] [stderr] error: unable to write file target/debug/deps/libcurve25519_dalek-08885681481f5f8e.rmeta
[INFO] [stderr] error: unable to write file target/debug/deps/libcurve25519_dalek-57f81c30d6b58913.rmeta
[INFO] [stderr] error: unable to write file target/debug/deps/libcurve25519_dalek-5fd55ac91f5652ea.rlib
[INFO] [stderr] error: unable to write file target/debug/deps/libcurve25519_dalek-5fd55ac91f5652ea.rmeta
[INFO] [stderr] error: unable to write file target/debug/deps/libcurve25519_dalek-b078bc9e2c5a1c94.rlib
[INFO] [stderr] error: unable to write file target/debug/deps/libcurve25519_dalek-b078bc9e2c5a1c94.rmeta
[INFO] [stderr] error: unable to write file target/debug/deps/libcurve25519_dalek-c42d4f819c669dd6.rmeta
[INFO] [stderr] error: unable to write file target/debug/deps/libcurve25519_dalek-eca51d1981897191.rmeta
[INFO] [stderr] Updating files:  72% (12322/16917)
Updating files:  73% (12350/16917)
Updating files:  73% (12420/16917)
Updating files:  73% (12462/16917)
Updating files:  74% (12519/16917)
Updating files:  74% (12552/16917)
Updating files:  74% (12594/16917)
Updating files:  74% (12605/16917)
Updating files:  75% (12688/16917)
Updating files:  75% (12718/16917)
Updating files:  75% (12786/16917)
Updating files:  76% (12857/16917)
Updating files:  76% (12858/16917)
Updating files:  76% (12958/16917)
Updating files:  76% (12982/16917)
Updating files:  77% (13027/16917)
Updating files:  77% (13086/16917)
Updating files:  77% (13163/16917)
Updating files:  78% (13196/16917)
Updating files:  79% (13365/16917)
Updating files:  80% (13534/16917)
Updating files:  81% (13703/16917)
Updating files:  81% (13771/16917)
Updating files:  82% (13872/16917)
Updating files:  83% (14042/16917)
Updating files:  84% (14211/16917)
Updating files:  85% (14380/16917)
Updating files:  86% (14549/16917)
Updating files:  87% (14718/16917)
Updating files:  88% (14887/16917)
Updating files:  89% (15057/16917)
Updating files:  90% (15226/16917)
Updating files:  91% (15395/16917)
Updating files:  91% (15562/16917)
Updating files:  92% (15564/16917)
Updating files:  93% (15733/16917)
Updating files:  94% (15902/16917)
Updating files:  95% (16072/16917)
Updating files:  96% (16241/16917)
Updating files:  97% (16410/16917)
Updating files:  98% (16579/16917)
Updating files:  98% (16668/16917)
Updating files:  99% (16748/16917)
Updating files:  99% (16757/16917)
Updating files:  99% (16816/16917)
Updating files:  99% (16821/16917)
Updating files:  99% (16823/16917)
Updating files:  99% (16829/16917)
Updating files:  99% (16836/16917)
Updating files: 100% (16917/16917)
Updating files: 100% (16917/16917), done.
[INFO] [stderr] fatal: unable to checkout working tree
[INFO] [stderr] warning: Clone succeeded, but checkout failed.
[INFO] [stderr] You can inspect what was checked out with 'git status'
[INFO] [stderr] and retry with 'git restore --source=HEAD :/'
[INFO] [stderr] 
[INFO] testing isunyoo/TotoSlots_Solana against nightly-2025-01-18+rustflags=-Zrandomize-layout for randomize-layout-2
[INFO] running `Command { std: "git" "clone" "/workspace/cache/git-repos/https%3A%2F%2Fgithub.com%2Fisunyoo%2FTotoSlots_Solana" "/workspace/builds/worker-6-tc2/source", kill_on_drop: false }`
[INFO] [stderr] Cloning into '/workspace/builds/worker-6-tc2/source'...
[INFO] [stderr] done.
[INFO] [stderr] Updating files:  24% (4079/16917)
Updating files:  25% (4230/16917)
Updating files:  26% (4399/16917)
Updating files:  27% (4568/16917)
Updating files:  27% (4590/16917)
Updating files:  28% (4737/16917)
Updating files:  29% (4906/16917)
Updating files:  30% (5076/16917)
Updating files:  31% (5245/16917)
Updating files:  32% (5414/16917)
Updating files:  33% (5583/16917)
Updating files:  33% (5718/16917)
Updating files:  34% (5752/16917)
Updating files:  35% (5921/16917)
Updating files:  36% (6091/16917)
Updating files:  37% (6260/16917)
Updating files:  38% (6429/16917)
Updating files:  39% (6598/16917)
Updating files:  40% (6767/16917)
Updating files:  41% (6936/16917)
Updating files:  42% (7106/16917)
Updating files:  43% (7275/16917)
Updating files:  44% (7444/16917)
Updating files:  45% (7613/16917)
Updating files:  46% (7782/16917)
Updating files:  47% (7951/16917)
Updating files:  48% (8121/16917)
Updating files:  49% (8290/16917)
Updating files:  50% (8459/16917)
Updating files:  51% (8628/16917)
Updating files:  52% (8797/16917)
Updating files:  53% (8967/16917)
Updating files:  54% (9136/16917)
Updating files:  55% (9305/16917)
Updating files:  56% (9474/16917)
Updating files:  57% (9643/16917)
Updating files:  57% (9806/16917)
Updating files:  58% (9812/16917)
Updating files:  59% (9982/16917)
Updating files:  60% (10151/16917)
Updating files:  61% (10320/16917)
Updating files:  62% (10489/16917)
Updating files:  63% (10658/16917)
Updating files:  63% (10783/16917)
Updating files:  64% (10827/16917)
Updating files:  65% (10997/16917)
Updating files:  66% (11166/16917)
Updating files:  67% (11335/16917)
Updating files:  68% (11504/16917)
Updating files:  69% (11673/16917)
Updating files:  70% (11842/16917)
Updating files:  70% (11974/16917)
Updating files:  70% (11994/16917)
Updating files:  71% (12012/16917)
Updating files:  71% (12075/16917)
Updating files:  72% (12181/16917)
Updating files:  72% (12229/16917)
Updating files:  73% (12350/16917)
Updating files:  73% (12458/16917)
Updating files:  74% (12519/16917)
Updating files:  74% (12594/16917)
Updating files:  75% (12688/16917)
Updating files:  75% (12724/16917)
Updating files:  75% (12851/16917)
Updating files:  76% (12857/16917)
Updating files:  76% (12957/16917)
Updating files:  76% (12968/16917)
Updating files:  76% (12978/16917)
Updating files:  76% (12980/16917)
Updating files:  76% (12982/16917)
Updating files:  76% (12986/16917)
Updating files:  76% (13006/16917)
Updating files:  76% (13007/16917)
Updating files:  76% (13017/16917)
Updating files:  76% (13018/16917)
Updating files:  77% (13027/16917)
Updating files:  77% (13047/16917)
Updating files:  77% (13108/16917)
Updating files:  77% (13143/16917)
Updating files:  77% (13151/16917)
Updating files:  77% (13158/16917)
Updating files:  77% (13161/16917)
error: unable to write file target/debug/deps/libwasm_bindgen_macro_support-4492784e89fdbe5b.rlib
[INFO] [stderr] Updating files:  77% (13164/16917)
error: unable to write file target/debug/deps/libwasm_bindgen_macro_support-4492784e89fdbe5b.rmeta
[INFO] [stderr] error: unable to write file target/debug/deps/libweb3-73b11c2ed79ba9eb.rmeta
[INFO] [stderr] error: unable to write file target/debug/deps/libweb3-96542c31c0cd023d.rlib
[INFO] [stderr] Updating files:  77% (13177/16917)
error: unable to write file target/debug/deps/libweb3-96542c31c0cd023d.rmeta
[INFO] [stderr] error: unable to write file target/debug/deps/libweb3-da1007b531d0df49.rmeta
[INFO] [stderr] error: unable to write file target/debug/deps/libweb3_async_native_tls-52422dbfbf66e493.rmeta
[INFO] [stderr] error: unable to write file target/debug/deps/libweb3_async_native_tls-9f11e665bb4d754f.rlib
[INFO] [stderr] error: unable to write file target/debug/deps/libweb3_async_native_tls-9f11e665bb4d754f.rmeta
[INFO] [stderr] error: unable to write file target/debug/deps/libweb3_async_native_tls-f8d1fef2fb273e82.rmeta
[INFO] [stderr] error: unable to write file target/debug/deps/libwyz-8d71460bb27f4e95.rlib
[INFO] [stderr] error: unable to write file target/debug/deps/libwyz-8d71460bb27f4e95.rmeta
[INFO] [stderr] error: unable to write file target/debug/deps/libwyz-971db417cd47706b.rmeta
[INFO] [stderr] error: unable to write file target/debug/deps/libyansi-0a64d0e7eef4ced9.rlib
[INFO] [stderr] error: unable to write file target/debug/deps/libyansi-0a64d0e7eef4ced9.rmeta
[INFO] [stderr] error: unable to write file target/debug/deps/libyansi-ee794b26d90bf8d6.rlib
[INFO] [stderr] error: unable to write file target/debug/deps/libyansi-ee794b26d90bf8d6.rmeta
[INFO] [stderr] error: unable to write file target/debug/deps/libzeroize-40dcc32c22add082.rlib
[INFO] [stderr] error: unable to write file target/debug/deps/libzeroize-40dcc32c22add082.rmeta
[INFO] [stderr] error: unable to write file target/debug/deps/libzeroize-428d27e1849d31f7.rlib
[INFO] [stderr] error: unable to write file target/debug/deps/libzeroize-428d27e1849d31f7.rmeta
[INFO] [stderr] error: unable to write file target/debug/deps/libzeroize-47c81e9646c4abc8.rmeta
[INFO] [stderr] error: unable to write file target/debug/deps/libzeroize-6b1eadd140fae06a.rmeta
[INFO] [stderr] Updating files:  78% (13196/16917)
error: unable to write file target/debug/deps/lock_api-3cd8b37a00d7b83a.d
[INFO] [stderr] error: unable to write file target/debug/deps/lock_api-69d41460e1e2da05.d
[INFO] [stderr] error: unable to write file target/debug/deps/log-8b2377933b573f73.d
[INFO] [stderr] error: unable to write file target/debug/deps/log-a16246c2249e0ee9.d
[INFO] [stderr] error: unable to write file target/debug/deps/log-b3b3d5cb9a4797e2.d
[INFO] [stderr] error: unable to write file target/debug/deps/log-b76216e965fa99b1.d
[INFO] [stderr] error: unable to write file target/debug/deps/log-b881fe760274001b.d
[INFO] [stderr] error: unable to write file target/debug/deps/log-ce46de9ba0406ca5.d
[INFO] [stderr] error: unable to write file target/debug/deps/log-d98bb203b503c7ba.d
[INFO] [stderr] error: unable to write file target/debug/deps/log-f7ff34df69f952a5.d
[INFO] [stderr] error: unable to write file target/debug/deps/matches-17e5fa429f66161f.d
[INFO] [stderr] error: unable to write file target/debug/deps/matches-c4edb33ce1c70a8a.d
[INFO] [stderr] error: unable to write file target/debug/deps/memchr-0463807f7fe748a1.d
[INFO] [stderr] error: unable to write file target/debug/deps/memchr-6142047547abf529.d
[INFO] [stderr] error: unable to write file target/debug/deps/memchr-646dd84ff5aa3059.d
[INFO] [stderr] error: unable to write file target/debug/deps/memchr-b60ddd97a9a15a2a.d
[INFO] [stderr] error: unable to write file target/debug/deps/memmap2-09e8f68614151268.d
[INFO] [stderr] error: unable to write file target/debug/deps/memmap2-29cd566a6f830bce.d
[INFO] [stderr] error: unable to write file target/debug/deps/memmap2-912bae560db85b17.d
[INFO] [stderr] error: unable to write file target/debug/deps/memmap2-927ecd9990392251.d
[INFO] [stderr] error: unable to write file target/debug/deps/mime-62b2e6ebf7e5e4ad.d
[INFO] [stderr] error: unable to write file target/debug/deps/mime-dee8d25f35bb3e95.d
[INFO] [stderr] error: unable to write file target/debug/deps/mio-096d2f1c15cdf000.d
[INFO] [stderr] error: unable to write file target/debug/deps/mio-29e0b356fabfc07b.d
[INFO] [stderr] error: unable to write file target/debug/deps/mio-d1ecf5c2e6bcd4b3.d
[INFO] [stderr] error: unable to write file target/debug/deps/native_tls-7cd8184db6d41f4b.d
[INFO] [stderr] error: unable to write file target/debug/deps/native_tls-a5fe650723c619ef.d
[INFO] [stderr] error: unable to write file target/debug/deps/num_cpus-043f3d0962665452.d
[INFO] [stderr] error: unable to write file target/debug/deps/num_cpus-4a22321aab41d9f5.d
[INFO] [stderr] error: unable to write file target/debug/deps/num_derive-4b3ebee77e13810a.d
[INFO] [stderr] error: unable to write file target/debug/deps/num_derive-4b3ebee77e13810a.num_derive.14c82110-cgu.0.rcgu.o
[INFO] [stderr] error: unable to write file target/debug/deps/num_derive-4b3ebee77e13810a.num_derive.14c82110-cgu.1.rcgu.o
[INFO] [stderr] error: unable to write file target/debug/deps/num_derive-4b3ebee77e13810a.num_derive.14c82110-cgu.10.rcgu.o
[INFO] [stderr] error: unable to write file target/debug/deps/num_derive-4b3ebee77e13810a.num_derive.14c82110-cgu.11.rcgu.o
[INFO] [stderr] error: unable to write file target/debug/deps/num_derive-4b3ebee77e13810a.num_derive.14c82110-cgu.12.rcgu.o
[INFO] [stderr] error: unable to write file target/debug/deps/num_derive-4b3ebee77e13810a.num_derive.14c82110-cgu.13.rcgu.o
[INFO] [stderr] error: unable to write file target/debug/deps/num_derive-4b3ebee77e13810a.num_derive.14c82110-cgu.14.rcgu.o
[INFO] [stderr] error: unable to write file target/debug/deps/num_derive-4b3ebee77e13810a.num_derive.14c82110-cgu.15.rcgu.o
[INFO] [stderr] error: unable to write file target/debug/deps/num_derive-4b3ebee77e13810a.num_derive.14c82110-cgu.2.rcgu.o
[INFO] [stderr] error: unable to write file target/debug/deps/num_derive-4b3ebee77e13810a.num_derive.14c82110-cgu.3.rcgu.o
[INFO] [stderr] error: unable to write file target/debug/deps/num_derive-4b3ebee77e13810a.num_derive.14c82110-cgu.4.rcgu.o
[INFO] [stderr] error: unable to write file target/debug/deps/num_derive-4b3ebee77e13810a.num_derive.14c82110-cgu.5.rcgu.o
[INFO] [stderr] error: unable to write file target/debug/deps/num_derive-4b3ebee77e13810a.num_derive.14c82110-cgu.6.rcgu.o
[INFO] [stderr] error: unable to write file target/debug/deps/num_derive-4b3ebee77e13810a.num_derive.14c82110-cgu.7.rcgu.o
[INFO] [stderr] error: unable to write file target/debug/deps/num_derive-4b3ebee77e13810a.num_derive.14c82110-cgu.8.rcgu.o
[INFO] [stderr] error: unable to write file target/debug/deps/num_derive-4b3ebee77e13810a.num_derive.14c82110-cgu.9.rcgu.o
[INFO] [stderr] error: unable to write file target/debug/deps/num_derive-5c8553cfec63cfa6.d
[INFO] [stderr] error: unable to write file target/debug/deps/num_derive-b0203fa19f7f67cd.d
[INFO] [stderr] error: unable to write file target/debug/deps/num_derive-b0203fa19f7f67cd.num_derive.f6013e45-cgu.0.rcgu.o
[INFO] [stderr] error: unable to write file target/debug/deps/num_derive-b0203fa19f7f67cd.num_derive.f6013e45-cgu.1.rcgu.o
[INFO] [stderr] error: unable to write file target/debug/deps/num_derive-b0203fa19f7f67cd.num_derive.f6013e45-cgu.10.rcgu.o
[INFO] [stderr] error: unable to write file target/debug/deps/num_derive-b0203fa19f7f67cd.num_derive.f6013e45-cgu.11.rcgu.o
[INFO] [stderr] error: unable to write file target/debug/deps/num_derive-b0203fa19f7f67cd.num_derive.f6013e45-cgu.12.rcgu.o
[INFO] [stderr] error: unable to write file target/debug/deps/num_derive-b0203fa19f7f67cd.num_derive.f6013e45-cgu.13.rcgu.o
[INFO] [stderr] error: unable to write file target/debug/deps/num_derive-b0203fa19f7f67cd.num_derive.f6013e45-cgu.14.rcgu.o
[INFO] [stderr] error: unable to write file target/debug/deps/num_derive-b0203fa19f7f67cd.num_derive.f6013e45-cgu.15.rcgu.o
[INFO] [stderr] error: unable to write file target/debug/deps/num_derive-b0203fa19f7f67cd.num_derive.f6013e45-cgu.2.rcgu.o
[INFO] [stderr] error: unable to write file target/debug/deps/num_derive-b0203fa19f7f67cd.num_derive.f6013e45-cgu.3.rcgu.o
[INFO] [stderr] error: unable to write file target/debug/deps/num_derive-b0203fa19f7f67cd.num_derive.f6013e45-cgu.4.rcgu.o
[INFO] [stderr] error: unable to write file target/debug/deps/num_derive-b0203fa19f7f67cd.num_derive.f6013e45-cgu.5.rcgu.o
[INFO] [stderr] error: unable to write file target/debug/deps/num_derive-b0203fa19f7f67cd.num_derive.f6013e45-cgu.6.rcgu.o
[INFO] [stderr] error: unable to write file target/debug/deps/num_derive-b0203fa19f7f67cd.num_derive.f6013e45-cgu.7.rcgu.o
[INFO] [stderr] error: unable to write file target/debug/deps/num_derive-b0203fa19f7f67cd.num_derive.f6013e45-cgu.8.rcgu.o
[INFO] [stderr] error: unable to write file target/debug/deps/num_derive-b0203fa19f7f67cd.num_derive.f6013e45-cgu.9.rcgu.o
[INFO] [stderr] error: unable to write file target/debug/deps/num_traits-771fbf2350708d51.d
[INFO] [stderr] error: unable to write file target/debug/deps/num_traits-8237c16acab04cd6.d
[INFO] [stderr] error: unable to write file target/debug/deps/num_traits-834e6e41e580fd0e.d
[INFO] [stderr] error: unable to write file target/debug/deps/num_traits-cab9110e26bdf2ef.d
[INFO] [stderr] error: unable to write file target/debug/deps/once_cell-3e41e107bcebd48e.d
[INFO] [stderr] error: unable to write file target/debug/deps/once_cell-43ca65bbee7bba1f.d
[INFO] [stderr] error: unable to write file target/debug/deps/once_cell-9e20f4d27115f189.d
[INFO] [stderr] error: unable to write file target/debug/deps/once_cell-ff73a14f1fee9046.d
[INFO] [stderr] error: unable to write file target/debug/deps/opaque_debug-0e15063bb179d7fe.d
[INFO] [stderr] error: unable to write file target/debug/deps/opaque_debug-257c63a295fe5278.d
[INFO] [stderr] error: unable to write file target/debug/deps/opaque_debug-7ebb550517ff91ea.d
[INFO] [stderr] error: unable to write file target/debug/deps/opaque_debug-e940f3e79c7e873d.d
[INFO] [stderr] error: unable to write file target/debug/deps/parity_scale_codec-2632953a25741f99.d
[INFO] [stderr] error: unable to write file target/debug/deps/parity_scale_codec-28df435b87c15164.d
[INFO] [stderr] error: unable to write file target/debug/deps/parity_scale_codec_derive-b4a894be4b407791.d
[INFO] [stderr] error: unable to write file target/debug/deps/parity_scale_codec_derive-b4a894be4b407791.parity_scale_codec_derive.aeb06bc9-cgu.0.rcgu.o
[INFO] [stderr] error: unable to write file target/debug/deps/parity_scale_codec_derive-b4a894be4b407791.parity_scale_codec_derive.aeb06bc9-cgu.1.rcgu.o
[INFO] [stderr] error: unable to write file target/debug/deps/parity_scale_codec_derive-b4a894be4b407791.parity_scale_codec_derive.aeb06bc9-cgu.10.rcgu.o
[INFO] [stderr] error: unable to write file target/debug/deps/parity_scale_codec_derive-b4a894be4b407791.parity_scale_codec_derive.aeb06bc9-cgu.11.rcgu.o
[INFO] [stderr] error: unable to write file target/debug/deps/parity_scale_codec_derive-b4a894be4b407791.parity_scale_codec_derive.aeb06bc9-cgu.12.rcgu.o
[INFO] [stderr] error: unable to write file target/debug/deps/parity_scale_codec_derive-b4a894be4b407791.parity_scale_codec_derive.aeb06bc9-cgu.13.rcgu.o
[INFO] [stderr] error: unable to write file target/debug/deps/parity_scale_codec_derive-b4a894be4b407791.parity_scale_codec_derive.aeb06bc9-cgu.14.rcgu.o
[INFO] [stderr] error: unable to create file target/debug/deps/parity_scale_codec_derive-b4a894be4b407791.parity_scale_codec_derive.aeb06bc9-cgu.15.rcgu.o: No space left on device
[INFO] [stderr] error: unable to write file target/debug/deps/parity_scale_codec_derive-b4a894be4b407791.parity_scale_codec_derive.aeb06bc9-cgu.2.rcgu.o
[INFO] [stderr] error: unable to write file target/debug/deps/parity_scale_codec_derive-b4a894be4b407791.parity_scale_codec_derive.aeb06bc9-cgu.3.rcgu.o
[INFO] [stderr] error: unable to write file target/debug/deps/parity_scale_codec_derive-b4a894be4b407791.parity_scale_codec_derive.aeb06bc9-cgu.4.rcgu.o
[INFO] [stderr] error: unable to write file target/debug/deps/parity_scale_codec_derive-b4a894be4b407791.parity_scale_codec_derive.aeb06bc9-cgu.5.rcgu.o
[INFO] [stderr] error: unable to write file target/debug/deps/parity_scale_codec_derive-b4a894be4b407791.parity_scale_codec_derive.aeb06bc9-cgu.6.rcgu.o
[INFO] [stderr] error: unable to write file target/debug/deps/parity_scale_codec_derive-b4a894be4b407791.parity_scale_codec_derive.aeb06bc9-cgu.7.rcgu.o
[INFO] [stderr] error: unable to write file target/debug/deps/parity_scale_codec_derive-b4a894be4b407791.parity_scale_codec_derive.aeb06bc9-cgu.8.rcgu.o
[INFO] [stderr] error: unable to write file target/debug/deps/parity_scale_codec_derive-b4a894be4b407791.parity_scale_codec_derive.aeb06bc9-cgu.9.rcgu.o
[INFO] [stderr] error: unable to write file target/debug/deps/parking-5a8528bd5db5fbda.d
[INFO] [stderr] error: unable to write file target/debug/deps/parking-f3ed668382e3924e.d
[INFO] [stderr] error: unable to write file target/debug/deps/parking_lot-683b541ae66f913c.d
[INFO] [stderr] error: unable to write file target/debug/deps/parking_lot-e2d7405567f5eca9.d
[INFO] [stderr] error: unable to write file target/debug/deps/parking_lot_core-914e7ee817ac68f7.d
[INFO] [stderr] error: unable to write file target/debug/deps/parking_lot_core-e1be3b98b70d87d3.d
[INFO] [stderr] error: unable to write file target/debug/deps/percent_encoding-4092d1a251596e38.d
[INFO] [stderr] error: unable to write file target/debug/deps/percent_encoding-f4979bdbaad60173.d
[INFO] [stderr] error: unable to write file target/debug/deps/pin_project-9ebd32eefd6f0ef6.d
[INFO] [stderr] error: unable to write file target/debug/deps/pin_project-aa7ff141d1ba96c1.d
[INFO] [stderr] error: unable to write file target/debug/deps/pin_project_internal-f3139dff774a20a1.d
[INFO] [stderr] error: unable to write file target/debug/deps/pin_project_internal-f3139dff774a20a1.pin_project_internal.56e9b56a-cgu.0.rcgu.o
[INFO] [stderr] error: unable to write file target/debug/deps/pin_project_internal-f3139dff774a20a1.pin_project_internal.56e9b56a-cgu.1.rcgu.o
[INFO] [stderr] error: unable to write file target/debug/deps/pin_project_internal-f3139dff774a20a1.pin_project_internal.56e9b56a-cgu.10.rcgu.o
[INFO] [stderr] error: unable to write file target/debug/deps/pin_project_internal-f3139dff774a20a1.pin_project_internal.56e9b56a-cgu.11.rcgu.o
[INFO] [stderr] error: unable to write file target/debug/deps/pin_project_internal-f3139dff774a20a1.pin_project_internal.56e9b56a-cgu.12.rcgu.o
[INFO] [stderr] error: unable to write file target/debug/deps/pin_project_internal-f3139dff774a20a1.pin_project_internal.56e9b56a-cgu.13.rcgu.o
[INFO] [stderr] error: unable to write file target/debug/deps/pin_project_internal-f3139dff774a20a1.pin_project_internal.56e9b56a-cgu.14.rcgu.o
[INFO] [stderr] error: unable to write file target/debug/deps/pin_project_internal-f3139dff774a20a1.pin_project_internal.56e9b56a-cgu.15.rcgu.o
[INFO] [stderr] error: unable to write file target/debug/deps/pin_project_internal-f3139dff774a20a1.pin_project_internal.56e9b56a-cgu.2.rcgu.o
[INFO] [stderr] error: unable to write file target/debug/deps/pin_project_internal-f3139dff774a20a1.pin_project_internal.56e9b56a-cgu.3.rcgu.o
[INFO] [stderr] error: unable to write file target/debug/deps/pin_project_internal-f3139dff774a20a1.pin_project_internal.56e9b56a-cgu.4.rcgu.o
[INFO] [stderr] error: unable to write file target/debug/deps/pin_project_internal-f3139dff774a20a1.pin_project_internal.56e9b56a-cgu.5.rcgu.o
[INFO] [stderr] error: unable to write file target/debug/deps/pin_project_internal-f3139dff774a20a1.pin_project_internal.56e9b56a-cgu.6.rcgu.o
[INFO] [stderr] error: unable to write file target/debug/deps/pin_project_internal-f3139dff774a20a1.pin_project_internal.56e9b56a-cgu.7.rcgu.o
[INFO] [stderr] error: unable to write file target/debug/deps/pin_project_internal-f3139dff774a20a1.pin_project_internal.56e9b56a-cgu.8.rcgu.o
[INFO] [stderr] error: unable to write file target/debug/deps/pin_project_internal-f3139dff774a20a1.pin_project_internal.56e9b56a-cgu.9.rcgu.o
[INFO] [stderr] error: unable to write file target/debug/deps/pin_project_lite-3295b9f7ad0ea3dc.d
[INFO] [stderr] error: unable to write file target/debug/deps/pin_project_lite-648eb78079c48cfc.d
[INFO] [stderr] error: unable to write file target/debug/deps/pin_utils-0d386fb6adac6a54.d
[INFO] [stderr] error: unable to write file target/debug/deps/pin_utils-a201d44beae808df.d
[INFO] [stderr] error: unable to write file target/debug/deps/polling-2d9a3582847ad698.d
[INFO] [stderr] error: unable to write file target/debug/deps/polling-55bb470e5f9d93e9.d
[INFO] [stderr] error: unable to write file target/debug/deps/polling-e311207e83d229e9.d
[INFO] [stderr] error: unable to write file target/debug/deps/polling-ffab1e797f007358.d
[INFO] [stderr] error: unable to write file target/debug/deps/ppv_lite86-1bb5a699efa4c5af.d
[INFO] [stderr] error: unable to write file target/debug/deps/ppv_lite86-2ed1ce4f114622d2.d
[INFO] [stderr] error: unable to write file target/debug/deps/ppv_lite86-a6e678dd032afb6a.d
[INFO] [stderr] error: unable to write file target/debug/deps/ppv_lite86-b71edf07bc734810.d
[INFO] [stderr] error: unable to write file target/debug/deps/primitive_types-0341283539c3e39b.d
[INFO] [stderr] error: unable to write file target/debug/deps/primitive_types-bba098159d658d66.d
[INFO] [stderr] error: unable to write file target/debug/deps/proc_macro2-6de27e0066b42aff.d
[INFO] [stderr] error: unable to write file target/debug/deps/proc_macro2-ffb657e2f38de833.d
[INFO] [stderr] error: unable to write file target/debug/deps/proc_macro2_diagnostics-21c738bf6b113c9e.d
[INFO] [stderr] error: unable to write file target/debug/deps/proc_macro2_diagnostics-56999dfc346a82ee.d
[INFO] [stderr] error: unable to write file target/debug/deps/proc_macro2_diagnostics-e5bef4d8b48e7296.d
[INFO] [stderr] error: unable to write file target/debug/deps/proc_macro_crate-23365baf68b25634.d
[INFO] [stderr] error: unable to write file target/debug/deps/proc_macro_crate-5e6205e7dfd22bfa.d
[INFO] [stderr] error: unable to write file target/debug/deps/proc_macro_crate-d4d9c36f748e5f52.d
[INFO] [stderr] error: unable to write file target/debug/deps/proc_macro_crate-dd15b1457f7ec407.d
[INFO] [stderr] error: unable to write file target/debug/deps/quote-3fc97fc9785947b1.d
[INFO] [stderr] error: unable to write file target/debug/deps/quote-d0011a14c96cce21.d
[INFO] [stderr] error: unable to write file target/debug/deps/radium-b84d62827cf0ae45.d
[INFO] [stderr] error: unable to write file target/debug/deps/radium-c06641a70d94f57c.d
[INFO] [stderr] error: unable to write file target/debug/deps/rand-6ee8482e30f43388.d
[INFO] [stderr] error: unable to write file target/debug/deps/rand-8b81bdeae7dc5a47.d
[INFO] [stderr] error: unable to write file target/debug/deps/rand-9251215407df6ee2.d
[INFO] [stderr] error: unable to write file target/debug/deps/rand-9618e91a692df230.d
[INFO] [stderr] error: unable to write file target/debug/deps/rand-c97fa6b5558c5dc7.d
[INFO] [stderr] error: unable to write file target/debug/deps/rand-faa237dc994dc5ed.d
[INFO] [stderr] error: unable to write file target/debug/deps/rand_chacha-34ddd19355d5865c.d
[INFO] [stderr] error: unable to write file target/debug/deps/rand_chacha-4e8c8903a0680832.d
[INFO] [stderr] error: unable to write file target/debug/deps/rand_chacha-697d0bf3b4fe233b.d
[INFO] [stderr] error: unable to write file target/debug/deps/rand_chacha-7d85c50547acf313.d
[INFO] [stderr] error: unable to write file target/debug/deps/rand_chacha-9b36ff0423094435.d
[INFO] [stderr] error: unable to write file target/debug/deps/rand_chacha-b6f366639b626ce1.d
[INFO] [stderr] error: unable to write file target/debug/deps/rand_core-347b642224887b37.d
[INFO] [stderr] error: unable to write file target/debug/deps/rand_core-3e2dc8c8afa3d971.d
[INFO] [stderr] error: unable to write file target/debug/deps/rand_core-4699c31377e5a62e.d
[INFO] [stderr] error: unable to write file target/debug/deps/rand_core-8f5cf64ad81820e6.d
[INFO] [stderr] error: unable to write file target/debug/deps/rand_core-9a1849b525e19193.d
[INFO] [stderr] error: unable to write file target/debug/deps/rand_core-9fead0b0e66656d8.d
[INFO] [stderr] error: unable to write file target/debug/deps/regex-8ba06bc0dcfe95f2.d
[INFO] [stderr] error: unable to write file target/debug/deps/regex-b1ca01a0c15b9e0a.d
[INFO] [stderr] Updating files:  79% (13365/16917)
error: unable to write file target/debug/deps/regex-cc67797cdb519e49.d
[INFO] [stderr] error: unable to write file target/debug/deps/regex-d203fdc7798ffdb3.d
[INFO] [stderr] error: unable to write file target/debug/deps/regex_syntax-53dff848e670da13.d
[INFO] [stderr] error: unable to write file target/debug/deps/regex_syntax-880c265dda27a167.d
[INFO] [stderr] error: unable to write file target/debug/deps/regex_syntax-d76deefdcfedebf3.d
[INFO] [stderr] error: unable to write file target/debug/deps/regex_syntax-e5a68ef499797b4e.d
[INFO] [stderr] error: unable to write file target/debug/deps/remove_dir_all-5795cc2abd1814f4.d
[INFO] [stderr] error: unable to write file target/debug/deps/remove_dir_all-f0620327f6e4c8c1.d
[INFO] [stderr] error: unable to write file target/debug/deps/reqwest-2d399e567da33c6d.d
[INFO] [stderr] error: unable to write file target/debug/deps/reqwest-6a63c3738bfc267b.d
[INFO] [stderr] error: unable to write file target/debug/deps/reqwest-801c100b6151310f.d
[INFO] [stderr] error: unable to write file target/debug/deps/rlp-903a54af7701473b.d
[INFO] [stderr] error: unable to write file target/debug/deps/rlp-cf586bb5b80e718b.d
[INFO] [stderr] fatal: cannot create directory at 'target/debug/deps/rmetaW1ASun': No space left on device
[INFO] [stderr] warning: Clone succeeded, but checkout failed.
[INFO] [stderr] You can inspect what was checked out with 'git status'
[INFO] [stderr] and retry with 'git restore --source=HEAD :/'
[INFO] [stderr] 
[INFO] testing isunyoo/TotoSlots_Solana against nightly-2025-01-18+rustflags=-Zrandomize-layout for randomize-layout-2
[INFO] running `Command { std: "git" "clone" "/workspace/cache/git-repos/https%3A%2F%2Fgithub.com%2Fisunyoo%2FTotoSlots_Solana" "/workspace/builds/worker-6-tc2/source", kill_on_drop: false }`
[INFO] [stderr] Cloning into '/workspace/builds/worker-6-tc2/source'...
[INFO] [stderr] done.
[INFO] [stderr] Updating files:  27% (4687/16917)
Updating files:  28% (4737/16917)
Updating files:  29% (4906/16917)
Updating files:  30% (5076/16917)
Updating files:  31% (5245/16917)
Updating files:  32% (5414/16917)
Updating files:  33% (5583/16917)
Updating files:  34% (5752/16917)
Updating files:  35% (5921/16917)
Updating files:  36% (6091/16917)
Updating files:  37% (6260/16917)
Updating files:  38% (6429/16917)
Updating files:  39% (6598/16917)
Updating files:  40% (6767/16917)
Updating files:  41% (6936/16917)
Updating files:  42% (7106/16917)
Updating files:  42% (7178/16917)
Updating files:  43% (7275/16917)
Updating files:  44% (7444/16917)
Updating files:  45% (7613/16917)
Updating files:  46% (7782/16917)
Updating files:  47% (7951/16917)
Updating files:  48% (8121/16917)
Updating files:  49% (8290/16917)
Updating files:  50% (8459/16917)
Updating files:  51% (8628/16917)
Updating files:  52% (8797/16917)
Updating files:  53% (8967/16917)
Updating files:  54% (9136/16917)
Updating files:  55% (9305/16917)
Updating files:  56% (9474/16917)
Updating files:  57% (9643/16917)
Updating files:  58% (9812/16917)
Updating files:  59% (9982/16917)
Updating files:  60% (10151/16917)
Updating files:  60% (10275/16917)
Updating files:  61% (10320/16917)
Updating files:  62% (10489/16917)
Updating files:  63% (10658/16917)
Updating files:  64% (10827/16917)
Updating files:  65% (10997/16917)
Updating files:  66% (11166/16917)
Updating files:  67% (11335/16917)
Updating files:  68% (11504/16917)
Updating files:  69% (11673/16917)
Updating files:  70% (11842/16917)
Updating files:  70% (11974/16917)
Updating files:  70% (11999/16917)
Updating files:  71% (12012/16917)
Updating files:  72% (12181/16917)
Updating files:  73% (12350/16917)
Updating files:  73% (12363/16917)
Updating files:  74% (12519/16917)
Updating files:  74% (12525/16917)
Updating files:  74% (12665/16917)
Updating files:  75% (12688/16917)
Updating files:  75% (12794/16917)
Updating files:  76% (12857/16917)
Updating files:  76% (12877/16917)
Updating files:  76% (12980/16917)
Updating files:  77% (13027/16917)
Updating files:  77% (13042/16917)
Updating files:  77% (13107/16917)
Updating files:  77% (13135/16917)
Updating files:  77% (13145/16917)
Updating files:  77% (13153/16917)
Updating files:  77% (13158/16917)
Updating files:  77% (13176/16917)
Updating files:  77% (13178/16917)
Updating files:  78% (13196/16917)
Updating files:  79% (13365/16917)
Updating files:  79% (13445/16917)
Updating files:  80% (13534/16917)
Updating files:  80% (13687/16917)
Updating files:  81% (13703/16917)
Updating files:  82% (13872/16917)
Updating files:  83% (14042/16917)
Updating files:  84% (14211/16917)
Updating files:  84% (14319/16917)
error: unable to write file target/debug/deps/totoslots-ee5ac5522bbb3903.10q132xnwsj9kczh.rcgu.o
[INFO] [stderr] error: unable to write file target/debug/deps/totoslots-ee5ac5522bbb3903.252ginct76nbelfd.rcgu.o
[INFO] [stderr] error: unable to write file target/debug/deps/totoslots-ee5ac5522bbb3903.2byrsf7r4axbvy4i.rcgu.o
[INFO] [stderr] error: unable to write file target/debug/deps/totoslots-ee5ac5522bbb3903.2enxwn38168sdriy.rcgu.o
[INFO] [stderr] error: unable to write file target/debug/deps/totoslots-ee5ac5522bbb3903.2f1ijhwq5pznj76.rcgu.o
[INFO] [stderr] error: unable to write file target/debug/deps/totoslots-ee5ac5522bbb3903.2glgp5klxm0m56bu.rcgu.o
[INFO] [stderr] error: unable to write file target/debug/deps/totoslots-ee5ac5522bbb3903.2jfnfl22fiwli0ii.rcgu.o
[INFO] [stderr] error: unable to write file target/debug/deps/totoslots-ee5ac5522bbb3903.2kdl2b38y5yie9ge.rcgu.o
[INFO] [stderr] error: unable to write file target/debug/deps/totoslots-ee5ac5522bbb3903.2mzeq9jh3lshbutl.rcgu.o
[INFO] [stderr] error: unable to write file target/debug/deps/totoslots-ee5ac5522bbb3903.2n9jms032joziinu.rcgu.o
[INFO] [stderr] error: unable to write file target/debug/deps/totoslots-ee5ac5522bbb3903.2pgso9tbys2m2s9l.rcgu.o
[INFO] [stderr] error: unable to write file target/debug/deps/totoslots-ee5ac5522bbb3903.2rtu0jqkzolgrq3h.rcgu.o
[INFO] [stderr] error: unable to write file target/debug/deps/totoslots-ee5ac5522bbb3903.2y5ou3tqgddogtv5.rcgu.o
[INFO] [stderr] error: unable to write file target/debug/deps/totoslots-ee5ac5522bbb3903.2yiz4h0z9u2yq5x7.rcgu.o
[INFO] [stderr] error: unable to create file target/debug/deps/totoslots-ee5ac5522bbb3903.31uel1642s7sf5ay.rcgu.o: No space left on device
[INFO] [stderr] error: unable to create file target/debug/deps/totoslots-ee5ac5522bbb3903.31yzhc63ittkjqo7.rcgu.o: No space left on device
[INFO] [stderr] error: unable to write file target/debug/deps/totoslots-ee5ac5522bbb3903.388njgnp67mymb9r.rcgu.o
[INFO] [stderr] error: unable to write file target/debug/deps/totoslots-ee5ac5522bbb3903.3atq0n1ug6g70bns.rcgu.o
[INFO] [stderr] error: unable to write file target/debug/deps/totoslots-ee5ac5522bbb3903.3cfe4th3n7afr231.rcgu.o
[INFO] [stderr] error: unable to write file target/debug/deps/totoslots-ee5ac5522bbb3903.3ewfdplz8gmkczor.rcgu.o
[INFO] [stderr] error: unable to write file target/debug/deps/totoslots-ee5ac5522bbb3903.3o7zwe57ufmynvlq.rcgu.o
[INFO] [stderr] error: unable to write file target/debug/deps/totoslots-ee5ac5522bbb3903.3ozezifbirm8a7ye.rcgu.o
[INFO] [stderr] error: unable to write file target/debug/deps/totoslots-ee5ac5522bbb3903.3rl5ipudzhjpipoi.rcgu.o
[INFO] [stderr] error: unable to write file target/debug/deps/totoslots-ee5ac5522bbb3903.3tmybaia5kx2nz50.rcgu.o
[INFO] [stderr] error: unable to write file target/debug/deps/totoslots-ee5ac5522bbb3903.3vx2xu8t5ok7ei7v.rcgu.o
[INFO] [stderr] error: unable to write file target/debug/deps/totoslots-ee5ac5522bbb3903.3xdgtlpaue420tz9.rcgu.o
[INFO] [stderr] error: unable to write file target/debug/deps/totoslots-ee5ac5522bbb3903.3y1t1yury4uae2o.rcgu.o
[INFO] [stderr] error: unable to write file target/debug/deps/totoslots-ee5ac5522bbb3903.44xlklse9m1j8he0.rcgu.o
[INFO] [stderr] error: unable to write file target/debug/deps/totoslots-ee5ac5522bbb3903.45e0emnaiu9zourf.rcgu.o
[INFO] [stderr] error: unable to write file target/debug/deps/totoslots-ee5ac5522bbb3903.47s8zjef16hic1xb.rcgu.o
[INFO] [stderr] error: unable to write file target/debug/deps/totoslots-ee5ac5522bbb3903.4asgg8qz24p6xop8.rcgu.o
[INFO] [stderr] error: unable to write file target/debug/deps/totoslots-ee5ac5522bbb3903.4ejzfvkhiylofcn4.rcgu.o
[INFO] [stderr] error: unable to write file target/debug/deps/totoslots-ee5ac5522bbb3903.4i0u2k4ziogpoyto.rcgu.o
[INFO] [stderr] error: unable to create file target/debug/deps/totoslots-ee5ac5522bbb3903.4jlklu8hnm6ndvvz.rcgu.o: No space left on device
[INFO] [stderr] error: unable to write file target/debug/deps/totoslots-ee5ac5522bbb3903.4l3j0toe6q1i5fmd.rcgu.o
[INFO] [stderr] error: unable to write file target/debug/deps/totoslots-ee5ac5522bbb3903.4t7sz8o5dmfeyb7k.rcgu.o
[INFO] [stderr] error: unable to write file target/debug/deps/totoslots-ee5ac5522bbb3903.4ze5wt5vsgnvtypz.rcgu.o
[INFO] [stderr] error: unable to create file target/debug/deps/totoslots-ee5ac5522bbb3903.5008hpj2orkc7muh.rcgu.o: No space left on device
[INFO] [stderr] error: unable to write file target/debug/deps/totoslots-ee5ac5522bbb3903.50i8p7ws8jnf4lw1.rcgu.o
[INFO] [stderr] error: unable to write file target/debug/deps/totoslots-ee5ac5522bbb3903.53sy44ux7s6ch0s8.rcgu.o
[INFO] [stderr] error: unable to write file target/debug/deps/totoslots-ee5ac5522bbb3903.546pwaskor2r3a0t.rcgu.o
[INFO] [stderr] error: unable to write file target/debug/deps/totoslots-ee5ac5522bbb3903.57iscnxpuvh7cpd4.rcgu.o
[INFO] [stderr] error: unable to write file target/debug/deps/totoslots-ee5ac5522bbb3903.57v92x1dvl3plwl6.rcgu.o
[INFO] [stderr] Updating files:  85% (14380/16917)
error: unable to write file target/debug/deps/totoslots-ee5ac5522bbb3903.5c6ljomjap2b12oj.rcgu.o
[INFO] [stderr] error: unable to write file target/debug/deps/totoslots-ee5ac5522bbb3903.86sgdtjdk3g01u8.rcgu.o
[INFO] [stderr] error: unable to write file target/debug/deps/totoslots-ee5ac5522bbb3903.ayzytfbndbgyvdu.rcgu.o
[INFO] [stderr] error: unable to write file target/debug/deps/totoslots-ee5ac5522bbb3903.d
[INFO] [stderr] error: unable to write file target/debug/deps/totoslots-ee5ac5522bbb3903.db2srm14g5nj08o.rcgu.o
[INFO] [stderr] error: unable to write file target/debug/deps/totoslots-ee5ac5522bbb3903.gmy2wrt538asw48.rcgu.o
[INFO] [stderr] error: unable to write file target/debug/deps/totoslots-ee5ac5522bbb3903.i4fnaptg1h0i4az.rcgu.o
[INFO] [stderr] error: unable to write file target/debug/deps/totoslots-ee5ac5522bbb3903.jvkibb3e9ydletj.rcgu.o
[INFO] [stderr] error: unable to write file target/debug/deps/totoslots-ee5ac5522bbb3903.ks80dj5f6wmir.rcgu.o
[INFO] [stderr] error: unable to write file target/debug/deps/totoslots-ee5ac5522bbb3903.pjv5nadmzes03c9.rcgu.o
[INFO] [stderr] error: unable to write file target/debug/deps/totoslots-ee5ac5522bbb3903.ug7zby2jcstca4a.rcgu.o
[INFO] [stderr] error: unable to write file target/debug/deps/totoslots-ee5ac5522bbb3903.wz8lrqst4f6c4or.rcgu.o
[INFO] [stderr] error: unable to write file target/debug/deps/totoslots-ee5ac5522bbb3903.ycoppasgt34yvp4.rcgu.o
[INFO] [stderr] error: unable to write file target/debug/deps/totoslots-ee5ac5522bbb3903.z45ycfdobxvsl7l.rcgu.o
[INFO] [stderr] error: unable to write file target/debug/deps/totoslots-ee5ac5522bbb3903.znni4t2p4ubftq3.rcgu.o
[INFO] [stderr] error: unable to write file target/debug/deps/totoslots-f1fd4e1a7e4ae8f7.d
[INFO] [stderr] error: unable to write file target/debug/deps/totoslots-f7eceff8b3ae952c.d
[INFO] [stderr] error: unable to write file target/debug/deps/tower_service-356da5ddd33a57e1.d
[INFO] [stderr] error: unable to write file target/debug/deps/tower_service-b8b8df7093cf7fcb.d
[INFO] [stderr] error: unable to write file target/debug/deps/tracing-063e1181d1cdd842.d
[INFO] [stderr] error: unable to write file target/debug/deps/tracing-65e69984e3739163.d
[INFO] [stderr] error: unable to write file target/debug/deps/tracing_core-1dff3772299c9eea.d
[INFO] [stderr] error: unable to write file target/debug/deps/tracing_core-a8af66e6ee218622.d
[INFO] [stderr] error: unable to write file target/debug/deps/try_lock-2d9ab9ffa752e8ba.d
[INFO] [stderr] error: unable to write file target/debug/deps/try_lock-4f71691a67032607.d
[INFO] [stderr] error: unable to write file target/debug/deps/typenum-a97cac100a643f54.d
[INFO] [stderr] error: unable to write file target/debug/deps/typenum-cfcc85aa344b3a93.d
[INFO] [stderr] error: unable to write file target/debug/deps/typenum-e3f03a73493daee7.d
[INFO] [stderr] error: unable to write file target/debug/deps/typenum-f90e9d7578d90c35.d
[INFO] [stderr] error: unable to write file target/debug/deps/uint-a84d6baac82af1a1.d
[INFO] [stderr] error: unable to write file target/debug/deps/uint-bdb8e6fc35990ecf.d
[INFO] [stderr] error: unable to write file target/debug/deps/unicode_bidi-4017099cb0016da4.d
[INFO] [stderr] error: unable to write file target/debug/deps/unicode_bidi-d91e38c6a36a075f.d
[INFO] [stderr] error: unable to write file target/debug/deps/unicode_ident-b9e75d7f7a721889.d
[INFO] [stderr] error: unable to write file target/debug/deps/unicode_ident-c58737e438b8dfc0.d
[INFO] [stderr] error: unable to write file target/debug/deps/unicode_normalization-7ccd42674e081f80.d
[INFO] [stderr] error: unable to write file target/debug/deps/unicode_normalization-fd2cb87acd71ce36.d
[INFO] [stderr] error: unable to write file target/debug/deps/unicode_segmentation-e300eb5df904ab79.d
[INFO] [stderr] error: unable to write file target/debug/deps/unicode_segmentation-fe57c67d1f3e1fd7.d
[INFO] [stderr] error: unable to write file target/debug/deps/url-80a1c10bc52d05f4.d
[INFO] [stderr] error: unable to write file target/debug/deps/url-f763e5a58f7fcc18.d
[INFO] [stderr] error: unable to write file target/debug/deps/value_bag-1a2bd09836589d26.d
[INFO] [stderr] error: unable to write file target/debug/deps/value_bag-268e6ed64652ffb0.d
[INFO] [stderr] error: unable to write file target/debug/deps/value_bag-74bdd21f7176808d.d
[INFO] [stderr] error: unable to write file target/debug/deps/value_bag-9169c83e831f6832.d
[INFO] [stderr] error: unable to write file target/debug/deps/version_check-7146a9efc0d7c0c3.d
[INFO] [stderr] error: unable to write file target/debug/deps/version_check-91f02dbee80c992c.d
[INFO] [stderr] error: unable to write file target/debug/deps/waker_fn-4a71b8d04810efb1.d
[INFO] [stderr] error: unable to write file target/debug/deps/waker_fn-9de293e0cf95fe92.d
[INFO] [stderr] error: unable to write file target/debug/deps/want-52f34b1f54addb8c.d
[INFO] [stderr] error: unable to write file target/debug/deps/want-c96ec68f555230bb.d
[INFO] [stderr] error: unable to write file target/debug/deps/want-f311a8219af6e7f7.d
[INFO] [stderr] error: unable to create file target/debug/deps/wasm_bindgen-26871a7479c688d9.d: No space left on device
[INFO] [stderr] error: unable to write file target/debug/deps/wasm_bindgen-34b54a4ef66b8fd3.d
[INFO] [stderr] error: unable to write file target/debug/deps/wasm_bindgen-3f5952dee1135c07.d
[INFO] [stderr] error: unable to write file target/debug/deps/wasm_bindgen-6ab7d333732b2a0e.d
[INFO] [stderr] error: unable to write file target/debug/deps/wasm_bindgen-84eafb89af2ae15c.d
[INFO] [stderr] error: unable to write file target/debug/deps/wasm_bindgen-8fd39e8ee3ae94b7.d
[INFO] [stderr] error: unable to write file target/debug/deps/wasm_bindgen-ce8a67146713d7ec.d
[INFO] [stderr] error: unable to write file target/debug/deps/wasm_bindgen-dadde2668a57c4b9.d
[INFO] [stderr] error: unable to create file target/debug/deps/wasm_bindgen-f89dbfeccd8ff741.d: No space left on device
[INFO] [stderr] error: unable to write file target/debug/deps/wasm_bindgen_backend-080ed05a1dc029f7.d
[INFO] [stderr] error: unable to write file target/debug/deps/wasm_bindgen_backend-3af7ee91c3324789.d
[INFO] [stderr] error: unable to write file target/debug/deps/wasm_bindgen_backend-60458b5bbca5dcc6.d
[INFO] [stderr] error: unable to create file target/debug/deps/wasm_bindgen_backend-c02be9c562a1a4d6.d: No space left on device
[INFO] [stderr] error: unable to create file target/debug/deps/wasm_bindgen_backend-eb354d638bf17320.d: No space left on device
[INFO] [stderr] error: unable to write file target/debug/deps/wasm_bindgen_macro-6ae87e2ad69fe54d.d
[INFO] [stderr] error: unable to create file target/debug/deps/wasm_bindgen_macro-6ae87e2ad69fe54d.wasm_bindgen_macro.775e020a-cgu.0.rcgu.o: No space left on device
[INFO] [stderr] error: unable to create file target/debug/deps/wasm_bindgen_macro-6ae87e2ad69fe54d.wasm_bindgen_macro.775e020a-cgu.1.rcgu.o: No space left on device
[INFO] [stderr] error: unable to write file target/debug/deps/wasm_bindgen_macro-6ae87e2ad69fe54d.wasm_bindgen_macro.775e020a-cgu.10.rcgu.o
[INFO] [stderr] error: unable to write file target/debug/deps/wasm_bindgen_macro-6ae87e2ad69fe54d.wasm_bindgen_macro.775e020a-cgu.11.rcgu.o
[INFO] [stderr] error: unable to write file target/debug/deps/wasm_bindgen_macro-6ae87e2ad69fe54d.wasm_bindgen_macro.775e020a-cgu.12.rcgu.o
[INFO] [stderr] error: unable to write file target/debug/deps/wasm_bindgen_macro-6ae87e2ad69fe54d.wasm_bindgen_macro.775e020a-cgu.13.rcgu.o
[INFO] [stderr] error: unable to write file target/debug/deps/wasm_bindgen_macro-6ae87e2ad69fe54d.wasm_bindgen_macro.775e020a-cgu.14.rcgu.o
[INFO] [stderr] error: unable to write file target/debug/deps/wasm_bindgen_macro-6ae87e2ad69fe54d.wasm_bindgen_macro.775e020a-cgu.15.rcgu.o
[INFO] [stderr] error: unable to create file target/debug/deps/wasm_bindgen_macro-6ae87e2ad69fe54d.wasm_bindgen_macro.775e020a-cgu.2.rcgu.o: No space left on device
[INFO] [stderr] error: unable to write file target/debug/deps/wasm_bindgen_macro-6ae87e2ad69fe54d.wasm_bindgen_macro.775e020a-cgu.3.rcgu.o
[INFO] [stderr] error: unable to write file target/debug/deps/wasm_bindgen_macro-6ae87e2ad69fe54d.wasm_bindgen_macro.775e020a-cgu.4.rcgu.o
[INFO] [stderr] error: unable to write file target/debug/deps/wasm_bindgen_macro-6ae87e2ad69fe54d.wasm_bindgen_macro.775e020a-cgu.5.rcgu.o
[INFO] [stderr] Updating files:  85% (14459/16917)
error: unable to write file target/debug/deps/wasm_bindgen_macro-6ae87e2ad69fe54d.wasm_bindgen_macro.775e020a-cgu.6.rcgu.o
[INFO] [stderr] error: unable to write file target/debug/deps/wasm_bindgen_macro-6ae87e2ad69fe54d.wasm_bindgen_macro.775e020a-cgu.7.rcgu.o
[INFO] [stderr] error: unable to write file target/debug/deps/wasm_bindgen_macro-6ae87e2ad69fe54d.wasm_bindgen_macro.775e020a-cgu.8.rcgu.o
[INFO] [stderr] error: unable to write file target/debug/deps/wasm_bindgen_macro-6ae87e2ad69fe54d.wasm_bindgen_macro.775e020a-cgu.9.rcgu.o
[INFO] [stderr] error: unable to write file target/debug/deps/wasm_bindgen_macro-70a6c65afc1bf19d.d
[INFO] [stderr] error: unable to write file target/debug/deps/wasm_bindgen_macro-9c08966c446c12a8.d
[INFO] [stderr] error: unable to write file target/debug/deps/wasm_bindgen_macro-9c08966c446c12a8.wasm_bindgen_macro.fde12892-cgu.0.rcgu.o
[INFO] [stderr] error: unable to write file target/debug/deps/wasm_bindgen_macro-9c08966c446c12a8.wasm_bindgen_macro.fde12892-cgu.1.rcgu.o
[INFO] [stderr] error: unable to write file target/debug/deps/wasm_bindgen_macro-9c08966c446c12a8.wasm_bindgen_macro.fde12892-cgu.10.rcgu.o
[INFO] [stderr] error: unable to create file target/debug/deps/wasm_bindgen_macro-9c08966c446c12a8.wasm_bindgen_macro.fde12892-cgu.11.rcgu.o: No space left on device
[INFO] [stderr] error: unable to write file target/debug/deps/wasm_bindgen_macro-9c08966c446c12a8.wasm_bindgen_macro.fde12892-cgu.12.rcgu.o
[INFO] [stderr] error: unable to write file target/debug/deps/wasm_bindgen_macro-9c08966c446c12a8.wasm_bindgen_macro.fde12892-cgu.13.rcgu.o
[INFO] [stderr] error: unable to write file target/debug/deps/wasm_bindgen_macro-9c08966c446c12a8.wasm_bindgen_macro.fde12892-cgu.14.rcgu.o
[INFO] [stderr] error: unable to write file target/debug/deps/wasm_bindgen_macro-9c08966c446c12a8.wasm_bindgen_macro.fde12892-cgu.15.rcgu.o
[INFO] [stderr] error: unable to write file target/debug/deps/wasm_bindgen_macro-9c08966c446c12a8.wasm_bindgen_macro.fde12892-cgu.2.rcgu.o
[INFO] [stderr] error: unable to write file target/debug/deps/wasm_bindgen_macro-9c08966c446c12a8.wasm_bindgen_macro.fde12892-cgu.3.rcgu.o
[INFO] [stderr] error: unable to create file target/debug/deps/wasm_bindgen_macro-9c08966c446c12a8.wasm_bindgen_macro.fde12892-cgu.4.rcgu.o: No space left on device
[INFO] [stderr] error: unable to write file target/debug/deps/wasm_bindgen_macro-9c08966c446c12a8.wasm_bindgen_macro.fde12892-cgu.5.rcgu.o
[INFO] [stderr] error: unable to write file target/debug/deps/wasm_bindgen_macro-9c08966c446c12a8.wasm_bindgen_macro.fde12892-cgu.6.rcgu.o
[INFO] [stderr] error: unable to write file target/debug/deps/wasm_bindgen_macro-9c08966c446c12a8.wasm_bindgen_macro.fde12892-cgu.7.rcgu.o
[INFO] [stderr] error: unable to write file target/debug/deps/wasm_bindgen_macro-9c08966c446c12a8.wasm_bindgen_macro.fde12892-cgu.8.rcgu.o
[INFO] [stderr] error: unable to write file target/debug/deps/wasm_bindgen_macro-9c08966c446c12a8.wasm_bindgen_macro.fde12892-cgu.9.rcgu.o
[INFO] [stderr] error: unable to write file target/debug/deps/wasm_bindgen_macro-c1cb572a6d3aeb39.d
[INFO] [stderr] error: unable to write file target/debug/deps/wasm_bindgen_macro-c1cb572a6d3aeb39.wasm_bindgen_macro.e0247701-cgu.0.rcgu.o
[INFO] [stderr] error: unable to write file target/debug/deps/wasm_bindgen_macro-c1cb572a6d3aeb39.wasm_bindgen_macro.e0247701-cgu.1.rcgu.o
[INFO] [stderr] error: unable to create file target/debug/deps/wasm_bindgen_macro-c1cb572a6d3aeb39.wasm_bindgen_macro.e0247701-cgu.10.rcgu.o: No space left on device
[INFO] [stderr] error: unable to write file target/debug/deps/wasm_bindgen_macro-c1cb572a6d3aeb39.wasm_bindgen_macro.e0247701-cgu.11.rcgu.o
[INFO] [stderr] error: unable to write file target/debug/deps/wasm_bindgen_macro-c1cb572a6d3aeb39.wasm_bindgen_macro.e0247701-cgu.12.rcgu.o
[INFO] [stderr] error: unable to write file target/debug/deps/wasm_bindgen_macro-c1cb572a6d3aeb39.wasm_bindgen_macro.e0247701-cgu.13.rcgu.o
[INFO] [stderr] error: unable to write file target/debug/deps/wasm_bindgen_macro-c1cb572a6d3aeb39.wasm_bindgen_macro.e0247701-cgu.14.rcgu.o
[INFO] [stderr] error: unable to write file target/debug/deps/wasm_bindgen_macro-c1cb572a6d3aeb39.wasm_bindgen_macro.e0247701-cgu.15.rcgu.o
[INFO] [stderr] error: unable to write file target/debug/deps/wasm_bindgen_macro-c1cb572a6d3aeb39.wasm_bindgen_macro.e0247701-cgu.2.rcgu.o
[INFO] [stderr] error: unable to write file target/debug/deps/wasm_bindgen_macro-c1cb572a6d3aeb39.wasm_bindgen_macro.e0247701-cgu.3.rcgu.o
[INFO] [stderr] error: unable to write file target/debug/deps/wasm_bindgen_macro-c1cb572a6d3aeb39.wasm_bindgen_macro.e0247701-cgu.4.rcgu.o
[INFO] [stderr] error: unable to write file target/debug/deps/wasm_bindgen_macro-c1cb572a6d3aeb39.wasm_bindgen_macro.e0247701-cgu.5.rcgu.o
[INFO] [stderr] error: unable to write file target/debug/deps/wasm_bindgen_macro-c1cb572a6d3aeb39.wasm_bindgen_macro.e0247701-cgu.6.rcgu.o
[INFO] [stderr] error: unable to write file target/debug/deps/wasm_bindgen_macro-c1cb572a6d3aeb39.wasm_bindgen_macro.e0247701-cgu.7.rcgu.o
[INFO] [stderr] error: unable to write file target/debug/deps/wasm_bindgen_macro-c1cb572a6d3aeb39.wasm_bindgen_macro.e0247701-cgu.8.rcgu.o
[INFO] [stderr] error: unable to write file target/debug/deps/wasm_bindgen_macro-c1cb572a6d3aeb39.wasm_bindgen_macro.e0247701-cgu.9.rcgu.o
[INFO] [stderr] error: unable to write file target/debug/deps/wasm_bindgen_macro-ff48c98cb7bb6eeb.d
[INFO] [stderr] error: unable to write file target/debug/deps/wasm_bindgen_macro-ff48c98cb7bb6eeb.wasm_bindgen_macro.08efeb55-cgu.0.rcgu.o
[INFO] [stderr] error: unable to write file target/debug/deps/wasm_bindgen_macro-ff48c98cb7bb6eeb.wasm_bindgen_macro.08efeb55-cgu.1.rcgu.o
[INFO] [stderr] error: unable to write file target/debug/deps/wasm_bindgen_macro-ff48c98cb7bb6eeb.wasm_bindgen_macro.08efeb55-cgu.10.rcgu.o
[INFO] [stderr] error: unable to write file target/debug/deps/wasm_bindgen_macro-ff48c98cb7bb6eeb.wasm_bindgen_macro.08efeb55-cgu.11.rcgu.o
[INFO] [stderr] error: unable to create file target/debug/deps/wasm_bindgen_macro-ff48c98cb7bb6eeb.wasm_bindgen_macro.08efeb55-cgu.12.rcgu.o: No space left on device
[INFO] [stderr] error: unable to write file target/debug/deps/wasm_bindgen_macro-ff48c98cb7bb6eeb.wasm_bindgen_macro.08efeb55-cgu.13.rcgu.o
[INFO] [stderr] error: unable to write file target/debug/deps/wasm_bindgen_macro-ff48c98cb7bb6eeb.wasm_bindgen_macro.08efeb55-cgu.14.rcgu.o
[INFO] [stderr] error: unable to create file target/debug/deps/wasm_bindgen_macro-ff48c98cb7bb6eeb.wasm_bindgen_macro.08efeb55-cgu.15.rcgu.o: No space left on device
[INFO] [stderr] error: unable to write file target/debug/deps/wasm_bindgen_macro-ff48c98cb7bb6eeb.wasm_bindgen_macro.08efeb55-cgu.2.rcgu.o
[INFO] [stderr] error: unable to create file target/debug/deps/wasm_bindgen_macro-ff48c98cb7bb6eeb.wasm_bindgen_macro.08efeb55-cgu.3.rcgu.o: No space left on device
[INFO] [stderr] error: unable to write file target/debug/deps/wasm_bindgen_macro-ff48c98cb7bb6eeb.wasm_bindgen_macro.08efeb55-cgu.4.rcgu.o
[INFO] [stderr] error: unable to write file target/debug/deps/wasm_bindgen_macro-ff48c98cb7bb6eeb.wasm_bindgen_macro.08efeb55-cgu.5.rcgu.o
[INFO] [stderr] error: unable to create file target/debug/deps/wasm_bindgen_macro-ff48c98cb7bb6eeb.wasm_bindgen_macro.08efeb55-cgu.6.rcgu.o: No space left on device
[INFO] [stderr] error: unable to write file target/debug/deps/wasm_bindgen_macro-ff48c98cb7bb6eeb.wasm_bindgen_macro.08efeb55-cgu.7.rcgu.o
[INFO] [stderr] error: unable to write file target/debug/deps/wasm_bindgen_macro-ff48c98cb7bb6eeb.wasm_bindgen_macro.08efeb55-cgu.8.rcgu.o
[INFO] [stderr] error: unable to create file target/debug/deps/wasm_bindgen_macro-ff48c98cb7bb6eeb.wasm_bindgen_macro.08efeb55-cgu.9.rcgu.o: No space left on device
[INFO] [stderr] error: unable to create file target/debug/deps/wasm_bindgen_macro_support-11b171743c2470e2.d: No space left on device
[INFO] [stderr] error: unable to create file target/debug/deps/wasm_bindgen_macro_support-4492784e89fdbe5b.d: No space left on device
[INFO] [stderr] error: unable to write file target/debug/deps/wasm_bindgen_macro_support-67a3c56b90c1afb9.d
[INFO] [stderr] error: unable to create file target/debug/deps/wasm_bindgen_macro_support-6994d5da9d5ac630.d: No space left on device
[INFO] [stderr] error: unable to create file target/debug/deps/wasm_bindgen_macro_support-a7ba10824b54157b.d: No space left on device
[INFO] [stderr] error: unable to write file target/debug/deps/wasm_bindgen_shared-6dd7cd90de365dcf.d
[INFO] [stderr] error: unable to write file target/debug/deps/wasm_bindgen_shared-93a5da141e9b7238.d
[INFO] [stderr] error: unable to write file target/debug/deps/web3-73b11c2ed79ba9eb.d
[INFO] [stderr] error: unable to write file target/debug/deps/web3-96542c31c0cd023d.d
[INFO] [stderr] error: unable to write file target/debug/deps/web3-da1007b531d0df49.d
[INFO] [stderr] error: unable to create file target/debug/deps/web3_async_native_tls-52422dbfbf66e493.d: No space left on device
[INFO] [stderr] error: unable to write file target/debug/deps/web3_async_native_tls-9f11e665bb4d754f.d
[INFO] [stderr] error: unable to write file target/debug/deps/web3_async_native_tls-f8d1fef2fb273e82.d
[INFO] [stderr] error: unable to create file target/debug/deps/wyz-8d71460bb27f4e95.d: No space left on device
[INFO] [stderr] error: unable to write file target/debug/deps/wyz-971db417cd47706b.d
[INFO] [stderr] error: unable to write file target/debug/deps/yansi-0a64d0e7eef4ced9.d
[INFO] [stderr] error: unable to write file target/debug/deps/yansi-ee794b26d90bf8d6.d
[INFO] [stderr] error: unable to write file target/debug/deps/zeroize-40dcc32c22add082.d
[INFO] [stderr] error: unable to create file target/debug/deps/zeroize-428d27e1849d31f7.d: No space left on device
[INFO] [stderr] error: unable to write file target/debug/deps/zeroize-47c81e9646c4abc8.d
[INFO] [stderr] error: unable to create file target/debug/deps/zeroize-6b1eadd140fae06a.d: No space left on device
[INFO] [stderr] fatal: cannot create directory at 'target/debug/incremental': No space left on device
[INFO] [stderr] warning: Clone succeeded, but checkout failed.
[INFO] [stderr] You can inspect what was checked out with 'git status'
[INFO] [stderr] and retry with 'git restore --source=HEAD :/'
[INFO] [stderr] 
[INFO] testing isunyoo/TotoSlots_Solana against nightly-2025-01-18+rustflags=-Zrandomize-layout for randomize-layout-2
[INFO] running `Command { std: "git" "clone" "/workspace/cache/git-repos/https%3A%2F%2Fgithub.com%2Fisunyoo%2FTotoSlots_Solana" "/workspace/builds/worker-6-tc2/source", kill_on_drop: false }`
[INFO] [stderr] Cloning into '/workspace/builds/worker-6-tc2/source'...
[INFO] [stderr] done.
[INFO] [stderr] Updating files:  24% (4159/16917)
Updating files:  25% (4230/16917)
Updating files:  26% (4399/16917)
Updating files:  27% (4568/16917)
Updating files:  28% (4737/16917)
Updating files:  29% (4906/16917)
Updating files:  30% (5076/16917)
Updating files:  31% (5245/16917)
Updating files:  32% (5414/16917)
Updating files:  33% (5583/16917)
Updating files:  33% (5678/16917)
Updating files:  34% (5752/16917)
Updating files:  35% (5921/16917)
Updating files:  36% (6091/16917)
Updating files:  37% (6260/16917)
Updating files:  38% (6429/16917)
Updating files:  39% (6598/16917)
Updating files:  40% (6767/16917)
Updating files:  41% (6936/16917)
Updating files:  42% (7106/16917)
Updating files:  43% (7275/16917)
Updating files:  44% (7444/16917)
Updating files:  45% (7613/16917)
Updating files:  46% (7782/16917)
Updating files:  47% (7951/16917)
Updating files:  48% (8121/16917)
Updating files:  49% (8290/16917)
Updating files:  50% (8459/16917)
Updating files:  51% (8628/16917)
Updating files:  52% (8797/16917)
Updating files:  53% (8967/16917)
Updating files:  54% (9136/16917)
Updating files:  55% (9305/16917)
Updating files:  56% (9474/16917)
Updating files:  57% (9643/16917)
Updating files:  58% (9812/16917)
Updating files:  58% (9815/16917)
Updating files:  59% (9982/16917)
Updating files:  60% (10151/16917)
Updating files:  61% (10320/16917)
Updating files:  62% (10489/16917)
Updating files:  63% (10658/16917)
Updating files:  64% (10827/16917)
Updating files:  64% (10885/16917)
Updating files:  65% (10997/16917)
Updating files:  66% (11166/16917)
Updating files:  67% (11335/16917)
Updating files:  68% (11504/16917)
Updating files:  69% (11673/16917)
Updating files:  70% (11842/16917)
Updating files:  70% (11982/16917)
Updating files:  71% (12012/16917)
Updating files:  71% (12073/16917)
Updating files:  72% (12181/16917)
Updating files:  72% (12250/16917)
Updating files:  73% (12350/16917)
Updating files:  74% (12519/16917)
Updating files:  74% (12565/16917)
Updating files:  75% (12688/16917)
Updating files:  75% (12760/16917)
Updating files:  76% (12857/16917)
Updating files:  76% (12869/16917)
Updating files:  76% (12978/16917)
Updating files:  77% (13027/16917)
Updating files:  77% (13040/16917)
Updating files:  78% (13196/16917)
Updating files:  79% (13365/16917)
Updating files:  79% (13463/16917)
Updating files:  80% (13534/16917)
Updating files:  81% (13703/16917)
Updating files:  82% (13872/16917)
Updating files:  83% (14042/16917)
Updating files:  84% (14211/16917)
Updating files:  85% (14380/16917)
Updating files:  86% (14549/16917)
Updating files:  87% (14718/16917)
Updating files:  88% (14887/16917)
Updating files:  89% (15057/16917)
Updating files:  90% (15226/16917)
Updating files:  91% (15395/16917)
Updating files:  92% (15564/16917)
Updating files:  93% (15733/16917)
Updating files:  94% (15902/16917)
Updating files:  95% (16072/16917)
Updating files:  96% (16241/16917)
Updating files:  97% (16410/16917)
Updating files:  97% (16508/16917)
Updating files:  98% (16579/16917)
Updating files:  98% (16679/16917)
Updating files:  99% (16748/16917)
Updating files:  99% (16785/16917)
Updating files:  99% (16817/16917)
Updating files: 100% (16917/16917)
Updating files: 100% (16917/16917), done.
[INFO] validating manifest of git repo https://github.com/isunyoo/TotoSlots_Solana on toolchain nightly-2025-01-18
[INFO] running `Command { std: CARGO_HOME="/workspace/cargo-home" RUSTUP_HOME="/workspace/rustup-home" "/workspace/cargo-home/bin/cargo" "+nightly-2025-01-18" "metadata" "--manifest-path" "Cargo.toml" "--no-deps", kill_on_drop: false }`
[INFO] started tweaking git repo https://github.com/isunyoo/TotoSlots_Solana
[INFO] finished tweaking git repo https://github.com/isunyoo/TotoSlots_Solana
[INFO] tweaked toml for git repo https://github.com/isunyoo/TotoSlots_Solana written to /workspace/builds/worker-6-tc2/source/Cargo.toml
[INFO] crate git repo https://github.com/isunyoo/TotoSlots_Solana already has a lockfile, it will not be regenerated
[INFO] running `Command { std: CARGO_HOME="/workspace/cargo-home" RUSTUP_HOME="/workspace/rustup-home" "/workspace/cargo-home/bin/cargo" "+nightly-2025-01-18" "fetch" "--manifest-path" "Cargo.toml", kill_on_drop: false }`
[INFO] [stderr] warning: profiles for the non root package will be ignored, specify profiles at the workspace root:
[INFO] [stderr] package:   /workspace/builds/worker-6-tc2/source/programs/TotoSlots/Cargo.toml
[INFO] [stderr] workspace: /workspace/builds/worker-6-tc2/source/Cargo.toml
[INFO] [stderr] warning: virtual workspace defaulting to `resolver = "1"` despite one or more workspace members being on edition 2021 which implies `resolver = "2"`
[INFO] [stderr] note: to keep the current resolver, specify `workspace.resolver = "1"` in the workspace root's manifest
[INFO] [stderr] note: to use the edition 2021 resolver, specify `workspace.resolver = "2"` in the workspace root's manifest
[INFO] [stderr] note: for more details see https://doc.rust-lang.org/cargo/reference/resolver.html#resolver-versions
[INFO] running `Command { std: "docker" "create" "-v" "/var/lib/crater-agent-workspace/builds/worker-6-tc2/target:/opt/rustwide/target:rw,Z" "-v" "/var/lib/crater-agent-workspace/builds/worker-6-tc2/source:/opt/rustwide/workdir:ro,Z" "-v" "/var/lib/crater-agent-workspace/cargo-home:/opt/rustwide/cargo-home:ro,Z" "-v" "/var/lib/crater-agent-workspace/rustup-home:/opt/rustwide/rustup-home:ro,Z" "-e" "SOURCE_DIR=/opt/rustwide/workdir" "-e" "CARGO_TARGET_DIR=/opt/rustwide/target" "-e" "CARGO_HOME=/opt/rustwide/cargo-home" "-e" "RUSTUP_HOME=/opt/rustwide/rustup-home" "-w" "/opt/rustwide/workdir" "-m" "1610612736" "--user" "0:0" "--network" "none" "ghcr.io/rust-lang/crates-build-env/linux@sha256:819108c5571ea2e421544af4d832f968d213c87fbe3707a016657f43d2f853bc" "/opt/rustwide/cargo-home/bin/cargo" "+nightly-2025-01-18" "metadata" "--no-deps" "--format-version=1", kill_on_drop: false }`
[INFO] [stdout] 6ee83cde22e5516ad70204f668ab63c01333bc38a0bb57caa15623225de496b4
[INFO] running `Command { std: "docker" "start" "-a" "6ee83cde22e5516ad70204f668ab63c01333bc38a0bb57caa15623225de496b4", kill_on_drop: false }`
[INFO] running `Command { std: "docker" "inspect" "6ee83cde22e5516ad70204f668ab63c01333bc38a0bb57caa15623225de496b4", kill_on_drop: false }`
[INFO] running `Command { std: "docker" "rm" "-f" "6ee83cde22e5516ad70204f668ab63c01333bc38a0bb57caa15623225de496b4", kill_on_drop: false }`
[INFO] [stdout] 6ee83cde22e5516ad70204f668ab63c01333bc38a0bb57caa15623225de496b4
[INFO] running `Command { std: "docker" "create" "-v" "/var/lib/crater-agent-workspace/builds/worker-6-tc2/target:/opt/rustwide/target:rw,Z" "-v" "/var/lib/crater-agent-workspace/builds/worker-6-tc2/source:/opt/rustwide/workdir:ro,Z" "-v" "/var/lib/crater-agent-workspace/cargo-home:/opt/rustwide/cargo-home:ro,Z" "-v" "/var/lib/crater-agent-workspace/rustup-home:/opt/rustwide/rustup-home:ro,Z" "-e" "SOURCE_DIR=/opt/rustwide/workdir" "-e" "CARGO_TARGET_DIR=/opt/rustwide/target" "-e" "CARGO_INCREMENTAL=0" "-e" "RUST_BACKTRACE=full" "-e" "RUSTFLAGS=--cap-lints=forbid -Zrandomize-layout" "-e" "RUSTDOCFLAGS=--cap-lints=forbid" "-e" "CARGO_HOME=/opt/rustwide/cargo-home" "-e" "RUSTUP_HOME=/opt/rustwide/rustup-home" "-w" "/opt/rustwide/workdir" "-m" "1610612736" "--user" "0:0" "--network" "none" "ghcr.io/rust-lang/crates-build-env/linux@sha256:819108c5571ea2e421544af4d832f968d213c87fbe3707a016657f43d2f853bc" "/opt/rustwide/cargo-home/bin/cargo" "+nightly-2025-01-18" "build" "--frozen" "--message-format=json", kill_on_drop: false }`
[INFO] [stdout] de9818ecabe0fa5fecae19782e184839b119365ce7eeb3da566ba5f47d7bf5ef
[INFO] running `Command { std: "docker" "start" "-a" "de9818ecabe0fa5fecae19782e184839b119365ce7eeb3da566ba5f47d7bf5ef", kill_on_drop: false }`
[INFO] [stderr] warning: profiles for the non root package will be ignored, specify profiles at the workspace root:
[INFO] [stderr] package:   /opt/rustwide/workdir/programs/TotoSlots/Cargo.toml
[INFO] [stderr] workspace: /opt/rustwide/workdir/Cargo.toml
[INFO] [stderr] warning: virtual workspace defaulting to `resolver = "1"` despite one or more workspace members being on edition 2021 which implies `resolver = "2"`
[INFO] [stderr] note: to keep the current resolver, specify `workspace.resolver = "1"` in the workspace root's manifest
[INFO] [stderr] note: to use the edition 2021 resolver, specify `workspace.resolver = "2"` in the workspace root's manifest
[INFO] [stderr] note: for more details see https://doc.rust-lang.org/cargo/reference/resolver.html#resolver-versions
[INFO] [stderr]    Compiling proc-macro2 v1.0.49
[INFO] [stderr]    Compiling quote v1.0.23
[INFO] [stderr]    Compiling unicode-ident v1.0.6
[INFO] [stderr]    Compiling syn v1.0.107
[INFO] [stderr]    Compiling serde_derive v1.0.152
[INFO] [stderr]    Compiling serde v1.0.152
[INFO] [stderr]    Compiling version_check v0.9.4
[INFO] [stderr]    Compiling typenum v1.16.0
[INFO] [stderr]    Compiling cfg-if v1.0.0
[INFO] [stderr]    Compiling libc v0.2.139
[INFO] [stderr]    Compiling block-padding v0.2.1
[INFO] [stderr]    Compiling opaque-debug v0.3.0
[INFO] [stderr]    Compiling thiserror v1.0.38
[INFO] [stderr]    Compiling cpufeatures v0.2.5
[INFO] [stderr]    Compiling subtle v2.4.1
[INFO] [stderr]    Compiling serde_json v1.0.91
[INFO] [stderr]    Compiling semver v1.0.16
[INFO] [stderr]    Compiling anyhow v1.0.68
[INFO] [stderr]    Compiling ryu v1.0.12
[INFO] [stderr]    Compiling yansi v0.5.1
[INFO] [stderr]    Compiling unicode-segmentation v1.10.0
[INFO] [stderr]    Compiling itoa v1.0.5
[INFO] [stderr]    Compiling bs58 v0.3.1
[INFO] [stderr]    Compiling log v0.4.17
[INFO] [stderr]    Compiling memchr v2.5.0
[INFO] [stderr]    Compiling crunchy v0.2.2
[INFO] [stderr]    Compiling once_cell v1.17.0
[INFO] [stderr]    Compiling getrandom v0.1.16
[INFO] [stderr]    Compiling wasm-bindgen-shared v0.2.83
[INFO] [stderr]    Compiling regex-syntax v0.6.28
[INFO] [stderr]    Compiling bumpalo v3.11.1
[INFO] [stderr]    Compiling rustversion v1.0.11
[INFO] [stdout] error[E0422]: cannot find struct, variant or union type `LineColumn` in crate `proc_macro`
[INFO] [stdout]    --> /opt/rustwide/cargo-home/registry/src/index.crates.io-1949cf8c6b5b557f/proc-macro2-1.0.49/src/wrapper.rs:479:33
[INFO] [stdout]     |
[INFO] [stdout] 479 |                 let proc_macro::LineColumn { line, column } = s.start();
[INFO] [stdout]     |                                 ^^^^^^^^^^ not found in `proc_macro`
[INFO] [stdout]     |
[INFO] [stdout] help: consider importing one of these structs
[INFO] [stdout]     |
[INFO] [stdout] 1   + use crate::LineColumn;
[INFO] [stdout]     |
[INFO] [stdout] 1   + use crate::fallback::LineColumn;
[INFO] [stdout]     |
[INFO] [stdout] help: if you import `LineColumn`, refer to it directly
[INFO] [stdout]     |
[INFO] [stdout] 479 -                 let proc_macro::LineColumn { line, column } = s.start();
[INFO] [stdout] 479 +                 let LineColumn { line, column } = s.start();
[INFO] [stdout]     |
[INFO] [stdout] 
[INFO] [stdout] 
[INFO] [stdout] error[E0422]: cannot find struct, variant or union type `LineColumn` in crate `proc_macro`
[INFO] [stdout]    --> /opt/rustwide/cargo-home/registry/src/index.crates.io-1949cf8c6b5b557f/proc-macro2-1.0.49/src/wrapper.rs:496:33
[INFO] [stdout]     |
[INFO] [stdout] 496 |                 let proc_macro::LineColumn { line, column } = s.end();
[INFO] [stdout]     |                                 ^^^^^^^^^^ not found in `proc_macro`
[INFO] [stdout]     |
[INFO] [stdout] help: consider importing one of these structs
[INFO] [stdout]     |
[INFO] [stdout] 1   + use crate::LineColumn;
[INFO] [stdout]     |
[INFO] [stdout] 1   + use crate::fallback::LineColumn;
[INFO] [stdout]     |
[INFO] [stdout] help: if you import `LineColumn`, refer to it directly
[INFO] [stdout]     |
[INFO] [stdout] 496 -                 let proc_macro::LineColumn { line, column } = s.end();
[INFO] [stdout] 496 +                 let LineColumn { line, column } = s.end();
[INFO] [stdout]     |
[INFO] [stdout] 
[INFO] [stdout] 
[INFO] [stderr]    Compiling feature-probe v0.1.1
[INFO] [stdout] error[E0635]: unknown feature `proc_macro_span_shrink`
[INFO] [stdout]   --> /opt/rustwide/cargo-home/registry/src/index.crates.io-1949cf8c6b5b557f/proc-macro2-1.0.49/src/lib.rs:92:30
[INFO] [stdout]    |
[INFO] [stdout] 92 |     feature(proc_macro_span, proc_macro_span_shrink)
[INFO] [stdout]    |                              ^^^^^^^^^^^^^^^^^^^^^^
[INFO] [stdout] 
[INFO] [stdout] 
[INFO] [stderr]    Compiling heck v0.3.3
[INFO] [stderr]    Compiling generic-array v0.14.6
[INFO] [stderr]    Compiling proc-macro2-diagnostics v0.9.1
[INFO] [stderr]    Compiling rustc_version v0.4.0
[INFO] [stderr]    Compiling ahash v0.7.6
[INFO] [stderr]    Compiling bv v0.11.1
[INFO] [stderr]    Compiling termcolor v1.1.3
[INFO] [stderr]    Compiling ppv-lite86 v0.2.17
[INFO] [stderr]    Compiling autocfg v1.1.0
[INFO] [stderr]    Compiling cc v1.0.78
[INFO] [stderr]    Compiling humantime v2.1.0
[INFO] [stdout] Some errors have detailed explanations: E0422, E0635.
[INFO] [stdout] 
[INFO] [stdout] For more information about an error, try `rustc --explain E0422`.
[INFO] [stdout] 
[INFO] [stderr] error: could not compile `proc-macro2` (lib) due to 3 previous errors
[INFO] [stderr] warning: build failed, waiting for other jobs to finish...
[INFO] running `Command { std: "docker" "inspect" "de9818ecabe0fa5fecae19782e184839b119365ce7eeb3da566ba5f47d7bf5ef", kill_on_drop: false }`
[INFO] running `Command { std: "docker" "rm" "-f" "de9818ecabe0fa5fecae19782e184839b119365ce7eeb3da566ba5f47d7bf5ef", kill_on_drop: false }`
[INFO] [stdout] de9818ecabe0fa5fecae19782e184839b119365ce7eeb3da566ba5f47d7bf5ef
