[INFO] cloning repository https://github.com/initialencounter/flextrek
[INFO] running `Command { std: "git" "-c" "credential.helper=" "-c" "credential.helper=/workspace/cargo-home/bin/git-credential-null" "clone" "--bare" "https://github.com/initialencounter/flextrek" "/workspace/cache/git-repos/https%3A%2F%2Fgithub.com%2Finitialencounter%2Fflextrek", kill_on_drop: false }`
[INFO] [stderr] Cloning into bare repository '/workspace/cache/git-repos/https%3A%2F%2Fgithub.com%2Finitialencounter%2Fflextrek'...
[INFO] running `Command { std: "git" "rev-parse" "HEAD", kill_on_drop: false }`
[INFO] [stdout] 4619c419e506ceea8cef674ceb5cb1378b3f90f1
[INFO] testing initialencounter/flextrek against nightly-2025-01-18 for randomize-layout-2
[INFO] running `Command { std: "git" "clone" "/workspace/cache/git-repos/https%3A%2F%2Fgithub.com%2Finitialencounter%2Fflextrek" "/workspace/builds/worker-7-tc1/source", kill_on_drop: false }`
[INFO] [stderr] Cloning into '/workspace/builds/worker-7-tc1/source'...
[INFO] [stderr] done.
[INFO] validating manifest of git repo https://github.com/initialencounter/flextrek on toolchain nightly-2025-01-18
[INFO] running `Command { std: CARGO_HOME="/workspace/cargo-home" RUSTUP_HOME="/workspace/rustup-home" "/workspace/cargo-home/bin/cargo" "+nightly-2025-01-18" "metadata" "--manifest-path" "Cargo.toml" "--no-deps", kill_on_drop: false }`
[INFO] started tweaking git repo https://github.com/initialencounter/flextrek
[INFO] removed 0 missing examples
[INFO] finished tweaking git repo https://github.com/initialencounter/flextrek
[INFO] tweaked toml for git repo https://github.com/initialencounter/flextrek written to /workspace/builds/worker-7-tc1/source/Cargo.toml
[INFO] crate git repo https://github.com/initialencounter/flextrek already has a lockfile, it will not be regenerated
[INFO] running `Command { std: CARGO_HOME="/workspace/cargo-home" RUSTUP_HOME="/workspace/rustup-home" "/workspace/cargo-home/bin/cargo" "+nightly-2025-01-18" "fetch" "--manifest-path" "Cargo.toml", kill_on_drop: false }`
[INFO] running `Command { std: "docker" "create" "-v" "/var/lib/crater-agent-workspace/builds/worker-7-tc1/target:/opt/rustwide/target:rw,Z" "-v" "/var/lib/crater-agent-workspace/builds/worker-7-tc1/source:/opt/rustwide/workdir:ro,Z" "-v" "/var/lib/crater-agent-workspace/cargo-home:/opt/rustwide/cargo-home:ro,Z" "-v" "/var/lib/crater-agent-workspace/rustup-home:/opt/rustwide/rustup-home:ro,Z" "-e" "SOURCE_DIR=/opt/rustwide/workdir" "-e" "CARGO_TARGET_DIR=/opt/rustwide/target" "-e" "CARGO_HOME=/opt/rustwide/cargo-home" "-e" "RUSTUP_HOME=/opt/rustwide/rustup-home" "-w" "/opt/rustwide/workdir" "-m" "1610612736" "--user" "0:0" "--network" "none" "ghcr.io/rust-lang/crates-build-env/linux@sha256:819108c5571ea2e421544af4d832f968d213c87fbe3707a016657f43d2f853bc" "/opt/rustwide/cargo-home/bin/cargo" "+nightly-2025-01-18" "metadata" "--no-deps" "--format-version=1", kill_on_drop: false }`
[INFO] [stdout] 637faaf60c96f5e188f292d18f933da1be26f787c5ff148cb5c5cba970f980ab
[INFO] running `Command { std: "docker" "start" "-a" "637faaf60c96f5e188f292d18f933da1be26f787c5ff148cb5c5cba970f980ab", kill_on_drop: false }`
[INFO] running `Command { std: "docker" "inspect" "637faaf60c96f5e188f292d18f933da1be26f787c5ff148cb5c5cba970f980ab", kill_on_drop: false }`
[INFO] running `Command { std: "docker" "rm" "-f" "637faaf60c96f5e188f292d18f933da1be26f787c5ff148cb5c5cba970f980ab", kill_on_drop: false }`
[INFO] [stdout] 637faaf60c96f5e188f292d18f933da1be26f787c5ff148cb5c5cba970f980ab
[INFO] running `Command { std: "docker" "create" "-v" "/var/lib/crater-agent-workspace/builds/worker-7-tc1/target:/opt/rustwide/target:rw,Z" "-v" "/var/lib/crater-agent-workspace/builds/worker-7-tc1/source:/opt/rustwide/workdir:ro,Z" "-v" "/var/lib/crater-agent-workspace/cargo-home:/opt/rustwide/cargo-home:ro,Z" "-v" "/var/lib/crater-agent-workspace/rustup-home:/opt/rustwide/rustup-home:ro,Z" "-e" "SOURCE_DIR=/opt/rustwide/workdir" "-e" "CARGO_TARGET_DIR=/opt/rustwide/target" "-e" "CARGO_INCREMENTAL=0" "-e" "RUST_BACKTRACE=full" "-e" "RUSTFLAGS=--cap-lints=forbid" "-e" "RUSTDOCFLAGS=--cap-lints=forbid" "-e" "CARGO_HOME=/opt/rustwide/cargo-home" "-e" "RUSTUP_HOME=/opt/rustwide/rustup-home" "-w" "/opt/rustwide/workdir" "-m" "1610612736" "--user" "0:0" "--network" "none" "ghcr.io/rust-lang/crates-build-env/linux@sha256:819108c5571ea2e421544af4d832f968d213c87fbe3707a016657f43d2f853bc" "/opt/rustwide/cargo-home/bin/cargo" "+nightly-2025-01-18" "build" "--frozen" "--message-format=json", kill_on_drop: false }`
[INFO] [stdout] 9fef60e7c956faf15c42eb3fbaa9608eb37c8830ec7b108ebb2d1e0eb3194870
[INFO] running `Command { std: "docker" "start" "-a" "9fef60e7c956faf15c42eb3fbaa9608eb37c8830ec7b108ebb2d1e0eb3194870", kill_on_drop: false }`
[INFO] [stderr]    Compiling proc-macro2 v1.0.89
[INFO] [stderr]    Compiling unicode-ident v1.0.13
[INFO] [stderr]    Compiling windows_x86_64_gnu v0.52.6
[INFO] [stderr]    Compiling autocfg v1.4.0
[INFO] [stderr]    Compiling futures-sink v0.3.31
[INFO] [stderr]    Compiling pin-project-lite v0.2.15
[INFO] [stderr]    Compiling futures-core v0.3.31
[INFO] [stderr]    Compiling futures-io v0.3.31
[INFO] [stderr]    Compiling pin-utils v0.1.0
[INFO] [stderr]    Compiling memchr v2.7.4
[INFO] [stderr]    Compiling futures-task v0.3.31
[INFO] [stderr]    Compiling urlencoding v2.1.3
[INFO] [stderr]    Compiling scopeguard v1.2.0
[INFO] [stderr]    Compiling tokio v1.41.1
[INFO] [stderr]    Compiling futures-channel v0.3.31
[INFO] [stderr]    Compiling windows-targets v0.52.6
[INFO] [stderr]    Compiling windows-result v0.2.0
[INFO] [stderr]    Compiling windows-strings v0.1.0
[INFO] [stderr]    Compiling slab v0.4.9
[INFO] [stderr]    Compiling quote v1.0.37
[INFO] [stderr]    Compiling syn v2.0.87
[INFO] [stderr]    Compiling futures-macro v0.3.31
[INFO] [stderr]    Compiling windows-interface v0.58.0
[INFO] [stderr]    Compiling windows-implement v0.58.0
[INFO] [stderr]    Compiling futures-util v0.3.31
[INFO] [stderr]    Compiling windows-core v0.58.0
[INFO] [stderr]    Compiling windows v0.58.0
[INFO] [stderr]    Compiling futures-executor v0.3.31
[INFO] [stderr]    Compiling futures v0.3.31
[INFO] [stderr]    Compiling flextrek v0.2.2 (/opt/rustwide/workdir)
[INFO] [stdout] error[E0433]: failed to resolve: could not find `Win32` in `windows`
[INFO] [stdout]  --> src/lib.rs:4:14
[INFO] [stdout]   |
[INFO] [stdout] 4 | use windows::Win32::UI::{
[INFO] [stdout]   |              ^^^^^ could not find `Win32` in `windows`
[INFO] [stdout] 
[INFO] [stdout] 
[INFO] [stdout] error[E0433]: failed to resolve: could not find `Win32` in `windows`
[INFO] [stdout]  --> src/get_explorer_location.rs:5:14
[INFO] [stdout]   |
[INFO] [stdout] 5 | use windows::Win32::{
[INFO] [stdout]   |              ^^^^^ could not find `Win32` in `windows`
[INFO] [stdout] 
[INFO] [stdout] 
[INFO] [stdout] error[E0433]: failed to resolve: could not find `Win32` in `windows`
[INFO] [stdout]   --> src/get_explorer_location.rs:14:14
[INFO] [stdout]    |
[INFO] [stdout] 14 | use windows::Win32::Foundation::{HWND, SHANDLE_PTR};
[INFO] [stdout]    |              ^^^^^ could not find `Win32` in `windows`
[INFO] [stdout] 
[INFO] [stdout] 
[INFO] [stdout] error[E0433]: failed to resolve: could not find `Win32` in `windows`
[INFO] [stdout]   --> src/get_explorer_location.rs:15:14
[INFO] [stdout]    |
[INFO] [stdout] 15 | use windows::Win32::System::Com::CoUninitialize;
[INFO] [stdout]    |              ^^^^^ could not find `Win32` in `windows`
[INFO] [stdout] 
[INFO] [stdout] 
[INFO] [stdout] error[E0432]: unresolved import `windows::core`
[INFO] [stdout]  --> src/get_explorer_location.rs:4:14
[INFO] [stdout]   |
[INFO] [stdout] 4 | use windows::core::{BSTR, Error, Interface, Result, VARIANT, w};
[INFO] [stdout]   |              ^^^^ could not find `core` in `windows`
[INFO] [stdout] 
[INFO] [stdout] 
[INFO] [stdout] error[E0433]: failed to resolve: could not find `Win32` in `windows`
[INFO] [stdout]  --> src/get_explorer_selected_file.rs:3:5
[INFO] [stdout]   |
[INFO] [stdout] 3 |     Win32::{
[INFO] [stdout]   |     ^^^^^ could not find `Win32` in `windows`
[INFO] [stdout] 
[INFO] [stdout] 
[INFO] [stdout] error[E0432]: unresolved import `windows::core`
[INFO] [stdout]  --> src/get_explorer_selected_file.rs:2:5
[INFO] [stdout]   |
[INFO] [stdout] 2 |     core::{Interface, VARIANT, w},
[INFO] [stdout]   |     ^^^^ could not find `core` in `windows`
[INFO] [stdout] 
[INFO] [stdout] 
[INFO] [stdout] error[E0433]: failed to resolve: could not find `core` in `windows`
[INFO] [stdout]   --> src/get_explorer_location.rs:22:44
[INFO] [stdout]    |
[INFO] [stdout] 22 |             return Err(Error::new(windows::core::HRESULT(0), "Failed to initialize COM"));
[INFO] [stdout]    |                                            ^^^^ could not find `core` in `windows`
[INFO] [stdout] 
[INFO] [stdout] 
[INFO] [stdout] error[E0433]: failed to resolve: could not find `core` in `windows`
[INFO] [stdout]   --> src/get_explorer_location.rs:34:34
[INFO] [stdout]    |
[INFO] [stdout] 34 |                         windows::core::HRESULT(0),
[INFO] [stdout]    |                                  ^^^^ could not find `core` in `windows`
[INFO] [stdout] 
[INFO] [stdout] 
[INFO] [stdout] error[E0433]: failed to resolve: could not find `core` in `windows`
[INFO] [stdout]   --> src/get_explorer_location.rs:47:48
[INFO] [stdout]    |
[INFO] [stdout] 47 |                 return Err(Error::new(windows::core::HRESULT(0), "Failed to get window count"));
[INFO] [stdout]    |                                                ^^^^ could not find `core` in `windows`
[INFO] [stdout] 
[INFO] [stdout] 
[INFO] [stdout] error[E0433]: failed to resolve: could not find `core` in `windows`
[INFO] [stdout]   --> src/get_explorer_location.rs:56:30
[INFO] [stdout]    |
[INFO] [stdout] 56 |                     windows::core::HRESULT(0),
[INFO] [stdout]    |                              ^^^^ could not find `core` in `windows`
[INFO] [stdout] 
[INFO] [stdout] 
[INFO] [stdout] error[E0433]: failed to resolve: could not find `core` in `windows`
[INFO] [stdout]   --> src/get_explorer_location.rs:99:22
[INFO] [stdout]    |
[INFO] [stdout] 99 |             windows::core::HRESULT(0),
[INFO] [stdout]    |                      ^^^^ could not find `core` in `windows`
[INFO] [stdout] 
[INFO] [stdout] 
[INFO] [stdout] Some errors have detailed explanations: E0432, E0433.
[INFO] [stdout] 
[INFO] [stdout] For more information about an error, try `rustc --explain E0432`.
[INFO] [stdout] 
[INFO] [stderr] error: could not compile `flextrek` (lib) due to 12 previous errors
[INFO] running `Command { std: "docker" "inspect" "9fef60e7c956faf15c42eb3fbaa9608eb37c8830ec7b108ebb2d1e0eb3194870", kill_on_drop: false }`
[INFO] running `Command { std: "docker" "rm" "-f" "9fef60e7c956faf15c42eb3fbaa9608eb37c8830ec7b108ebb2d1e0eb3194870", kill_on_drop: false }`
[INFO] [stdout] 9fef60e7c956faf15c42eb3fbaa9608eb37c8830ec7b108ebb2d1e0eb3194870
