[INFO] cloning repository https://github.com/iBrainiac/web3_scrapper
[INFO] running `Command { std: "git" "-c" "credential.helper=" "-c" "credential.helper=/workspace/cargo-home/bin/git-credential-null" "clone" "--bare" "https://github.com/iBrainiac/web3_scrapper" "/workspace/cache/git-repos/https%3A%2F%2Fgithub.com%2FiBrainiac%2Fweb3_scrapper", kill_on_drop: false }`
[INFO] [stderr] Cloning into bare repository '/workspace/cache/git-repos/https%3A%2F%2Fgithub.com%2FiBrainiac%2Fweb3_scrapper'...
[INFO] running `Command { std: "git" "rev-parse" "HEAD", kill_on_drop: false }`
[INFO] [stdout] 16f31bd7231592d1478c4394c094fb7224146350
[INFO] testing iBrainiac/web3_scrapper against nightly-2025-01-18+rustflags=-Zrandomize-layout for randomize-layout-2
[INFO] running `Command { std: "git" "clone" "/workspace/cache/git-repos/https%3A%2F%2Fgithub.com%2FiBrainiac%2Fweb3_scrapper" "/workspace/builds/worker-3-tc2/source", kill_on_drop: false }`
[INFO] [stderr] Cloning into '/workspace/builds/worker-3-tc2/source'...
[INFO] [stderr] done.
[INFO] [stderr] error: unable to write file target/debug/.fingerprint/equivalent-440348a54e92e334/lib-equivalent.json
[INFO] [stderr] fatal: cannot create directory at 'target/debug/.fingerprint/equivalent-505ecb91416b3ae4': No space left on device
[INFO] [stderr] warning: Clone succeeded, but checkout failed.
[INFO] [stderr] You can inspect what was checked out with 'git status'
[INFO] [stderr] and retry with 'git restore --source=HEAD :/'
[INFO] [stderr] 
[INFO] testing iBrainiac/web3_scrapper against nightly-2025-01-18+rustflags=-Zrandomize-layout for randomize-layout-2
[INFO] running `Command { std: "git" "clone" "/workspace/cache/git-repos/https%3A%2F%2Fgithub.com%2FiBrainiac%2Fweb3_scrapper" "/workspace/builds/worker-3-tc2/source", kill_on_drop: false }`
[INFO] [stderr] Cloning into '/workspace/builds/worker-3-tc2/source'...
[INFO] [stderr] done.
[INFO] [stderr] error: unable to write file target/debug/deps/h2-402f798cc4b456d8.h2.b667a5b693634089-cgu.00.rcgu.o
[INFO] [stderr] error: unable to write file target/debug/deps/h2-402f798cc4b456d8.h2.b667a5b693634089-cgu.01.rcgu.o
[INFO] [stderr] error: unable to write file target/debug/deps/h2-402f798cc4b456d8.h2.b667a5b693634089-cgu.02.rcgu.o
[INFO] [stderr] error: unable to write file target/debug/deps/h2-402f798cc4b456d8.h2.b667a5b693634089-cgu.03.rcgu.o
[INFO] [stderr] error: unable to write file target/debug/deps/h2-402f798cc4b456d8.h2.b667a5b693634089-cgu.04.rcgu.o
[INFO] [stderr] error: unable to write file target/debug/deps/h2-402f798cc4b456d8.h2.b667a5b693634089-cgu.05.rcgu.o
[INFO] [stderr] error: unable to write file target/debug/deps/h2-402f798cc4b456d8.h2.b667a5b693634089-cgu.06.rcgu.o
[INFO] [stderr] error: unable to write file target/debug/deps/h2-402f798cc4b456d8.h2.b667a5b693634089-cgu.07.rcgu.o
[INFO] [stderr] error: unable to write file target/debug/deps/h2-402f798cc4b456d8.h2.b667a5b693634089-cgu.08.rcgu.o
[INFO] [stderr] error: unable to write file target/debug/deps/h2-402f798cc4b456d8.h2.b667a5b693634089-cgu.09.rcgu.o
[INFO] [stderr] error: unable to write file target/debug/deps/h2-402f798cc4b456d8.h2.b667a5b693634089-cgu.10.rcgu.o
[INFO] [stderr] error: unable to write file target/debug/deps/h2-402f798cc4b456d8.h2.b667a5b693634089-cgu.11.rcgu.o
[INFO] [stderr] error: unable to write file target/debug/deps/h2-402f798cc4b456d8.h2.b667a5b693634089-cgu.12.rcgu.o
[INFO] [stderr] error: unable to write file target/debug/deps/h2-402f798cc4b456d8.h2.b667a5b693634089-cgu.13.rcgu.o
[INFO] [stderr] error: unable to write file target/debug/deps/h2-402f798cc4b456d8.h2.b667a5b693634089-cgu.14.rcgu.o
[INFO] [stderr] error: unable to write file target/debug/deps/h2-402f798cc4b456d8.h2.b667a5b693634089-cgu.15.rcgu.o
[INFO] [stderr] error: unable to write file target/debug/deps/hashbrown-b1bc9f9a137aef4c.d
[INFO] [stderr] error: unable to write file target/debug/deps/hashbrown-b1bc9f9a137aef4c.hashbrown.e5f42fc9f39434a0-cgu.0.rcgu.o
[INFO] [stderr] error: unable to write file target/debug/deps/hashbrown-fc9284c7a92d5b3f.d
[INFO] [stderr] error: unable to write file target/debug/deps/html5ever-6449ed1d7821c229.d
[INFO] [stderr] error: unable to create file target/debug/deps/html5ever-6449ed1d7821c229.html5ever.9db97a53aaf00b42-cgu.0.rcgu.o: No space left on device
[INFO] [stderr] error: unable to create file target/debug/deps/html5ever-6449ed1d7821c229.html5ever.9db97a53aaf00b42-cgu.1.rcgu.o: No space left on device
[INFO] [stderr] error: unable to create file target/debug/deps/html5ever-984e61b4ea449eeb.d: No space left on device
[INFO] [stderr] error: unable to write file target/debug/deps/http-847b4b41ab3db2c4.d
[INFO] [stderr] error: unable to create file target/debug/deps/http-ebdcb16ccb841725.d: No space left on device
[INFO] [stderr] error: unable to create file target/debug/deps/http-ebdcb16ccb841725.http.5075ef575e6c8850-cgu.0.rcgu.o: No space left on device
[INFO] [stderr] error: unable to write file target/debug/deps/http-ebdcb16ccb841725.http.5075ef575e6c8850-cgu.1.rcgu.o
[INFO] [stderr] error: unable to create file target/debug/deps/http-ebdcb16ccb841725.http.5075ef575e6c8850-cgu.2.rcgu.o: No space left on device
[INFO] [stderr] error: unable to create file target/debug/deps/http-ebdcb16ccb841725.http.5075ef575e6c8850-cgu.3.rcgu.o: No space left on device
[INFO] [stderr] error: unable to create file target/debug/deps/http-ebdcb16ccb841725.http.5075ef575e6c8850-cgu.4.rcgu.o: No space left on device
[INFO] [stderr] error: unable to create file target/debug/deps/http-ebdcb16ccb841725.http.5075ef575e6c8850-cgu.5.rcgu.o: No space left on device
[INFO] [stderr] error: unable to write file target/debug/deps/http-ebdcb16ccb841725.http.5075ef575e6c8850-cgu.6.rcgu.o
[INFO] [stderr] error: unable to create file target/debug/deps/http-ebdcb16ccb841725.http.5075ef575e6c8850-cgu.7.rcgu.o: No space left on device
[INFO] [stderr] error: unable to write file target/debug/deps/http-ebdcb16ccb841725.http.5075ef575e6c8850-cgu.8.rcgu.o
[INFO] [stderr] error: unable to write file target/debug/deps/http_body-61541f02cc4c342b.d
[INFO] [stderr] error: unable to create file target/debug/deps/http_body-6394a2c8f7a51450.d: No space left on device
[INFO] [stderr] error: unable to create file target/debug/deps/http_body-6394a2c8f7a51450.http_body.a7027148f76c6e9c-cgu.0.rcgu.o: No space left on device
[INFO] [stderr] error: unable to write file target/debug/deps/httparse-17b3ea40bc5a51a3.d
[INFO] [stderr] error: unable to create file target/debug/deps/httparse-edefe3bea978e5b1.d: No space left on device
[INFO] [stderr] error: unable to create file target/debug/deps/httparse-edefe3bea978e5b1.httparse.8a6b56789edb3a3e-cgu.0.rcgu.o: No space left on device
[INFO] [stderr] error: unable to create file target/debug/deps/httpdate-30eb520c2a88791c.d: No space left on device
[INFO] [stderr] error: unable to create file target/debug/deps/httpdate-30eb520c2a88791c.httpdate.c684e175fd75c0b6-cgu.0.rcgu.o: No space left on device
[INFO] [stderr] error: unable to create file target/debug/deps/httpdate-e4a8b263711b5cd6.d: No space left on device
[INFO] [stderr] error: unable to create file target/debug/deps/hyper-ce1516e5aa7c0709.d: No space left on device
[INFO] [stderr] error: unable to create file target/debug/deps/hyper-d52107e50d345f0b.d: No space left on device
[INFO] [stderr] error: unable to create file target/debug/deps/hyper-d52107e50d345f0b.hyper.3eb64f03deea74e8-cgu.00.rcgu.o: No space left on device
[INFO] [stderr] error: unable to create file target/debug/deps/hyper-d52107e50d345f0b.hyper.3eb64f03deea74e8-cgu.01.rcgu.o: No space left on device
[INFO] [stderr] Updating files:  69% (1608/2308)
Updating files:  70% (1616/2308)
Updating files:  71% (1639/2308)
Updating files:  72% (1662/2308)
Updating files:  73% (1685/2308)
Updating files:  74% (1708/2308)
Updating files:  75% (1731/2308)
Updating files:  76% (1755/2308)
Updating files:  77% (1778/2308)
Updating files:  77% (1800/2308)
Updating files:  78% (1801/2308)
Updating files:  79% (1824/2308)
error: unable to write file target/debug/deps/libsyn-392cacf22c63ee21.rlib
[INFO] [stderr] error: unable to write file target/debug/deps/libsyn-392cacf22c63ee21.rmeta
[INFO] [stderr] error: unable to write file target/debug/deps/libsyn-46f897dcd6a65c1d.rlib
[INFO] [stderr] error: unable to write file target/debug/deps/libsyn-46f897dcd6a65c1d.rmeta
[INFO] [stderr] error: unable to write file target/debug/deps/libsync_wrapper-3b540cc7746ad322.rmeta
[INFO] [stderr] error: unable to write file target/debug/deps/libsync_wrapper-9e17940598b24ab8.rlib
[INFO] [stderr] Updating files:  80% (1847/2308)
error: unable to write file target/debug/deps/libsync_wrapper-9e17940598b24ab8.rmeta
[INFO] [stderr] error: unable to write file target/debug/deps/libsystem_configuration-76d202afdbbc1630.rmeta
[INFO] [stderr] error: unable to write file target/debug/deps/libsystem_configuration-cfe1d010217c0190.rlib
[INFO] [stderr] error: unable to write file target/debug/deps/libsystem_configuration-cfe1d010217c0190.rmeta
[INFO] [stderr] error: unable to write file target/debug/deps/libsystem_configuration_sys-2c1b1e09a1ca8109.rlib
[INFO] [stderr] error: unable to write file target/debug/deps/libsystem_configuration_sys-2c1b1e09a1ca8109.rmeta
[INFO] [stderr] error: unable to write file target/debug/deps/libsystem_configuration_sys-f7995f841eabe1d1.rmeta
[INFO] [stderr] error: unable to write file target/debug/deps/libtempfile-4f66e4bf7f0b0402.rlib
[INFO] [stderr] error: unable to write file target/debug/deps/libtempfile-4f66e4bf7f0b0402.rmeta
[INFO] [stderr] error: unable to write file target/debug/deps/libtempfile-99da6bf2324f4f76.rmeta
[INFO] [stderr] Updating files:  81% (1870/2308)
Updating files:  82% (1893/2308)
Updating files:  83% (1916/2308)
Updating files:  84% (1939/2308)
Updating files:  85% (1962/2308)
Updating files:  86% (1985/2308)
Updating files:  87% (2008/2308)
Updating files:  88% (2032/2308)
Updating files:  89% (2055/2308)
Updating files:  90% (2078/2308)
Updating files:  91% (2101/2308)
Updating files:  92% (2124/2308)
Updating files:  93% (2147/2308)
error: unable to write file target/debug/deps/tokio-7b4ae29fdc181495.tokio.f6b4fa542e5b6c38-cgu.01.rcgu.o
[INFO] [stderr] error: unable to write file target/debug/deps/tokio-7b4ae29fdc181495.tokio.f6b4fa542e5b6c38-cgu.02.rcgu.o
[INFO] [stderr] error: unable to write file target/debug/deps/tokio-7b4ae29fdc181495.tokio.f6b4fa542e5b6c38-cgu.03.rcgu.o
[INFO] [stderr] error: unable to create file target/debug/deps/tokio-7b4ae29fdc181495.tokio.f6b4fa542e5b6c38-cgu.04.rcgu.o: No space left on device
[INFO] [stderr] error: unable to write file target/debug/deps/tokio-7b4ae29fdc181495.tokio.f6b4fa542e5b6c38-cgu.05.rcgu.o
[INFO] [stderr] error: unable to write file target/debug/deps/tokio-7b4ae29fdc181495.tokio.f6b4fa542e5b6c38-cgu.06.rcgu.o
[INFO] [stderr] error: unable to write file target/debug/deps/tokio-7b4ae29fdc181495.tokio.f6b4fa542e5b6c38-cgu.07.rcgu.o
[INFO] [stderr] error: unable to write file target/debug/deps/tokio-7b4ae29fdc181495.tokio.f6b4fa542e5b6c38-cgu.08.rcgu.o
[INFO] [stderr] Updating files:  94% (2170/2308)
error: unable to write file target/debug/deps/tokio-7b4ae29fdc181495.tokio.f6b4fa542e5b6c38-cgu.09.rcgu.o
[INFO] [stderr] error: unable to write file target/debug/deps/tokio-7b4ae29fdc181495.tokio.f6b4fa542e5b6c38-cgu.10.rcgu.o
[INFO] [stderr] error: unable to write file target/debug/deps/tokio-7b4ae29fdc181495.tokio.f6b4fa542e5b6c38-cgu.11.rcgu.o
[INFO] [stderr] error: unable to write file target/debug/deps/tokio-7b4ae29fdc181495.tokio.f6b4fa542e5b6c38-cgu.12.rcgu.o
[INFO] [stderr] error: unable to write file target/debug/deps/tokio-7b4ae29fdc181495.tokio.f6b4fa542e5b6c38-cgu.13.rcgu.o
[INFO] [stderr] error: unable to write file target/debug/deps/tokio-7b4ae29fdc181495.tokio.f6b4fa542e5b6c38-cgu.14.rcgu.o
[INFO] [stderr] error: unable to create file target/debug/deps/tokio-7b4ae29fdc181495.tokio.f6b4fa542e5b6c38-cgu.15.rcgu.o: No space left on device
[INFO] [stderr] error: unable to write file target/debug/deps/tokio_native_tls-4ddb21e16f804854.d
[INFO] [stderr] error: unable to write file target/debug/deps/tokio_native_tls-54904b714a725909.d
[INFO] [stderr] error: unable to write file target/debug/deps/tokio_native_tls-54904b714a725909.tokio_native_tls.82f6970b89dec8ca-cgu.0.rcgu.o
[INFO] [stderr] error: unable to write file target/debug/deps/tokio_util-2ff92d51badd625c.d
[INFO] [stderr] error: unable to write file target/debug/deps/tokio_util-442034055d649210.d
[INFO] [stderr] error: unable to write file target/debug/deps/tokio_util-442034055d649210.tokio_util.e0273881b8760d78-cgu.0.rcgu.o
[INFO] [stderr] error: unable to write file target/debug/deps/tokio_util-442034055d649210.tokio_util.e0273881b8760d78-cgu.1.rcgu.o
[INFO] [stderr] error: unable to write file target/debug/deps/tower_service-753484a86daaf314.d
[INFO] [stderr] error: unable to write file target/debug/deps/tower_service-753484a86daaf314.tower_service.7df518074e56351a-cgu.0.rcgu.o
[INFO] [stderr] error: unable to write file target/debug/deps/tower_service-ec9731ceb090ceb4.d
[INFO] [stderr] error: unable to write file target/debug/deps/tracing-505bd5e42be3a5d1.d
[INFO] [stderr] error: unable to create file target/debug/deps/tracing-505bd5e42be3a5d1.tracing.acdf5d2ba643e8d8-cgu.0.rcgu.o: No space left on device
[INFO] [stderr] error: unable to create file target/debug/deps/tracing-b0fc2f57b07f1817.d: No space left on device
[INFO] [stderr] error: unable to write file target/debug/deps/tracing_core-f3b03b08e2043bc1.d
[INFO] [stderr] error: unable to write file target/debug/deps/tracing_core-f3b03b08e2043bc1.tracing_core.98542adfecab836f-cgu.0.rcgu.o
[INFO] [stderr] error: unable to create file target/debug/deps/tracing_core-f3b03b08e2043bc1.tracing_core.98542adfecab836f-cgu.1.rcgu.o: No space left on device
[INFO] [stderr] Updating files:  95% (2193/2308)
error: unable to write file target/debug/deps/tracing_core-f3b03b08e2043bc1.tracing_core.98542adfecab836f-cgu.2.rcgu.o
[INFO] [stderr] error: unable to create file target/debug/deps/tracing_core-f3b03b08e2043bc1.tracing_core.98542adfecab836f-cgu.3.rcgu.o: No space left on device
[INFO] [stderr] error: unable to write file target/debug/deps/tracing_core-fc6b3c2358d8ced0.d
[INFO] [stderr] error: unable to write file target/debug/deps/try_lock-37f836cab9bfb96a.d
[INFO] [stderr] error: unable to write file target/debug/deps/try_lock-b16b4196609ab272.d
[INFO] [stderr] error: unable to write file target/debug/deps/try_lock-b16b4196609ab272.try_lock.730d1750235ce0fc-cgu.0.rcgu.o
[INFO] [stderr] error: unable to write file target/debug/deps/unicode_bidi-306b2d5ef2824923.d
[INFO] [stderr] error: unable to write file target/debug/deps/unicode_bidi-dfbdb7eea5fff4fd.d
[INFO] [stderr] error: unable to write file target/debug/deps/unicode_bidi-dfbdb7eea5fff4fd.unicode_bidi.e4a1cddc4bf40e23-cgu.0.rcgu.o
[INFO] [stderr] error: unable to write file target/debug/deps/unicode_bidi-dfbdb7eea5fff4fd.unicode_bidi.e4a1cddc4bf40e23-cgu.1.rcgu.o
[INFO] [stderr] error: unable to write file target/debug/deps/unicode_bidi-dfbdb7eea5fff4fd.unicode_bidi.e4a1cddc4bf40e23-cgu.2.rcgu.o
[INFO] [stderr] error: unable to create file target/debug/deps/unicode_bidi-dfbdb7eea5fff4fd.unicode_bidi.e4a1cddc4bf40e23-cgu.3.rcgu.o: No space left on device
[INFO] [stderr] error: unable to write file target/debug/deps/unicode_bidi-dfbdb7eea5fff4fd.unicode_bidi.e4a1cddc4bf40e23-cgu.4.rcgu.o
[INFO] [stderr] error: unable to write file target/debug/deps/unicode_bidi-dfbdb7eea5fff4fd.unicode_bidi.e4a1cddc4bf40e23-cgu.5.rcgu.o
[INFO] [stderr] error: unable to write file target/debug/deps/unicode_bidi-dfbdb7eea5fff4fd.unicode_bidi.e4a1cddc4bf40e23-cgu.6.rcgu.o
[INFO] [stderr] error: unable to write file target/debug/deps/unicode_ident-8279a87e23f1e8a9.d
[INFO] [stderr] error: unable to write file target/debug/deps/unicode_normalization-367b2abe707b46ee.d
[INFO] [stderr] error: unable to write file target/debug/deps/unicode_normalization-367b2abe707b46ee.unicode_normalization.f38faf21d0f74651-cgu.0.rcgu.o
[INFO] [stderr] error: unable to write file target/debug/deps/unicode_normalization-bf10be40f87db178.d
[INFO] [stderr] error: unable to write file target/debug/deps/unicode_width-acf8a77b8a0e25e1.d
[INFO] [stderr] error: unable to write file target/debug/deps/unicode_width-acf8a77b8a0e25e1.unicode_width.527222bde1abd3c1-cgu.0.rcgu.o
[INFO] [stderr] error: unable to write file target/debug/deps/unicode_width-b6a1be9d402f46a2.d
[INFO] [stderr] error: unable to write file target/debug/deps/url-c2630013fc65ea31.d
[INFO] [stderr] Updating files:  96% (2216/2308)
error: unable to write file target/debug/deps/url-c2630013fc65ea31.url.d88b340b11272cda-cgu.0.rcgu.o
[INFO] [stderr] error: unable to write file target/debug/deps/url-c2630013fc65ea31.url.d88b340b11272cda-cgu.1.rcgu.o
[INFO] [stderr] error: unable to write file target/debug/deps/url-c2630013fc65ea31.url.d88b340b11272cda-cgu.2.rcgu.o
[INFO] [stderr] error: unable to write file target/debug/deps/url-c2630013fc65ea31.url.d88b340b11272cda-cgu.3.rcgu.o
[INFO] [stderr] error: unable to write file target/debug/deps/url-c2630013fc65ea31.url.d88b340b11272cda-cgu.4.rcgu.o
[INFO] [stderr] error: unable to write file target/debug/deps/url-c2630013fc65ea31.url.d88b340b11272cda-cgu.5.rcgu.o
[INFO] [stderr] error: unable to write file target/debug/deps/url-c2630013fc65ea31.url.d88b340b11272cda-cgu.6.rcgu.o
[INFO] [stderr] error: unable to write file target/debug/deps/url-c2630013fc65ea31.url.d88b340b11272cda-cgu.7.rcgu.o
[INFO] [stderr] error: unable to write file target/debug/deps/url-c2630013fc65ea31.url.d88b340b11272cda-cgu.8.rcgu.o
[INFO] [stderr] error: unable to write file target/debug/deps/url-cb18a96de9d087fd.d
[INFO] [stderr] error: unable to write file target/debug/deps/utf8-736e81f4c4f357de.d
[INFO] [stderr] error: unable to write file target/debug/deps/utf8-7cd24214bb61f8c9.d
[INFO] [stderr] error: unable to write file target/debug/deps/utf8-7cd24214bb61f8c9.utf8.462f71a9662a125b-cgu.0.rcgu.o
[INFO] [stderr] error: unable to write file target/debug/deps/want-dd66888f2e596321.d
[INFO] [stderr] error: unable to write file target/debug/deps/want-dd66888f2e596321.want.708e49166e38dc9-cgu.0.rcgu.o
[INFO] [stderr] error: unable to write file target/debug/deps/want-ef83cc5b11eb02f9.d
[INFO] [stderr] error: unable to write file target/debug/deps/web3_scrapper-101c6a8e53eb6429.d
[INFO] [stderr] error: unable to write file target/debug/deps/web3_scrapper-1490af91159b20f3.d
[INFO] [stderr] error: unable to write file target/debug/deps/web3_scrapper-498cca452c5ff26f.d
[INFO] [stderr] error: unable to create file target/debug/deps/web3_scrapper-96e8ac997d27d9f2: No space left on device
[INFO] [stderr] Updating files:  96% (2236/2308)
error: unable to write file target/debug/deps/web3_scrapper-96e8ac997d27d9f2.15qfxkmcrwa4856rqwyxft31p.rcgu.o
[INFO] [stderr] error: unable to write file target/debug/deps/web3_scrapper-96e8ac997d27d9f2.15rrh0gq8rkllcngix7cbk07z.rcgu.o
[INFO] [stderr] error: unable to write file target/debug/deps/web3_scrapper-96e8ac997d27d9f2.22rym5mkd9d2ud1ssysv65eua.rcgu.o
[INFO] [stderr] Updating files:  97% (2239/2308)
error: unable to write file target/debug/deps/web3_scrapper-96e8ac997d27d9f2.3wf8eo7y00my7ogpd73yybl4s.rcgu.o
[INFO] [stderr] error: unable to create file target/debug/deps/web3_scrapper-96e8ac997d27d9f2.3xveuepqt0wgsph3tjp7qls53.rcgu.o: No space left on device
[INFO] [stderr] error: unable to write file target/debug/deps/web3_scrapper-96e8ac997d27d9f2.49iw5zc46xh1lb2gymxnbglbx.rcgu.o
[INFO] [stderr] error: unable to write file target/debug/deps/web3_scrapper-96e8ac997d27d9f2.5pzi2mjvh3m35g2xfisx5ta39.rcgu.o
[INFO] [stderr] error: unable to write file target/debug/deps/web3_scrapper-96e8ac997d27d9f2.6cgiehfeaznpf680i41r88jox.rcgu.o
[INFO] [stderr] error: unable to write file target/debug/deps/web3_scrapper-96e8ac997d27d9f2.6j73e0i6cyg7ld3xiq7in5rxl.rcgu.o
[INFO] [stderr] error: unable to create file target/debug/deps/web3_scrapper-96e8ac997d27d9f2.6xi9vjs6hvuphr3ix3xcjt4hx.rcgu.o: No space left on device
[INFO] [stderr] error: unable to write file target/debug/deps/web3_scrapper-96e8ac997d27d9f2.73bt09m6a52i130o1ak4mn1hj.rcgu.o
[INFO] [stderr] error: unable to write file target/debug/deps/web3_scrapper-96e8ac997d27d9f2.7ukapl4nesqfk1xffbzubl4yr.rcgu.o
[INFO] [stderr] error: unable to write file target/debug/deps/web3_scrapper-96e8ac997d27d9f2.8bvnyjkprk641myef52wpp0qv.rcgu.o
[INFO] [stderr] error: unable to create file target/debug/deps/web3_scrapper-96e8ac997d27d9f2.a3mkjwpbzjj2abnufs9d3r1my.rcgu.o: No space left on device
[INFO] [stderr] error: unable to create file target/debug/deps/web3_scrapper-96e8ac997d27d9f2.ah6ovz84tcnewa53498wl2pbq.rcgu.o: No space left on device
[INFO] [stderr] error: unable to write file target/debug/deps/web3_scrapper-96e8ac997d27d9f2.bidy0yd4qo1banlqik2ejnttm.rcgu.o
[INFO] [stderr] error: unable to create file target/debug/deps/web3_scrapper-96e8ac997d27d9f2.c6mk9oc1x4vy1k54rialzrcxc.rcgu.o: No space left on device
[INFO] [stderr] error: unable to write file target/debug/deps/web3_scrapper-96e8ac997d27d9f2.d
[INFO] [stderr] error: unable to write file target/debug/deps/web3_scrapper-96e8ac997d27d9f2.d1rnruc34mqkh8wvaxbhx3lbj.rcgu.o
[INFO] [stderr] error: unable to write file target/debug/deps/web3_scrapper-96e8ac997d27d9f2.d4wmwg21jxxfd2rq6uadw8jnw.rcgu.o
[INFO] [stderr] error: unable to write file target/debug/deps/web3_scrapper-96e8ac997d27d9f2.d89e7i194ok00lms7h0ns7j6o.rcgu.o
[INFO] [stderr] error: unable to write file target/debug/deps/web3_scrapper-96e8ac997d27d9f2.dt770b5luqsgymx9jhoi87gqa.rcgu.o
[INFO] [stderr] error: unable to create file target/debug/deps/web3_scrapper-96e8ac997d27d9f2.enia9kpa6ecbkuetlsc39t18w.rcgu.o: No space left on device
[INFO] [stderr] error: unable to write file target/debug/deps/web3_scrapper-96e8ac997d27d9f2.f3dqtpujajzttqsfi4dlyi3ij.rcgu.o
[INFO] [stderr] error: unable to write file target/debug/deps/web3_scrapper-c3171aa908504edf.d
[INFO] [stderr] error: unable to write file target/debug/deps/zerocopy-bf7367cd51d74bb0.d
[INFO] [stderr] Updating files:  98% (2262/2308)
error: unable to write file target/debug/deps/zerocopy_derive-b697babc2e40411f.d
[INFO] [stderr] fatal: cannot create directory at 'target/debug/incremental': No space left on device
[INFO] [stderr] warning: Clone succeeded, but checkout failed.
[INFO] [stderr] You can inspect what was checked out with 'git status'
[INFO] [stderr] and retry with 'git restore --source=HEAD :/'
[INFO] [stderr] 
[INFO] testing iBrainiac/web3_scrapper against nightly-2025-01-18+rustflags=-Zrandomize-layout for randomize-layout-2
[INFO] running `Command { std: "git" "clone" "/workspace/cache/git-repos/https%3A%2F%2Fgithub.com%2FiBrainiac%2Fweb3_scrapper" "/workspace/builds/worker-3-tc2/source", kill_on_drop: false }`
[INFO] [stderr] Cloning into '/workspace/builds/worker-3-tc2/source'...
[INFO] [stderr] done.
[INFO] [stderr] Updating files:  71% (1656/2308)
Updating files:  72% (1662/2308)
Updating files:  73% (1685/2308)
Updating files:  74% (1708/2308)
Updating files:  75% (1731/2308)
Updating files:  76% (1755/2308)
Updating files:  77% (1778/2308)
Updating files:  78% (1801/2308)
Updating files:  79% (1824/2308)
Updating files:  80% (1847/2308)
Updating files:  81% (1870/2308)
Updating files:  81% (1872/2308)
Updating files:  82% (1893/2308)
Updating files:  83% (1916/2308)
Updating files:  84% (1939/2308)
Updating files:  85% (1962/2308)
Updating files:  86% (1985/2308)
Updating files:  87% (2008/2308)
Updating files:  88% (2032/2308)
Updating files:  89% (2055/2308)
Updating files:  90% (2078/2308)
Updating files:  91% (2101/2308)
Updating files:  92% (2124/2308)
Updating files:  93% (2147/2308)
Updating files:  94% (2170/2308)
Updating files:  95% (2193/2308)
Updating files:  96% (2216/2308)
Updating files:  97% (2239/2308)
Updating files:  98% (2262/2308)
Updating files:  99% (2285/2308)
Updating files: 100% (2308/2308)
Updating files: 100% (2308/2308), done.
[INFO] validating manifest of git repo https://github.com/iBrainiac/web3_scrapper on toolchain nightly-2025-01-18
[INFO] running `Command { std: CARGO_HOME="/workspace/cargo-home" RUSTUP_HOME="/workspace/rustup-home" "/workspace/cargo-home/bin/cargo" "+nightly-2025-01-18" "metadata" "--manifest-path" "Cargo.toml" "--no-deps", kill_on_drop: false }`
[INFO] started tweaking git repo https://github.com/iBrainiac/web3_scrapper
[INFO] finished tweaking git repo https://github.com/iBrainiac/web3_scrapper
[INFO] tweaked toml for git repo https://github.com/iBrainiac/web3_scrapper written to /workspace/builds/worker-3-tc2/source/Cargo.toml
[INFO] crate git repo https://github.com/iBrainiac/web3_scrapper already has a lockfile, it will not be regenerated
[INFO] running `Command { std: CARGO_HOME="/workspace/cargo-home" RUSTUP_HOME="/workspace/rustup-home" "/workspace/cargo-home/bin/cargo" "+nightly-2025-01-18" "fetch" "--manifest-path" "Cargo.toml", kill_on_drop: false }`
[INFO] [stderr]     Blocking waiting for file lock on package cache
[INFO] [stderr]     Blocking waiting for file lock on package cache
[INFO] running `Command { std: "docker" "create" "-v" "/var/lib/crater-agent-workspace/builds/worker-3-tc2/target:/opt/rustwide/target:rw,Z" "-v" "/var/lib/crater-agent-workspace/builds/worker-3-tc2/source:/opt/rustwide/workdir:ro,Z" "-v" "/var/lib/crater-agent-workspace/cargo-home:/opt/rustwide/cargo-home:ro,Z" "-v" "/var/lib/crater-agent-workspace/rustup-home:/opt/rustwide/rustup-home:ro,Z" "-e" "SOURCE_DIR=/opt/rustwide/workdir" "-e" "CARGO_TARGET_DIR=/opt/rustwide/target" "-e" "CARGO_HOME=/opt/rustwide/cargo-home" "-e" "RUSTUP_HOME=/opt/rustwide/rustup-home" "-w" "/opt/rustwide/workdir" "-m" "1610612736" "--user" "0:0" "--network" "none" "ghcr.io/rust-lang/crates-build-env/linux@sha256:819108c5571ea2e421544af4d832f968d213c87fbe3707a016657f43d2f853bc" "/opt/rustwide/cargo-home/bin/cargo" "+nightly-2025-01-18" "metadata" "--no-deps" "--format-version=1", kill_on_drop: false }`
[INFO] [stdout] ba721c4a80f7821f67d77881d32481c0471847c49c21f7f968eae04242b21fe6
[INFO] running `Command { std: "docker" "start" "-a" "ba721c4a80f7821f67d77881d32481c0471847c49c21f7f968eae04242b21fe6", kill_on_drop: false }`
[INFO] running `Command { std: "docker" "inspect" "ba721c4a80f7821f67d77881d32481c0471847c49c21f7f968eae04242b21fe6", kill_on_drop: false }`
[INFO] running `Command { std: "docker" "rm" "-f" "ba721c4a80f7821f67d77881d32481c0471847c49c21f7f968eae04242b21fe6", kill_on_drop: false }`
[INFO] [stdout] ba721c4a80f7821f67d77881d32481c0471847c49c21f7f968eae04242b21fe6
[INFO] running `Command { std: "docker" "create" "-v" "/var/lib/crater-agent-workspace/builds/worker-3-tc2/target:/opt/rustwide/target:rw,Z" "-v" "/var/lib/crater-agent-workspace/builds/worker-3-tc2/source:/opt/rustwide/workdir:ro,Z" "-v" "/var/lib/crater-agent-workspace/cargo-home:/opt/rustwide/cargo-home:ro,Z" "-v" "/var/lib/crater-agent-workspace/rustup-home:/opt/rustwide/rustup-home:ro,Z" "-e" "SOURCE_DIR=/opt/rustwide/workdir" "-e" "CARGO_TARGET_DIR=/opt/rustwide/target" "-e" "CARGO_INCREMENTAL=0" "-e" "RUST_BACKTRACE=full" "-e" "RUSTFLAGS=--cap-lints=forbid -Zrandomize-layout" "-e" "RUSTDOCFLAGS=--cap-lints=forbid" "-e" "CARGO_HOME=/opt/rustwide/cargo-home" "-e" "RUSTUP_HOME=/opt/rustwide/rustup-home" "-w" "/opt/rustwide/workdir" "-m" "1610612736" "--user" "0:0" "--network" "none" "ghcr.io/rust-lang/crates-build-env/linux@sha256:819108c5571ea2e421544af4d832f968d213c87fbe3707a016657f43d2f853bc" "/opt/rustwide/cargo-home/bin/cargo" "+nightly-2025-01-18" "build" "--frozen" "--message-format=json", kill_on_drop: false }`
[INFO] [stdout] 961da36ec7400f06871a3e3cbb994ac9903d846246513cd9cebb6779af1b90f8
[INFO] running `Command { std: "docker" "start" "-a" "961da36ec7400f06871a3e3cbb994ac9903d846246513cd9cebb6779af1b90f8", kill_on_drop: false }`
[INFO] [stderr]    Compiling proc-macro2 v1.0.86
[INFO] [stderr]    Compiling unicode-ident v1.0.12
[INFO] [stderr]    Compiling cfg-if v1.0.0
[INFO] [stderr]    Compiling libc v0.2.155
[INFO] [stderr]    Compiling byteorder v1.5.0
[INFO] [stderr]    Compiling getrandom v0.1.16
[INFO] [stderr]    Compiling siphasher v0.3.11
[INFO] [stderr]    Compiling autocfg v1.3.0
[INFO] [stderr]    Compiling syn v1.0.109
[INFO] [stderr]    Compiling once_cell v1.19.0
[INFO] [stderr]    Compiling vcpkg v0.2.15
[INFO] [stderr]    Compiling cc v1.1.10
[INFO] [stderr]    Compiling pkg-config v0.3.30
[INFO] [stderr]    Compiling pin-project-lite v0.2.14
[INFO] [stderr]    Compiling proc-macro-hack v0.5.20+deprecated
[INFO] [stderr]    Compiling bytes v1.7.1
[INFO] [stderr]    Compiling log v0.4.22
[INFO] [stderr]    Compiling smallvec v1.13.2
[INFO] [stderr]    Compiling serde v1.0.207
[INFO] [stderr]    Compiling parking_lot_core v0.9.10
[INFO] [stderr]    Compiling phf_shared v0.8.0
[INFO] [stderr]    Compiling phf_shared v0.10.0
[INFO] [stderr]    Compiling futures-core v0.3.30
[INFO] [stderr] rustc-LLVM ERROR: IO failure on output stream: No space left on device
[INFO] [stderr] error: could not compile `autocfg` (lib)
[INFO] [stderr] 
[INFO] [stderr] Caused by:
[INFO] [stderr]   process didn't exit successfully: `/opt/rustwide/rustup-home/toolchains/nightly-2025-01-18-x86_64-unknown-linux-gnu/bin/rustc --crate-name autocfg --edition=2015 /opt/rustwide/cargo-home/registry/src/index.crates.io-1949cf8c6b5b557f/autocfg-1.3.0/src/lib.rs --error-format=json --json=diagnostic-rendered-ansi,artifacts,future-incompat --crate-type lib --emit=dep-info,metadata,link -C embed-bitcode=no --check-cfg 'cfg(docsrs,test)' --check-cfg 'cfg(feature, values())' -C metadata=c29c777dcda56662 -C extra-filename=-fa68f579097b5883 --out-dir /opt/rustwide/target/debug/deps -L dependency=/opt/rustwide/target/debug/deps --cap-lints allow --cap-lints=forbid -Zrandomize-layout` (exit status: 101)
[INFO] [stderr] warning: build failed, waiting for other jobs to finish...
[INFO] [stdout] error: failed to write to `/opt/rustwide/target/debug/deps/rmetacvLTL9/lib.rmeta`: No space left on device (os error 28)
[INFO] [stdout] 
[INFO] [stdout] 
[INFO] [stdout] error: failed to write to `/opt/rustwide/target/debug/deps/rmetarq5Tmq/lib.rmeta`: No space left on device (os error 28)
[INFO] [stdout] 
[INFO] [stdout] 
[INFO] [stderr] error: could not compile `smallvec` (lib) due to 1 previous error
[INFO] [stderr] error: could not compile `phf_shared` (lib) due to 1 previous error
[INFO] [stderr] rustc-LLVM ERROR: IO failure on output stream: No space left on device
[INFO] [stdout] error: linking with `cc` failed: exit status: 1
[INFO] [stdout]   |
[INFO] [stdout]   = note: LC_ALL="C" PATH="/opt/rustwide/rustup-home/toolchains/nightly-2025-01-18-x86_64-unknown-linux-gnu/lib/rustlib/x86_64-unknown-linux-gnu/bin:/opt/rustwide/rustup-home/toolchains/nightly-2025-01-18-x86_64-unknown-linux-gnu/lib/rustlib/x86_64-unknown-linux-gnu/bin/self-contained:/opt/rustwide/cargo-home/bin:/usr/local/sbin:/usr/local/bin:/usr/sbin:/usr/bin:/sbin:/bin" VSLANG="1033" "cc" "-m64" "/tmp/rustcg4AG9e/symbols.o" "<2 object files omitted>" "-Wl,--as-needed" "-Wl,-Bstatic" "/opt/rustwide/rustup-home/toolchains/nightly-2025-01-18-x86_64-unknown-linux-gnu/lib/rustlib/x86_64-unknown-linux-gnu/lib/{libstd-006123e2ce67e99d.rlib,libpanic_unwind-e1447e1efa6f1e57.rlib,libobject-f6963a4916fcf097.rlib,libmemchr-49a2d9af912f4524.rlib,libaddr2line-04d19aad3936869d.rlib,libgimli-483c235edb789db0.rlib,librustc_demangle-294281af50b8f748.rlib,libstd_detect-3b08295250aabc2a.rlib,libhashbrown-4472d1e05ba0dfaf.rlib,librustc_std_workspace_alloc-2ef099fac590e457.rlib,libminiz_oxide-8a51f5e848546c29.rlib,libadler2-3d3fa22b868db521.rlib,libunwind-0ffda8b08e22dbea.rlib,libcfg_if-b08f62458fdd43b9.rlib,liblibc-559675126e63b890.rlib,liballoc-fcf21c8d1c9c7b75.rlib,librustc_std_workspace_core-e0b0460135bcf21d.rlib,libcore-d4097fdcbddd3bc7.rlib,libcompiler_builtins-fea484ac1eed7881.rlib}" "-Wl,-Bdynamic" "-lgcc_s" "-lutil" "-lrt" "-lpthread" "-lm" "-ldl" "-lc" "-B/opt/rustwide/rustup-home/toolchains/nightly-2025-01-18-x86_64-unknown-linux-gnu/lib/rustlib/x86_64-unknown-linux-gnu/bin/gcc-ld" "-fuse-ld=lld" "-Wl,--eh-frame-hdr" "-Wl,-z,noexecstack" "-L" "/opt/rustwide/rustup-home/toolchains/nightly-2025-01-18-x86_64-unknown-linux-gnu/lib/rustlib/x86_64-unknown-linux-gnu/lib" "-o" "/opt/rustwide/target/debug/build/serde-6eb0ba474647ac52/build_script_build-6eb0ba474647ac52" "-Wl,--gc-sections" "-pie" "-Wl,-z,relro,-z,now" "-nodefaultlibs"
[INFO] [stdout]   = note: some arguments are omitted. use `--verbose` to show all linker arguments
[INFO] [stdout]   = note: PLEASE submit a bug report to https://github.com/llvm/llvm-project/issues/ and include the crash backtrace.
[INFO] [stdout]           collect2: fatal error: ld terminated with signal 7 [Bus error], core dumped
[INFO] [stdout]           compilation terminated.
[INFO] [stdout]           
[INFO] [stdout] 
[INFO] [stdout] 
[INFO] [stderr] error: could not compile `pkg-config` (lib)
[INFO] [stderr] 
[INFO] [stderr] Caused by:
[INFO] [stderr]   No space left on device (os error 28)
[INFO] [stderr] 
[INFO] [stderr] Caused by:
[INFO] [stderr]   failed to parse process output: `/opt/rustwide/rustup-home/toolchains/nightly-2025-01-18-x86_64-unknown-linux-gnu/bin/rustc --crate-name pkg_config --edition=2015 /opt/rustwide/cargo-home/registry/src/index.crates.io-1949cf8c6b5b557f/pkg-config-0.3.30/src/lib.rs --error-format=json --json=diagnostic-rendered-ansi,artifacts,future-incompat --crate-type lib --emit=dep-info,metadata,link -C embed-bitcode=no --check-cfg 'cfg(docsrs,test)' --check-cfg 'cfg(feature, values())' -C metadata=5b0a1eeaa077791a -C extra-filename=-50c861b8dca60296 --out-dir /opt/rustwide/target/debug/deps -L dependency=/opt/rustwide/target/debug/deps --cap-lints allow --cap-lints=forbid -Zrandomize-layout` (exit status: 101)
[INFO] [stderr] error: could not compile `serde` (build script) due to 1 previous error
[INFO] [stdout] error: error writing dependencies to `/opt/rustwide/target/debug/deps/libc-7ff3e9f57a4103d4.d`: No space left on device (os error 28)
[INFO] [stdout] 
[INFO] [stdout] 
[INFO] [stdout] error: failed to write to `/opt/rustwide/target/debug/deps/rmetapDaPVX/lib.rmeta`: No space left on device (os error 28)
[INFO] [stdout] 
[INFO] [stdout] 
[INFO] [stderr] error: could not compile `bytes` (lib) due to 1 previous error
[INFO] [stderr] error: could not compile `libc` (lib) due to 1 previous error
[INFO] [stdout] error: linking with `cc` failed: exit status: 1
[INFO] [stdout]   |
[INFO] [stdout]   = note: LC_ALL="C" PATH="/opt/rustwide/rustup-home/toolchains/nightly-2025-01-18-x86_64-unknown-linux-gnu/lib/rustlib/x86_64-unknown-linux-gnu/bin:/opt/rustwide/rustup-home/toolchains/nightly-2025-01-18-x86_64-unknown-linux-gnu/lib/rustlib/x86_64-unknown-linux-gnu/bin/self-contained:/opt/rustwide/cargo-home/bin:/usr/local/sbin:/usr/local/bin:/usr/sbin:/usr/bin:/sbin:/bin" VSLANG="1033" "cc" "-m64" "/tmp/rustcm0J9f1/symbols.o" "<2 object files omitted>" "-Wl,--as-needed" "-Wl,-Bstatic" "/opt/rustwide/rustup-home/toolchains/nightly-2025-01-18-x86_64-unknown-linux-gnu/lib/rustlib/x86_64-unknown-linux-gnu/lib/{libstd-006123e2ce67e99d.rlib,libpanic_unwind-e1447e1efa6f1e57.rlib,libobject-f6963a4916fcf097.rlib,libmemchr-49a2d9af912f4524.rlib,libaddr2line-04d19aad3936869d.rlib,libgimli-483c235edb789db0.rlib,librustc_demangle-294281af50b8f748.rlib,libstd_detect-3b08295250aabc2a.rlib,libhashbrown-4472d1e05ba0dfaf.rlib,librustc_std_workspace_alloc-2ef099fac590e457.rlib,libminiz_oxide-8a51f5e848546c29.rlib,libadler2-3d3fa22b868db521.rlib,libunwind-0ffda8b08e22dbea.rlib,libcfg_if-b08f62458fdd43b9.rlib,liblibc-559675126e63b890.rlib,liballoc-fcf21c8d1c9c7b75.rlib,librustc_std_workspace_core-e0b0460135bcf21d.rlib,libcore-d4097fdcbddd3bc7.rlib,libcompiler_builtins-fea484ac1eed7881.rlib}" "-Wl,-Bdynamic" "-lgcc_s" "-lutil" "-lrt" "-lpthread" "-lm" "-ldl" "-lc" "-B/opt/rustwide/rustup-home/toolchains/nightly-2025-01-18-x86_64-unknown-linux-gnu/lib/rustlib/x86_64-unknown-linux-gnu/bin/gcc-ld" "-fuse-ld=lld" "-Wl,--eh-frame-hdr" "-Wl,-z,noexecstack" "-L" "/opt/rustwide/rustup-home/toolchains/nightly-2025-01-18-x86_64-unknown-linux-gnu/lib/rustlib/x86_64-unknown-linux-gnu/lib" "-o" "/opt/rustwide/target/debug/build/parking_lot_core-daf69321886d6b92/build_script_build-daf69321886d6b92" "-Wl,--gc-sections" "-pie" "-Wl,-z,relro,-z,now" "-nodefaultlibs"
[INFO] [stdout]   = note: some arguments are omitted. use `--verbose` to show all linker arguments
[INFO] [stdout]   = note: PLEASE submit a bug report to https://github.com/llvm/llvm-project/issues/ and include the crash backtrace.
[INFO] [stdout]           collect2: fatal error: ld terminated with signal 7 [Bus error], core dumped
[INFO] [stdout]           compilation terminated.
[INFO] [stdout]           
[INFO] [stdout] 
[INFO] [stdout] 
[INFO] [stderr] error: could not compile `parking_lot_core` (build script) due to 1 previous error
[INFO] [stderr] rustc-LLVM ERROR: IO failure on output stream: No space left on device
[INFO] [stderr] rustc-LLVM ERROR: IO failure on output stream: No space left on device
[INFO] [stdout] error: couldn't create a temp dir: No space left on device (os error 28) at path "/opt/rustwide/target/debug/deps/rmeta8cnx3D"
[INFO] [stdout] 
[INFO] [stdout] 
[INFO] [stderr] error: could not compile `libc` (lib) due to 1 previous error
[INFO] [stderr] error: could not compile `proc-macro2` (lib)
[INFO] [stderr] 
[INFO] [stderr] Caused by:
[INFO] [stderr]   process didn't exit successfully: `/opt/rustwide/rustup-home/toolchains/nightly-2025-01-18-x86_64-unknown-linux-gnu/bin/rustc --crate-name proc_macro2 --edition=2021 /opt/rustwide/cargo-home/registry/src/index.crates.io-1949cf8c6b5b557f/proc-macro2-1.0.86/src/lib.rs --error-format=json --json=diagnostic-rendered-ansi,artifacts,future-incompat --crate-type lib --emit=dep-info,metadata,link -C embed-bitcode=no --cfg 'feature="default"' --cfg 'feature="proc-macro"' --check-cfg 'cfg(docsrs,test)' --check-cfg 'cfg(feature, values("default", "nightly", "proc-macro", "span-locations"))' -C metadata=cf26a4e8fd63ffe6 -C extra-filename=-ec6f910961037d69 --out-dir /opt/rustwide/target/debug/deps -L dependency=/opt/rustwide/target/debug/deps --extern unicode_ident=/opt/rustwide/target/debug/deps/libunicode_ident-10088a16d77141c9.rmeta --cap-lints allow --cap-lints=forbid -Zrandomize-layout --cfg wrap_proc_macro --cfg proc_macro_span --check-cfg 'cfg(fuzzing)' --check-cfg 'cfg(no_is_available)' --check-cfg 'cfg(no_literal_byte_character)' --check-cfg 'cfg(no_literal_c_string)' --check-cfg 'cfg(no_source_text)' --check-cfg 'cfg(proc_macro_span)' --check-cfg 'cfg(procmacro2_backtrace)' --check-cfg 'cfg(procmacro2_nightly_testing)' --check-cfg 'cfg(procmacro2_semver_exempt)' --check-cfg 'cfg(randomize_layout)' --check-cfg 'cfg(span_locations)' --check-cfg 'cfg(super_unstable)' --check-cfg 'cfg(wrap_proc_macro)'` (exit status: 101)
[INFO] [stderr] error: could not compile `cc` (lib)
[INFO] [stderr] 
[INFO] [stderr] Caused by:
[INFO] [stderr]   No space left on device (os error 28)
[INFO] [stderr] 
[INFO] [stderr] Caused by:
[INFO] [stderr]   failed to parse process output: `/opt/rustwide/rustup-home/toolchains/nightly-2025-01-18-x86_64-unknown-linux-gnu/bin/rustc --crate-name cc --edition=2018 /opt/rustwide/cargo-home/registry/src/index.crates.io-1949cf8c6b5b557f/cc-1.1.10/src/lib.rs --error-format=json --json=diagnostic-rendered-ansi,artifacts,future-incompat --crate-type lib --emit=dep-info,metadata,link -C embed-bitcode=no --check-cfg 'cfg(docsrs,test)' --check-cfg 'cfg(feature, values("jobserver", "parallel"))' -C metadata=0555f2eb859e86d8 -C extra-filename=-a9b3547a55424377 --out-dir /opt/rustwide/target/debug/deps -L dependency=/opt/rustwide/target/debug/deps --cap-lints allow --cap-lints=forbid -Zrandomize-layout` (exit status: 101)
[INFO] [stdout] error: linking with `cc` failed: exit status: 1
[INFO] [stdout]   |
[INFO] [stdout]   = note: LC_ALL="C" PATH="/opt/rustwide/rustup-home/toolchains/nightly-2025-01-18-x86_64-unknown-linux-gnu/lib/rustlib/x86_64-unknown-linux-gnu/bin:/opt/rustwide/rustup-home/toolchains/nightly-2025-01-18-x86_64-unknown-linux-gnu/lib/rustlib/x86_64-unknown-linux-gnu/bin/self-contained:/opt/rustwide/cargo-home/bin:/usr/local/sbin:/usr/local/bin:/usr/sbin:/usr/bin:/sbin:/bin" VSLANG="1033" "cc" "-Wl,--version-script=/tmp/rustckKwZ77/list" "-Wl,--no-undefined-version" "-m64" "/tmp/rustckKwZ77/symbols.o" "<5 object files omitted>" "/opt/rustwide/target/debug/deps/proc_macro_hack-4fca360e05cfa34f.1lbdfcweekf9n2f90z1bv8940.rcgu.rmeta" "<1 object files omitted>" "-Wl,--as-needed" "-Wl,-Bstatic" "/opt/rustwide/rustup-home/toolchains/nightly-2025-01-18-x86_64-unknown-linux-gnu/lib/rustlib/x86_64-unknown-linux-gnu/lib/{libproc_macro-f70e4fb3d5b25f48.rlib,libstd-006123e2ce67e99d.rlib,libpanic_unwind-e1447e1efa6f1e57.rlib,libobject-f6963a4916fcf097.rlib,libmemchr-49a2d9af912f4524.rlib,libaddr2line-04d19aad3936869d.rlib,libgimli-483c235edb789db0.rlib,librustc_demangle-294281af50b8f748.rlib,libstd_detect-3b08295250aabc2a.rlib,libhashbrown-4472d1e05ba0dfaf.rlib,librustc_std_workspace_alloc-2ef099fac590e457.rlib,libminiz_oxide-8a51f5e848546c29.rlib,libadler2-3d3fa22b868db521.rlib,libunwind-0ffda8b08e22dbea.rlib,libcfg_if-b08f62458fdd43b9.rlib,liblibc-559675126e63b890.rlib,liballoc-fcf21c8d1c9c7b75.rlib,librustc_std_workspace_core-e0b0460135bcf21d.rlib,libcore-d4097fdcbddd3bc7.rlib,libcompiler_builtins-fea484ac1eed7881.rlib}" "-Wl,-Bdynamic" "-lgcc_s" "-lutil" "-lrt" "-lpthread" "-lm" "-ldl" "-lc" "-B/opt/rustwide/rustup-home/toolchains/nightly-2025-01-18-x86_64-unknown-linux-gnu/lib/rustlib/x86_64-unknown-linux-gnu/bin/gcc-ld" "-fuse-ld=lld" "-Wl,--eh-frame-hdr" "-Wl,-z,noexecstack" "-L" "/opt/rustwide/rustup-home/toolchains/nightly-2025-01-18-x86_64-unknown-linux-gnu/lib/rustlib/x86_64-unknown-linux-gnu/lib" "-o" "/opt/rustwide/target/debug/deps/libproc_macro_hack-4fca360e05cfa34f.so" "-Wl,--gc-sections" "-shared" "-Wl,-z,relro,-z,now" "-nodefaultlibs"
[INFO] [stdout]   = note: some arguments are omitted. use `--verbose` to show all linker arguments
[INFO] [stdout]   = note: collect2: fatal error: ld terminated with signal 7 [Bus error], core dumped
[INFO] [stdout]           compilation terminated.
[INFO] [stdout]           
[INFO] [stdout] 
[INFO] [stdout] 
[INFO] [stderr] error: could not compile `proc-macro-hack` (lib) due to 1 previous error
[INFO] running `Command { std: "docker" "inspect" "961da36ec7400f06871a3e3cbb994ac9903d846246513cd9cebb6779af1b90f8", kill_on_drop: false }`
[INFO] running `Command { std: "docker" "rm" "-f" "961da36ec7400f06871a3e3cbb994ac9903d846246513cd9cebb6779af1b90f8", kill_on_drop: false }`
[INFO] [stdout] 961da36ec7400f06871a3e3cbb994ac9903d846246513cd9cebb6779af1b90f8
