[INFO] cloning repository https://github.com/hermes1108/near-ft-smart-contract
[INFO] running `Command { std: "git" "-c" "credential.helper=" "-c" "credential.helper=/workspace/cargo-home/bin/git-credential-null" "clone" "--bare" "https://github.com/hermes1108/near-ft-smart-contract" "/workspace/cache/git-repos/https%3A%2F%2Fgithub.com%2Fhermes1108%2Fnear-ft-smart-contract", kill_on_drop: false }`
[INFO] [stderr] Cloning into bare repository '/workspace/cache/git-repos/https%3A%2F%2Fgithub.com%2Fhermes1108%2Fnear-ft-smart-contract'...
[INFO] running `Command { std: "git" "rev-parse" "HEAD", kill_on_drop: false }`
[INFO] [stdout] c5457e88c3b1c9127ce2c78c2fe58482c411b71e
[INFO] testing hermes1108/near-ft-smart-contract/c5457e88c3b1c9127ce2c78c2fe58482c411b71e against nightly-2025-01-18 for randomize-layout-2
[INFO] running `Command { std: "git" "clone" "/workspace/cache/git-repos/https%3A%2F%2Fgithub.com%2Fhermes1108%2Fnear-ft-smart-contract" "/workspace/builds/worker-5-tc1/source", kill_on_drop: false }`
[INFO] [stderr] Cloning into '/workspace/builds/worker-5-tc1/source'...
[INFO] [stderr] done.
[INFO] validating manifest of git repo https://github.com/hermes1108/near-ft-smart-contract on toolchain nightly-2025-01-18
[INFO] running `Command { std: CARGO_HOME="/workspace/cargo-home" RUSTUP_HOME="/workspace/rustup-home" "/workspace/cargo-home/bin/cargo" "+nightly-2025-01-18" "metadata" "--manifest-path" "Cargo.toml" "--no-deps", kill_on_drop: false }`
[INFO] removed /workspace/builds/worker-5-tc1/source/.cargo/config
[INFO] started tweaking git repo https://github.com/hermes1108/near-ft-smart-contract
[INFO] finished tweaking git repo https://github.com/hermes1108/near-ft-smart-contract
[INFO] tweaked toml for git repo https://github.com/hermes1108/near-ft-smart-contract written to /workspace/builds/worker-5-tc1/source/Cargo.toml
[INFO] crate git repo https://github.com/hermes1108/near-ft-smart-contract already has a lockfile, it will not be regenerated
[INFO] running `Command { std: CARGO_HOME="/workspace/cargo-home" RUSTUP_HOME="/workspace/rustup-home" "/workspace/cargo-home/bin/cargo" "+nightly-2025-01-18" "fetch" "--manifest-path" "Cargo.toml", kill_on_drop: false }`
[INFO] [stderr]     Updating crates.io index
[INFO] [stderr]  Downloading crates ...
[INFO] [stderr]   Downloaded borsh-derive v0.8.1
[INFO] [stderr]   Downloaded near-primitives v0.1.0-pre.1
[INFO] [stderr]   Downloaded borsh-derive-internal v0.8.1
[INFO] [stderr]   Downloaded near-sdk-sim v4.0.0-pre.7
[INFO] [stderr]   Downloaded wat v1.0.36
[INFO] [stderr]   Downloaded borsh-schema-derive-internal v0.8.1
[INFO] [stderr]   Downloaded slash-formatter v3.1.1
[INFO] [stderr]   Downloaded concat-with v0.2.5
[INFO] [stderr]   Downloaded lazy-static-include v3.0.5
[INFO] [stderr]   Downloaded wasmer-derive v1.0.2
[INFO] [stderr]   Downloaded wasmtime-environ v0.20.0
[INFO] [stderr]   Downloaded near-metrics v0.1.0
[INFO] [stderr]   Downloaded cranelift-entity v0.68.0
[INFO] [stderr]   Downloaded cranelift-bforest v0.68.0
[INFO] [stderr]   Downloaded wasmer-compiler-cranelift v1.0.2
[INFO] [stderr]   Downloaded darling_core v0.12.2
[INFO] [stderr]   Downloaded wast v35.0.0
[INFO] [stderr]   Downloaded wasmtime v0.20.0
[INFO] [stderr]   Downloaded near-vm-runner v4.0.0-pre.1
[INFO] [stderr]   Downloaded cranelift-codegen-meta v0.68.0
[INFO] [stderr]   Downloaded cranelift-codegen-meta v0.67.0
[INFO] [stderr]   Downloaded regalloc v0.0.30
[INFO] [stderr]   Downloaded wasmparser v0.65.0
[INFO] [stderr]   Downloaded wasmer-vm v1.0.2
[INFO] [stderr]   Downloaded near-runtime v4.0.0-pre.1
[INFO] [stderr]   Downloaded wasmer v1.0.2
[INFO] [stderr]   Downloaded wasmer-compiler-singlepass v1.0.2
[INFO] [stderr]   Downloaded cranelift-wasm v0.67.0
[INFO] [stderr]   Downloaded wasmtime-runtime v0.20.0
[INFO] [stderr]   Downloaded cranelift-frontend v0.68.0
[INFO] [stderr]   Downloaded wasmer-engine v1.0.2
[INFO] [stderr]   Downloaded wasmtime-debug v0.20.0
[INFO] [stderr]   Downloaded cranelift-entity v0.67.0
[INFO] [stderr]   Downloaded cranelift-frontend v0.67.0
[INFO] [stderr]   Downloaded wasmer-types v1.0.2
[INFO] [stderr]   Downloaded wasmtime-profiling v0.20.0
[INFO] [stderr]   Downloaded cranelift-bforest v0.67.0
[INFO] [stderr]   Downloaded near-pool v0.1.0-pre.1
[INFO] [stderr]   Downloaded cranelift-codegen v0.68.0
[INFO] [stderr]   Downloaded cranelift-codegen v0.67.0
[INFO] [stderr]   Downloaded c2-chacha v0.3.0
[INFO] [stderr]   Downloaded near-crypto v0.1.0
[INFO] [stderr]   Downloaded near-store v0.1.0-pre.1
[INFO] [stderr]   Downloaded once_cell v1.7.0
[INFO] [stderr]   Downloaded borsh v0.8.1
[INFO] [stderr]   Downloaded cranelift-codegen-shared v0.68.0
[INFO] [stderr]   Downloaded wasmer-engine-jit v1.0.2
[INFO] [stderr]   Downloaded wasmer-engine-native v1.0.2
[INFO] [stderr]   Downloaded darling_macro v0.12.2
[INFO] [stderr]   Downloaded darling v0.12.2
[INFO] [stderr]   Downloaded wasmer-compiler v1.0.2
[INFO] [stderr]   Downloaded wasmtime-cranelift v0.20.0
[INFO] [stderr]   Downloaded wasmtime-obj v0.20.0
[INFO] [stderr]   Downloaded wasmtime-jit v0.20.0
[INFO] [stderr]   Downloaded cranelift-codegen-shared v0.67.0
[INFO] [stderr]   Downloaded wasmer-object v1.0.2
[INFO] [stderr]   Downloaded primitive-types v0.10.0
[INFO] [stderr]   Downloaded cached_proc_macro v0.6.0
[INFO] [stderr]   Downloaded cranelift-native v0.67.0
[INFO] running `Command { std: "docker" "create" "-v" "/var/lib/crater-agent-workspace/builds/worker-5-tc1/target:/opt/rustwide/target:rw,Z" "-v" "/var/lib/crater-agent-workspace/builds/worker-5-tc1/source:/opt/rustwide/workdir:ro,Z" "-v" "/var/lib/crater-agent-workspace/cargo-home:/opt/rustwide/cargo-home:ro,Z" "-v" "/var/lib/crater-agent-workspace/rustup-home:/opt/rustwide/rustup-home:ro,Z" "-e" "SOURCE_DIR=/opt/rustwide/workdir" "-e" "CARGO_TARGET_DIR=/opt/rustwide/target" "-e" "CARGO_HOME=/opt/rustwide/cargo-home" "-e" "RUSTUP_HOME=/opt/rustwide/rustup-home" "-w" "/opt/rustwide/workdir" "-m" "1610612736" "--user" "0:0" "--network" "none" "ghcr.io/rust-lang/crates-build-env/linux@sha256:819108c5571ea2e421544af4d832f968d213c87fbe3707a016657f43d2f853bc" "/opt/rustwide/cargo-home/bin/cargo" "+nightly-2025-01-18" "metadata" "--no-deps" "--format-version=1", kill_on_drop: false }`
[INFO] [stdout] 8ef37d762fc7fde840582377e5e72f3c79d53d68bb17a57c3a517ef6ebb8d2e1
[INFO] running `Command { std: "docker" "start" "-a" "8ef37d762fc7fde840582377e5e72f3c79d53d68bb17a57c3a517ef6ebb8d2e1", kill_on_drop: false }`
[INFO] running `Command { std: "docker" "inspect" "8ef37d762fc7fde840582377e5e72f3c79d53d68bb17a57c3a517ef6ebb8d2e1", kill_on_drop: false }`
[INFO] running `Command { std: "docker" "rm" "-f" "8ef37d762fc7fde840582377e5e72f3c79d53d68bb17a57c3a517ef6ebb8d2e1", kill_on_drop: false }`
[INFO] [stdout] 8ef37d762fc7fde840582377e5e72f3c79d53d68bb17a57c3a517ef6ebb8d2e1
[INFO] running `Command { std: "docker" "create" "-v" "/var/lib/crater-agent-workspace/builds/worker-5-tc1/target:/opt/rustwide/target:rw,Z" "-v" "/var/lib/crater-agent-workspace/builds/worker-5-tc1/source:/opt/rustwide/workdir:ro,Z" "-v" "/var/lib/crater-agent-workspace/cargo-home:/opt/rustwide/cargo-home:ro,Z" "-v" "/var/lib/crater-agent-workspace/rustup-home:/opt/rustwide/rustup-home:ro,Z" "-e" "SOURCE_DIR=/opt/rustwide/workdir" "-e" "CARGO_TARGET_DIR=/opt/rustwide/target" "-e" "CARGO_INCREMENTAL=0" "-e" "RUST_BACKTRACE=full" "-e" "RUSTFLAGS=--cap-lints=forbid" "-e" "RUSTDOCFLAGS=--cap-lints=forbid" "-e" "CARGO_HOME=/opt/rustwide/cargo-home" "-e" "RUSTUP_HOME=/opt/rustwide/rustup-home" "-w" "/opt/rustwide/workdir" "-m" "1610612736" "--user" "0:0" "--network" "none" "ghcr.io/rust-lang/crates-build-env/linux@sha256:819108c5571ea2e421544af4d832f968d213c87fbe3707a016657f43d2f853bc" "/opt/rustwide/cargo-home/bin/cargo" "+nightly-2025-01-18" "build" "--frozen" "--message-format=json", kill_on_drop: false }`
[INFO] [stdout] ac0ccba0671c79de375b36fe11d9f855b9ac59d7c4f1c7c5ad278bf494cba340
[INFO] running `Command { std: "docker" "start" "-a" "ac0ccba0671c79de375b36fe11d9f855b9ac59d7c4f1c7c5ad278bf494cba340", kill_on_drop: false }`
[INFO] [stderr]     Finished `dev` profile [unoptimized + debuginfo] target(s) in 0.15s
[INFO] running `Command { std: "docker" "inspect" "ac0ccba0671c79de375b36fe11d9f855b9ac59d7c4f1c7c5ad278bf494cba340", kill_on_drop: false }`
[INFO] running `Command { std: "docker" "rm" "-f" "ac0ccba0671c79de375b36fe11d9f855b9ac59d7c4f1c7c5ad278bf494cba340", kill_on_drop: false }`
[INFO] [stdout] ac0ccba0671c79de375b36fe11d9f855b9ac59d7c4f1c7c5ad278bf494cba340
[INFO] running `Command { std: "docker" "create" "-v" "/var/lib/crater-agent-workspace/builds/worker-5-tc1/target:/opt/rustwide/target:rw,Z" "-v" "/var/lib/crater-agent-workspace/builds/worker-5-tc1/source:/opt/rustwide/workdir:ro,Z" "-v" "/var/lib/crater-agent-workspace/cargo-home:/opt/rustwide/cargo-home:ro,Z" "-v" "/var/lib/crater-agent-workspace/rustup-home:/opt/rustwide/rustup-home:ro,Z" "-e" "SOURCE_DIR=/opt/rustwide/workdir" "-e" "CARGO_TARGET_DIR=/opt/rustwide/target" "-e" "CARGO_INCREMENTAL=0" "-e" "RUST_BACKTRACE=full" "-e" "RUSTFLAGS=--cap-lints=forbid" "-e" "RUSTDOCFLAGS=--cap-lints=forbid" "-e" "CARGO_HOME=/opt/rustwide/cargo-home" "-e" "RUSTUP_HOME=/opt/rustwide/rustup-home" "-w" "/opt/rustwide/workdir" "-m" "1610612736" "--user" "0:0" "--network" "none" "ghcr.io/rust-lang/crates-build-env/linux@sha256:819108c5571ea2e421544af4d832f968d213c87fbe3707a016657f43d2f853bc" "/opt/rustwide/cargo-home/bin/cargo" "+nightly-2025-01-18" "test" "--frozen" "--no-run" "--message-format=json", kill_on_drop: false }`
[INFO] [stdout] f88d542fd597e2d686a870c0b7ac0e526557005b8806204ed9478d4c510968cd
[INFO] running `Command { std: "docker" "start" "-a" "f88d542fd597e2d686a870c0b7ac0e526557005b8806204ed9478d4c510968cd", kill_on_drop: false }`
[INFO] [stderr]    Compiling proc-macro2 v1.0.24
[INFO] [stderr]    Compiling unicode-xid v0.2.1
[INFO] [stderr]    Compiling syn v1.0.57
[INFO] [stderr]    Compiling libc v0.2.86
[INFO] [stderr]    Compiling serde_derive v1.0.118
[INFO] [stderr]    Compiling autocfg v1.0.1
[INFO] [stderr]    Compiling serde v1.0.118
[INFO] [stderr]    Compiling version_check v0.9.2
[INFO] [stderr]    Compiling ahash v0.4.7
[INFO] [stderr]    Compiling byteorder v1.3.4
[INFO] [stderr]    Compiling cfg-if v0.1.10
[INFO] [stderr]    Compiling smallvec v1.6.1
[INFO] [stderr]    Compiling typenum v1.12.0
[INFO] [stderr]    Compiling bitflags v1.2.1
[INFO] [stderr]    Compiling once_cell v1.7.0
[INFO] [stderr]    Compiling memchr v2.3.4
[INFO] [stderr]    Compiling log v0.4.14
[INFO] [stderr]    Compiling getrandom v0.2.2
[INFO] [stderr]    Compiling ppv-lite86 v0.2.10
[INFO] [stderr]    Compiling rustc-hash v1.1.0
[INFO] [stderr]    Compiling generic-array v0.14.4
[INFO] [stderr]    Compiling hashbrown v0.9.1
[INFO] [stderr]    Compiling indexmap v1.6.1
[INFO] [stderr]    Compiling target-lexicon v0.11.2
[INFO] [stderr]    Compiling ryu v1.0.5
[INFO] [stderr]    Compiling arrayvec v0.5.2
[INFO] [stderr]    Compiling hex v0.4.2
[INFO] [stderr]    Compiling serde_json v1.0.64
[INFO] [stderr]    Compiling thread_local v1.1.3
[INFO] [stderr]    Compiling subtle v2.4.0
[INFO] [stderr]    Compiling regex-syntax v0.6.22
[INFO] [stderr]    Compiling fnv v1.0.7
[INFO] [stderr]    Compiling itoa v0.4.7
[INFO] [stderr]    Compiling block-padding v0.2.1
[INFO] [stderr]    Compiling opaque-debug v0.3.0
[INFO] [stderr]    Compiling aho-corasick v0.7.15
[INFO] [stderr]    Compiling getrandom v0.1.16
[INFO] [stderr]    Compiling ident_case v1.0.1
[INFO] [stderr]    Compiling num-traits v0.2.14
[INFO] [stderr]    Compiling crunchy v0.2.2
[INFO] [stderr]    Compiling radium v0.6.2
[INFO] [stderr]    Compiling fallible-iterator v0.2.0
[INFO] [stderr]    Compiling stable_deref_trait v1.2.0
[INFO] [stderr]    Compiling num-integer v0.1.44
[INFO] [stderr]    Compiling more-asserts v0.2.1
[INFO] [stderr]    Compiling rustc-hex v2.1.0
[INFO] [stderr]    Compiling arrayref v0.3.6
[INFO] [stderr]    Compiling miniz_oxide v0.4.4
[INFO] [stderr]    Compiling static_assertions v1.1.0
[INFO] [stderr]    Compiling cpuid-bool v0.1.2
[INFO] [stderr]    Compiling funty v1.1.0
[INFO] [stderr]    Compiling wyz v0.2.0
[INFO] [stderr]    Compiling tap v1.0.1
[INFO] [stderr]    Compiling memoffset v0.6.1
[INFO] [stderr]    Compiling num-bigint v0.3.1
[INFO] [stderr]    Compiling cranelift-codegen-shared v0.67.0
[INFO] [stderr]    Compiling gimli v0.23.0
[INFO] [stderr]    Compiling byte-slice-cast v1.0.0
[INFO] [stderr]    Compiling quote v1.0.9
[INFO] [stderr]    Compiling jobserver v0.1.21
[INFO] [stderr]    Compiling bitvec v0.20.1
[INFO] [stderr]    Compiling cc v1.0.67
[INFO] [stderr]    Compiling digest v0.9.0
[INFO] [stderr]    Compiling rand_core v0.6.2
[INFO] [stderr]    Compiling block-buffer v0.9.0
[INFO] [stderr]    Compiling crypto-mac v0.8.0
[INFO] [stderr]    Compiling num-rational v0.3.2
[INFO] [stderr]    Compiling rand_core v0.5.1
[INFO] [stderr]    Compiling sha2 v0.9.3
[INFO] [stderr]    Compiling object v0.23.0
[INFO] [stderr]    Compiling rustc-demangle v0.1.18
[INFO] [stderr]    Compiling tinyvec_macros v0.1.0
[INFO] [stderr]    Compiling matches v0.1.8
[INFO] [stderr]    Compiling rand_chacha v0.3.0
[INFO] [stderr]    Compiling bs58 v0.4.0
[INFO] [stderr]    Compiling tinyvec v1.1.1
[INFO] [stderr]    Compiling regex v1.4.3
[INFO] [stderr]    Compiling rand_chacha v0.2.2
[INFO] [stderr]    Compiling rand v0.8.3
[INFO] [stderr]    Compiling rand v0.7.3
[INFO] [stderr]    Compiling uint v0.9.0
[INFO] [stderr]    Compiling parity-secp256k1 v0.7.0
[INFO] [stderr]    Compiling region v2.2.0
[INFO] [stderr]    Compiling fixed-hash v0.7.0
[INFO] [stderr]    Compiling semver-parser v0.7.0
[INFO] [stderr]    Compiling signature v1.3.0
[INFO] [stdout] error[E0308]: mismatched types
[INFO] [stdout]    --> /opt/rustwide/cargo-home/registry/src/index.crates.io-1949cf8c6b5b557f/num-bigint-0.3.1/src/biguint.rs:208:19
[INFO] [stdout]     |
[INFO] [stdout] 208 |         .div_ceil(&big_digit::BITS.into())
[INFO] [stdout]     |          -------- ^^^^^^^^^^^^^^^^^^^^^^^ expected `u64`, found `&_`
[INFO] [stdout]     |          |
[INFO] [stdout]     |          arguments to this method are incorrect
[INFO] [stdout]     |
[INFO] [stdout]     = note:   expected type `u64`
[INFO] [stdout]             found reference `&_`
[INFO] [stdout] note: method defined here
[INFO] [stdout]    --> /rustc/6067b36314ab5eb2eb47cecc464545ba58e1ad24/library/core/src/num/mod.rs:1121:5
[INFO] [stdout]     = note: this error originates in the macro `uint_impl` (in Nightly builds, run with -Z macro-backtrace for more info)
[INFO] [stdout] help: consider removing the borrow
[INFO] [stdout]     |
[INFO] [stdout] 208 -         .div_ceil(&big_digit::BITS.into())
[INFO] [stdout] 208 +         .div_ceil(big_digit::BITS.into())
[INFO] [stdout]     |
[INFO] [stdout] 
[INFO] [stdout] 
[INFO] [stderr]    Compiling strsim v0.10.0
[INFO] [stdout] error[E0308]: mismatched types
[INFO] [stdout]     --> /opt/rustwide/cargo-home/registry/src/index.crates.io-1949cf8c6b5b557f/num-bigint-0.3.1/src/biguint.rs:1712:54
[INFO] [stdout]      |
[INFO] [stdout] 1712 |                 let root_scale = extra_bits.div_ceil(&n64);
[INFO] [stdout]      |                                             -------- ^^^^ expected `u64`, found `&u64`
[INFO] [stdout]      |                                             |
[INFO] [stdout]      |                                             arguments to this method are incorrect
[INFO] [stdout]      |
[INFO] [stdout] note: method defined here
[INFO] [stdout]     --> /rustc/6067b36314ab5eb2eb47cecc464545ba58e1ad24/library/core/src/num/mod.rs:1121:5
[INFO] [stdout]      = note: this error originates in the macro `uint_impl` (in Nightly builds, run with -Z macro-backtrace for more info)
[INFO] [stdout] help: consider removing the borrow
[INFO] [stdout]      |
[INFO] [stdout] 1712 -                 let root_scale = extra_bits.div_ceil(&n64);
[INFO] [stdout] 1712 +                 let root_scale = extra_bits.div_ceil(n64);
[INFO] [stdout]      |
[INFO] [stdout] 
[INFO] [stdout] 
[INFO] [stdout] error[E0308]: mismatched types
[INFO] [stdout]     --> /opt/rustwide/cargo-home/registry/src/index.crates.io-1949cf8c6b5b557f/num-bigint-0.3.1/src/biguint.rs:2128:19
[INFO] [stdout]      |
[INFO] [stdout] 2128 |         .div_ceil(&u64::from(bits))
[INFO] [stdout]      |          -------- ^^^^^^^^^^^^^^^^ expected `u64`, found `&u64`
[INFO] [stdout]      |          |
[INFO] [stdout]      |          arguments to this method are incorrect
[INFO] [stdout]      |
[INFO] [stdout] note: method defined here
[INFO] [stdout]     --> /rustc/6067b36314ab5eb2eb47cecc464545ba58e1ad24/library/core/src/num/mod.rs:1121:5
[INFO] [stdout]      = note: this error originates in the macro `uint_impl` (in Nightly builds, run with -Z macro-backtrace for more info)
[INFO] [stdout] help: consider removing the borrow
[INFO] [stdout]      |
[INFO] [stdout] 2128 -         .div_ceil(&u64::from(bits))
[INFO] [stdout] 2128 +         .div_ceil(u64::from(bits))
[INFO] [stdout]      |
[INFO] [stdout] 
[INFO] [stdout] 
[INFO] [stderr]    Compiling unicode-bidi v0.3.4
[INFO] [stdout] error[E0308]: mismatched types
[INFO] [stdout]     --> /opt/rustwide/cargo-home/registry/src/index.crates.io-1949cf8c6b5b557f/num-bigint-0.3.1/src/biguint.rs:2156:19
[INFO] [stdout]      |
[INFO] [stdout] 2156 |         .div_ceil(&u64::from(bits))
[INFO] [stdout]      |          -------- ^^^^^^^^^^^^^^^^ expected `u64`, found `&u64`
[INFO] [stdout]      |          |
[INFO] [stdout]      |          arguments to this method are incorrect
[INFO] [stdout]      |
[INFO] [stdout] note: method defined here
[INFO] [stdout]     --> /rustc/6067b36314ab5eb2eb47cecc464545ba58e1ad24/library/core/src/num/mod.rs:1121:5
[INFO] [stdout]      = note: this error originates in the macro `uint_impl` (in Nightly builds, run with -Z macro-backtrace for more info)
[INFO] [stdout] help: consider removing the borrow
[INFO] [stdout]      |
[INFO] [stdout] 2156 -         .div_ceil(&u64::from(bits))
[INFO] [stdout] 2156 +         .div_ceil(u64::from(bits))
[INFO] [stdout]      |
[INFO] [stdout] 
[INFO] [stdout] 
[INFO] [stderr]    Compiling cipher v0.2.5
[INFO] [stderr]    Compiling ed25519 v1.0.3
[INFO] [stderr]    Compiling regalloc v0.0.30
[INFO] [stderr]    Compiling semver v0.9.0
[INFO] [stderr]    Compiling ahash v0.7.4
[INFO] [stdout] For more information about this error, try `rustc --explain E0308`.
[INFO] [stdout] 
[INFO] [stderr] error: could not compile `num-bigint` (lib) due to 4 previous errors
[INFO] [stderr] warning: build failed, waiting for other jobs to finish...
[INFO] running `Command { std: "docker" "inspect" "f88d542fd597e2d686a870c0b7ac0e526557005b8806204ed9478d4c510968cd", kill_on_drop: false }`
[INFO] running `Command { std: "docker" "rm" "-f" "f88d542fd597e2d686a870c0b7ac0e526557005b8806204ed9478d4c510968cd", kill_on_drop: false }`
[INFO] [stdout] f88d542fd597e2d686a870c0b7ac0e526557005b8806204ed9478d4c510968cd
