[INFO] cloning repository https://github.com/golgepapaz/aoc2025
[INFO] running `Command { std: "git" "-c" "credential.helper=" "-c" "credential.helper=/workspace/cargo-home/bin/git-credential-null" "clone" "--bare" "https://github.com/golgepapaz/aoc2025" "/workspace/cache/git-repos/https%3A%2F%2Fgithub.com%2Fgolgepapaz%2Faoc2025", kill_on_drop: false }`
[INFO] [stderr] Cloning into bare repository '/workspace/cache/git-repos/https%3A%2F%2Fgithub.com%2Fgolgepapaz%2Faoc2025'...
[INFO] running `Command { std: "git" "rev-parse" "HEAD", kill_on_drop: false }`
[INFO] [stdout] 0f91a4bfa2712ffe1704f45d2f3cf1f685c34992
[INFO] testing golgepapaz/aoc2025 against nightly-2025-01-18+rustflags=-Zrandomize-layout for randomize-layout-2
[INFO] running `Command { std: "git" "clone" "/workspace/cache/git-repos/https%3A%2F%2Fgithub.com%2Fgolgepapaz%2Faoc2025" "/workspace/builds/worker-1-tc2/source", kill_on_drop: false }`
[INFO] [stderr] Cloning into '/workspace/builds/worker-1-tc2/source'...
[INFO] [stderr] done.
[INFO] validating manifest of git repo https://github.com/golgepapaz/aoc2025 on toolchain nightly-2025-01-18
[INFO] running `Command { std: CARGO_HOME="/workspace/cargo-home" RUSTUP_HOME="/workspace/rustup-home" "/workspace/cargo-home/bin/cargo" "+nightly-2025-01-18" "metadata" "--manifest-path" "Cargo.toml" "--no-deps", kill_on_drop: false }`
[INFO] started tweaking git repo https://github.com/golgepapaz/aoc2025
[INFO] finished tweaking git repo https://github.com/golgepapaz/aoc2025
[INFO] tweaked toml for git repo https://github.com/golgepapaz/aoc2025 written to /workspace/builds/worker-1-tc2/source/Cargo.toml
[INFO] crate git repo https://github.com/golgepapaz/aoc2025 already has a lockfile, it will not be regenerated
[INFO] running `Command { std: CARGO_HOME="/workspace/cargo-home" RUSTUP_HOME="/workspace/rustup-home" "/workspace/cargo-home/bin/cargo" "+nightly-2025-01-18" "fetch" "--manifest-path" "Cargo.toml", kill_on_drop: false }`
[INFO] [stderr]     Blocking waiting for file lock on package cache
[INFO] running `Command { std: "docker" "create" "-v" "/var/lib/crater-agent-workspace/builds/worker-1-tc2/target:/opt/rustwide/target:rw,Z" "-v" "/var/lib/crater-agent-workspace/builds/worker-1-tc2/source:/opt/rustwide/workdir:ro,Z" "-v" "/var/lib/crater-agent-workspace/cargo-home:/opt/rustwide/cargo-home:ro,Z" "-v" "/var/lib/crater-agent-workspace/rustup-home:/opt/rustwide/rustup-home:ro,Z" "-e" "SOURCE_DIR=/opt/rustwide/workdir" "-e" "CARGO_TARGET_DIR=/opt/rustwide/target" "-e" "CARGO_HOME=/opt/rustwide/cargo-home" "-e" "RUSTUP_HOME=/opt/rustwide/rustup-home" "-w" "/opt/rustwide/workdir" "-m" "1610612736" "--user" "0:0" "--network" "none" "ghcr.io/rust-lang/crates-build-env/linux@sha256:819108c5571ea2e421544af4d832f968d213c87fbe3707a016657f43d2f853bc" "/opt/rustwide/cargo-home/bin/cargo" "+nightly-2025-01-18" "metadata" "--no-deps" "--format-version=1", kill_on_drop: false }`
[INFO] [stdout] c4695d8ef781fa4d7ffb389a5e9b86ca947f6559075831f5eb5f654caafe2e51
[INFO] running `Command { std: "docker" "start" "-a" "c4695d8ef781fa4d7ffb389a5e9b86ca947f6559075831f5eb5f654caafe2e51", kill_on_drop: false }`
[INFO] running `Command { std: "docker" "inspect" "c4695d8ef781fa4d7ffb389a5e9b86ca947f6559075831f5eb5f654caafe2e51", kill_on_drop: false }`
[INFO] running `Command { std: "docker" "rm" "-f" "c4695d8ef781fa4d7ffb389a5e9b86ca947f6559075831f5eb5f654caafe2e51", kill_on_drop: false }`
[INFO] [stdout] c4695d8ef781fa4d7ffb389a5e9b86ca947f6559075831f5eb5f654caafe2e51
[INFO] running `Command { std: "docker" "create" "-v" "/var/lib/crater-agent-workspace/builds/worker-1-tc2/target:/opt/rustwide/target:rw,Z" "-v" "/var/lib/crater-agent-workspace/builds/worker-1-tc2/source:/opt/rustwide/workdir:ro,Z" "-v" "/var/lib/crater-agent-workspace/cargo-home:/opt/rustwide/cargo-home:ro,Z" "-v" "/var/lib/crater-agent-workspace/rustup-home:/opt/rustwide/rustup-home:ro,Z" "-e" "SOURCE_DIR=/opt/rustwide/workdir" "-e" "CARGO_TARGET_DIR=/opt/rustwide/target" "-e" "CARGO_INCREMENTAL=0" "-e" "RUST_BACKTRACE=full" "-e" "RUSTFLAGS=--cap-lints=forbid -Zrandomize-layout" "-e" "RUSTDOCFLAGS=--cap-lints=forbid" "-e" "CARGO_HOME=/opt/rustwide/cargo-home" "-e" "RUSTUP_HOME=/opt/rustwide/rustup-home" "-w" "/opt/rustwide/workdir" "-m" "1610612736" "--user" "0:0" "--network" "none" "ghcr.io/rust-lang/crates-build-env/linux@sha256:819108c5571ea2e421544af4d832f968d213c87fbe3707a016657f43d2f853bc" "/opt/rustwide/cargo-home/bin/cargo" "+nightly-2025-01-18" "build" "--frozen" "--message-format=json", kill_on_drop: false }`
[INFO] [stdout] fdab41ded01606453f8b0b9e6a08525e893a7fef218296778a97e7d0290da8c0
[INFO] running `Command { std: "docker" "start" "-a" "fdab41ded01606453f8b0b9e6a08525e893a7fef218296778a97e7d0290da8c0", kill_on_drop: false }`
[INFO] [stderr]    Compiling helpers v0.1.0 (/opt/rustwide/workdir/helpers)
[INFO] [stderr]    Compiling day01 v0.1.0 (/opt/rustwide/workdir/day01)
[INFO] [stderr]    Compiling day02 v0.1.0 (/opt/rustwide/workdir/day02)
[INFO] [stdout] warning: unused import: `std::str::SplitAsciiWhitespace`
[INFO] [stdout]  --> day02/src/main.rs:1:5
[INFO] [stdout]   |
[INFO] [stdout] 1 | use std::str::SplitAsciiWhitespace;
[INFO] [stdout]   |     ^^^^^^^^^^^^^^^^^^^^^^^^^^^^^^
[INFO] [stdout]   |
[INFO] [stdout]   = note: `#[warn(unused_imports)]` on by default
[INFO] [stdout] 
[INFO] [stdout] 
[INFO] [stdout] error[E0601]: `main` function not found in crate `day02`
[INFO] [stdout]   --> day02/src/main.rs:31:2
[INFO] [stdout]    |
[INFO] [stdout] 31 | }
[INFO] [stdout]    |  ^ consider adding a `main` function to `day02/src/main.rs`
[INFO] [stdout] 
[INFO] [stdout] 
[INFO] [stdout] warning: unused variable: `diff`
[INFO] [stdout]   --> day01/src/main.rs:17:8
[INFO] [stdout]    |
[INFO] [stdout] 17 |    let diff: u32 = vec1.iter().zip(vec2.iter()).map(|(a, b)| a.abs_diff(*b)).sum();
[INFO] [stdout]    |        ^^^^ help: if this is intentional, prefix it with an underscore: `_diff`
[INFO] [stdout]    |
[INFO] [stdout]    = note: `#[warn(unused_variables)]` on by default
[INFO] [stdout] 
[INFO] [stdout] 
[INFO] [stdout] error[E0599]: no method named `filter` found for struct `Vec<u8>` in the current scope
[INFO] [stdout]  --> day02/src/main.rs:7:93
[INFO] [stdout]   |
[INFO] [stdout] 7 |         line.split_ascii_whitespace().map(|s| s.parse::<u8>().unwrap()).collect::<Vec<_>>().filter(|x| predicate(x)).count();
[INFO] [stdout]   |                                                                                             ^^^^^^ `Vec<u8>` is not an iterator
[INFO] [stdout]   |
[INFO] [stdout] help: call `.into_iter()` first
[INFO] [stdout]   |
[INFO] [stdout] 7 |         line.split_ascii_whitespace().map(|s| s.parse::<u8>().unwrap()).collect::<Vec<_>>().into_iter().filter(|x| predicate(x)).count();
[INFO] [stdout]   |                                                                                             ++++++++++++
[INFO] [stdout] 
[INFO] [stdout] 
[INFO] [stdout] Some errors have detailed explanations: E0599, E0601.
[INFO] [stdout] 
[INFO] [stdout] For more information about an error, try `rustc --explain E0599`.
[INFO] [stdout] 
[INFO] [stderr] error: could not compile `day02` (bin "day02") due to 2 previous errors; 1 warning emitted
[INFO] [stderr] warning: build failed, waiting for other jobs to finish...
[INFO] [stdout] error: linking with `cc` failed: exit status: 1
[INFO] [stdout]   |
[INFO] [stdout]   = note: LC_ALL="C" PATH="/opt/rustwide/rustup-home/toolchains/nightly-2025-01-18-x86_64-unknown-linux-gnu/lib/rustlib/x86_64-unknown-linux-gnu/bin:/opt/rustwide/rustup-home/toolchains/nightly-2025-01-18-x86_64-unknown-linux-gnu/lib/rustlib/x86_64-unknown-linux-gnu/bin/self-contained:/opt/rustwide/cargo-home/bin:/usr/local/sbin:/usr/local/bin:/usr/sbin:/usr/bin:/sbin:/bin" VSLANG="1033" "cc" "-m64" "/tmp/rustcf50sPX/symbols.o" "<4 object files omitted>" "-Wl,--as-needed" "-Wl,-Bstatic" "/opt/rustwide/target/debug/deps/{libhelpers-b9b04d8942e96597.rlib}" "/opt/rustwide/rustup-home/toolchains/nightly-2025-01-18-x86_64-unknown-linux-gnu/lib/rustlib/x86_64-unknown-linux-gnu/lib/{libstd-006123e2ce67e99d.rlib,libpanic_unwind-e1447e1efa6f1e57.rlib,libobject-f6963a4916fcf097.rlib,libmemchr-49a2d9af912f4524.rlib,libaddr2line-04d19aad3936869d.rlib,libgimli-483c235edb789db0.rlib,librustc_demangle-294281af50b8f748.rlib,libstd_detect-3b08295250aabc2a.rlib,libhashbrown-4472d1e05ba0dfaf.rlib,librustc_std_workspace_alloc-2ef099fac590e457.rlib,libminiz_oxide-8a51f5e848546c29.rlib,libadler2-3d3fa22b868db521.rlib,libunwind-0ffda8b08e22dbea.rlib,libcfg_if-b08f62458fdd43b9.rlib,liblibc-559675126e63b890.rlib,liballoc-fcf21c8d1c9c7b75.rlib,librustc_std_workspace_core-e0b0460135bcf21d.rlib,libcore-d4097fdcbddd3bc7.rlib,libcompiler_builtins-fea484ac1eed7881.rlib}" "-Wl,-Bdynamic" "-lgcc_s" "-lutil" "-lrt" "-lpthread" "-lm" "-ldl" "-lc" "-B/opt/rustwide/rustup-home/toolchains/nightly-2025-01-18-x86_64-unknown-linux-gnu/lib/rustlib/x86_64-unknown-linux-gnu/bin/gcc-ld" "-fuse-ld=lld" "-Wl,--eh-frame-hdr" "-Wl,-z,noexecstack" "-L" "/opt/rustwide/rustup-home/toolchains/nightly-2025-01-18-x86_64-unknown-linux-gnu/lib/rustlib/x86_64-unknown-linux-gnu/lib" "-o" "/opt/rustwide/target/debug/deps/day01-6426a49b0f97b1c3" "-Wl,--gc-sections" "-pie" "-Wl,-z,relro,-z,now" "-nodefaultlibs"
[INFO] [stdout]   = note: some arguments are omitted. use `--verbose` to show all linker arguments
[INFO] [stdout]   = note: PLEASE submit a bug report to https://github.com/llvm/llvm-project/issues/ and include the crash backtrace.
[INFO] [stdout]           collect2: fatal error: ld terminated with signal 7 [Bus error], core dumped
[INFO] [stdout]           compilation terminated.
[INFO] [stdout]           
[INFO] [stdout] 
[INFO] [stdout] 
[INFO] [stderr] error: could not compile `day01` (bin "day01") due to 1 previous error; 1 warning emitted
[INFO] running `Command { std: "docker" "inspect" "fdab41ded01606453f8b0b9e6a08525e893a7fef218296778a97e7d0290da8c0", kill_on_drop: false }`
[INFO] running `Command { std: "docker" "rm" "-f" "fdab41ded01606453f8b0b9e6a08525e893a7fef218296778a97e7d0290da8c0", kill_on_drop: false }`
[INFO] [stdout] fdab41ded01606453f8b0b9e6a08525e893a7fef218296778a97e7d0290da8c0
