[INFO] cloning repository https://github.com/gliheng/flutter-rs
[INFO] running `Command { std: "git" "-c" "credential.helper=" "-c" "credential.helper=/workspace/cargo-home/bin/git-credential-null" "clone" "--bare" "https://github.com/gliheng/flutter-rs" "/workspace/cache/git-repos/https%3A%2F%2Fgithub.com%2Fgliheng%2Fflutter-rs", kill_on_drop: false }`
[INFO] [stderr] Cloning into bare repository '/workspace/cache/git-repos/https%3A%2F%2Fgithub.com%2Fgliheng%2Fflutter-rs'...
[INFO] running `Command { std: "git" "rev-parse" "HEAD", kill_on_drop: false }`
[INFO] [stdout] 69c6706d15f256beba5d99e94124c70c5b27e7d1
[INFO] testing gliheng/flutter-rs against nightly-2025-01-18 for randomize-layout-2
[INFO] running `Command { std: "git" "clone" "/workspace/cache/git-repos/https%3A%2F%2Fgithub.com%2Fgliheng%2Fflutter-rs" "/workspace/builds/worker-5-tc1/source", kill_on_drop: false }`
[INFO] [stderr] Cloning into '/workspace/builds/worker-5-tc1/source'...
[INFO] [stderr] done.
[INFO] validating manifest of git repo https://github.com/gliheng/flutter-rs on toolchain nightly-2025-01-18
[INFO] running `Command { std: CARGO_HOME="/workspace/cargo-home" RUSTUP_HOME="/workspace/rustup-home" "/workspace/cargo-home/bin/cargo" "+nightly-2025-01-18" "metadata" "--manifest-path" "Cargo.toml" "--no-deps", kill_on_drop: false }`
[INFO] started tweaking git repo https://github.com/gliheng/flutter-rs
[INFO] finished tweaking git repo https://github.com/gliheng/flutter-rs
[INFO] tweaked toml for git repo https://github.com/gliheng/flutter-rs written to /workspace/builds/worker-5-tc1/source/Cargo.toml
[INFO] crate git repo https://github.com/gliheng/flutter-rs already has a lockfile, it will not be regenerated
[INFO] running `Command { std: CARGO_HOME="/workspace/cargo-home" RUSTUP_HOME="/workspace/rustup-home" "/workspace/cargo-home/bin/cargo" "+nightly-2025-01-18" "fetch" "--manifest-path" "Cargo.toml", kill_on_drop: false }`
[INFO] [stderr] warning: /workspace/builds/worker-5-tc1/source/flutter-engine/Cargo.toml: `default_features` is deprecated in favor of `default-features` and will not work in the 2024 edition
[INFO] [stderr] (in the `image` dependency)
[INFO] [stderr]     Updating crates.io index
[INFO] [stderr]  Downloading crates ...
[INFO] [stderr]   Downloaded unic-locale v0.7.1
[INFO] [stderr]   Downloaded unic-locale-impl v0.7.1
[INFO] [stderr]   Downloaded curl v0.4.29
[INFO] [stderr]   Downloaded unic-langid-impl v0.7.2
[INFO] [stderr]   Downloaded glfw v0.37.0
[INFO] [stderr]   Downloaded curl-sys v0.4.31+curl-7.70.0
[INFO] running `Command { std: "docker" "create" "-v" "/var/lib/crater-agent-workspace/builds/worker-5-tc1/target:/opt/rustwide/target:rw,Z" "-v" "/var/lib/crater-agent-workspace/builds/worker-5-tc1/source:/opt/rustwide/workdir:ro,Z" "-v" "/var/lib/crater-agent-workspace/cargo-home:/opt/rustwide/cargo-home:ro,Z" "-v" "/var/lib/crater-agent-workspace/rustup-home:/opt/rustwide/rustup-home:ro,Z" "-e" "SOURCE_DIR=/opt/rustwide/workdir" "-e" "CARGO_TARGET_DIR=/opt/rustwide/target" "-e" "CARGO_HOME=/opt/rustwide/cargo-home" "-e" "RUSTUP_HOME=/opt/rustwide/rustup-home" "-w" "/opt/rustwide/workdir" "-m" "1610612736" "--user" "0:0" "--network" "none" "ghcr.io/rust-lang/crates-build-env/linux@sha256:819108c5571ea2e421544af4d832f968d213c87fbe3707a016657f43d2f853bc" "/opt/rustwide/cargo-home/bin/cargo" "+nightly-2025-01-18" "metadata" "--no-deps" "--format-version=1", kill_on_drop: false }`
[INFO] [stdout] a3505799b1e2777578f8d88f0b71830b82679195110828ebbcc22eb985de7b21
[INFO] running `Command { std: "docker" "start" "-a" "a3505799b1e2777578f8d88f0b71830b82679195110828ebbcc22eb985de7b21", kill_on_drop: false }`
[INFO] running `Command { std: "docker" "inspect" "a3505799b1e2777578f8d88f0b71830b82679195110828ebbcc22eb985de7b21", kill_on_drop: false }`
[INFO] running `Command { std: "docker" "rm" "-f" "a3505799b1e2777578f8d88f0b71830b82679195110828ebbcc22eb985de7b21", kill_on_drop: false }`
[INFO] [stdout] a3505799b1e2777578f8d88f0b71830b82679195110828ebbcc22eb985de7b21
[INFO] running `Command { std: "docker" "create" "-v" "/var/lib/crater-agent-workspace/builds/worker-5-tc1/target:/opt/rustwide/target:rw,Z" "-v" "/var/lib/crater-agent-workspace/builds/worker-5-tc1/source:/opt/rustwide/workdir:ro,Z" "-v" "/var/lib/crater-agent-workspace/cargo-home:/opt/rustwide/cargo-home:ro,Z" "-v" "/var/lib/crater-agent-workspace/rustup-home:/opt/rustwide/rustup-home:ro,Z" "-e" "SOURCE_DIR=/opt/rustwide/workdir" "-e" "CARGO_TARGET_DIR=/opt/rustwide/target" "-e" "CARGO_INCREMENTAL=0" "-e" "RUST_BACKTRACE=full" "-e" "RUSTFLAGS=--cap-lints=forbid" "-e" "RUSTDOCFLAGS=--cap-lints=forbid" "-e" "CARGO_HOME=/opt/rustwide/cargo-home" "-e" "RUSTUP_HOME=/opt/rustwide/rustup-home" "-w" "/opt/rustwide/workdir" "-m" "1610612736" "--user" "0:0" "--network" "none" "ghcr.io/rust-lang/crates-build-env/linux@sha256:819108c5571ea2e421544af4d832f968d213c87fbe3707a016657f43d2f853bc" "/opt/rustwide/cargo-home/bin/cargo" "+nightly-2025-01-18" "build" "--frozen" "--message-format=json", kill_on_drop: false }`
[INFO] [stdout] d9e095883a9fa579dcbbb243c803d0a279368812aff28a51e472d5454832373c
[INFO] running `Command { std: "docker" "start" "-a" "d9e095883a9fa579dcbbb243c803d0a279368812aff28a51e472d5454832373c", kill_on_drop: false }`
[INFO] [stderr] warning: /opt/rustwide/workdir/flutter-engine/Cargo.toml: `default_features` is deprecated in favor of `default-features` and will not work in the 2024 edition
[INFO] [stderr] (in the `image` dependency)
[INFO] [stderr]    Compiling libc v0.2.69
[INFO] [stderr]    Compiling cc v1.0.52
[INFO] [stderr]    Compiling cfg-if v0.1.10
[INFO] [stderr]    Compiling autocfg v1.0.0
[INFO] [stderr]    Compiling memchr v2.3.3
[INFO] [stderr]    Compiling lazy_static v1.4.0
[INFO] [stderr]    Compiling log v0.4.8
[INFO] [stderr]    Compiling proc-macro2 v1.0.12
[INFO] [stderr]    Compiling unicode-xid v0.2.0
[INFO] [stderr]    Compiling regex-syntax v0.6.17
[INFO] [stderr]    Compiling unicode-width v0.1.7
[INFO] [stderr]    Compiling pkg-config v0.3.17
[INFO] [stderr]    Compiling bitflags v1.2.1
[INFO] [stderr]    Compiling glob v0.3.0
[INFO] [stderr]    Compiling rustc-demangle v0.1.16
[INFO] [stderr]    Compiling version_check v0.1.5
[INFO] [stderr]    Compiling thread_local v1.0.1
[INFO] [stderr]    Compiling maybe-uninit v2.0.0
[INFO] [stderr]    Compiling quick-error v1.2.3
[INFO] [stderr]    Compiling textwrap v0.11.0
[INFO] [stderr]    Compiling humantime v1.3.0
[INFO] [stderr]    Compiling ansi_term v0.11.0
[INFO] [stderr]    Compiling scopeguard v1.1.0
[INFO] [stderr]    Compiling crossbeam-utils v0.7.2
[INFO] [stderr]    Compiling memoffset v0.5.4
[INFO] [stderr]    Compiling nom v4.2.3
[INFO] [stderr]    Compiling vec_map v0.8.2
[INFO] [stderr]    Compiling clang-sys v0.28.1
[INFO] [stderr]    Compiling syn v1.0.19
[INFO] [stderr]    Compiling bindgen v0.52.0
[INFO] [stderr]    Compiling termcolor v1.1.0
[INFO] [stderr]    Compiling atty v0.2.14
[INFO] [stderr]    Compiling dirs-sys v0.3.4
[INFO] [stderr]    Compiling strsim v0.8.0
[INFO] [stderr]    Compiling crossbeam-epoch v0.8.2
[INFO] [stderr]    Compiling aho-corasick v0.7.10
[INFO] [stderr]    Compiling lazycell v1.2.1
[INFO] [stderr]    Compiling clap v2.33.0
[INFO] [stderr]    Compiling dirs v2.0.2
[INFO] [stderr]    Compiling rustc-hash v1.1.0
[INFO] [stderr]    Compiling peeking_take_while v0.1.2
[INFO] [stderr]    Compiling shlex v0.1.1
[INFO] [stderr]    Compiling net2 v0.2.34
[INFO] [stderr]    Compiling iovec v0.1.4
[INFO] [stderr]    Compiling indexmap v1.3.2
[INFO] [stderr]    Compiling serde v1.0.106
[INFO] [stderr]    Compiling slab v0.4.2
[INFO] [stderr]    Compiling ryu v1.0.4
[INFO] [stderr]    Compiling quote v1.0.4
[INFO] [stderr]    Compiling smallvec v1.4.0
[INFO] [stderr]    Compiling crc32fast v1.2.0
[INFO] [stderr]    Compiling tinystr v0.3.2
[INFO] [stderr]    Compiling num_cpus v1.13.0
[INFO] [stderr]    Compiling cmake v0.1.42
[INFO] [stderr]    Compiling unic-langid-impl v0.7.2
[INFO] [stderr]    Compiling mio v0.6.22
[INFO] [stderr]    Compiling parking_lot_core v0.7.2
[INFO] [stderr]    Compiling async-task v1.3.1
[INFO] [stderr]    Compiling kv-log-macro v1.0.4
[INFO] [stderr]    Compiling crossbeam-channel v0.4.2
[INFO] [stderr]    Compiling cexpr v0.3.6
[INFO] [stderr]    Compiling lock_api v0.3.4
[INFO] [stderr]    Compiling futures-core v0.3.4
[INFO] [stderr]    Compiling adler32 v1.0.4
[INFO] [stderr]    Compiling take_mut v0.2.2
[INFO] [stderr]    Compiling once_cell v1.3.1
[INFO] [stderr]    Compiling pin-project-lite v0.1.5
[INFO] [stderr]    Compiling futures-io v0.3.4
[INFO] [stderr]    Compiling futures-timer v2.0.2
[INFO] [stderr]    Compiling pin-utils v0.1.0
[INFO] [stderr]    Compiling itoa v0.4.5
[INFO] [stderr]    Compiling backtrace-sys v0.1.37
[INFO] [stderr]    Compiling libloading v0.5.2
[INFO] [stderr]    Compiling openssl-sys v0.9.55
[INFO] [stderr]    Compiling libz-sys v1.0.25
[INFO] [stderr]    Compiling bzip2-sys v0.1.8+1.0.8
[INFO] [stderr]    Compiling curl-sys v0.4.31+curl-7.70.0
[INFO] [stderr]    Compiling crossbeam-deque v0.7.3
[INFO] [stderr]    Compiling glfw-sys v3.3.2
[INFO] [stderr]    Compiling tinyfiledialogs v3.3.9
[INFO] [stderr]    Compiling mio-uds v0.6.8
[INFO] [stderr]    Compiling regex v1.3.7
[INFO] [stderr]    Compiling parking_lot v0.10.2
[INFO] [stderr]    Compiling async-std v1.5.0
[INFO] [stderr]    Compiling miniz_oxide v0.3.6
[INFO] [stderr]    Compiling priority-queue v0.7.0
[INFO] [stderr] warning: openssl-sys@0.9.55: build/expando.c:4:24: error: pasting "RUST_VERSION_OPENSSL_" and "(" does not give a valid preprocessing token
[INFO] [stderr] warning: openssl-sys@0.9.55:     4 | #define VERSION2(n, v) RUST_VERSION_##n##_##v
[INFO] [stderr] warning: openssl-sys@0.9.55:       |                        ^~~~~~~~~~~~~
[INFO] [stderr] warning: openssl-sys@0.9.55: build/expando.c:5:23: note: in expansion of macro 'VERSION2'
[INFO] [stderr] warning: openssl-sys@0.9.55:     5 | #define VERSION(n, v) VERSION2(n, v)
[INFO] [stderr] warning: openssl-sys@0.9.55:       |                       ^~~~~~~~
[INFO] [stderr] warning: openssl-sys@0.9.55: build/expando.c:10:1: note: in expansion of macro 'VERSION'
[INFO] [stderr] warning: openssl-sys@0.9.55:    10 | VERSION(OPENSSL, OPENSSL_VERSION_NUMBER)
[INFO] [stderr] warning: openssl-sys@0.9.55:       | ^~~~~~~
[INFO] [stderr] error: failed to run custom build command for `openssl-sys v0.9.55`
[INFO] [stderr] note: To improve backtraces for build dependencies, set the CARGO_PROFILE_DEV_BUILD_OVERRIDE_DEBUG=true environment variable to enable debug information generation.
[INFO] [stderr] 
[INFO] [stderr] Caused by:
[INFO] [stderr]   process didn't exit successfully: `/opt/rustwide/target/debug/build/openssl-sys-92b0b15a738a9ed2/build-script-main` (exit status: 101)
[INFO] [stderr]   --- stdout
[INFO] [stderr]   cargo:rustc-cfg=const_fn
[INFO] [stderr]   cargo:rerun-if-env-changed=X86_64_UNKNOWN_LINUX_GNU_OPENSSL_LIB_DIR
[INFO] [stderr]   X86_64_UNKNOWN_LINUX_GNU_OPENSSL_LIB_DIR unset
[INFO] [stderr]   cargo:rerun-if-env-changed=OPENSSL_LIB_DIR
[INFO] [stderr]   OPENSSL_LIB_DIR unset
[INFO] [stderr]   cargo:rerun-if-env-changed=X86_64_UNKNOWN_LINUX_GNU_OPENSSL_INCLUDE_DIR
[INFO] [stderr]   X86_64_UNKNOWN_LINUX_GNU_OPENSSL_INCLUDE_DIR unset
[INFO] [stderr]   cargo:rerun-if-env-changed=OPENSSL_INCLUDE_DIR
[INFO] [stderr]   OPENSSL_INCLUDE_DIR unset
[INFO] [stderr]   cargo:rerun-if-env-changed=X86_64_UNKNOWN_LINUX_GNU_OPENSSL_DIR
[INFO] [stderr]   X86_64_UNKNOWN_LINUX_GNU_OPENSSL_DIR unset
[INFO] [stderr]   cargo:rerun-if-env-changed=OPENSSL_DIR
[INFO] [stderr]   OPENSSL_DIR unset
[INFO] [stderr]   cargo:rustc-link-lib=ssl
[INFO] [stderr]   cargo:rustc-link-lib=crypto
[INFO] [stderr]   OPT_LEVEL = Some("0")
[INFO] [stderr]   TARGET = Some("x86_64-unknown-linux-gnu")
[INFO] [stderr]   HOST = Some("x86_64-unknown-linux-gnu")
[INFO] [stderr]   CC_x86_64-unknown-linux-gnu = None
[INFO] [stderr]   CC_x86_64_unknown_linux_gnu = None
[INFO] [stderr]   HOST_CC = None
[INFO] [stderr]   CC = None
[INFO] [stderr]   CFLAGS_x86_64-unknown-linux-gnu = None
[INFO] [stderr]   CFLAGS_x86_64_unknown_linux_gnu = None
[INFO] [stderr]   HOST_CFLAGS = None
[INFO] [stderr]   CFLAGS = None
[INFO] [stderr]   CRATE_CC_NO_DEFAULTS = None
[INFO] [stderr]   DEBUG = Some("true")
[INFO] [stderr]   CARGO_CFG_TARGET_FEATURE = Some("fxsr,sse,sse2,x87")
[INFO] [stderr]   running: "cc" "-O0" "-ffunction-sections" "-fdata-sections" "-fPIC" "-g" "-fno-omit-frame-pointer" "-m64" "-I" "/usr/include" "-Wall" "-Wextra" "-E" "build/expando.c"
[INFO] [stderr]   cargo:warning=build/expando.c:4:24: error: pasting "RUST_VERSION_OPENSSL_" and "(" does not give a valid preprocessing token
[INFO] [stderr]   cargo:warning=    4 | #define VERSION2(n, v) RUST_VERSION_##n##_##v
[INFO] [stderr]   cargo:warning=      |                        ^~~~~~~~~~~~~
[INFO] [stderr]   cargo:warning=build/expando.c:5:23: note: in expansion of macro 'VERSION2'
[INFO] [stderr]   cargo:warning=    5 | #define VERSION(n, v) VERSION2(n, v)
[INFO] [stderr]   cargo:warning=      |                       ^~~~~~~~
[INFO] [stderr]   cargo:warning=build/expando.c:10:1: note: in expansion of macro 'VERSION'
[INFO] [stderr]   cargo:warning=   10 | VERSION(OPENSSL, OPENSSL_VERSION_NUMBER)
[INFO] [stderr]   cargo:warning=      | ^~~~~~~
[INFO] [stderr]   exit status: 1
[INFO] [stderr] 
[INFO] [stderr]   --- stderr
[INFO] [stderr] 
[INFO] [stderr]   thread 'main' panicked at /opt/rustwide/cargo-home/registry/src/index.crates.io-1949cf8c6b5b557f/openssl-sys-0.9.55/build/main.rs:138:13:
[INFO] [stderr] 
[INFO] [stderr]   Header expansion error:
[INFO] [stderr]   Error { kind: ToolExecError, message: "Command \"cc\" \"-O0\" \"-ffunction-sections\" \"-fdata-sections\" \"-fPIC\" \"-g\" \"-fno-omit-frame-pointer\" \"-m64\" \"-I\" \"/usr/include\" \"-Wall\" \"-Wextra\" \"-E\" \"build/expando.c\" with args \"cc\" did not execute successfully (status code exit status: 1)." }
[INFO] [stderr] 
[INFO] [stderr]   Failed to find OpenSSL development headers.
[INFO] [stderr] 
[INFO] [stderr]   You can try fixing this setting the `OPENSSL_DIR` environment variable
[INFO] [stderr]   pointing to your OpenSSL installation or installing OpenSSL headers package
[INFO] [stderr]   specific to your distribution:
[INFO] [stderr] 
[INFO] [stderr]       # On Ubuntu
[INFO] [stderr]       sudo apt-get install libssl-dev
[INFO] [stderr]       # On Arch Linux
[INFO] [stderr]       sudo pacman -S openssl
[INFO] [stderr]       # On Fedora
[INFO] [stderr]       sudo dnf install openssl-devel
[INFO] [stderr] 
[INFO] [stderr]   See rust-openssl README for more information:
[INFO] [stderr] 
[INFO] [stderr]       https://github.com/sfackler/rust-openssl#linux
[INFO] [stderr] 
[INFO] [stderr]   stack backtrace:
[INFO] [stderr]      0:     0x5b8af074416a - std::backtrace_rs::backtrace::libunwind::trace::hb059275cfc8d6126
[INFO] [stderr]                                  at /rustc/6067b36314ab5eb2eb47cecc464545ba58e1ad24/library/std/src/../../backtrace/src/backtrace/libunwind.rs:116:5
[INFO] [stderr]      1:     0x5b8af074416a - std::backtrace_rs::backtrace::trace_unsynchronized::h2da071e4327ce3ee
[INFO] [stderr]                                  at /rustc/6067b36314ab5eb2eb47cecc464545ba58e1ad24/library/std/src/../../backtrace/src/backtrace/mod.rs:66:5
[INFO] [stderr]      2:     0x5b8af074416a - std::sys::backtrace::_print_fmt::h842a1474e6f8d23f
[INFO] [stderr]                                  at /rustc/6067b36314ab5eb2eb47cecc464545ba58e1ad24/library/std/src/sys/backtrace.rs:66:9
[INFO] [stderr]      3:     0x5b8af074416a - <std::sys::backtrace::BacktraceLock::print::DisplayBacktrace as core::fmt::Display>::fmt::h71a62eb3b9696b12
[INFO] [stderr]                                  at /rustc/6067b36314ab5eb2eb47cecc464545ba58e1ad24/library/std/src/sys/backtrace.rs:39:26
[INFO] [stderr]      4:     0x5b8af0768a23 - core::fmt::rt::Argument::fmt::hdb6b616786b41dc1
[INFO] [stderr]                                  at /rustc/6067b36314ab5eb2eb47cecc464545ba58e1ad24/library/core/src/fmt/rt.rs:177:76
[INFO] [stderr]      5:     0x5b8af0768a23 - core::fmt::write::h2cc1698af7e2d686
[INFO] [stderr]                                  at /rustc/6067b36314ab5eb2eb47cecc464545ba58e1ad24/library/core/src/fmt/mod.rs:1440:21
[INFO] [stderr]      6:     0x5b8af0740a23 - std::io::Write::write_fmt::h00c8700df393f328
[INFO] [stderr]                                  at /rustc/6067b36314ab5eb2eb47cecc464545ba58e1ad24/library/std/src/io/mod.rs:1887:15
[INFO] [stderr]      7:     0x5b8af0743fb2 - std::sys::backtrace::BacktraceLock::print::h147fe35b4ea13b08
[INFO] [stderr]                                  at /rustc/6067b36314ab5eb2eb47cecc464545ba58e1ad24/library/std/src/sys/backtrace.rs:42:9
[INFO] [stderr]      8:     0x5b8af074513f - std::panicking::default_hook::{{closure}}::hbd44223dbdc0d208
[INFO] [stderr]                                  at /rustc/6067b36314ab5eb2eb47cecc464545ba58e1ad24/library/std/src/panicking.rs:298:22
[INFO] [stderr]      9:     0x5b8af0744faa - std::panicking::default_hook::h20f81eb0576efcec
[INFO] [stderr]                                  at /rustc/6067b36314ab5eb2eb47cecc464545ba58e1ad24/library/std/src/panicking.rs:325:9
[INFO] [stderr]     10:     0x5b8af0745b62 - std::panicking::rust_panic_with_hook::h625eea43051b2edc
[INFO] [stderr]                                  at /rustc/6067b36314ab5eb2eb47cecc464545ba58e1ad24/library/std/src/panicking.rs:831:13
[INFO] [stderr]     11:     0x5b8af07458ea - std::panicking::begin_panic_handler::{{closure}}::h4f9159cfbc3f6bd3
[INFO] [stderr]                                  at /rustc/6067b36314ab5eb2eb47cecc464545ba58e1ad24/library/std/src/panicking.rs:704:13
[INFO] [stderr]     12:     0x5b8af0744669 - std::sys::backtrace::__rust_end_short_backtrace::h0390abce48353151
[INFO] [stderr]                                  at /rustc/6067b36314ab5eb2eb47cecc464545ba58e1ad24/library/std/src/sys/backtrace.rs:168:18
[INFO] [stderr]     13:     0x5b8af074557d - rust_begin_unwind
[INFO] [stderr]                                  at /rustc/6067b36314ab5eb2eb47cecc464545ba58e1ad24/library/std/src/panicking.rs:695:5
[INFO] [stderr]     14:     0x5b8af07677f0 - core::panicking::panic_fmt::h9e7c637e9e5f29c9
[INFO] [stderr]                                  at /rustc/6067b36314ab5eb2eb47cecc464545ba58e1ad24/library/core/src/panicking.rs:75:14
[INFO] [stderr]     15:     0x5b8af06baa6a - build_script_main::validate_headers::h0bd411f862ca6fd6
[INFO] [stderr]     16:     0x5b8af06c11b2 - build_script_main::find_normal::try_pkg_config::h524804517662dd8c
[INFO] [stderr]     17:     0x5b8af06bfea8 - build_script_main::find_normal::find_openssl_dir::h7f8ffb12a5f41fbf
[INFO] [stderr]     18:     0x5b8af06bfcb2 - build_script_main::find_normal::get_openssl::{{closure}}::h77c13e68ac9c7fe2
[INFO] [stderr]     19:     0x5b8af06bdcb3 - core::option::Option<T>::unwrap_or_else::hd8dba24e1594c3b4
[INFO] [stderr]     20:     0x5b8af06bfad0 - build_script_main::find_normal::get_openssl::h1855e1c560415c78
[INFO] [stderr]     21:     0x5b8af06b86fd - build_script_main::find_openssl::he0677cf69f0cc19c
[INFO] [stderr]     22:     0x5b8af06b8869 - build_script_main::main::hbbf51d767c3d9622
[INFO] [stderr]     23:     0x5b8af06bcb63 - core::ops::function::FnOnce::call_once::hd31249ff427baa1b
[INFO] [stderr]     24:     0x5b8af06bc236 - std::sys::backtrace::__rust_begin_short_backtrace::hf3d483ed8c9de6b7
[INFO] [stderr]     25:     0x5b8af06b4789 - std::rt::lang_start::{{closure}}::h3096b068a68d3e18
[INFO] [stderr]     26:     0x5b8af073c710 - core::ops::function::impls::<impl core::ops::function::FnOnce<A> for &F>::call_once::h1b085b6c1d2518b2
[INFO] [stderr]                                  at /rustc/6067b36314ab5eb2eb47cecc464545ba58e1ad24/library/core/src/ops/function.rs:284:13
[INFO] [stderr]     27:     0x5b8af073c710 - std::panicking::try::do_call::h382f964a5a23b565
[INFO] [stderr]                                  at /rustc/6067b36314ab5eb2eb47cecc464545ba58e1ad24/library/std/src/panicking.rs:587:40
[INFO] [stderr]     28:     0x5b8af073c710 - std::panicking::try::h57f991055eb622f9
[INFO] [stderr]                                  at /rustc/6067b36314ab5eb2eb47cecc464545ba58e1ad24/library/std/src/panicking.rs:550:19
[INFO] [stderr]     29:     0x5b8af073c710 - std::panic::catch_unwind::h4d9a74ef04456343
[INFO] [stderr]                                  at /rustc/6067b36314ab5eb2eb47cecc464545ba58e1ad24/library/std/src/panic.rs:358:14
[INFO] [stderr]     30:     0x5b8af073c710 - std::rt::lang_start_internal::{{closure}}::h2faa8ae84a93f314
[INFO] [stderr]                                  at /rustc/6067b36314ab5eb2eb47cecc464545ba58e1ad24/library/std/src/rt.rs:163:24
[INFO] [stderr]     31:     0x5b8af073c710 - std::panicking::try::do_call::h0f8932bf638a9bf5
[INFO] [stderr]                                  at /rustc/6067b36314ab5eb2eb47cecc464545ba58e1ad24/library/std/src/panicking.rs:587:40
[INFO] [stderr]     32:     0x5b8af073c710 - std::panicking::try::h683416ea756b175d
[INFO] [stderr]                                  at /rustc/6067b36314ab5eb2eb47cecc464545ba58e1ad24/library/std/src/panicking.rs:550:19
[INFO] [stderr]     33:     0x5b8af073c710 - std::panic::catch_unwind::h56189fac8994979f
[INFO] [stderr]                                  at /rustc/6067b36314ab5eb2eb47cecc464545ba58e1ad24/library/std/src/panic.rs:358:14
[INFO] [stderr]     34:     0x5b8af073c710 - std::rt::lang_start_internal::h8bbc1061691274fe
[INFO] [stderr]                                  at /rustc/6067b36314ab5eb2eb47cecc464545ba58e1ad24/library/std/src/rt.rs:159:5
[INFO] [stderr]     35:     0x5b8af06b4771 - std::rt::lang_start::h4496fa9fabb73c22
[INFO] [stderr]     36:     0x5b8af06bb835 - main
[INFO] [stderr]     37:     0x73f3cf6abd90 - <unknown>
[INFO] [stderr]     38:     0x73f3cf6abe40 - __libc_start_main
[INFO] [stderr]     39:     0x5b8af06b4015 - _start
[INFO] [stderr]     40:                0x0 - <unknown>
[INFO] [stderr] warning: build failed, waiting for other jobs to finish...
[INFO] [stderr] rustc-LLVM ERROR: IO failure on output stream: No space left on device
[INFO] [stderr] warning: bzip2-sys@0.1.8+1.0.8: bzip2-1.0.8/decompress.c:647:1: fatal error: error writing to /tmp/ccFIM0rc.s: No space left on device
[INFO] [stderr] warning: bzip2-sys@0.1.8+1.0.8:   647 | }
[INFO] [stderr] warning: bzip2-sys@0.1.8+1.0.8:       | ^
[INFO] [stderr] warning: bzip2-sys@0.1.8+1.0.8: compilation terminated.
[INFO] [stderr] error: failed to run custom build command for `bzip2-sys v0.1.8+1.0.8`
[INFO] [stderr] note: To improve backtraces for build dependencies, set the CARGO_PROFILE_DEV_BUILD_OVERRIDE_DEBUG=true environment variable to enable debug information generation.
[INFO] [stderr] 
[INFO] [stderr] Caused by:
[INFO] [stderr]   process didn't exit successfully: `/opt/rustwide/target/debug/build/bzip2-sys-150ec509a2c2532c/build-script-build` (exit status: 1)
[INFO] [stderr]   --- stdout
[INFO] [stderr]   TARGET = Some("x86_64-unknown-linux-gnu")
[INFO] [stderr]   OPT_LEVEL = Some("0")
[INFO] [stderr]   HOST = Some("x86_64-unknown-linux-gnu")
[INFO] [stderr]   CC_x86_64-unknown-linux-gnu = None
[INFO] [stderr]   CC_x86_64_unknown_linux_gnu = None
[INFO] [stderr]   HOST_CC = None
[INFO] [stderr]   CC = None
[INFO] [stderr]   CFLAGS_x86_64-unknown-linux-gnu = None
[INFO] [stderr]   CFLAGS_x86_64_unknown_linux_gnu = None
[INFO] [stderr]   HOST_CFLAGS = None
[INFO] [stderr]   CFLAGS = None
[INFO] [stderr]   CRATE_CC_NO_DEFAULTS = None
[INFO] [stderr]   DEBUG = Some("true")
[INFO] [stderr]   CARGO_CFG_TARGET_FEATURE = Some("fxsr,sse,sse2,x87")
[INFO] [stderr]   running: "cc" "-O0" "-ffunction-sections" "-fdata-sections" "-fPIC" "-g" "-fno-omit-frame-pointer" "-m64" "-I" "bzip2-1.0.8" "-D_FILE_OFFSET_BITS=64" "-DBZ_NO_STDIO" "-o" "/opt/rustwide/target/debug/build/bzip2-sys-2fcdfd403ce0e09d/out/lib/bzip2-1.0.8/blocksort.o" "-c" "bzip2-1.0.8/blocksort.c"
[INFO] [stderr]   exit status: 0
[INFO] [stderr]   running: "cc" "-O0" "-ffunction-sections" "-fdata-sections" "-fPIC" "-g" "-fno-omit-frame-pointer" "-m64" "-I" "bzip2-1.0.8" "-D_FILE_OFFSET_BITS=64" "-DBZ_NO_STDIO" "-o" "/opt/rustwide/target/debug/build/bzip2-sys-2fcdfd403ce0e09d/out/lib/bzip2-1.0.8/huffman.o" "-c" "bzip2-1.0.8/huffman.c"
[INFO] [stderr]   exit status: 0
[INFO] [stderr]   running: "cc" "-O0" "-ffunction-sections" "-fdata-sections" "-fPIC" "-g" "-fno-omit-frame-pointer" "-m64" "-I" "bzip2-1.0.8" "-D_FILE_OFFSET_BITS=64" "-DBZ_NO_STDIO" "-o" "/opt/rustwide/target/debug/build/bzip2-sys-2fcdfd403ce0e09d/out/lib/bzip2-1.0.8/crctable.o" "-c" "bzip2-1.0.8/crctable.c"
[INFO] [stderr]   exit status: 0
[INFO] [stderr]   running: "cc" "-O0" "-ffunction-sections" "-fdata-sections" "-fPIC" "-g" "-fno-omit-frame-pointer" "-m64" "-I" "bzip2-1.0.8" "-D_FILE_OFFSET_BITS=64" "-DBZ_NO_STDIO" "-o" "/opt/rustwide/target/debug/build/bzip2-sys-2fcdfd403ce0e09d/out/lib/bzip2-1.0.8/randtable.o" "-c" "bzip2-1.0.8/randtable.c"
[INFO] [stderr]   exit status: 0
[INFO] [stderr]   running: "cc" "-O0" "-ffunction-sections" "-fdata-sections" "-fPIC" "-g" "-fno-omit-frame-pointer" "-m64" "-I" "bzip2-1.0.8" "-D_FILE_OFFSET_BITS=64" "-DBZ_NO_STDIO" "-o" "/opt/rustwide/target/debug/build/bzip2-sys-2fcdfd403ce0e09d/out/lib/bzip2-1.0.8/compress.o" "-c" "bzip2-1.0.8/compress.c"
[INFO] [stderr]   exit status: 0
[INFO] [stderr]   running: "cc" "-O0" "-ffunction-sections" "-fdata-sections" "-fPIC" "-g" "-fno-omit-frame-pointer" "-m64" "-I" "bzip2-1.0.8" "-D_FILE_OFFSET_BITS=64" "-DBZ_NO_STDIO" "-o" "/opt/rustwide/target/debug/build/bzip2-sys-2fcdfd403ce0e09d/out/lib/bzip2-1.0.8/decompress.o" "-c" "bzip2-1.0.8/decompress.c"
[INFO] [stderr]   cargo:warning=bzip2-1.0.8/decompress.c:647:1: fatal error: error writing to /tmp/ccFIM0rc.s: No space left on device
[INFO] [stderr]   cargo:warning=  647 | }
[INFO] [stderr]   cargo:warning=      | ^
[INFO] [stderr]   cargo:warning=compilation terminated.
[INFO] [stderr]   exit status: 1
[INFO] [stderr] 
[INFO] [stderr]   --- stderr
[INFO] [stderr] 
[INFO] [stderr] 
[INFO] [stderr]   error occurred: Command "cc" "-O0" "-ffunction-sections" "-fdata-sections" "-fPIC" "-g" "-fno-omit-frame-pointer" "-m64" "-I" "bzip2-1.0.8" "-D_FILE_OFFSET_BITS=64" "-DBZ_NO_STDIO" "-o" "/opt/rustwide/target/debug/build/bzip2-sys-2fcdfd403ce0e09d/out/lib/bzip2-1.0.8/decompress.o" "-c" "bzip2-1.0.8/decompress.c" with args "cc" did not execute successfully (status code exit status: 1).
[INFO] [stderr] 
[INFO] [stderr] 
[INFO] [stderr] error: could not compile `parking_lot` (lib)
[INFO] [stderr] 
[INFO] [stderr] Caused by:
[INFO] [stderr]   No space left on device (os error 28)
[INFO] [stderr] 
[INFO] [stderr] Caused by:
[INFO] [stderr]   failed to parse process output: `/opt/rustwide/rustup-home/toolchains/nightly-2025-01-18-x86_64-unknown-linux-gnu/bin/rustc --crate-name parking_lot --edition=2018 /opt/rustwide/cargo-home/registry/src/index.crates.io-1949cf8c6b5b557f/parking_lot-0.10.2/src/lib.rs --error-format=json --json=diagnostic-rendered-ansi,artifacts,future-incompat --crate-type lib --emit=dep-info,metadata,link -C embed-bitcode=no -C debuginfo=2 --cfg 'feature="default"' --check-cfg 'cfg(docsrs,test)' --check-cfg 'cfg(feature, values("deadlock_detection", "default", "nightly", "owning_ref", "serde"))' -C metadata=82aa411f74e7e042 -C extra-filename=-e41c665889ed7c94 --out-dir /opt/rustwide/target/debug/deps -L dependency=/opt/rustwide/target/debug/deps --extern lock_api=/opt/rustwide/target/debug/deps/liblock_api-1e0ffc580b64238e.rmeta --extern parking_lot_core=/opt/rustwide/target/debug/deps/libparking_lot_core-b5dd1bed1437f074.rmeta --cap-lints allow --cap-lints=forbid` (exit status: 101)
[INFO] [stderr] rustc-LLVM ERROR: IO failure on output stream: No space left on device
[INFO] [stderr] rustc-LLVM ERROR: IO failure on output stream: No space left on device
[INFO] [stderr] warning: backtrace-sys@0.1.37: src/libbacktrace/elf.c:3500:1: fatal error: error writing to /tmp/cccSqamj.s: No space left on device
[INFO] [stderr] warning: backtrace-sys@0.1.37:  3500 | }
[INFO] [stderr] warning: backtrace-sys@0.1.37:       | ^
[INFO] [stderr] warning: backtrace-sys@0.1.37: compilation terminated.
[INFO] [stderr] error: failed to run custom build command for `backtrace-sys v0.1.37`
[INFO] [stderr] note: To improve backtraces for build dependencies, set the CARGO_PROFILE_DEV_BUILD_OVERRIDE_DEBUG=true environment variable to enable debug information generation.
[INFO] [stderr] 
[INFO] [stderr] Caused by:
[INFO] [stderr]   process didn't exit successfully: `/opt/rustwide/target/debug/build/backtrace-sys-5cd348286a502302/build-script-build` (exit status: 1)
[INFO] [stderr]   --- stdout
[INFO] [stderr]   cargo:rustc-cfg=rbt
[INFO] [stderr]   TARGET = Some("x86_64-unknown-linux-gnu")
[INFO] [stderr]   OPT_LEVEL = Some("0")
[INFO] [stderr]   HOST = Some("x86_64-unknown-linux-gnu")
[INFO] [stderr]   CC_x86_64-unknown-linux-gnu = None
[INFO] [stderr]   CC_x86_64_unknown_linux_gnu = None
[INFO] [stderr]   HOST_CC = None
[INFO] [stderr]   CC = None
[INFO] [stderr]   CFLAGS_x86_64-unknown-linux-gnu = None
[INFO] [stderr]   CFLAGS_x86_64_unknown_linux_gnu = None
[INFO] [stderr]   HOST_CFLAGS = None
[INFO] [stderr]   CFLAGS = None
[INFO] [stderr]   CRATE_CC_NO_DEFAULTS = None
[INFO] [stderr]   DEBUG = Some("true")
[INFO] [stderr]   CARGO_CFG_TARGET_FEATURE = Some("fxsr,sse,sse2,x87")
[INFO] [stderr]   running: "cc" "-O0" "-ffunction-sections" "-fdata-sections" "-fPIC" "-g" "-fno-omit-frame-pointer" "-m64" "-I" "src/libbacktrace" "-I" "/opt/rustwide/target/debug/build/backtrace-sys-a631dd174e5d036a/out" "-fvisibility=hidden" "-DBACKTRACE_ELF_SIZE=64" "-DBACKTRACE_SUPPORTED=1" "-DBACKTRACE_USES_MALLOC=1" "-DBACKTRACE_SUPPORTS_THREADS=0" "-DBACKTRACE_SUPPORTS_DATA=0" "-DHAVE_DL_ITERATE_PHDR=1" "-D_GNU_SOURCE=1" "-D_LARGE_FILES=1" "-Dbacktrace_full=__rbt_backtrace_full" "-Dbacktrace_dwarf_add=__rbt_backtrace_dwarf_add" "-Dbacktrace_initialize=__rbt_backtrace_initialize" "-Dbacktrace_pcinfo=__rbt_backtrace_pcinfo" "-Dbacktrace_syminfo=__rbt_backtrace_syminfo" "-Dbacktrace_get_view=__rbt_backtrace_get_view" "-Dbacktrace_release_view=__rbt_backtrace_release_view" "-Dbacktrace_alloc=__rbt_backtrace_alloc" "-Dbacktrace_free=__rbt_backtrace_free" "-Dbacktrace_vector_finish=__rbt_backtrace_vector_finish" "-Dbacktrace_vector_grow=__rbt_backtrace_vector_grow" "-Dbacktrace_vector_release=__rbt_backtrace_vector_release" "-Dbacktrace_close=__rbt_backtrace_close" "-Dbacktrace_open=__rbt_backtrace_open" "-Dbacktrace_print=__rbt_backtrace_print" "-Dbacktrace_simple=__rbt_backtrace_simple" "-Dbacktrace_qsort=__rbt_backtrace_qsort" "-Dbacktrace_create_state=__rbt_backtrace_create_state" "-Dbacktrace_uncompress_zdebug=__rbt_backtrace_uncompress_zdebug" "-Dmacho_get_view=__rbt_macho_get_view" "-Dmacho_symbol_type_relevant=__rbt_macho_symbol_type_relevant" "-Dmacho_get_commands=__rbt_macho_get_commands" "-Dmacho_try_dsym=__rbt_macho_try_dsym" "-Dmacho_try_dwarf=__rbt_macho_try_dwarf" "-Dmacho_get_addr_range=__rbt_macho_get_addr_range" "-Dmacho_get_uuid=__rbt_macho_get_uuid" "-Dmacho_add=__rbt_macho_add" "-Dmacho_add_symtab=__rbt_macho_add_symtab" "-Dmacho_file_to_host_u64=__rbt_macho_file_to_host_u64" "-Dmacho_file_to_host_u32=__rbt_macho_file_to_host_u32" "-Dmacho_file_to_host_u16=__rbt_macho_file_to_host_u16" "-o" "/opt/rustwide/target/debug/build/backtrace-sys-a631dd174e5d036a/out/src/libbacktrace/alloc.o" "-c" "src/libbacktrace/alloc.c"
[INFO] [stderr]   exit status: 0
[INFO] [stderr]   running: "cc" "-O0" "-ffunction-sections" "-fdata-sections" "-fPIC" "-g" "-fno-omit-frame-pointer" "-m64" "-I" "src/libbacktrace" "-I" "/opt/rustwide/target/debug/build/backtrace-sys-a631dd174e5d036a/out" "-fvisibility=hidden" "-DBACKTRACE_ELF_SIZE=64" "-DBACKTRACE_SUPPORTED=1" "-DBACKTRACE_USES_MALLOC=1" "-DBACKTRACE_SUPPORTS_THREADS=0" "-DBACKTRACE_SUPPORTS_DATA=0" "-DHAVE_DL_ITERATE_PHDR=1" "-D_GNU_SOURCE=1" "-D_LARGE_FILES=1" "-Dbacktrace_full=__rbt_backtrace_full" "-Dbacktrace_dwarf_add=__rbt_backtrace_dwarf_add" "-Dbacktrace_initialize=__rbt_backtrace_initialize" "-Dbacktrace_pcinfo=__rbt_backtrace_pcinfo" "-Dbacktrace_syminfo=__rbt_backtrace_syminfo" "-Dbacktrace_get_view=__rbt_backtrace_get_view" "-Dbacktrace_release_view=__rbt_backtrace_release_view" "-Dbacktrace_alloc=__rbt_backtrace_alloc" "-Dbacktrace_free=__rbt_backtrace_free" "-Dbacktrace_vector_finish=__rbt_backtrace_vector_finish" "-Dbacktrace_vector_grow=__rbt_backtrace_vector_grow" "-Dbacktrace_vector_release=__rbt_backtrace_vector_release" "-Dbacktrace_close=__rbt_backtrace_close" "-Dbacktrace_open=__rbt_backtrace_open" "-Dbacktrace_print=__rbt_backtrace_print" "-Dbacktrace_simple=__rbt_backtrace_simple" "-Dbacktrace_qsort=__rbt_backtrace_qsort" "-Dbacktrace_create_state=__rbt_backtrace_create_state" "-Dbacktrace_uncompress_zdebug=__rbt_backtrace_uncompress_zdebug" "-Dmacho_get_view=__rbt_macho_get_view" "-Dmacho_symbol_type_relevant=__rbt_macho_symbol_type_relevant" "-Dmacho_get_commands=__rbt_macho_get_commands" "-Dmacho_try_dsym=__rbt_macho_try_dsym" "-Dmacho_try_dwarf=__rbt_macho_try_dwarf" "-Dmacho_get_addr_range=__rbt_macho_get_addr_range" "-Dmacho_get_uuid=__rbt_macho_get_uuid" "-Dmacho_add=__rbt_macho_add" "-Dmacho_add_symtab=__rbt_macho_add_symtab" "-Dmacho_file_to_host_u64=__rbt_macho_file_to_host_u64" "-Dmacho_file_to_host_u32=__rbt_macho_file_to_host_u32" "-Dmacho_file_to_host_u16=__rbt_macho_file_to_host_u16" "-o" "/opt/rustwide/target/debug/build/backtrace-sys-a631dd174e5d036a/out/src/libbacktrace/dwarf.o" "-c" "src/libbacktrace/dwarf.c"
[INFO] [stderr]   exit status: 0
[INFO] [stderr]   running: "cc" "-O0" "-ffunction-sections" "-fdata-sections" "-fPIC" "-g" "-fno-omit-frame-pointer" "-m64" "-I" "src/libbacktrace" "-I" "/opt/rustwide/target/debug/build/backtrace-sys-a631dd174e5d036a/out" "-fvisibility=hidden" "-DBACKTRACE_ELF_SIZE=64" "-DBACKTRACE_SUPPORTED=1" "-DBACKTRACE_USES_MALLOC=1" "-DBACKTRACE_SUPPORTS_THREADS=0" "-DBACKTRACE_SUPPORTS_DATA=0" "-DHAVE_DL_ITERATE_PHDR=1" "-D_GNU_SOURCE=1" "-D_LARGE_FILES=1" "-Dbacktrace_full=__rbt_backtrace_full" "-Dbacktrace_dwarf_add=__rbt_backtrace_dwarf_add" "-Dbacktrace_initialize=__rbt_backtrace_initialize" "-Dbacktrace_pcinfo=__rbt_backtrace_pcinfo" "-Dbacktrace_syminfo=__rbt_backtrace_syminfo" "-Dbacktrace_get_view=__rbt_backtrace_get_view" "-Dbacktrace_release_view=__rbt_backtrace_release_view" "-Dbacktrace_alloc=__rbt_backtrace_alloc" "-Dbacktrace_free=__rbt_backtrace_free" "-Dbacktrace_vector_finish=__rbt_backtrace_vector_finish" "-Dbacktrace_vector_grow=__rbt_backtrace_vector_grow" "-Dbacktrace_vector_release=__rbt_backtrace_vector_release" "-Dbacktrace_close=__rbt_backtrace_close" "-Dbacktrace_open=__rbt_backtrace_open" "-Dbacktrace_print=__rbt_backtrace_print" "-Dbacktrace_simple=__rbt_backtrace_simple" "-Dbacktrace_qsort=__rbt_backtrace_qsort" "-Dbacktrace_create_state=__rbt_backtrace_create_state" "-Dbacktrace_uncompress_zdebug=__rbt_backtrace_uncompress_zdebug" "-Dmacho_get_view=__rbt_macho_get_view" "-Dmacho_symbol_type_relevant=__rbt_macho_symbol_type_relevant" "-Dmacho_get_commands=__rbt_macho_get_commands" "-Dmacho_try_dsym=__rbt_macho_try_dsym" "-Dmacho_try_dwarf=__rbt_macho_try_dwarf" "-Dmacho_get_addr_range=__rbt_macho_get_addr_range" "-Dmacho_get_uuid=__rbt_macho_get_uuid" "-Dmacho_add=__rbt_macho_add" "-Dmacho_add_symtab=__rbt_macho_add_symtab" "-Dmacho_file_to_host_u64=__rbt_macho_file_to_host_u64" "-Dmacho_file_to_host_u32=__rbt_macho_file_to_host_u32" "-Dmacho_file_to_host_u16=__rbt_macho_file_to_host_u16" "-o" "/opt/rustwide/target/debug/build/backtrace-sys-a631dd174e5d036a/out/src/libbacktrace/fileline.o" "-c" "src/libbacktrace/fileline.c"
[INFO] [stderr]   exit status: 0
[INFO] [stderr]   running: "cc" "-O0" "-ffunction-sections" "-fdata-sections" "-fPIC" "-g" "-fno-omit-frame-pointer" "-m64" "-I" "src/libbacktrace" "-I" "/opt/rustwide/target/debug/build/backtrace-sys-a631dd174e5d036a/out" "-fvisibility=hidden" "-DBACKTRACE_ELF_SIZE=64" "-DBACKTRACE_SUPPORTED=1" "-DBACKTRACE_USES_MALLOC=1" "-DBACKTRACE_SUPPORTS_THREADS=0" "-DBACKTRACE_SUPPORTS_DATA=0" "-DHAVE_DL_ITERATE_PHDR=1" "-D_GNU_SOURCE=1" "-D_LARGE_FILES=1" "-Dbacktrace_full=__rbt_backtrace_full" "-Dbacktrace_dwarf_add=__rbt_backtrace_dwarf_add" "-Dbacktrace_initialize=__rbt_backtrace_initialize" "-Dbacktrace_pcinfo=__rbt_backtrace_pcinfo" "-Dbacktrace_syminfo=__rbt_backtrace_syminfo" "-Dbacktrace_get_view=__rbt_backtrace_get_view" "-Dbacktrace_release_view=__rbt_backtrace_release_view" "-Dbacktrace_alloc=__rbt_backtrace_alloc" "-Dbacktrace_free=__rbt_backtrace_free" "-Dbacktrace_vector_finish=__rbt_backtrace_vector_finish" "-Dbacktrace_vector_grow=__rbt_backtrace_vector_grow" "-Dbacktrace_vector_release=__rbt_backtrace_vector_release" "-Dbacktrace_close=__rbt_backtrace_close" "-Dbacktrace_open=__rbt_backtrace_open" "-Dbacktrace_print=__rbt_backtrace_print" "-Dbacktrace_simple=__rbt_backtrace_simple" "-Dbacktrace_qsort=__rbt_backtrace_qsort" "-Dbacktrace_create_state=__rbt_backtrace_create_state" "-Dbacktrace_uncompress_zdebug=__rbt_backtrace_uncompress_zdebug" "-Dmacho_get_view=__rbt_macho_get_view" "-Dmacho_symbol_type_relevant=__rbt_macho_symbol_type_relevant" "-Dmacho_get_commands=__rbt_macho_get_commands" "-Dmacho_try_dsym=__rbt_macho_try_dsym" "-Dmacho_try_dwarf=__rbt_macho_try_dwarf" "-Dmacho_get_addr_range=__rbt_macho_get_addr_range" "-Dmacho_get_uuid=__rbt_macho_get_uuid" "-Dmacho_add=__rbt_macho_add" "-Dmacho_add_symtab=__rbt_macho_add_symtab" "-Dmacho_file_to_host_u64=__rbt_macho_file_to_host_u64" "-Dmacho_file_to_host_u32=__rbt_macho_file_to_host_u32" "-Dmacho_file_to_host_u16=__rbt_macho_file_to_host_u16" "-o" "/opt/rustwide/target/debug/build/backtrace-sys-a631dd174e5d036a/out/src/libbacktrace/posix.o" "-c" "src/libbacktrace/posix.c"
[INFO] [stderr]   exit status: 0
[INFO] [stderr]   running: "cc" "-O0" "-ffunction-sections" "-fdata-sections" "-fPIC" "-g" "-fno-omit-frame-pointer" "-m64" "-I" "src/libbacktrace" "-I" "/opt/rustwide/target/debug/build/backtrace-sys-a631dd174e5d036a/out" "-fvisibility=hidden" "-DBACKTRACE_ELF_SIZE=64" "-DBACKTRACE_SUPPORTED=1" "-DBACKTRACE_USES_MALLOC=1" "-DBACKTRACE_SUPPORTS_THREADS=0" "-DBACKTRACE_SUPPORTS_DATA=0" "-DHAVE_DL_ITERATE_PHDR=1" "-D_GNU_SOURCE=1" "-D_LARGE_FILES=1" "-Dbacktrace_full=__rbt_backtrace_full" "-Dbacktrace_dwarf_add=__rbt_backtrace_dwarf_add" "-Dbacktrace_initialize=__rbt_backtrace_initialize" "-Dbacktrace_pcinfo=__rbt_backtrace_pcinfo" "-Dbacktrace_syminfo=__rbt_backtrace_syminfo" "-Dbacktrace_get_view=__rbt_backtrace_get_view" "-Dbacktrace_release_view=__rbt_backtrace_release_view" "-Dbacktrace_alloc=__rbt_backtrace_alloc" "-Dbacktrace_free=__rbt_backtrace_free" "-Dbacktrace_vector_finish=__rbt_backtrace_vector_finish" "-Dbacktrace_vector_grow=__rbt_backtrace_vector_grow" "-Dbacktrace_vector_release=__rbt_backtrace_vector_release" "-Dbacktrace_close=__rbt_backtrace_close" "-Dbacktrace_open=__rbt_backtrace_open" "-Dbacktrace_print=__rbt_backtrace_print" "-Dbacktrace_simple=__rbt_backtrace_simple" "-Dbacktrace_qsort=__rbt_backtrace_qsort" "-Dbacktrace_create_state=__rbt_backtrace_create_state" "-Dbacktrace_uncompress_zdebug=__rbt_backtrace_uncompress_zdebug" "-Dmacho_get_view=__rbt_macho_get_view" "-Dmacho_symbol_type_relevant=__rbt_macho_symbol_type_relevant" "-Dmacho_get_commands=__rbt_macho_get_commands" "-Dmacho_try_dsym=__rbt_macho_try_dsym" "-Dmacho_try_dwarf=__rbt_macho_try_dwarf" "-Dmacho_get_addr_range=__rbt_macho_get_addr_range" "-Dmacho_get_uuid=__rbt_macho_get_uuid" "-Dmacho_add=__rbt_macho_add" "-Dmacho_add_symtab=__rbt_macho_add_symtab" "-Dmacho_file_to_host_u64=__rbt_macho_file_to_host_u64" "-Dmacho_file_to_host_u32=__rbt_macho_file_to_host_u32" "-Dmacho_file_to_host_u16=__rbt_macho_file_to_host_u16" "-o" "/opt/rustwide/target/debug/build/backtrace-sys-a631dd174e5d036a/out/src/libbacktrace/sort.o" "-c" "src/libbacktrace/sort.c"
[INFO] [stderr]   exit status: 0
[INFO] [stderr]   running: "cc" "-O0" "-ffunction-sections" "-fdata-sections" "-fPIC" "-g" "-fno-omit-frame-pointer" "-m64" "-I" "src/libbacktrace" "-I" "/opt/rustwide/target/debug/build/backtrace-sys-a631dd174e5d036a/out" "-fvisibility=hidden" "-DBACKTRACE_ELF_SIZE=64" "-DBACKTRACE_SUPPORTED=1" "-DBACKTRACE_USES_MALLOC=1" "-DBACKTRACE_SUPPORTS_THREADS=0" "-DBACKTRACE_SUPPORTS_DATA=0" "-DHAVE_DL_ITERATE_PHDR=1" "-D_GNU_SOURCE=1" "-D_LARGE_FILES=1" "-Dbacktrace_full=__rbt_backtrace_full" "-Dbacktrace_dwarf_add=__rbt_backtrace_dwarf_add" "-Dbacktrace_initialize=__rbt_backtrace_initialize" "-Dbacktrace_pcinfo=__rbt_backtrace_pcinfo" "-Dbacktrace_syminfo=__rbt_backtrace_syminfo" "-Dbacktrace_get_view=__rbt_backtrace_get_view" "-Dbacktrace_release_view=__rbt_backtrace_release_view" "-Dbacktrace_alloc=__rbt_backtrace_alloc" "-Dbacktrace_free=__rbt_backtrace_free" "-Dbacktrace_vector_finish=__rbt_backtrace_vector_finish" "-Dbacktrace_vector_grow=__rbt_backtrace_vector_grow" "-Dbacktrace_vector_release=__rbt_backtrace_vector_release" "-Dbacktrace_close=__rbt_backtrace_close" "-Dbacktrace_open=__rbt_backtrace_open" "-Dbacktrace_print=__rbt_backtrace_print" "-Dbacktrace_simple=__rbt_backtrace_simple" "-Dbacktrace_qsort=__rbt_backtrace_qsort" "-Dbacktrace_create_state=__rbt_backtrace_create_state" "-Dbacktrace_uncompress_zdebug=__rbt_backtrace_uncompress_zdebug" "-Dmacho_get_view=__rbt_macho_get_view" "-Dmacho_symbol_type_relevant=__rbt_macho_symbol_type_relevant" "-Dmacho_get_commands=__rbt_macho_get_commands" "-Dmacho_try_dsym=__rbt_macho_try_dsym" "-Dmacho_try_dwarf=__rbt_macho_try_dwarf" "-Dmacho_get_addr_range=__rbt_macho_get_addr_range" "-Dmacho_get_uuid=__rbt_macho_get_uuid" "-Dmacho_add=__rbt_macho_add" "-Dmacho_add_symtab=__rbt_macho_add_symtab" "-Dmacho_file_to_host_u64=__rbt_macho_file_to_host_u64" "-Dmacho_file_to_host_u32=__rbt_macho_file_to_host_u32" "-Dmacho_file_to_host_u16=__rbt_macho_file_to_host_u16" "-o" "/opt/rustwide/target/debug/build/backtrace-sys-a631dd174e5d036a/out/src/libbacktrace/state.o" "-c" "src/libbacktrace/state.c"
[INFO] [stderr]   exit status: 0
[INFO] [stderr]   running: "cc" "-O0" "-ffunction-sections" "-fdata-sections" "-fPIC" "-g" "-fno-omit-frame-pointer" "-m64" "-I" "src/libbacktrace" "-I" "/opt/rustwide/target/debug/build/backtrace-sys-a631dd174e5d036a/out" "-fvisibility=hidden" "-DBACKTRACE_ELF_SIZE=64" "-DBACKTRACE_SUPPORTED=1" "-DBACKTRACE_USES_MALLOC=1" "-DBACKTRACE_SUPPORTS_THREADS=0" "-DBACKTRACE_SUPPORTS_DATA=0" "-DHAVE_DL_ITERATE_PHDR=1" "-D_GNU_SOURCE=1" "-D_LARGE_FILES=1" "-Dbacktrace_full=__rbt_backtrace_full" "-Dbacktrace_dwarf_add=__rbt_backtrace_dwarf_add" "-Dbacktrace_initialize=__rbt_backtrace_initialize" "-Dbacktrace_pcinfo=__rbt_backtrace_pcinfo" "-Dbacktrace_syminfo=__rbt_backtrace_syminfo" "-Dbacktrace_get_view=__rbt_backtrace_get_view" "-Dbacktrace_release_view=__rbt_backtrace_release_view" "-Dbacktrace_alloc=__rbt_backtrace_alloc" "-Dbacktrace_free=__rbt_backtrace_free" "-Dbacktrace_vector_finish=__rbt_backtrace_vector_finish" "-Dbacktrace_vector_grow=__rbt_backtrace_vector_grow" "-Dbacktrace_vector_release=__rbt_backtrace_vector_release" "-Dbacktrace_close=__rbt_backtrace_close" "-Dbacktrace_open=__rbt_backtrace_open" "-Dbacktrace_print=__rbt_backtrace_print" "-Dbacktrace_simple=__rbt_backtrace_simple" "-Dbacktrace_qsort=__rbt_backtrace_qsort" "-Dbacktrace_create_state=__rbt_backtrace_create_state" "-Dbacktrace_uncompress_zdebug=__rbt_backtrace_uncompress_zdebug" "-Dmacho_get_view=__rbt_macho_get_view" "-Dmacho_symbol_type_relevant=__rbt_macho_symbol_type_relevant" "-Dmacho_get_commands=__rbt_macho_get_commands" "-Dmacho_try_dsym=__rbt_macho_try_dsym" "-Dmacho_try_dwarf=__rbt_macho_try_dwarf" "-Dmacho_get_addr_range=__rbt_macho_get_addr_range" "-Dmacho_get_uuid=__rbt_macho_get_uuid" "-Dmacho_add=__rbt_macho_add" "-Dmacho_add_symtab=__rbt_macho_add_symtab" "-Dmacho_file_to_host_u64=__rbt_macho_file_to_host_u64" "-Dmacho_file_to_host_u32=__rbt_macho_file_to_host_u32" "-Dmacho_file_to_host_u16=__rbt_macho_file_to_host_u16" "-o" "/opt/rustwide/target/debug/build/backtrace-sys-a631dd174e5d036a/out/src/libbacktrace/mmapio.o" "-c" "src/libbacktrace/mmapio.c"
[INFO] [stderr]   exit status: 0
[INFO] [stderr]   running: "cc" "-O0" "-ffunction-sections" "-fdata-sections" "-fPIC" "-g" "-fno-omit-frame-pointer" "-m64" "-I" "src/libbacktrace" "-I" "/opt/rustwide/target/debug/build/backtrace-sys-a631dd174e5d036a/out" "-fvisibility=hidden" "-DBACKTRACE_ELF_SIZE=64" "-DBACKTRACE_SUPPORTED=1" "-DBACKTRACE_USES_MALLOC=1" "-DBACKTRACE_SUPPORTS_THREADS=0" "-DBACKTRACE_SUPPORTS_DATA=0" "-DHAVE_DL_ITERATE_PHDR=1" "-D_GNU_SOURCE=1" "-D_LARGE_FILES=1" "-Dbacktrace_full=__rbt_backtrace_full" "-Dbacktrace_dwarf_add=__rbt_backtrace_dwarf_add" "-Dbacktrace_initialize=__rbt_backtrace_initialize" "-Dbacktrace_pcinfo=__rbt_backtrace_pcinfo" "-Dbacktrace_syminfo=__rbt_backtrace_syminfo" "-Dbacktrace_get_view=__rbt_backtrace_get_view" "-Dbacktrace_release_view=__rbt_backtrace_release_view" "-Dbacktrace_alloc=__rbt_backtrace_alloc" "-Dbacktrace_free=__rbt_backtrace_free" "-Dbacktrace_vector_finish=__rbt_backtrace_vector_finish" "-Dbacktrace_vector_grow=__rbt_backtrace_vector_grow" "-Dbacktrace_vector_release=__rbt_backtrace_vector_release" "-Dbacktrace_close=__rbt_backtrace_close" "-Dbacktrace_open=__rbt_backtrace_open" "-Dbacktrace_print=__rbt_backtrace_print" "-Dbacktrace_simple=__rbt_backtrace_simple" "-Dbacktrace_qsort=__rbt_backtrace_qsort" "-Dbacktrace_create_state=__rbt_backtrace_create_state" "-Dbacktrace_uncompress_zdebug=__rbt_backtrace_uncompress_zdebug" "-Dmacho_get_view=__rbt_macho_get_view" "-Dmacho_symbol_type_relevant=__rbt_macho_symbol_type_relevant" "-Dmacho_get_commands=__rbt_macho_get_commands" "-Dmacho_try_dsym=__rbt_macho_try_dsym" "-Dmacho_try_dwarf=__rbt_macho_try_dwarf" "-Dmacho_get_addr_range=__rbt_macho_get_addr_range" "-Dmacho_get_uuid=__rbt_macho_get_uuid" "-Dmacho_add=__rbt_macho_add" "-Dmacho_add_symtab=__rbt_macho_add_symtab" "-Dmacho_file_to_host_u64=__rbt_macho_file_to_host_u64" "-Dmacho_file_to_host_u32=__rbt_macho_file_to_host_u32" "-Dmacho_file_to_host_u16=__rbt_macho_file_to_host_u16" "-o" "/opt/rustwide/target/debug/build/backtrace-sys-a631dd174e5d036a/out/src/libbacktrace/elf.o" "-c" "src/libbacktrace/elf.c"
[INFO] [stderr]   cargo:warning=src/libbacktrace/elf.c:3500:1: fatal error: error writing to /tmp/cccSqamj.s: No space left on device
[INFO] [stderr]   cargo:warning= 3500 | }
[INFO] [stderr]   cargo:warning=      | ^
[INFO] [stderr]   cargo:warning=compilation terminated.
[INFO] [stderr]   exit status: 1
[INFO] [stderr] 
[INFO] [stderr]   --- stderr
[INFO] [stderr] 
[INFO] [stderr] 
[INFO] [stderr]   error occurred: Command "cc" "-O0" "-ffunction-sections" "-fdata-sections" "-fPIC" "-g" "-fno-omit-frame-pointer" "-m64" "-I" "src/libbacktrace" "-I" "/opt/rustwide/target/debug/build/backtrace-sys-a631dd174e5d036a/out" "-fvisibility=hidden" "-DBACKTRACE_ELF_SIZE=64" "-DBACKTRACE_SUPPORTED=1" "-DBACKTRACE_USES_MALLOC=1" "-DBACKTRACE_SUPPORTS_THREADS=0" "-DBACKTRACE_SUPPORTS_DATA=0" "-DHAVE_DL_ITERATE_PHDR=1" "-D_GNU_SOURCE=1" "-D_LARGE_FILES=1" "-Dbacktrace_full=__rbt_backtrace_full" "-Dbacktrace_dwarf_add=__rbt_backtrace_dwarf_add" "-Dbacktrace_initialize=__rbt_backtrace_initialize" "-Dbacktrace_pcinfo=__rbt_backtrace_pcinfo" "-Dbacktrace_syminfo=__rbt_backtrace_syminfo" "-Dbacktrace_get_view=__rbt_backtrace_get_view" "-Dbacktrace_release_view=__rbt_backtrace_release_view" "-Dbacktrace_alloc=__rbt_backtrace_alloc" "-Dbacktrace_free=__rbt_backtrace_free" "-Dbacktrace_vector_finish=__rbt_backtrace_vector_finish" "-Dbacktrace_vector_grow=__rbt_backtrace_vector_grow" "-Dbacktrace_vector_release=__rbt_backtrace_vector_release" "-Dbacktrace_close=__rbt_backtrace_close" "-Dbacktrace_open=__rbt_backtrace_open" "-Dbacktrace_print=__rbt_backtrace_print" "-Dbacktrace_simple=__rbt_backtrace_simple" "-Dbacktrace_qsort=__rbt_backtrace_qsort" "-Dbacktrace_create_state=__rbt_backtrace_create_state" "-Dbacktrace_uncompress_zdebug=__rbt_backtrace_uncompress_zdebug" "-Dmacho_get_view=__rbt_macho_get_view" "-Dmacho_symbol_type_relevant=__rbt_macho_symbol_type_relevant" "-Dmacho_get_commands=__rbt_macho_get_commands" "-Dmacho_try_dsym=__rbt_macho_try_dsym" "-Dmacho_try_dwarf=__rbt_macho_try_dwarf" "-Dmacho_get_addr_range=__rbt_macho_get_addr_range" "-Dmacho_get_uuid=__rbt_macho_get_uuid" "-Dmacho_add=__rbt_macho_add" "-Dmacho_add_symtab=__rbt_macho_add_symtab" "-Dmacho_file_to_host_u64=__rbt_macho_file_to_host_u64" "-Dmacho_file_to_host_u32=__rbt_macho_file_to_host_u32" "-Dmacho_file_to_host_u16=__rbt_macho_file_to_host_u16" "-o" "/opt/rustwide/target/debug/build/backtrace-sys-a631dd174e5d036a/out/src/libbacktrace/elf.o" "-c" "src/libbacktrace/elf.c" with args "cc" did not execute successfully (status code exit status: 1).
[INFO] [stderr] 
[INFO] [stderr] 
[INFO] [stderr] error: could not compile `miniz_oxide` (lib)
[INFO] [stderr] 
[INFO] [stderr] Caused by:
[INFO] [stderr]   No space left on device (os error 28)
[INFO] [stderr] 
[INFO] [stderr] Caused by:
[INFO] [stderr]   failed to parse process output: `/opt/rustwide/rustup-home/toolchains/nightly-2025-01-18-x86_64-unknown-linux-gnu/bin/rustc --crate-name miniz_oxide --edition=2018 /opt/rustwide/cargo-home/registry/src/index.crates.io-1949cf8c6b5b557f/miniz_oxide-0.3.6/src/lib.rs --error-format=json --json=diagnostic-rendered-ansi,artifacts,future-incompat --crate-type lib --emit=dep-info,metadata,link -C embed-bitcode=no -C debuginfo=2 --check-cfg 'cfg(docsrs,test)' --check-cfg 'cfg(feature, values())' -C metadata=5b0256f510a2e71c -C extra-filename=-422b4f8bac7a872b --out-dir /opt/rustwide/target/debug/deps -L dependency=/opt/rustwide/target/debug/deps --extern adler32=/opt/rustwide/target/debug/deps/libadler32-c0d0af83c448d032.rmeta --cap-lints allow --cap-lints=forbid` (exit status: 101)
[INFO] [stderr] error: could not compile `regex-syntax` (lib)
[INFO] [stderr] 
[INFO] [stderr] Caused by:
[INFO] [stderr]   No space left on device (os error 28)
[INFO] [stderr] 
[INFO] [stderr] Caused by:
[INFO] [stderr]   failed to parse process output: `/opt/rustwide/rustup-home/toolchains/nightly-2025-01-18-x86_64-unknown-linux-gnu/bin/rustc --crate-name regex_syntax --edition=2015 /opt/rustwide/cargo-home/registry/src/index.crates.io-1949cf8c6b5b557f/regex-syntax-0.6.17/src/lib.rs --error-format=json --json=diagnostic-rendered-ansi,artifacts,future-incompat --crate-type lib --emit=dep-info,metadata,link -C embed-bitcode=no -C debuginfo=2 --cfg 'feature="default"' --cfg 'feature="unicode"' --cfg 'feature="unicode-age"' --cfg 'feature="unicode-bool"' --cfg 'feature="unicode-case"' --cfg 'feature="unicode-gencat"' --cfg 'feature="unicode-perl"' --cfg 'feature="unicode-script"' --cfg 'feature="unicode-segment"' --check-cfg 'cfg(docsrs,test)' --check-cfg 'cfg(feature, values("default", "unicode", "unicode-age", "unicode-bool", "unicode-case", "unicode-gencat", "unicode-perl", "unicode-script", "unicode-segment"))' -C metadata=e261716b49321de7 -C extra-filename=-c0dfd9c684de4aea --out-dir /opt/rustwide/target/debug/deps -L dependency=/opt/rustwide/target/debug/deps --cap-lints allow --cap-lints=forbid` (exit status: 101)
[INFO] [stderr] error: failed to run custom build command for `glfw-sys v3.3.2`
[INFO] [stderr] note: To improve backtraces for build dependencies, set the CARGO_PROFILE_DEV_BUILD_OVERRIDE_DEBUG=true environment variable to enable debug information generation.
[INFO] [stderr] 
[INFO] [stderr] Caused by:
[INFO] [stderr]   process didn't exit successfully: `/opt/rustwide/target/debug/build/glfw-sys-8e42ca1d3066d645/build-script-build` (exit status: 101)
[INFO] [stderr]   --- stdout
[INFO] [stderr]   running: cd "/opt/rustwide/target/debug/build/glfw-sys-40d9a5330888e897/out/build" && CMAKE_PREFIX_PATH="" "cmake" "/opt/rustwide/cargo-home/registry/src/index.crates.io-1949cf8c6b5b557f/glfw-sys-3.3.2/." "-DGLFW_BUILD_EXAMPLES=OFF" "-DGLFW_BUILD_TESTS=OFF" "-DGLFW_BUILD_DOCS=OFF" "-DCMAKE_INSTALL_LIBDIR=lib" "-DCMAKE_INSTALL_PREFIX=/opt/rustwide/target/debug/build/glfw-sys-40d9a5330888e897/out" "-DCMAKE_C_FLAGS= -ffunction-sections -fdata-sections -fPIC -m64" "-DCMAKE_C_COMPILER=/usr/bin/cc" "-DCMAKE_CXX_FLAGS= -ffunction-sections -fdata-sections -fPIC -m64" "-DCMAKE_CXX_COMPILER=/usr/bin/c++" "-DCMAKE_BUILD_TYPE=Debug"
[INFO] [stderr]   -- The C compiler identification is GNU 11.4.0
[INFO] [stderr]   -- Detecting C compiler ABI info
[INFO] [stderr]   -- Detecting C compiler ABI info - done
[INFO] [stderr]   -- Check for working C compiler: /usr/bin/cc - skipped
[INFO] [stderr]   -- Detecting C compile features
[INFO] [stderr]   -- Detecting C compile features - done
[INFO] [stderr]   -- Looking for pthread.h
[INFO] [stderr]   -- Looking for pthread.h - found
[INFO] [stderr]   -- Performing Test CMAKE_HAVE_LIBC_PTHREAD
[INFO] [stderr]   -- Performing Test CMAKE_HAVE_LIBC_PTHREAD - Success
[INFO] [stderr]   -- Found Threads: TRUE  
[INFO] [stderr]   -- Using X11 for window creation
[INFO] [stderr]   -- Found X11: /usr/include   
[INFO] [stderr]   -- Looking for XOpenDisplay in /usr/lib/x86_64-linux-gnu/libX11.so;/usr/lib/x86_64-linux-gnu/libXext.so
[INFO] [stderr]   -- Configuring incomplete, errors occurred!
[INFO] [stderr]   See also "/opt/rustwide/target/debug/build/glfw-sys-40d9a5330888e897/out/build/CMakeFiles/CMakeOutput.log".
[INFO] [stderr] 
[INFO] [stderr]   --- stderr
[INFO] [stderr]   CMake Warning (dev) in /opt/rustwide/target/debug/build/glfw-sys-40d9a5330888e897/out/build/CMakeFiles/CMakeTmp/CMakeLists.txt:
[INFO] [stderr]     No project() command is present.  The top-level CMakeLists.txt file must
[INFO] [stderr]     contain a literal, direct call to the project() command.  Add a line of
[INFO] [stderr]     code such as
[INFO] [stderr] 
[INFO] [stderr]       project(ProjectName)
[INFO] [stderr] 
[INFO] [stderr]     near the top of the file, but after cmake_minimum_required().
[INFO] [stderr] 
[INFO] [stderr]     CMake is pretending there is a "project(Project)" command on the first
[INFO] [stderr]     line.
[INFO] [stderr]   This warning is for project developers.  Use -Wno-dev to suppress it.
[INFO] [stderr] 
[INFO] [stderr]   CMake Error at /usr/share/cmake-3.22/Modules/CheckLibraryExists.cmake:72 (try_compile):
[INFO] [stderr]     The test project needs language CXX which is not enabled.
[INFO] [stderr]   Call Stack (most recent call first):
[INFO] [stderr]     /usr/share/cmake-3.22/Modules/FindX11.cmake:474 (check_library_exists)
[INFO] [stderr]     CMakeLists.txt:196 (find_package)
[INFO] [stderr] 
[INFO] [stderr] 
[INFO] [stderr]   CMake Error: CMAKE_C_COMPILER not set, after EnableLanguage
[INFO] [stderr]   CMake Error: CMAKE_CXX_COMPILER not set, after EnableLanguage
[INFO] [stderr]   CMake Error: Unable to open check cache file for write. /opt/rustwide/target/debug/build/glfw-sys-40d9a5330888e897/out/build/CMakeFiles/CMakeTmp/CMakeFiles/cmake.check_cache
[INFO] [stderr]   CMake Error at /usr/share/cmake-3.22/Modules/CheckLibraryExists.cmake:72 (try_compile):
[INFO] [stderr]     Failed to configure test project build system.
[INFO] [stderr]   Call Stack (most recent call first):
[INFO] [stderr]     /usr/share/cmake-3.22/Modules/FindX11.cmake:474 (check_library_exists)
[INFO] [stderr]     CMakeLists.txt:196 (find_package)
[INFO] [stderr] 
[INFO] [stderr] 
[INFO] [stderr] 
[INFO] [stderr]   thread 'main' panicked at /opt/rustwide/cargo-home/registry/src/index.crates.io-1949cf8c6b5b557f/cmake-0.1.42/src/lib.rs:861:5:
[INFO] [stderr] 
[INFO] [stderr]   command did not execute successfully, got: exit status: 1
[INFO] [stderr] 
[INFO] [stderr]   build script failed, must exit now
[INFO] [stderr]   stack backtrace:
[INFO] [stderr]      0:     0x5aaefe2c973a - std::backtrace_rs::backtrace::libunwind::trace::hb059275cfc8d6126
[INFO] [stderr]                                  at /rustc/6067b36314ab5eb2eb47cecc464545ba58e1ad24/library/std/src/../../backtrace/src/backtrace/libunwind.rs:116:5
[INFO] [stderr]      1:     0x5aaefe2c973a - std::backtrace_rs::backtrace::trace_unsynchronized::h2da071e4327ce3ee
[INFO] [stderr]                                  at /rustc/6067b36314ab5eb2eb47cecc464545ba58e1ad24/library/std/src/../../backtrace/src/backtrace/mod.rs:66:5
[INFO] [stderr]      2:     0x5aaefe2c973a - std::sys::backtrace::_print_fmt::h842a1474e6f8d23f
[INFO] [stderr]                                  at /rustc/6067b36314ab5eb2eb47cecc464545ba58e1ad24/library/std/src/sys/backtrace.rs:66:9
[INFO] [stderr]      3:     0x5aaefe2c973a - <std::sys::backtrace::BacktraceLock::print::DisplayBacktrace as core::fmt::Display>::fmt::h71a62eb3b9696b12
[INFO] [stderr]                                  at /rustc/6067b36314ab5eb2eb47cecc464545ba58e1ad24/library/std/src/sys/backtrace.rs:39:26
[INFO] [stderr]      4:     0x5aaefe2ed9d3 - core::fmt::rt::Argument::fmt::hdb6b616786b41dc1
[INFO] [stderr]                                  at /rustc/6067b36314ab5eb2eb47cecc464545ba58e1ad24/library/core/src/fmt/rt.rs:177:76
[INFO] [stderr]      5:     0x5aaefe2ed9d3 - core::fmt::write::h2cc1698af7e2d686
[INFO] [stderr]                                  at /rustc/6067b36314ab5eb2eb47cecc464545ba58e1ad24/library/core/src/fmt/mod.rs:1440:21
[INFO] [stderr]      6:     0x5aaefe2c5f53 - std::io::Write::write_fmt::h00c8700df393f328
[INFO] [stderr]                                  at /rustc/6067b36314ab5eb2eb47cecc464545ba58e1ad24/library/std/src/io/mod.rs:1887:15
[INFO] [stderr]      7:     0x5aaefe2c9582 - std::sys::backtrace::BacktraceLock::print::h147fe35b4ea13b08
[INFO] [stderr]                                  at /rustc/6067b36314ab5eb2eb47cecc464545ba58e1ad24/library/std/src/sys/backtrace.rs:42:9
[INFO] [stderr]      8:     0x5aaefe2ca70f - std::panicking::default_hook::{{closure}}::hbd44223dbdc0d208
[INFO] [stderr]                                  at /rustc/6067b36314ab5eb2eb47cecc464545ba58e1ad24/library/std/src/panicking.rs:298:22
[INFO] [stderr]      9:     0x5aaefe2ca57a - std::panicking::default_hook::h20f81eb0576efcec
[INFO] [stderr]                                  at /rustc/6067b36314ab5eb2eb47cecc464545ba58e1ad24/library/std/src/panicking.rs:325:9
[INFO] [stderr]     10:     0x5aaefe2cb0f2 - std::panicking::rust_panic_with_hook::h625eea43051b2edc
[INFO] [stderr]                                  at /rustc/6067b36314ab5eb2eb47cecc464545ba58e1ad24/library/std/src/panicking.rs:831:13
[INFO] [stderr]     11:     0x5aaefe2cae7a - std::panicking::begin_panic_handler::{{closure}}::h4f9159cfbc3f6bd3
[INFO] [stderr]                                  at /rustc/6067b36314ab5eb2eb47cecc464545ba58e1ad24/library/std/src/panicking.rs:704:13
[INFO] [stderr]     12:     0x5aaefe2c9c39 - std::sys::backtrace::__rust_end_short_backtrace::h0390abce48353151
[INFO] [stderr]                                  at /rustc/6067b36314ab5eb2eb47cecc464545ba58e1ad24/library/std/src/sys/backtrace.rs:168:18
[INFO] [stderr]     13:     0x5aaefe2cab0d - rust_begin_unwind
[INFO] [stderr]                                  at /rustc/6067b36314ab5eb2eb47cecc464545ba58e1ad24/library/std/src/panicking.rs:695:5
[INFO] [stderr]     14:     0x5aaefe2ec840 - core::panicking::panic_fmt::h9e7c637e9e5f29c9
[INFO] [stderr]                                  at /rustc/6067b36314ab5eb2eb47cecc464545ba58e1ad24/library/core/src/panicking.rs:75:14
[INFO] [stderr]     15:     0x5aaefe26de5f - cmake::fail::h5493227397d5416e
[INFO] [stderr]     16:     0x5aaefe26d63a - cmake::run::h67abdd7f26bd3c44
[INFO] [stderr]     17:     0x5aaefe269e17 - cmake::Config::build::h2e4bf89108db5c8c
[INFO] [stderr]     18:     0x5aaefe264b82 - build_script_build::main::hffaab6a7e33c7534
[INFO] [stderr]     19:     0x5aaefe263e93 - core::ops::function::FnOnce::call_once::hd76f01986536f4d0
[INFO] [stderr]     20:     0x5aaefe263e26 - std::sys::backtrace::__rust_begin_short_backtrace::hfb7c4a255988a4f1
[INFO] [stderr]     21:     0x5aaefe263da9 - std::rt::lang_start::{{closure}}::h09e11dd1921ab2af
[INFO] [stderr]     22:     0x5aaefe2c1fd0 - core::ops::function::impls::<impl core::ops::function::FnOnce<A> for &F>::call_once::h1b085b6c1d2518b2
[INFO] [stderr]                                  at /rustc/6067b36314ab5eb2eb47cecc464545ba58e1ad24/library/core/src/ops/function.rs:284:13
[INFO] [stderr]     23:     0x5aaefe2c1fd0 - std::panicking::try::do_call::h382f964a5a23b565
[INFO] [stderr]                                  at /rustc/6067b36314ab5eb2eb47cecc464545ba58e1ad24/library/std/src/panicking.rs:587:40
[INFO] [stderr]     24:     0x5aaefe2c1fd0 - std::panicking::try::h57f991055eb622f9
[INFO] [stderr]                                  at /rustc/6067b36314ab5eb2eb47cecc464545ba58e1ad24/library/std/src/panicking.rs:550:19
[INFO] [stderr]     25:     0x5aaefe2c1fd0 - std::panic::catch_unwind::h4d9a74ef04456343
[INFO] [stderr]                                  at /rustc/6067b36314ab5eb2eb47cecc464545ba58e1ad24/library/std/src/panic.rs:358:14
[INFO] [stderr]     26:     0x5aaefe2c1fd0 - std::rt::lang_start_internal::{{closure}}::h2faa8ae84a93f314
[INFO] [stderr]                                  at /rustc/6067b36314ab5eb2eb47cecc464545ba58e1ad24/library/std/src/rt.rs:163:24
[INFO] [stderr]     27:     0x5aaefe2c1fd0 - std::panicking::try::do_call::h0f8932bf638a9bf5
[INFO] [stderr]                                  at /rustc/6067b36314ab5eb2eb47cecc464545ba58e1ad24/library/std/src/panicking.rs:587:40
[INFO] [stderr]     28:     0x5aaefe2c1fd0 - std::panicking::try::h683416ea756b175d
[INFO] [stderr]                                  at /rustc/6067b36314ab5eb2eb47cecc464545ba58e1ad24/library/std/src/panicking.rs:550:19
[INFO] [stderr]     29:     0x5aaefe2c1fd0 - std::panic::catch_unwind::h56189fac8994979f
[INFO] [stderr]                                  at /rustc/6067b36314ab5eb2eb47cecc464545ba58e1ad24/library/std/src/panic.rs:358:14
[INFO] [stderr]     30:     0x5aaefe2c1fd0 - std::rt::lang_start_internal::h8bbc1061691274fe
[INFO] [stderr]                                  at /rustc/6067b36314ab5eb2eb47cecc464545ba58e1ad24/library/std/src/rt.rs:159:5
[INFO] [stderr]     31:     0x5aaefe263d91 - std::rt::lang_start::h20e943f7734afd63
[INFO] [stderr]     32:     0x5aaefe264d55 - main
[INFO] [stderr]     33:     0x7c8836fb2d90 - <unknown>
[INFO] [stderr]     34:     0x7c8836fb2e40 - __libc_start_main
[INFO] [stderr]     35:     0x5aaefe263c65 - _start
[INFO] [stderr]     36:                0x0 - <unknown>
[INFO] [stdout] error: error writing dependencies to `/opt/rustwide/target/debug/deps/async_std-c4457ce3ff71d945.d`: No space left on device (os error 28)
[INFO] [stdout] 
[INFO] [stdout] 
[INFO] [stderr] error: could not compile `async-std` (lib) due to 1 previous error
[INFO] [stdout] error: couldn't create a temp dir: No space left on device (os error 28) at path "/opt/rustwide/target/debug/deps/rmetaZKuGEr"
[INFO] [stdout] 
[INFO] [stdout] 
[INFO] [stderr] error: could not compile `regex` (lib) due to 1 previous error
[INFO] [stdout] error: couldn't create a temp dir: No space left on device (os error 28) at path "/opt/rustwide/target/debug/deps/rmetaiAt0S4"
[INFO] [stdout] 
[INFO] [stdout] 
[INFO] [stderr] error: could not compile `clap` (lib) due to 1 previous error
[INFO] [stdout] error: couldn't create a temp dir: No space left on device (os error 28) at path "/opt/rustwide/target/debug/deps/rmetatftjsF"
[INFO] [stdout] 
[INFO] [stdout] 
[INFO] [stderr] error: could not compile `syn` (lib) due to 1 previous error
[INFO] [stdout] error: couldn't create a temp dir: No space left on device (os error 28) at path "/opt/rustwide/target/debug/deps/rmetaI0xPXU"
[INFO] [stdout] 
[INFO] [stdout] 
[INFO] [stderr] error: could not compile `clang-sys` (lib) due to 1 previous error
[INFO] running `Command { std: "docker" "inspect" "d9e095883a9fa579dcbbb243c803d0a279368812aff28a51e472d5454832373c", kill_on_drop: false }`
[INFO] running `Command { std: "docker" "rm" "-f" "d9e095883a9fa579dcbbb243c803d0a279368812aff28a51e472d5454832373c", kill_on_drop: false }`
[INFO] [stdout] d9e095883a9fa579dcbbb243c803d0a279368812aff28a51e472d5454832373c
