[INFO] cloning repository https://github.com/francisy9/hs-card-game
[INFO] running `Command { std: "git" "-c" "credential.helper=" "-c" "credential.helper=/workspace/cargo-home/bin/git-credential-null" "clone" "--bare" "https://github.com/francisy9/hs-card-game" "/workspace/cache/git-repos/https%3A%2F%2Fgithub.com%2Ffrancisy9%2Fhs-card-game", kill_on_drop: false }`
[INFO] [stderr] Cloning into bare repository '/workspace/cache/git-repos/https%3A%2F%2Fgithub.com%2Ffrancisy9%2Fhs-card-game'...
[INFO] running `Command { std: "git" "rev-parse" "HEAD", kill_on_drop: false }`
[INFO] [stdout] ffe19351b9870ef235291e634fd2c8b1934e114d
[INFO] testing francisy9/hs-card-game against nightly-2025-01-18+rustflags=-Zrandomize-layout for randomize-layout-2
[INFO] running `Command { std: "git" "clone" "/workspace/cache/git-repos/https%3A%2F%2Fgithub.com%2Ffrancisy9%2Fhs-card-game" "/workspace/builds/worker-7-tc2/source", kill_on_drop: false }`
[INFO] [stderr] Cloning into '/workspace/builds/worker-7-tc2/source'...
[INFO] [stderr] done.
[INFO] [stderr] error: unable to write file Cargo.lock
[INFO] [stderr] error: unable to write file Cargo.toml
[INFO] [stderr] error: unable to write file README.md
[INFO] [stderr] fatal: cannot create directory at 'migrations': No space left on device
[INFO] [stderr] warning: Clone succeeded, but checkout failed.
[INFO] [stderr] You can inspect what was checked out with 'git status'
[INFO] [stderr] and retry with 'git restore --source=HEAD :/'
[INFO] [stderr] 
[INFO] testing francisy9/hs-card-game against nightly-2025-01-18+rustflags=-Zrandomize-layout for randomize-layout-2
[INFO] running `Command { std: "git" "clone" "/workspace/cache/git-repos/https%3A%2F%2Fgithub.com%2Ffrancisy9%2Fhs-card-game" "/workspace/builds/worker-7-tc2/source", kill_on_drop: false }`
[INFO] [stderr] Cloning into '/workspace/builds/worker-7-tc2/source'...
[INFO] [stderr] done.
[INFO] validating manifest of git repo https://github.com/francisy9/hs-card-game on toolchain nightly-2025-01-18
[INFO] running `Command { std: CARGO_HOME="/workspace/cargo-home" RUSTUP_HOME="/workspace/rustup-home" "/workspace/cargo-home/bin/cargo" "+nightly-2025-01-18" "metadata" "--manifest-path" "Cargo.toml" "--no-deps", kill_on_drop: false }`
[INFO] started tweaking git repo https://github.com/francisy9/hs-card-game
[INFO] finished tweaking git repo https://github.com/francisy9/hs-card-game
[INFO] tweaked toml for git repo https://github.com/francisy9/hs-card-game written to /workspace/builds/worker-7-tc2/source/Cargo.toml
[INFO] crate git repo https://github.com/francisy9/hs-card-game already has a lockfile, it will not be regenerated
[INFO] running `Command { std: CARGO_HOME="/workspace/cargo-home" RUSTUP_HOME="/workspace/rustup-home" "/workspace/cargo-home/bin/cargo" "+nightly-2025-01-18" "fetch" "--manifest-path" "Cargo.toml", kill_on_drop: false }`
[INFO] [stderr] warning: virtual workspace defaulting to `resolver = "1"` despite one or more workspace members being on edition 2021 which implies `resolver = "2"`
[INFO] [stderr] note: to keep the current resolver, specify `workspace.resolver = "1"` in the workspace root's manifest
[INFO] [stderr] note: to use the edition 2021 resolver, specify `workspace.resolver = "2"` in the workspace root's manifest
[INFO] [stderr] note: for more details see https://doc.rust-lang.org/cargo/reference/resolver.html#resolver-versions
[INFO] [stderr]  Downloading crates ...
[INFO] [stderr]   Downloaded solana-frozen-abi v1.14.11
[INFO] [stderr]   Downloaded solana-frozen-abi-macro v1.14.11
[INFO] [stderr]   Downloaded solana-sdk-macro v1.14.11
[INFO] [stderr]   Downloaded solana-program v1.14.11
[INFO] running `Command { std: "docker" "create" "-v" "/var/lib/crater-agent-workspace/builds/worker-7-tc2/target:/opt/rustwide/target:rw,Z" "-v" "/var/lib/crater-agent-workspace/builds/worker-7-tc2/source:/opt/rustwide/workdir:ro,Z" "-v" "/var/lib/crater-agent-workspace/cargo-home:/opt/rustwide/cargo-home:ro,Z" "-v" "/var/lib/crater-agent-workspace/rustup-home:/opt/rustwide/rustup-home:ro,Z" "-e" "SOURCE_DIR=/opt/rustwide/workdir" "-e" "CARGO_TARGET_DIR=/opt/rustwide/target" "-e" "CARGO_HOME=/opt/rustwide/cargo-home" "-e" "RUSTUP_HOME=/opt/rustwide/rustup-home" "-w" "/opt/rustwide/workdir" "-m" "1610612736" "--user" "0:0" "--network" "none" "ghcr.io/rust-lang/crates-build-env/linux@sha256:819108c5571ea2e421544af4d832f968d213c87fbe3707a016657f43d2f853bc" "/opt/rustwide/cargo-home/bin/cargo" "+nightly-2025-01-18" "metadata" "--no-deps" "--format-version=1", kill_on_drop: false }`
[INFO] [stderr] Error response from daemon: write /var/lib/docker/overlay2/cc47a4fea4a43e089e76a86d711f6c4a582d25287a7e99264762b3e8630b6185-init/.tmp-link4149910549: no space left on device
[INFO] testing francisy9/hs-card-game against nightly-2025-01-18+rustflags=-Zrandomize-layout for randomize-layout-2
[INFO] running `Command { std: "git" "clone" "/workspace/cache/git-repos/https%3A%2F%2Fgithub.com%2Ffrancisy9%2Fhs-card-game" "/workspace/builds/worker-7-tc2/source", kill_on_drop: false }`
[INFO] [stderr] Cloning into '/workspace/builds/worker-7-tc2/source'...
[INFO] [stderr] done.
[INFO] [stderr] error: unable to write file tests/card.ts
[INFO] [stderr] error: unable to write file tsconfig.json
[INFO] [stderr] error: unable to write file yarn.lock
[INFO] [stderr] fatal: unable to checkout working tree
[INFO] [stderr] warning: Clone succeeded, but checkout failed.
[INFO] [stderr] You can inspect what was checked out with 'git status'
[INFO] [stderr] and retry with 'git restore --source=HEAD :/'
[INFO] [stderr] 
[INFO] testing francisy9/hs-card-game against nightly-2025-01-18+rustflags=-Zrandomize-layout for randomize-layout-2
[INFO] running `Command { std: "git" "clone" "/workspace/cache/git-repos/https%3A%2F%2Fgithub.com%2Ffrancisy9%2Fhs-card-game" "/workspace/builds/worker-7-tc2/source", kill_on_drop: false }`
[INFO] [stderr] Cloning into '/workspace/builds/worker-7-tc2/source'...
[INFO] [stderr] done.
[INFO] validating manifest of git repo https://github.com/francisy9/hs-card-game on toolchain nightly-2025-01-18
[INFO] running `Command { std: CARGO_HOME="/workspace/cargo-home" RUSTUP_HOME="/workspace/rustup-home" "/workspace/cargo-home/bin/cargo" "+nightly-2025-01-18" "metadata" "--manifest-path" "Cargo.toml" "--no-deps", kill_on_drop: false }`
[INFO] started tweaking git repo https://github.com/francisy9/hs-card-game
[INFO] finished tweaking git repo https://github.com/francisy9/hs-card-game
[INFO] tweaked toml for git repo https://github.com/francisy9/hs-card-game written to /workspace/builds/worker-7-tc2/source/Cargo.toml
[INFO] crate git repo https://github.com/francisy9/hs-card-game already has a lockfile, it will not be regenerated
[INFO] running `Command { std: CARGO_HOME="/workspace/cargo-home" RUSTUP_HOME="/workspace/rustup-home" "/workspace/cargo-home/bin/cargo" "+nightly-2025-01-18" "fetch" "--manifest-path" "Cargo.toml", kill_on_drop: false }`
[INFO] [stderr] warning: virtual workspace defaulting to `resolver = "1"` despite one or more workspace members being on edition 2021 which implies `resolver = "2"`
[INFO] [stderr] note: to keep the current resolver, specify `workspace.resolver = "1"` in the workspace root's manifest
[INFO] [stderr] note: to use the edition 2021 resolver, specify `workspace.resolver = "2"` in the workspace root's manifest
[INFO] [stderr] note: for more details see https://doc.rust-lang.org/cargo/reference/resolver.html#resolver-versions
[INFO] [stderr]     Blocking waiting for file lock on package cache
[INFO] running `Command { std: "docker" "create" "-v" "/var/lib/crater-agent-workspace/builds/worker-7-tc2/target:/opt/rustwide/target:rw,Z" "-v" "/var/lib/crater-agent-workspace/builds/worker-7-tc2/source:/opt/rustwide/workdir:ro,Z" "-v" "/var/lib/crater-agent-workspace/cargo-home:/opt/rustwide/cargo-home:ro,Z" "-v" "/var/lib/crater-agent-workspace/rustup-home:/opt/rustwide/rustup-home:ro,Z" "-e" "SOURCE_DIR=/opt/rustwide/workdir" "-e" "CARGO_TARGET_DIR=/opt/rustwide/target" "-e" "CARGO_HOME=/opt/rustwide/cargo-home" "-e" "RUSTUP_HOME=/opt/rustwide/rustup-home" "-w" "/opt/rustwide/workdir" "-m" "1610612736" "--user" "0:0" "--network" "none" "ghcr.io/rust-lang/crates-build-env/linux@sha256:819108c5571ea2e421544af4d832f968d213c87fbe3707a016657f43d2f853bc" "/opt/rustwide/cargo-home/bin/cargo" "+nightly-2025-01-18" "metadata" "--no-deps" "--format-version=1", kill_on_drop: false }`
[INFO] [stdout] 3b3631fd17548a794533c11626996f071310ec8b9fa7b452b76378cee250b833
[INFO] running `Command { std: "docker" "start" "-a" "3b3631fd17548a794533c11626996f071310ec8b9fa7b452b76378cee250b833", kill_on_drop: false }`
[INFO] running `Command { std: "docker" "inspect" "3b3631fd17548a794533c11626996f071310ec8b9fa7b452b76378cee250b833", kill_on_drop: false }`
[INFO] running `Command { std: "docker" "rm" "-f" "3b3631fd17548a794533c11626996f071310ec8b9fa7b452b76378cee250b833", kill_on_drop: false }`
[INFO] [stdout] 3b3631fd17548a794533c11626996f071310ec8b9fa7b452b76378cee250b833
[INFO] running `Command { std: "docker" "create" "-v" "/var/lib/crater-agent-workspace/builds/worker-7-tc2/target:/opt/rustwide/target:rw,Z" "-v" "/var/lib/crater-agent-workspace/builds/worker-7-tc2/source:/opt/rustwide/workdir:ro,Z" "-v" "/var/lib/crater-agent-workspace/cargo-home:/opt/rustwide/cargo-home:ro,Z" "-v" "/var/lib/crater-agent-workspace/rustup-home:/opt/rustwide/rustup-home:ro,Z" "-e" "SOURCE_DIR=/opt/rustwide/workdir" "-e" "CARGO_TARGET_DIR=/opt/rustwide/target" "-e" "CARGO_INCREMENTAL=0" "-e" "RUST_BACKTRACE=full" "-e" "RUSTFLAGS=--cap-lints=forbid -Zrandomize-layout" "-e" "RUSTDOCFLAGS=--cap-lints=forbid" "-e" "CARGO_HOME=/opt/rustwide/cargo-home" "-e" "RUSTUP_HOME=/opt/rustwide/rustup-home" "-w" "/opt/rustwide/workdir" "-m" "1610612736" "--user" "0:0" "--network" "none" "ghcr.io/rust-lang/crates-build-env/linux@sha256:819108c5571ea2e421544af4d832f968d213c87fbe3707a016657f43d2f853bc" "/opt/rustwide/cargo-home/bin/cargo" "+nightly-2025-01-18" "build" "--frozen" "--message-format=json", kill_on_drop: false }`
[INFO] [stdout] d1ce4d9d990f3eeee3a2b2cdb6abf41acfedc24537587856ad44a2f2fc8fa1cd
[INFO] running `Command { std: "docker" "start" "-a" "d1ce4d9d990f3eeee3a2b2cdb6abf41acfedc24537587856ad44a2f2fc8fa1cd", kill_on_drop: false }`
[INFO] [stderr] warning: virtual workspace defaulting to `resolver = "1"` despite one or more workspace members being on edition 2021 which implies `resolver = "2"`
[INFO] [stderr] note: to keep the current resolver, specify `workspace.resolver = "1"` in the workspace root's manifest
[INFO] [stderr] note: to use the edition 2021 resolver, specify `workspace.resolver = "2"` in the workspace root's manifest
[INFO] [stderr] note: for more details see https://doc.rust-lang.org/cargo/reference/resolver.html#resolver-versions
[INFO] [stderr]    Compiling proc-macro2 v1.0.49
[INFO] [stderr]    Compiling quote v1.0.23
[INFO] [stderr]    Compiling unicode-ident v1.0.6
[INFO] [stderr]    Compiling syn v1.0.107
[INFO] [stderr]    Compiling version_check v0.9.4
[INFO] [stderr]    Compiling serde_derive v1.0.152
[INFO] [stderr]    Compiling serde v1.0.152
[INFO] [stderr]    Compiling cfg-if v1.0.0
[INFO] [stderr]    Compiling typenum v1.16.0
[INFO] [stderr]    Compiling libc v0.2.139
[INFO] [stderr]    Compiling subtle v2.4.1
[INFO] [stderr]    Compiling autocfg v1.1.0
[INFO] [stderr]    Compiling cpufeatures v0.2.5
[INFO] [stderr]    Compiling block-padding v0.2.1
[INFO] [stderr]    Compiling thiserror v1.0.38
[INFO] [stderr]    Compiling opaque-debug v0.3.0
[INFO] [stderr]    Compiling serde_json v1.0.91
[INFO] [stderr]    Compiling anyhow v1.0.68
[INFO] [stderr]    Compiling ryu v1.0.12
[INFO] [stderr]    Compiling itoa v1.0.5
[INFO] [stderr]    Compiling semver v1.0.16
[INFO] [stderr]    Compiling once_cell v1.16.0
[INFO] [stderr]    Compiling unicode-segmentation v1.10.0
[INFO] [stderr]    Compiling yansi v0.5.1
[INFO] [stderr]    Compiling getrandom v0.1.16
[INFO] [stderr]    Compiling bs58 v0.3.1
[INFO] [stderr]    Compiling crossbeam-utils v0.8.14
[INFO] [stderr]    Compiling crunchy v0.2.2
[INFO] [stderr]    Compiling log v0.4.17
[INFO] [stderr]    Compiling scopeguard v1.1.0
[INFO] [stderr]    Compiling memoffset v0.7.1
[INFO] [stderr]    Compiling crossbeam-epoch v0.9.13
[INFO] [stderr]    Compiling wasm-bindgen-shared v0.2.83
[INFO] [stderr]    Compiling unicode-xid v0.2.4
[INFO] [stderr]    Compiling rayon-core v1.10.1
[INFO] [stderr]    Compiling rustversion v1.0.11
[INFO] [stdout] error[E0422]: cannot find struct, variant or union type `LineColumn` in crate `proc_macro`
[INFO] [stdout]    --> /opt/rustwide/cargo-home/registry/src/index.crates.io-1949cf8c6b5b557f/proc-macro2-1.0.49/src/wrapper.rs:479:33
[INFO] [stdout]     |
[INFO] [stdout] 479 |                 let proc_macro::LineColumn { line, column } = s.start();
[INFO] [stdout]     |                                 ^^^^^^^^^^ not found in `proc_macro`
[INFO] [stdout]     |
[INFO] [stdout] help: consider importing one of these structs
[INFO] [stdout]     |
[INFO] [stdout] 1   + use crate::LineColumn;
[INFO] [stdout]     |
[INFO] [stdout] 1   + use crate::fallback::LineColumn;
[INFO] [stdout]     |
[INFO] [stdout] help: if you import `LineColumn`, refer to it directly
[INFO] [stdout]     |
[INFO] [stdout] 479 -                 let proc_macro::LineColumn { line, column } = s.start();
[INFO] [stdout] 479 +                 let LineColumn { line, column } = s.start();
[INFO] [stdout]     |
[INFO] [stdout] 
[INFO] [stdout] 
[INFO] [stdout] error[E0422]: cannot find struct, variant or union type `LineColumn` in crate `proc_macro`
[INFO] [stdout]    --> /opt/rustwide/cargo-home/registry/src/index.crates.io-1949cf8c6b5b557f/proc-macro2-1.0.49/src/wrapper.rs:496:33
[INFO] [stdout]     |
[INFO] [stdout] 496 |                 let proc_macro::LineColumn { line, column } = s.end();
[INFO] [stdout]     |                                 ^^^^^^^^^^ not found in `proc_macro`
[INFO] [stdout]     |
[INFO] [stdout] help: consider importing one of these structs
[INFO] [stdout]     |
[INFO] [stdout] 1   + use crate::LineColumn;
[INFO] [stdout]     |
[INFO] [stdout] 1   + use crate::fallback::LineColumn;
[INFO] [stdout]     |
[INFO] [stdout] help: if you import `LineColumn`, refer to it directly
[INFO] [stdout]     |
[INFO] [stdout] 496 -                 let proc_macro::LineColumn { line, column } = s.end();
[INFO] [stdout] 496 +                 let LineColumn { line, column } = s.end();
[INFO] [stdout]     |
[INFO] [stdout] 
[INFO] [stdout] 
[INFO] [stderr]    Compiling generic-array v0.14.6
[INFO] [stdout] error[E0635]: unknown feature `proc_macro_span_shrink`
[INFO] [stdout]   --> /opt/rustwide/cargo-home/registry/src/index.crates.io-1949cf8c6b5b557f/proc-macro2-1.0.49/src/lib.rs:92:30
[INFO] [stdout]    |
[INFO] [stdout] 92 |     feature(proc_macro_span, proc_macro_span_shrink)
[INFO] [stdout]    |                              ^^^^^^^^^^^^^^^^^^^^^^
[INFO] [stdout] 
[INFO] [stdout] 
[INFO] [stderr]    Compiling proc-macro2-diagnostics v0.9.1
[INFO] [stderr]    Compiling ahash v0.7.6
[INFO] [stderr]    Compiling heck v0.3.3
[INFO] [stderr]    Compiling rustc_version v0.4.0
[INFO] [stderr]    Compiling ppv-lite86 v0.2.17
[INFO] [stderr]    Compiling feature-probe v0.1.1
[INFO] [stderr]    Compiling either v1.8.0
[INFO] [stdout] Some errors have detailed explanations: E0422, E0635.
[INFO] [stdout] 
[INFO] [stdout] For more information about an error, try `rustc --explain E0422`.
[INFO] [stdout] 
[INFO] [stderr] error: could not compile `proc-macro2` (lib) due to 3 previous errors
[INFO] [stderr] warning: build failed, waiting for other jobs to finish...
[INFO] [stderr] rustc-LLVM ERROR: IO failure on output stream: No space left on device
[INFO] [stderr] error: could not compile `rustc_version` (lib)
[INFO] [stderr] 
[INFO] [stderr] Caused by:
[INFO] [stderr]   No space left on device (os error 28)
[INFO] [stderr] 
[INFO] [stderr] Caused by:
[INFO] [stderr]   failed to parse process output: `/opt/rustwide/rustup-home/toolchains/nightly-2025-01-18-x86_64-unknown-linux-gnu/bin/rustc --crate-name rustc_version --edition=2018 /opt/rustwide/cargo-home/registry/src/index.crates.io-1949cf8c6b5b557f/rustc_version-0.4.0/src/lib.rs --error-format=json --json=diagnostic-rendered-ansi,artifacts,future-incompat --crate-type lib --emit=dep-info,metadata,link -C embed-bitcode=no --check-cfg 'cfg(docsrs,test)' --check-cfg 'cfg(feature, values())' -C metadata=3178bacd14bc38da -C extra-filename=-43cf4ddbbbfddbfa --out-dir /opt/rustwide/target/debug/deps -L dependency=/opt/rustwide/target/debug/deps --extern semver=/opt/rustwide/target/debug/deps/libsemver-59a1aba709031a1a.rmeta --cap-lints allow --cap-lints=forbid -Zrandomize-layout` (exit status: 101)
[INFO] [stderr] error: could not parse/generate dep info at: /opt/rustwide/target/debug/deps/ppv_lite86-069463f3989e4665.d
[INFO] [stderr] 
[INFO] [stderr] Caused by:
[INFO] [stderr]   failed to write `/opt/rustwide/target/debug/.fingerprint/ppv-lite86-069463f3989e4665/dep-lib-ppv_lite86`
[INFO] [stderr] 
[INFO] [stderr] Caused by:
[INFO] [stderr]   No space left on device (os error 28)
[INFO] [stdout] error: failed to write to `/opt/rustwide/target/debug/deps/rmetaap4mf4/lib.rmeta`: No space left on device (os error 28)
[INFO] [stdout] 
[INFO] [stdout] 
[INFO] [stderr] error: could not compile `typenum` (lib) due to 1 previous error
[INFO] [stdout] error: failed to write to `/opt/rustwide/target/debug/deps/rmetaEevL67/lib.rmeta`: No space left on device (os error 28)
[INFO] [stdout] 
[INFO] [stdout] 
[INFO] [stderr] error: could not compile `libc` (lib) due to 1 previous error
[INFO] running `Command { std: "docker" "inspect" "d1ce4d9d990f3eeee3a2b2cdb6abf41acfedc24537587856ad44a2f2fc8fa1cd", kill_on_drop: false }`
[INFO] running `Command { std: "docker" "rm" "-f" "d1ce4d9d990f3eeee3a2b2cdb6abf41acfedc24537587856ad44a2f2fc8fa1cd", kill_on_drop: false }`
[INFO] [stdout] d1ce4d9d990f3eeee3a2b2cdb6abf41acfedc24537587856ad44a2f2fc8fa1cd
