[INFO] cloning repository https://github.com/enzoBrum/ine5429
[INFO] running `Command { std: "git" "-c" "credential.helper=" "-c" "credential.helper=/workspace/cargo-home/bin/git-credential-null" "clone" "--bare" "https://github.com/enzoBrum/ine5429" "/workspace/cache/git-repos/https%3A%2F%2Fgithub.com%2FenzoBrum%2Fine5429", kill_on_drop: false }`
[INFO] [stderr] Cloning into bare repository '/workspace/cache/git-repos/https%3A%2F%2Fgithub.com%2FenzoBrum%2Fine5429'...
[INFO] running `Command { std: "git" "rev-parse" "HEAD", kill_on_drop: false }`
[INFO] [stdout] 25a40a608bbfd97a5b8f46233a7c6d2a64d6ff62
[INFO] testing enzoBrum/ine5429 against nightly-2025-01-18 for randomize-layout-2
[INFO] running `Command { std: "git" "clone" "/workspace/cache/git-repos/https%3A%2F%2Fgithub.com%2FenzoBrum%2Fine5429" "/workspace/builds/worker-3-tc1/source", kill_on_drop: false }`
[INFO] [stderr] Cloning into '/workspace/builds/worker-3-tc1/source'...
[INFO] [stderr] done.
[INFO] validating manifest of git repo https://github.com/enzoBrum/ine5429 on toolchain nightly-2025-01-18
[INFO] running `Command { std: CARGO_HOME="/workspace/cargo-home" RUSTUP_HOME="/workspace/rustup-home" "/workspace/cargo-home/bin/cargo" "+nightly-2025-01-18" "metadata" "--manifest-path" "Cargo.toml" "--no-deps", kill_on_drop: false }`
[INFO] started tweaking git repo https://github.com/enzoBrum/ine5429
[INFO] finished tweaking git repo https://github.com/enzoBrum/ine5429
[INFO] tweaked toml for git repo https://github.com/enzoBrum/ine5429 written to /workspace/builds/worker-3-tc1/source/Cargo.toml
[INFO] crate git repo https://github.com/enzoBrum/ine5429 already has a lockfile, it will not be regenerated
[INFO] running `Command { std: CARGO_HOME="/workspace/cargo-home" RUSTUP_HOME="/workspace/rustup-home" "/workspace/cargo-home/bin/cargo" "+nightly-2025-01-18" "fetch" "--manifest-path" "Cargo.toml", kill_on_drop: false }`
[INFO] [stderr]     Blocking waiting for file lock on package cache
[INFO] [stderr]     Blocking waiting for file lock on package cache
[INFO] [stderr]  Downloading crates ...
[INFO] [stderr]   Downloaded rug v1.26.1
[INFO] running `Command { std: "docker" "create" "-v" "/var/lib/crater-agent-workspace/builds/worker-3-tc1/target:/opt/rustwide/target:rw,Z" "-v" "/var/lib/crater-agent-workspace/builds/worker-3-tc1/source:/opt/rustwide/workdir:ro,Z" "-v" "/var/lib/crater-agent-workspace/cargo-home:/opt/rustwide/cargo-home:ro,Z" "-v" "/var/lib/crater-agent-workspace/rustup-home:/opt/rustwide/rustup-home:ro,Z" "-e" "SOURCE_DIR=/opt/rustwide/workdir" "-e" "CARGO_TARGET_DIR=/opt/rustwide/target" "-e" "CARGO_HOME=/opt/rustwide/cargo-home" "-e" "RUSTUP_HOME=/opt/rustwide/rustup-home" "-w" "/opt/rustwide/workdir" "-m" "1610612736" "--user" "0:0" "--network" "none" "ghcr.io/rust-lang/crates-build-env/linux@sha256:819108c5571ea2e421544af4d832f968d213c87fbe3707a016657f43d2f853bc" "/opt/rustwide/cargo-home/bin/cargo" "+nightly-2025-01-18" "metadata" "--no-deps" "--format-version=1", kill_on_drop: false }`
[INFO] [stdout] 9dfce73d766f9c1efe6d3dc1e418c67173f1d03d0378a12c04dad921f70ada23
[INFO] running `Command { std: "docker" "start" "-a" "9dfce73d766f9c1efe6d3dc1e418c67173f1d03d0378a12c04dad921f70ada23", kill_on_drop: false }`
[INFO] running `Command { std: "docker" "inspect" "9dfce73d766f9c1efe6d3dc1e418c67173f1d03d0378a12c04dad921f70ada23", kill_on_drop: false }`
[INFO] running `Command { std: "docker" "rm" "-f" "9dfce73d766f9c1efe6d3dc1e418c67173f1d03d0378a12c04dad921f70ada23", kill_on_drop: false }`
[INFO] [stdout] 9dfce73d766f9c1efe6d3dc1e418c67173f1d03d0378a12c04dad921f70ada23
[INFO] running `Command { std: "docker" "create" "-v" "/var/lib/crater-agent-workspace/builds/worker-3-tc1/target:/opt/rustwide/target:rw,Z" "-v" "/var/lib/crater-agent-workspace/builds/worker-3-tc1/source:/opt/rustwide/workdir:ro,Z" "-v" "/var/lib/crater-agent-workspace/cargo-home:/opt/rustwide/cargo-home:ro,Z" "-v" "/var/lib/crater-agent-workspace/rustup-home:/opt/rustwide/rustup-home:ro,Z" "-e" "SOURCE_DIR=/opt/rustwide/workdir" "-e" "CARGO_TARGET_DIR=/opt/rustwide/target" "-e" "CARGO_INCREMENTAL=0" "-e" "RUST_BACKTRACE=full" "-e" "RUSTFLAGS=--cap-lints=forbid" "-e" "RUSTDOCFLAGS=--cap-lints=forbid" "-e" "CARGO_HOME=/opt/rustwide/cargo-home" "-e" "RUSTUP_HOME=/opt/rustwide/rustup-home" "-w" "/opt/rustwide/workdir" "-m" "1610612736" "--user" "0:0" "--network" "none" "ghcr.io/rust-lang/crates-build-env/linux@sha256:819108c5571ea2e421544af4d832f968d213c87fbe3707a016657f43d2f853bc" "/opt/rustwide/cargo-home/bin/cargo" "+nightly-2025-01-18" "build" "--frozen" "--message-format=json", kill_on_drop: false }`
[INFO] [stdout] 236795ad204ccc11cac21fa90851568acf9d4327b5bc91bfd20bed86dcf9656d
[INFO] running `Command { std: "docker" "start" "-a" "236795ad204ccc11cac21fa90851568acf9d4327b5bc91bfd20bed86dcf9656d", kill_on_drop: false }`
[INFO] [stderr]    Compiling cfg-if v1.0.0
[INFO] [stderr]    Compiling pkg-config v0.3.31
[INFO] [stderr]    Compiling semver v1.0.23
[INFO] [stderr]    Compiling libc v0.2.159
[INFO] [stderr]    Compiling shlex v1.3.0
[INFO] [stderr]    Compiling simd-adler32 v0.3.7
[INFO] [stderr]    Compiling autocfg v1.4.0
[INFO] [stderr]    Compiling adler2 v2.0.0
[INFO] [stderr]    Compiling bitflags v1.3.2
[INFO] [stderr]    Compiling color_quant v1.1.0
[INFO] [stderr]    Compiling option-ext v0.2.0
[INFO] [stderr]    Compiling gmp-mpfr-sys v1.6.4
[INFO] [stderr]    Compiling byteorder v1.5.0
[INFO] [stderr]    Compiling libm v0.2.8
[INFO] [stderr]    Compiling bytemuck v1.18.0
[INFO] [stderr]    Compiling font-kit v0.14.2
[INFO] [stderr]    Compiling crc32fast v1.4.2
[INFO] [stderr]    Compiling libloading v0.8.5
[INFO] [stderr]    Compiling same-file v1.0.6
[INFO] [stderr]    Compiling az v1.2.1
[INFO] [stderr]    Compiling miniz_oxide v0.8.0
[INFO] [stderr]    Compiling fdeflate v0.3.5
[INFO] [stderr]    Compiling cc v1.1.28
[INFO] [stderr]    Compiling plotters-backend v0.3.7
[INFO] [stderr]    Compiling weezl v0.1.8
[INFO] [stderr]    Compiling jpeg-decoder v0.3.1
[INFO] [stderr]    Compiling once_cell v1.20.2
[INFO] [stderr]    Compiling dlib v0.5.2
[INFO] [stderr]    Compiling log v0.4.22
[INFO] [stderr]    Compiling walkdir v2.5.0
[INFO] [stderr]    Compiling float-ord v0.3.2
[INFO] [stderr]    Compiling lazy_static v1.5.0
[INFO] [stderr]    Compiling bitflags v2.6.0
[INFO] [stderr]    Compiling iana-time-zone v0.1.61
[INFO] [stderr]    Compiling rug v1.26.1
[INFO] [stderr]    Compiling num-traits v0.2.19
[INFO] [stderr]    Compiling flate2 v1.0.34
[INFO] [stderr]    Compiling gif v0.12.0
[INFO] [stderr]    Compiling rustc_version v0.4.1
[INFO] [stderr] rustc-LLVM ERROR: IO failure on output stream: No space left on device
[INFO] [stderr] rustc-LLVM ERROR: IO failure on output stream: No space left on device
[INFO] [stderr] rustc-LLVM ERROR: IO failure on output stream: No space left on device
[INFO] [stderr] error: could not compile `pkg-config` (lib)
[INFO] [stderr] 
[INFO] [stderr] Caused by:
[INFO] [stderr]   No space left on device (os error 28)
[INFO] [stderr] 
[INFO] [stderr] Caused by:
[INFO] [stderr]   failed to parse process output: `/opt/rustwide/rustup-home/toolchains/nightly-2025-01-18-x86_64-unknown-linux-gnu/bin/rustc --crate-name pkg_config --edition=2018 /opt/rustwide/cargo-home/registry/src/index.crates.io-1949cf8c6b5b557f/pkg-config-0.3.31/src/lib.rs --error-format=json --json=diagnostic-rendered-ansi,artifacts,future-incompat --crate-type lib --emit=dep-info,metadata,link -C embed-bitcode=no --check-cfg 'cfg(docsrs,test)' --check-cfg 'cfg(feature, values())' -C metadata=0b2144b53dd0ae95 -C extra-filename=-98fee3b6192f743b --out-dir /opt/rustwide/target/debug/deps -L dependency=/opt/rustwide/target/debug/deps --cap-lints allow --cap-lints=forbid` (exit status: 101)
[INFO] [stderr] warning: build failed, waiting for other jobs to finish...
[INFO] [stderr] error: could not compile `iana-time-zone` (lib)
[INFO] [stderr] 
[INFO] [stderr] Caused by:
[INFO] [stderr]   process didn't exit successfully: `/opt/rustwide/rustup-home/toolchains/nightly-2025-01-18-x86_64-unknown-linux-gnu/bin/rustc --crate-name iana_time_zone --edition=2018 /opt/rustwide/cargo-home/registry/src/index.crates.io-1949cf8c6b5b557f/iana-time-zone-0.1.61/src/lib.rs --error-format=json --json=diagnostic-rendered-ansi,artifacts,future-incompat --crate-type lib --emit=dep-info,metadata,link -C embed-bitcode=no -C debuginfo=2 --cfg 'feature="fallback"' --check-cfg 'cfg(docsrs,test)' --check-cfg 'cfg(feature, values("fallback"))' -C metadata=0553accc897b9e48 -C extra-filename=-33839373f004bfb1 --out-dir /opt/rustwide/target/debug/deps -L dependency=/opt/rustwide/target/debug/deps --cap-lints allow --cap-lints=forbid` (exit status: 101)
[INFO] [stderr] error: could not compile `semver` (lib)
[INFO] [stderr] 
[INFO] [stderr] Caused by:
[INFO] [stderr]   No space left on device (os error 28)
[INFO] [stderr] 
[INFO] [stderr] Caused by:
[INFO] [stderr]   failed to parse process output: `/opt/rustwide/rustup-home/toolchains/nightly-2025-01-18-x86_64-unknown-linux-gnu/bin/rustc --crate-name semver --edition=2018 /opt/rustwide/cargo-home/registry/src/index.crates.io-1949cf8c6b5b557f/semver-1.0.23/src/lib.rs --error-format=json --json=diagnostic-rendered-ansi,artifacts,future-incompat --crate-type lib --emit=dep-info,metadata,link -C embed-bitcode=no --cfg 'feature="default"' --cfg 'feature="std"' --check-cfg 'cfg(docsrs,test)' --check-cfg 'cfg(feature, values("default", "serde", "std"))' -C metadata=b5099fb41cb1a1b6 -C extra-filename=-5cdbf0549740bbdf --out-dir /opt/rustwide/target/debug/deps -L dependency=/opt/rustwide/target/debug/deps --cap-lints allow --cap-lints=forbid --check-cfg 'cfg(doc_cfg)' --check-cfg 'cfg(no_alloc_crate)' --check-cfg 'cfg(no_const_vec_new)' --check-cfg 'cfg(no_exhaustive_int_match)' --check-cfg 'cfg(no_non_exhaustive)' --check-cfg 'cfg(no_nonzero_bitscan)' --check-cfg 'cfg(no_str_strip_prefix)' --check-cfg 'cfg(no_track_caller)' --check-cfg 'cfg(no_unsafe_op_in_unsafe_fn_lint)' --check-cfg 'cfg(test_node_semver)'` (exit status: 101)
[INFO] [stdout] error: couldn't create a temp dir: No space left on device (os error 28) at path "/opt/rustwide/target/debug/deps/rmetasJZ8SN"
[INFO] [stdout] 
[INFO] [stdout] 
[INFO] [stderr] error: could not compile `libc` (lib) due to 1 previous error
[INFO] [stderr] rustc-LLVM ERROR: IO failure on output stream: No space left on device
[INFO] [stderr] error: could not compile `miniz_oxide` (lib)
[INFO] [stderr] 
[INFO] [stderr] Caused by:
[INFO] [stderr]   process didn't exit successfully: `/opt/rustwide/rustup-home/toolchains/nightly-2025-01-18-x86_64-unknown-linux-gnu/bin/rustc --crate-name miniz_oxide --edition=2021 /opt/rustwide/cargo-home/registry/src/index.crates.io-1949cf8c6b5b557f/miniz_oxide-0.8.0/src/lib.rs --error-format=json --json=diagnostic-rendered-ansi,artifacts,future-incompat --crate-type lib --emit=dep-info,metadata,link -C embed-bitcode=no -C debuginfo=2 --warn=unexpected_cfgs --check-cfg 'cfg(fuzzing)' --cfg 'feature="default"' --cfg 'feature="simd"' --cfg 'feature="simd-adler32"' --cfg 'feature="with-alloc"' --check-cfg 'cfg(docsrs,test)' --check-cfg 'cfg(feature, values("alloc", "compiler_builtins", "core", "default", "rustc-dep-of-std", "simd", "simd-adler32", "std", "with-alloc"))' -C metadata=2e47cf11a8b9cb8d -C extra-filename=-9f1aec8488cf8045 --out-dir /opt/rustwide/target/debug/deps -L dependency=/opt/rustwide/target/debug/deps --extern adler2=/opt/rustwide/target/debug/deps/libadler2-b931b79841890bad.rmeta --extern simd_adler32=/opt/rustwide/target/debug/deps/libsimd_adler32-eda01a159841bab2.rmeta --cap-lints allow --cap-lints=forbid` (exit status: 101)
[INFO] [stdout] error: couldn't create a temp dir: No space left on device (os error 28) at path "/opt/rustwide/target/debug/deps/rmetaqusiEX"
[INFO] [stdout] 
[INFO] [stdout] 
[INFO] [stdout] error: failed to write to `/opt/rustwide/target/debug/deps/rmetalOVXoL/lib.rmeta`: No space left on device (os error 28)
[INFO] [stdout] 
[INFO] [stdout] 
[INFO] [stderr] rustc-LLVM ERROR: IO failure on output stream: No space left on device
[INFO] [stderr] rustc-LLVM ERROR: IO failure on output stream: No space left on device
[INFO] [stderr] error: could not compile `rustc_version` (lib) due to 1 previous error
[INFO] [stderr] error: could not compile `walkdir` (lib)
[INFO] [stderr] 
[INFO] [stderr] Caused by:
[INFO] [stderr]   No space left on device (os error 28)
[INFO] [stderr] 
[INFO] [stderr] Caused by:
[INFO] [stderr]   failed to parse process output: `/opt/rustwide/rustup-home/toolchains/nightly-2025-01-18-x86_64-unknown-linux-gnu/bin/rustc --crate-name walkdir --edition=2018 /opt/rustwide/cargo-home/registry/src/index.crates.io-1949cf8c6b5b557f/walkdir-2.5.0/src/lib.rs --error-format=json --json=diagnostic-rendered-ansi,artifacts,future-incompat --crate-type lib --emit=dep-info,metadata,link -C embed-bitcode=no -C debuginfo=2 --check-cfg 'cfg(docsrs,test)' --check-cfg 'cfg(feature, values())' -C metadata=5c85de62d20e3d72 -C extra-filename=-1a00c768f8c7f3de --out-dir /opt/rustwide/target/debug/deps -L dependency=/opt/rustwide/target/debug/deps --extern same_file=/opt/rustwide/target/debug/deps/libsame_file-1ceb7b6153588b15.rmeta --cap-lints allow --cap-lints=forbid` (exit status: 101)
[INFO] [stderr] error: could not compile `weezl` (lib)
[INFO] [stderr] 
[INFO] [stderr] Caused by:
[INFO] [stderr]   No space left on device (os error 28)
[INFO] [stderr] 
[INFO] [stderr] Caused by:
[INFO] [stderr]   failed to parse process output: `/opt/rustwide/rustup-home/toolchains/nightly-2025-01-18-x86_64-unknown-linux-gnu/bin/rustc --crate-name weezl --edition=2018 /opt/rustwide/cargo-home/registry/src/index.crates.io-1949cf8c6b5b557f/weezl-0.1.8/src/lib.rs --error-format=json --json=diagnostic-rendered-ansi,artifacts,future-incompat --crate-type lib --emit=dep-info,metadata,link -C embed-bitcode=no -C debuginfo=2 --cfg 'feature="alloc"' --cfg 'feature="default"' --cfg 'feature="std"' --check-cfg 'cfg(docsrs,test)' --check-cfg 'cfg(feature, values("alloc", "async", "default", "futures", "std"))' -C metadata=cf73e646f0ffa653 -C extra-filename=-a28855e8054185c9 --out-dir /opt/rustwide/target/debug/deps -L dependency=/opt/rustwide/target/debug/deps --cap-lints allow --cap-lints=forbid` (exit status: 101)
[INFO] [stderr] error: could not compile `cc` (lib) due to 1 previous error
[INFO] [stderr] rustc-LLVM ERROR: IO failure on output stream: No space left on device
[INFO] [stderr] error: could not compile `fdeflate` (lib)
[INFO] [stderr] 
[INFO] [stderr] Caused by:
[INFO] [stderr]   No space left on device (os error 28)
[INFO] [stderr] 
[INFO] [stderr] Caused by:
[INFO] [stderr]   failed to parse process output: `/opt/rustwide/rustup-home/toolchains/nightly-2025-01-18-x86_64-unknown-linux-gnu/bin/rustc --crate-name fdeflate --edition=2021 /opt/rustwide/cargo-home/registry/src/index.crates.io-1949cf8c6b5b557f/fdeflate-0.3.5/src/lib.rs --error-format=json --json=diagnostic-rendered-ansi,artifacts,future-incompat --crate-type lib --emit=dep-info,metadata,link -C embed-bitcode=no -C debuginfo=2 --check-cfg 'cfg(docsrs,test)' --check-cfg 'cfg(feature, values())' -C metadata=ee9dedc6aae9deaa -C extra-filename=-b6b4d7abfd841840 --out-dir /opt/rustwide/target/debug/deps -L dependency=/opt/rustwide/target/debug/deps --extern simd_adler32=/opt/rustwide/target/debug/deps/libsimd_adler32-eda01a159841bab2.rmeta --cap-lints allow --cap-lints=forbid` (exit status: 101)
[INFO] [stdout] error: couldn't create a temp dir: No space left on device (os error 28) at path "/opt/rustwide/target/debug/deps/rmetaUd66ZP"
[INFO] [stdout] 
[INFO] [stdout] 
[INFO] [stderr] error: could not compile `flate2` (lib) due to 1 previous error
[INFO] [stdout] error: couldn't create a temp dir: No space left on device (os error 28) at path "/opt/rustwide/target/debug/deps/rmetatfxawb"
[INFO] [stdout] 
[INFO] [stdout] 
[INFO] [stderr] error: could not compile `jpeg-decoder` (lib) due to 1 previous error
[INFO] [stdout] error: couldn't create a temp dir: No space left on device (os error 28) at path "/opt/rustwide/target/debug/deps/rmetaBi9NCg"
[INFO] [stdout] 
[INFO] [stdout] 
[INFO] [stderr] error: could not compile `gif` (lib) due to 1 previous error
[INFO] [stdout] error: failed to write to `/opt/rustwide/target/debug/deps/rmetarr8gL0/lib.rmeta`: No space left on device (os error 28)
[INFO] [stdout] 
[INFO] [stdout] 
[INFO] [stderr] error: could not compile `libm` (lib) due to 1 previous error
[INFO] [stdout] error: failed to write to `/opt/rustwide/target/debug/deps/rmetaQsS8rs/lib.rmeta`: No space left on device (os error 28)
[INFO] [stdout] 
[INFO] [stdout] 
[INFO] [stderr] error: could not compile `num-traits` (lib) due to 1 previous error
[INFO] [stderr] error: failed to run custom build command for `gmp-mpfr-sys v1.6.4`
[INFO] [stderr] note: To improve backtraces for build dependencies, set the CARGO_PROFILE_DEV_BUILD_OVERRIDE_DEBUG=true environment variable to enable debug information generation.
[INFO] [stderr] 
[INFO] [stderr] Caused by:
[INFO] [stderr]   process didn't exit successfully: `/opt/rustwide/target/debug/build/gmp-mpfr-sys-8a93a876bcb365ba/build-script-build` (exit status: 101)
[INFO] [stderr]   --- stdout
[INFO] [stderr]   cargo:rerun-if-env-changed=GMP_MPFR_SYS_CACHE
[INFO] [stderr]   $ mkdir -p "/opt/rustwide/target/debug/build/gmp-mpfr-sys-88ab4e92fc0a73ad/out/lib"
[INFO] [stderr]   $ mkdir -p "/opt/rustwide/target/debug/build/gmp-mpfr-sys-88ab4e92fc0a73ad/out/include"
[INFO] [stderr]   $ mkdir -p "/opt/rustwide/target/debug/build/gmp-mpfr-sys-88ab4e92fc0a73ad/out/build"
[INFO] [stderr]   $ ln -s "/opt/rustwide/cargo-home/registry/src/index.crates.io-1949cf8c6b5b557f/gmp-mpfr-sys-1.6.4/gmp-6.3.0-c" "/opt/rustwide/target/debug/build/gmp-mpfr-sys-88ab4e92fc0a73ad/out/build/gmp-src"
[INFO] [stderr]   $ mkdir -p "/opt/rustwide/target/debug/build/gmp-mpfr-sys-88ab4e92fc0a73ad/out/build/gmp-build"
[INFO] [stderr]   $ cd "/opt/rustwide/target/debug/build/gmp-mpfr-sys-88ab4e92fc0a73ad/out/build/gmp-build"
[INFO] [stderr]   $ cd "/opt/rustwide/target/debug/build/gmp-mpfr-sys-88ab4e92fc0a73ad/out/build/gmp-build" && "sh" "-c" "../gmp-src/configure --enable-fat --disable-shared --with-pic"
[INFO] [stderr]   checking build system type... x86_64-pc-linux-gnu
[INFO] [stderr]   checking host system type... x86_64-pc-linux-gnu
[INFO] [stderr]   checking for a BSD-compatible install... /bin/install -c
[INFO] [stderr]   checking whether build environment is sane... yes
[INFO] [stderr]   checking for a thread-safe mkdir -p... /usr/bin/mkdir -p
[INFO] [stderr]   checking for gawk... no
[INFO] [stderr]   checking for mawk... mawk
[INFO] [stderr]   checking whether make sets $(MAKE)... yes
[INFO] [stderr]   checking whether make supports nested variables... yes
[INFO] [stderr]   checking whether to enable maintainer-specific portions of Makefiles... no
[INFO] [stderr]   checking ABI=64
[INFO] [stderr]   checking compiler gcc -O2 -pedantic -fomit-frame-pointer -m64 ... no
[INFO] [stderr]   checking compiler cc -O ... no
[INFO] [stderr]   checking ABI=x32
[INFO] [stderr]   checking compiler gcc -O2 -pedantic -fomit-frame-pointer -mx32 ... no
[INFO] [stderr]   checking compiler cc  ... no
[INFO] [stderr]   checking ABI=32
[INFO] [stderr]   checking compiler gcc -m32 -O2 -pedantic -fomit-frame-pointer ... yes
[INFO] [stderr]   checking compiler gcc -m32 -O2 -pedantic -fomit-frame-pointer has sizeof(long)==4... yes
[INFO] [stderr]   checking for gcc... gcc
[INFO] [stderr]   checking whether the C compiler works... no
[INFO] [stderr] 
[INFO] [stderr]   --- stderr
[INFO] [stderr]   cat: write error: No space left on device
[INFO] [stderr]   cat: write error: No space left on device
[INFO] [stderr]   ../gmp-src/configure: line 2670: printf: write error: No space left on device
[INFO] [stderr]   ../gmp-src/configure: line 2670: printf: write error: No space left on device
[INFO] [stderr]   ../gmp-src/configure: line 2670: printf: write error: No space left on device
[INFO] [stderr]   ../gmp-src/configure: line 2670: printf: write error: No space left on device
[INFO] [stderr]   ../gmp-src/configure: line 2670: printf: write error: No space left on device
[INFO] [stderr]   ../gmp-src/configure: line 2670: printf: write error: No space left on device
[INFO] [stderr]   ../gmp-src/configure: line 2670: printf: write error: No space left on device
[INFO] [stderr]   cat: write error: No space left on device
[INFO] [stderr]   ../gmp-src/configure: line 2834: printf: write error: No space left on device
[INFO] [stderr]   cat: write error: No space left on device
[INFO] [stderr]   cat: write error: No space left on device
[INFO] [stderr]   cat: write error: No space left on device
[INFO] [stderr]   cat: write error: No space left on device
[INFO] [stderr]   cat: write error: No space left on device
[INFO] [stderr]   cat: write error: No space left on device
[INFO] [stderr]   ../gmp-src/configure: line 3017: echo: write error: No space left on device
[INFO] [stderr]   ../gmp-src/configure: line 3020: echo: write error: No space left on device
[INFO] [stderr]   cat: write error: No space left on device
[INFO] [stderr]   mkdir: cannot create directory 'conftest.dir': No space left on device
[INFO] [stderr]   /usr/bin/install: target '/opt/rustwide/target/debug/build/gmp-mpfr-sys-88ab4e92fc0a73ad/out/build/gmp-build/conftest.dir' is not a directory
[INFO] [stderr]   ../gmp-src/configure: line 3750: echo: write error: No space left on device
[INFO] [stderr]   ../gmp-src/configure: line 3975: echo: write error: No space left on device
[INFO] [stderr]   cat: write error: No space left on device
[INFO] [stderr]   cat: write error: No space left on device
[INFO] [stderr]   cat: write error: No space left on device
[INFO] [stderr]   configure: error: in `/opt/rustwide/target/debug/build/gmp-mpfr-sys-88ab4e92fc0a73ad/out/build/gmp-build':
[INFO] [stderr]   configure: error: C compiler cannot create executables
[INFO] [stderr]   See `config.log' for more details
[INFO] [stderr]   sort: fflush failed: 'standard output': No space left on device
[INFO] [stderr]   sort: write error
[INFO] [stderr]   ../gmp-src/configure: line 54: echo: write error: No space left on device
[INFO] [stderr]   ../gmp-src/configure: line 75: printf: write error: No space left on device
[INFO] [stderr]   ../gmp-src/configure: line 76: echo: write error: No space left on device
[INFO] [stderr] 
[INFO] [stderr]   thread 'main' panicked at /opt/rustwide/cargo-home/registry/src/index.crates.io-1949cf8c6b5b557f/gmp-mpfr-sys-1.6.4/build.rs:1217:13:
[INFO] [stderr]   Program failed with code 77: cd "/opt/rustwide/target/debug/build/gmp-mpfr-sys-88ab4e92fc0a73ad/out/build/gmp-build" && "sh" "-c" "../gmp-src/configure --enable-fat --disable-shared --with-pic"
[INFO] [stderr]   stack backtrace:
[INFO] [stderr]      0:     0x61c83947793a - std::backtrace_rs::backtrace::libunwind::trace::hb059275cfc8d6126
[INFO] [stderr]                                  at /rustc/6067b36314ab5eb2eb47cecc464545ba58e1ad24/library/std/src/../../backtrace/src/backtrace/libunwind.rs:116:5
[INFO] [stderr]      1:     0x61c83947793a - std::backtrace_rs::backtrace::trace_unsynchronized::h2da071e4327ce3ee
[INFO] [stderr]                                  at /rustc/6067b36314ab5eb2eb47cecc464545ba58e1ad24/library/std/src/../../backtrace/src/backtrace/mod.rs:66:5
[INFO] [stderr]      2:     0x61c83947793a - std::sys::backtrace::_print_fmt::h842a1474e6f8d23f
[INFO] [stderr]                                  at /rustc/6067b36314ab5eb2eb47cecc464545ba58e1ad24/library/std/src/sys/backtrace.rs:66:9
[INFO] [stderr]      3:     0x61c83947793a - <std::sys::backtrace::BacktraceLock::print::DisplayBacktrace as core::fmt::Display>::fmt::h71a62eb3b9696b12
[INFO] [stderr]                                  at /rustc/6067b36314ab5eb2eb47cecc464545ba58e1ad24/library/std/src/sys/backtrace.rs:39:26
[INFO] [stderr]      4:     0x61c83949b783 - core::fmt::rt::Argument::fmt::hdb6b616786b41dc1
[INFO] [stderr]                                  at /rustc/6067b36314ab5eb2eb47cecc464545ba58e1ad24/library/core/src/fmt/rt.rs:177:76
[INFO] [stderr]      5:     0x61c83949b783 - core::fmt::write::h2cc1698af7e2d686
[INFO] [stderr]                                  at /rustc/6067b36314ab5eb2eb47cecc464545ba58e1ad24/library/core/src/fmt/mod.rs:1440:21
[INFO] [stderr]      6:     0x61c839474653 - std::io::Write::write_fmt::h00c8700df393f328
[INFO] [stderr]                                  at /rustc/6067b36314ab5eb2eb47cecc464545ba58e1ad24/library/std/src/io/mod.rs:1887:15
[INFO] [stderr]      7:     0x61c839477782 - std::sys::backtrace::BacktraceLock::print::h147fe35b4ea13b08
[INFO] [stderr]                                  at /rustc/6067b36314ab5eb2eb47cecc464545ba58e1ad24/library/std/src/sys/backtrace.rs:42:9
[INFO] [stderr]      8:     0x61c83947874f - std::panicking::default_hook::{{closure}}::hbd44223dbdc0d208
[INFO] [stderr]                                  at /rustc/6067b36314ab5eb2eb47cecc464545ba58e1ad24/library/std/src/panicking.rs:298:22
[INFO] [stderr]      9:     0x61c8394785ba - std::panicking::default_hook::h20f81eb0576efcec
[INFO] [stderr]                                  at /rustc/6067b36314ab5eb2eb47cecc464545ba58e1ad24/library/std/src/panicking.rs:325:9
[INFO] [stderr]     10:     0x61c839479022 - std::panicking::rust_panic_with_hook::h625eea43051b2edc
[INFO] [stderr]                                  at /rustc/6067b36314ab5eb2eb47cecc464545ba58e1ad24/library/std/src/panicking.rs:831:13
[INFO] [stderr]     11:     0x61c839478eba - std::panicking::begin_panic_handler::{{closure}}::h4f9159cfbc3f6bd3
[INFO] [stderr]                                  at /rustc/6067b36314ab5eb2eb47cecc464545ba58e1ad24/library/std/src/panicking.rs:704:13
[INFO] [stderr]     12:     0x61c839477e39 - std::sys::backtrace::__rust_end_short_backtrace::h0390abce48353151
[INFO] [stderr]                                  at /rustc/6067b36314ab5eb2eb47cecc464545ba58e1ad24/library/std/src/sys/backtrace.rs:168:18
[INFO] [stderr]     13:     0x61c839478b4d - rust_begin_unwind
[INFO] [stderr]                                  at /rustc/6067b36314ab5eb2eb47cecc464545ba58e1ad24/library/std/src/panicking.rs:695:5
[INFO] [stderr]     14:     0x61c83949a6a0 - core::panicking::panic_fmt::h9e7c637e9e5f29c9
[INFO] [stderr]                                  at /rustc/6067b36314ab5eb2eb47cecc464545ba58e1ad24/library/core/src/panicking.rs:75:14
[INFO] [stderr]     15:     0x61c83943a367 - build_script_build::execute::hd87a489964bf70f0
[INFO] [stderr]     16:     0x61c839439c3d - build_script_build::configure::h81d71bc948cabe38
[INFO] [stderr]     17:     0x61c839433b52 - build_script_build::build_gmp::h72f5b9816f284094
[INFO] [stderr]     18:     0x61c83942e436 - build_script_build::compile_libs::hb6da7462bcc7d689
[INFO] [stderr]     19:     0x61c83942c0d0 - build_script_build::main::hd95fae790d6fdcbb
[INFO] [stderr]     20:     0x61c83943e033 - core::ops::function::FnOnce::call_once::h9f6d67b868d65947
[INFO] [stderr]     21:     0x61c83944bfa6 - std::sys::backtrace::__rust_begin_short_backtrace::hf71a55704ce67ac3
[INFO] [stderr]     22:     0x61c8394435f9 - std::rt::lang_start::{{closure}}::h0d861f056dc830ff
[INFO] [stderr]     23:     0x61c839470ba0 - core::ops::function::impls::<impl core::ops::function::FnOnce<A> for &F>::call_once::h1b085b6c1d2518b2
[INFO] [stderr]                                  at /rustc/6067b36314ab5eb2eb47cecc464545ba58e1ad24/library/core/src/ops/function.rs:284:13
[INFO] [stderr]     24:     0x61c839470ba0 - std::panicking::try::do_call::h382f964a5a23b565
[INFO] [stderr]                                  at /rustc/6067b36314ab5eb2eb47cecc464545ba58e1ad24/library/std/src/panicking.rs:587:40
[INFO] [stderr]     25:     0x61c839470ba0 - std::panicking::try::h57f991055eb622f9
[INFO] [stderr]                                  at /rustc/6067b36314ab5eb2eb47cecc464545ba58e1ad24/library/std/src/panicking.rs:550:19
[INFO] [stderr]     26:     0x61c839470ba0 - std::panic::catch_unwind::h4d9a74ef04456343
[INFO] [stderr]                                  at /rustc/6067b36314ab5eb2eb47cecc464545ba58e1ad24/library/std/src/panic.rs:358:14
[INFO] [stderr]     27:     0x61c839470ba0 - std::rt::lang_start_internal::{{closure}}::h2faa8ae84a93f314
[INFO] [stderr]                                  at /rustc/6067b36314ab5eb2eb47cecc464545ba58e1ad24/library/std/src/rt.rs:163:24
[INFO] [stderr]     28:     0x61c839470ba0 - std::panicking::try::do_call::h0f8932bf638a9bf5
[INFO] [stderr]                                  at /rustc/6067b36314ab5eb2eb47cecc464545ba58e1ad24/library/std/src/panicking.rs:587:40
[INFO] [stderr]     29:     0x61c839470ba0 - std::panicking::try::h683416ea756b175d
[INFO] [stderr]                                  at /rustc/6067b36314ab5eb2eb47cecc464545ba58e1ad24/library/std/src/panicking.rs:550:19
[INFO] [stderr]     30:     0x61c839470ba0 - std::panic::catch_unwind::h56189fac8994979f
[INFO] [stderr]                                  at /rustc/6067b36314ab5eb2eb47cecc464545ba58e1ad24/library/std/src/panic.rs:358:14
[INFO] [stderr]     31:     0x61c839470ba0 - std::rt::lang_start_internal::h8bbc1061691274fe
[INFO] [stderr]                                  at /rustc/6067b36314ab5eb2eb47cecc464545ba58e1ad24/library/std/src/rt.rs:159:5
[INFO] [stderr]     32:     0x61c8394435e1 - std::rt::lang_start::hf7cc901f263d8070
[INFO] [stderr]     33:     0x61c83943af05 - main
[INFO] [stderr]     34:     0x758d82608d90 - <unknown>
[INFO] [stderr]     35:     0x758d82608e40 - __libc_start_main
[INFO] [stderr]     36:     0x61c83942aea5 - _start
[INFO] [stderr]     37:                0x0 - <unknown>
[INFO] running `Command { std: "docker" "inspect" "236795ad204ccc11cac21fa90851568acf9d4327b5bc91bfd20bed86dcf9656d", kill_on_drop: false }`
[INFO] running `Command { std: "docker" "rm" "-f" "236795ad204ccc11cac21fa90851568acf9d4327b5bc91bfd20bed86dcf9656d", kill_on_drop: false }`
[INFO] [stdout] 236795ad204ccc11cac21fa90851568acf9d4327b5bc91bfd20bed86dcf9656d
