[INFO] cloning repository https://github.com/elix1er/rustvpn
[INFO] running `Command { std: "git" "-c" "credential.helper=" "-c" "credential.helper=/workspace/cargo-home/bin/git-credential-null" "clone" "--bare" "https://github.com/elix1er/rustvpn" "/workspace/cache/git-repos/https%3A%2F%2Fgithub.com%2Felix1er%2Frustvpn", kill_on_drop: false }`
[INFO] [stderr] Cloning into bare repository '/workspace/cache/git-repos/https%3A%2F%2Fgithub.com%2Felix1er%2Frustvpn'...
[INFO] running `Command { std: "git" "rev-parse" "HEAD", kill_on_drop: false }`
[INFO] [stdout] 346805e9d571120af52926a7f727364dfd3fbd4e
[INFO] testing elix1er/rustvpn against nightly-2025-01-18+rustflags=-Zrandomize-layout for randomize-layout-2
[INFO] running `Command { std: "git" "clone" "/workspace/cache/git-repos/https%3A%2F%2Fgithub.com%2Felix1er%2Frustvpn" "/workspace/builds/worker-3-tc2/source", kill_on_drop: false }`
[INFO] [stderr] Cloning into '/workspace/builds/worker-3-tc2/source'...
[INFO] [stderr] done.
[INFO] validating manifest of git repo https://github.com/elix1er/rustvpn on toolchain nightly-2025-01-18
[INFO] running `Command { std: CARGO_HOME="/workspace/cargo-home" RUSTUP_HOME="/workspace/rustup-home" "/workspace/cargo-home/bin/cargo" "+nightly-2025-01-18" "metadata" "--manifest-path" "Cargo.toml" "--no-deps", kill_on_drop: false }`
[INFO] started tweaking git repo https://github.com/elix1er/rustvpn
[INFO] finished tweaking git repo https://github.com/elix1er/rustvpn
[INFO] tweaked toml for git repo https://github.com/elix1er/rustvpn written to /workspace/builds/worker-3-tc2/source/Cargo.toml
[INFO] crate git repo https://github.com/elix1er/rustvpn already has a lockfile, it will not be regenerated
[INFO] running `Command { std: CARGO_HOME="/workspace/cargo-home" RUSTUP_HOME="/workspace/rustup-home" "/workspace/cargo-home/bin/cargo" "+nightly-2025-01-18" "fetch" "--manifest-path" "Cargo.toml", kill_on_drop: false }`
[INFO] [stderr] warning: unused manifest key: lib.create_type
[INFO] [stderr]     Blocking waiting for file lock on package cache
[INFO] [stderr]     Blocking waiting for file lock on package cache
[ERROR] error running command: no output for 300 seconds
[INFO] testing elix1er/rustvpn against nightly-2025-01-18+rustflags=-Zrandomize-layout for randomize-layout-2
[INFO] running `Command { std: "git" "clone" "/workspace/cache/git-repos/https%3A%2F%2Fgithub.com%2Felix1er%2Frustvpn" "/workspace/builds/worker-3-tc2/source", kill_on_drop: false }`
[INFO] [stderr] Cloning into '/workspace/builds/worker-3-tc2/source'...
[INFO] [stderr] done.
[INFO] validating manifest of git repo https://github.com/elix1er/rustvpn on toolchain nightly-2025-01-18
[INFO] running `Command { std: CARGO_HOME="/workspace/cargo-home" RUSTUP_HOME="/workspace/rustup-home" "/workspace/cargo-home/bin/cargo" "+nightly-2025-01-18" "metadata" "--manifest-path" "Cargo.toml" "--no-deps", kill_on_drop: false }`
[INFO] started tweaking git repo https://github.com/elix1er/rustvpn
[INFO] finished tweaking git repo https://github.com/elix1er/rustvpn
[INFO] tweaked toml for git repo https://github.com/elix1er/rustvpn written to /workspace/builds/worker-3-tc2/source/Cargo.toml
[INFO] crate git repo https://github.com/elix1er/rustvpn already has a lockfile, it will not be regenerated
[INFO] running `Command { std: CARGO_HOME="/workspace/cargo-home" RUSTUP_HOME="/workspace/rustup-home" "/workspace/cargo-home/bin/cargo" "+nightly-2025-01-18" "fetch" "--manifest-path" "Cargo.toml", kill_on_drop: false }`
[INFO] [stderr] warning: unused manifest key: lib.create_type
[INFO] [stderr]     Blocking waiting for file lock on package cache
[INFO] [stderr]     Blocking waiting for file lock on package cache
[INFO] [stderr]  Downloading crates ...
[INFO] [stderr]   Downloaded uniffi v0.28.3
[INFO] [stderr]   Downloaded uniffi_meta v0.28.3
[INFO] [stderr]   Downloaded weedle2 v5.0.0
[INFO] [stderr]   Downloaded uniffi_checksum_derive v0.28.3
[INFO] [stderr]   Downloaded scroll_derive v0.12.0
[INFO] [stderr]   Downloaded uniffi_testing v0.28.3
[INFO] [stderr]   Downloaded uniffi_macros v0.28.3
[INFO] [stderr]   Downloaded uniffi_udl v0.28.3
[INFO] [stderr]   Downloaded platforms v3.5.0
[INFO] [stderr]   Downloaded uniffi_core v0.28.3
[INFO] [stderr]   Downloaded uniffi_bindgen v0.28.3
[INFO] [stderr]   Downloaded goblin v0.8.2
[INFO] running `Command { std: "docker" "create" "-v" "/var/lib/crater-agent-workspace/builds/worker-3-tc2/target:/opt/rustwide/target:rw,Z" "-v" "/var/lib/crater-agent-workspace/builds/worker-3-tc2/source:/opt/rustwide/workdir:ro,Z" "-v" "/var/lib/crater-agent-workspace/cargo-home:/opt/rustwide/cargo-home:ro,Z" "-v" "/var/lib/crater-agent-workspace/rustup-home:/opt/rustwide/rustup-home:ro,Z" "-e" "SOURCE_DIR=/opt/rustwide/workdir" "-e" "CARGO_TARGET_DIR=/opt/rustwide/target" "-e" "CARGO_HOME=/opt/rustwide/cargo-home" "-e" "RUSTUP_HOME=/opt/rustwide/rustup-home" "-w" "/opt/rustwide/workdir" "-m" "1610612736" "--user" "0:0" "--network" "none" "ghcr.io/rust-lang/crates-build-env/linux@sha256:819108c5571ea2e421544af4d832f968d213c87fbe3707a016657f43d2f853bc" "/opt/rustwide/cargo-home/bin/cargo" "+nightly-2025-01-18" "metadata" "--no-deps" "--format-version=1", kill_on_drop: false }`
[INFO] [stdout] c6701944e2a9768f3bad878d49abc61ef27f3b09d044b33d860d3efd3506ab45
[INFO] running `Command { std: "docker" "start" "-a" "c6701944e2a9768f3bad878d49abc61ef27f3b09d044b33d860d3efd3506ab45", kill_on_drop: false }`
[INFO] running `Command { std: "docker" "inspect" "c6701944e2a9768f3bad878d49abc61ef27f3b09d044b33d860d3efd3506ab45", kill_on_drop: false }`
[INFO] running `Command { std: "docker" "rm" "-f" "c6701944e2a9768f3bad878d49abc61ef27f3b09d044b33d860d3efd3506ab45", kill_on_drop: false }`
[INFO] [stdout] c6701944e2a9768f3bad878d49abc61ef27f3b09d044b33d860d3efd3506ab45
[INFO] running `Command { std: "docker" "create" "-v" "/var/lib/crater-agent-workspace/builds/worker-3-tc2/target:/opt/rustwide/target:rw,Z" "-v" "/var/lib/crater-agent-workspace/builds/worker-3-tc2/source:/opt/rustwide/workdir:ro,Z" "-v" "/var/lib/crater-agent-workspace/cargo-home:/opt/rustwide/cargo-home:ro,Z" "-v" "/var/lib/crater-agent-workspace/rustup-home:/opt/rustwide/rustup-home:ro,Z" "-e" "SOURCE_DIR=/opt/rustwide/workdir" "-e" "CARGO_TARGET_DIR=/opt/rustwide/target" "-e" "CARGO_INCREMENTAL=0" "-e" "RUST_BACKTRACE=full" "-e" "RUSTFLAGS=--cap-lints=forbid -Zrandomize-layout" "-e" "RUSTDOCFLAGS=--cap-lints=forbid" "-e" "CARGO_HOME=/opt/rustwide/cargo-home" "-e" "RUSTUP_HOME=/opt/rustwide/rustup-home" "-w" "/opt/rustwide/workdir" "-m" "1610612736" "--user" "0:0" "--network" "none" "ghcr.io/rust-lang/crates-build-env/linux@sha256:819108c5571ea2e421544af4d832f968d213c87fbe3707a016657f43d2f853bc" "/opt/rustwide/cargo-home/bin/cargo" "+nightly-2025-01-18" "build" "--frozen" "--message-format=json", kill_on_drop: false }`
[INFO] [stdout] c7c9c7487d37440a7ee996a12e9a6805a260aef323e93dee9f015bcf3570fb71
[INFO] running `Command { std: "docker" "start" "-a" "c7c9c7487d37440a7ee996a12e9a6805a260aef323e93dee9f015bcf3570fb71", kill_on_drop: false }`
[INFO] [stderr] warning: unused manifest key: lib.create_type
[INFO] [stderr]    Compiling proc-macro2 v1.0.92
[INFO] [stderr]    Compiling unicode-ident v1.0.14
[INFO] [stderr]    Compiling libc v0.2.168
[INFO] [stderr]    Compiling typenum v1.17.0
[INFO] [stderr]    Compiling version_check v0.9.5
[INFO] [stderr]    Compiling serde v1.0.216
[INFO] [stderr]    Compiling autocfg v1.4.0
[INFO] [stderr]    Compiling subtle v2.6.1
[INFO] [stderr]    Compiling semver v1.0.24
[INFO] [stderr]    Compiling once_cell v1.20.2
[INFO] [stderr]    Compiling anyhow v1.0.94
[INFO] [stderr]    Compiling generic-array v0.14.7
[INFO] [stderr]    Compiling cpufeatures v0.2.16
[INFO] [stderr]    Compiling bytes v1.9.0
[INFO] [stderr]    Compiling memchr v2.7.4
[INFO] [stderr]    Compiling platforms v3.5.0
[INFO] [stderr]    Compiling rustc_version v0.4.1
[INFO] [stderr]    Compiling thiserror v1.0.69
[INFO] [stderr]    Compiling shlex v1.3.0
[INFO] [stderr]    Compiling cc v1.2.4
[INFO] [stderr]    Compiling quote v1.0.37
[INFO] [stderr]    Compiling curve25519-dalek v4.0.0-rc.3
[INFO] [stderr]    Compiling syn v2.0.90
[INFO] [stderr]    Compiling lock_api v0.4.12
[INFO] [stderr]    Compiling fs-err v2.11.0
[INFO] [stderr]    Compiling paste v1.0.15
[INFO] [stderr]    Compiling parking_lot_core v0.9.10
[INFO] [stderr]    Compiling camino v1.1.9
[INFO] [stderr]    Compiling serde_json v1.0.133
[INFO] [stderr]    Compiling log v0.4.22
[INFO] [stderr]    Compiling smallvec v1.13.2
[INFO] [stderr]    Compiling block-buffer v0.10.4
[INFO] [stderr]    Compiling inout v0.1.3
[INFO] [stderr]    Compiling opaque-debug v0.3.1
[INFO] [stderr]    Compiling siphasher v0.3.11
[INFO] [stderr]    Compiling itoa v1.0.14
[INFO] [stderr]    Compiling ryu v1.0.18
[INFO] [stderr]    Compiling getrandom v0.2.15
[INFO] [stderr]    Compiling rand_core v0.6.4
[INFO] [stderr]    Compiling tracing-core v0.1.33
[INFO] [stderr]    Compiling ip_network_table-deps-treebitmap v0.5.0
[INFO] [stderr]    Compiling crypto-common v0.1.6
[INFO] [stderr]    Compiling pin-project-lite v0.2.15
[INFO] [stderr]    Compiling universal-hash v0.5.1
[INFO] [stderr]    Compiling digest v0.10.7
[INFO] [stderr]    Compiling aead v0.5.2
[INFO] [stderr]    Compiling bitflags v1.3.2
[INFO] [stderr]    Compiling poly1305 v0.8.0
[INFO] [stderr]    Compiling ring v0.16.20
[INFO] [stderr]    Compiling ip_network v0.4.1
[INFO] [stderr]    Compiling untrusted v0.7.1
[INFO] [stderr]    Compiling spin v0.5.2
[INFO] [stderr]    Compiling static_assertions v1.1.0
[INFO] [stderr]    Compiling uniffi_core v0.28.3
[INFO] [stderr]    Compiling hmac v0.12.1
[INFO] [stderr]    Compiling blake2 v0.10.6
[INFO] [stderr]    Compiling ip_network_table v0.2.0
[INFO] [stderr]    Compiling nix v0.25.1
[INFO] [stderr]    Compiling parking_lot v0.12.3
[INFO] [stderr]    Compiling combine v4.6.7
[INFO] [stderr]    Compiling jni-sys v0.3.0
[INFO] [stderr]    Compiling untrusted v0.9.0
[INFO] [stderr]    Compiling cesu8 v1.1.0
[INFO] [stderr]    Compiling base64 v0.13.1
[INFO] [stderr]    Compiling hex v0.4.3
[INFO] [stderr]    Compiling serde_derive v1.0.216
[INFO] [stderr]    Compiling zeroize_derive v1.4.2
[INFO] [stderr]    Compiling thiserror-impl v1.0.69
[INFO] [stderr]    Compiling uniffi_checksum_derive v0.28.3
[INFO] [stderr]    Compiling curve25519-dalek-derive v0.1.1
[INFO] [stderr]    Compiling tracing-attributes v0.1.28
[INFO] [stderr]    Compiling uniffi_meta v0.28.3
[INFO] [stderr]    Compiling zeroize v1.8.1
[INFO] [stderr]    Compiling cipher v0.4.4
[INFO] [stderr]    Compiling chacha20 v0.9.1
[INFO] [stderr]    Compiling chacha20poly1305 v0.10.1
[INFO] [stderr]    Compiling tracing v0.1.41
[INFO] [stdout] error[E0658]: use of unstable library feature `stdarch_x86_avx512`
[INFO] [stdout]   --> /opt/rustwide/cargo-home/registry/src/index.crates.io-1949cf8c6b5b557f/curve25519-dalek-4.0.0-rc.3/src/backend/vector/ifma/field.rs:26:5
[INFO] [stdout]    |
[INFO] [stdout] 26 |     _mm256_madd52lo_epu64(z.into(), x.into(), y.into()).into()
[INFO] [stdout]    |     ^^^^^^^^^^^^^^^^^^^^^
[INFO] [stdout]    |
[INFO] [stdout]    = note: see issue #111137 <https://github.com/rust-lang/rust/issues/111137> for more information
[INFO] [stdout]    = help: add `#![feature(stdarch_x86_avx512)]` to the crate attributes to enable
[INFO] [stdout]    = note: this compiler was built on 2025-01-17; consider upgrading it if it is out of date
[INFO] [stdout] 
[INFO] [stdout] 
[INFO] [stdout] error[E0658]: use of unstable library feature `stdarch_x86_avx512`
[INFO] [stdout]   --> /opt/rustwide/cargo-home/registry/src/index.crates.io-1949cf8c6b5b557f/curve25519-dalek-4.0.0-rc.3/src/backend/vector/ifma/field.rs:25:9
[INFO] [stdout]    |
[INFO] [stdout] 25 |     use core::arch::x86_64::_mm256_madd52lo_epu64;
[INFO] [stdout]    |         ^^^^^^^^^^^^^^^^^^^^^^^^^^^^^^^^^^^^^^^^^
[INFO] [stdout]    |
[INFO] [stdout]    = note: see issue #111137 <https://github.com/rust-lang/rust/issues/111137> for more information
[INFO] [stdout]    = help: add `#![feature(stdarch_x86_avx512)]` to the crate attributes to enable
[INFO] [stdout]    = note: this compiler was built on 2025-01-17; consider upgrading it if it is out of date
[INFO] [stdout] 
[INFO] [stdout] 
[INFO] [stdout] error[E0658]: use of unstable library feature `stdarch_x86_avx512`
[INFO] [stdout]   --> /opt/rustwide/cargo-home/registry/src/index.crates.io-1949cf8c6b5b557f/curve25519-dalek-4.0.0-rc.3/src/backend/vector/ifma/field.rs:34:5
[INFO] [stdout]    |
[INFO] [stdout] 34 |     _mm256_madd52hi_epu64(z.into(), x.into(), y.into()).into()
[INFO] [stdout]    |     ^^^^^^^^^^^^^^^^^^^^^
[INFO] [stdout]    |
[INFO] [stdout]    = note: see issue #111137 <https://github.com/rust-lang/rust/issues/111137> for more information
[INFO] [stdout]    = help: add `#![feature(stdarch_x86_avx512)]` to the crate attributes to enable
[INFO] [stdout]    = note: this compiler was built on 2025-01-17; consider upgrading it if it is out of date
[INFO] [stdout] 
[INFO] [stdout] 
[INFO] [stdout] error[E0658]: use of unstable library feature `stdarch_x86_avx512`
[INFO] [stdout]   --> /opt/rustwide/cargo-home/registry/src/index.crates.io-1949cf8c6b5b557f/curve25519-dalek-4.0.0-rc.3/src/backend/vector/ifma/field.rs:33:9
[INFO] [stdout]    |
[INFO] [stdout] 33 |     use core::arch::x86_64::_mm256_madd52hi_epu64;
[INFO] [stdout]    |         ^^^^^^^^^^^^^^^^^^^^^^^^^^^^^^^^^^^^^^^^^
[INFO] [stdout]    |
[INFO] [stdout]    = note: see issue #111137 <https://github.com/rust-lang/rust/issues/111137> for more information
[INFO] [stdout]    = help: add `#![feature(stdarch_x86_avx512)]` to the crate attributes to enable
[INFO] [stdout]    = note: this compiler was built on 2025-01-17; consider upgrading it if it is out of date
[INFO] [stdout] 
[INFO] [stdout] 
[INFO] [stdout] error[E0635]: unknown feature `stdsimd`
[INFO] [stdout]   --> /opt/rustwide/cargo-home/registry/src/index.crates.io-1949cf8c6b5b557f/curve25519-dalek-4.0.0-rc.3/src/lib.rs:13:70
[INFO] [stdout]    |
[INFO] [stdout] 13 | #![cfg_attr(all(curve25519_dalek_backend = "simd", nightly), feature(stdsimd))]
[INFO] [stdout]    |                                                                      ^^^^^^^
[INFO] [stdout] 
[INFO] [stdout] 
[INFO] [stderr]    Compiling jni v0.21.1
[INFO] [stdout] Some errors have detailed explanations: E0635, E0658.
[INFO] [stdout] 
[INFO] [stdout] For more information about an error, try `rustc --explain E0635`.
[INFO] [stdout] 
[INFO] [stderr] error: could not compile `curve25519-dalek` (lib) due to 5 previous errors
[INFO] [stderr] warning: build failed, waiting for other jobs to finish...
[INFO] running `Command { std: "docker" "inspect" "c7c9c7487d37440a7ee996a12e9a6805a260aef323e93dee9f015bcf3570fb71", kill_on_drop: false }`
[INFO] running `Command { std: "docker" "rm" "-f" "c7c9c7487d37440a7ee996a12e9a6805a260aef323e93dee9f015bcf3570fb71", kill_on_drop: false }`
[INFO] [stdout] c7c9c7487d37440a7ee996a12e9a6805a260aef323e93dee9f015bcf3570fb71
