[INFO] cloning repository https://github.com/chrismooredev/jtypes-rs
[INFO] running `Command { std: "git" "-c" "credential.helper=" "-c" "credential.helper=/workspace/cargo-home/bin/git-credential-null" "clone" "--bare" "https://github.com/chrismooredev/jtypes-rs" "/workspace/cache/git-repos/https%3A%2F%2Fgithub.com%2Fchrismooredev%2Fjtypes-rs", kill_on_drop: false }`
[INFO] [stderr] Cloning into bare repository '/workspace/cache/git-repos/https%3A%2F%2Fgithub.com%2Fchrismooredev%2Fjtypes-rs'...
[INFO] running `Command { std: "git" "rev-parse" "HEAD", kill_on_drop: false }`
[INFO] [stdout] ec0100f9a04b6ecc8ba67ed80fca9343b2a807bf
[INFO] testing chrismooredev/jtypes-rs against nightly-2025-01-18+rustflags=-Zrandomize-layout for randomize-layout-2
[INFO] running `Command { std: "git" "clone" "/workspace/cache/git-repos/https%3A%2F%2Fgithub.com%2Fchrismooredev%2Fjtypes-rs" "/workspace/builds/worker-7-tc2/source", kill_on_drop: false }`
[INFO] [stderr] Cloning into '/workspace/builds/worker-7-tc2/source'...
[INFO] [stderr] done.
[INFO] validating manifest of git repo https://github.com/chrismooredev/jtypes-rs on toolchain nightly-2025-01-18
[INFO] running `Command { std: CARGO_HOME="/workspace/cargo-home" RUSTUP_HOME="/workspace/rustup-home" "/workspace/cargo-home/bin/cargo" "+nightly-2025-01-18" "metadata" "--manifest-path" "Cargo.toml" "--no-deps", kill_on_drop: false }`
[INFO] started tweaking git repo https://github.com/chrismooredev/jtypes-rs
[INFO] finished tweaking git repo https://github.com/chrismooredev/jtypes-rs
[INFO] tweaked toml for git repo https://github.com/chrismooredev/jtypes-rs written to /workspace/builds/worker-7-tc2/source/Cargo.toml
[INFO] crate git repo https://github.com/chrismooredev/jtypes-rs already has a lockfile, it will not be regenerated
[INFO] running `Command { std: CARGO_HOME="/workspace/cargo-home" RUSTUP_HOME="/workspace/rustup-home" "/workspace/cargo-home/bin/cargo" "+nightly-2025-01-18" "fetch" "--manifest-path" "Cargo.toml", kill_on_drop: false }`
[INFO] [stderr]     Blocking waiting for file lock on package cache
[INFO] [stderr]     Updating crates.io index
[INFO] [stderr]     Updating git repository `https://github.com/chrismooredev/cesu8str-rs`
[INFO] [stderr]     Blocking waiting for file lock on package cache
[INFO] [stderr]      Locking 11 packages to latest compatible versions
[INFO] [stderr]       Adding cesu8str v0.2.4 (https://github.com/chrismooredev/cesu8str-rs#78759d34)
[INFO] [stderr]       Adding jtypes_core v0.1.0 (/workspace/builds/worker-7-tc2/source/jtypes_core)
[INFO] [stderr]       Adding jtypes_macros v0.1.0 (/workspace/builds/worker-7-tc2/source/jtypes_macros)
[INFO] [stderr]       Adding lazy_static v1.5.0
[INFO] [stderr]     Updating proc-macro2 v1.0.27 -> v1.0.93
[INFO] [stderr]     Updating quote v1.0.9 -> v1.0.38
[INFO] [stderr]       Adding syn v1.0.109
[INFO] [stderr]       Adding syn v2.0.96
[INFO] [stderr]     Updating thiserror v1.0.26 -> v1.0.69
[INFO] [stderr]     Updating thiserror-impl v1.0.26 -> v1.0.69
[INFO] [stderr]       Adding unicode-ident v1.0.14
[INFO] [stderr]     Blocking waiting for file lock on package cache
[INFO] running `Command { std: "docker" "create" "-v" "/var/lib/crater-agent-workspace/builds/worker-7-tc2/target:/opt/rustwide/target:rw,Z" "-v" "/var/lib/crater-agent-workspace/builds/worker-7-tc2/source:/opt/rustwide/workdir:ro,Z" "-v" "/var/lib/crater-agent-workspace/cargo-home:/opt/rustwide/cargo-home:ro,Z" "-v" "/var/lib/crater-agent-workspace/rustup-home:/opt/rustwide/rustup-home:ro,Z" "-e" "SOURCE_DIR=/opt/rustwide/workdir" "-e" "CARGO_TARGET_DIR=/opt/rustwide/target" "-e" "CARGO_HOME=/opt/rustwide/cargo-home" "-e" "RUSTUP_HOME=/opt/rustwide/rustup-home" "-w" "/opt/rustwide/workdir" "-m" "1610612736" "--user" "0:0" "--network" "none" "ghcr.io/rust-lang/crates-build-env/linux@sha256:819108c5571ea2e421544af4d832f968d213c87fbe3707a016657f43d2f853bc" "/opt/rustwide/cargo-home/bin/cargo" "+nightly-2025-01-18" "metadata" "--no-deps" "--format-version=1", kill_on_drop: false }`
[INFO] [stdout] 1989cc5bb65aefc0a0b93708bab1c947636921901c6a32f8f60320d7a592099d
[INFO] running `Command { std: "docker" "start" "-a" "1989cc5bb65aefc0a0b93708bab1c947636921901c6a32f8f60320d7a592099d", kill_on_drop: false }`
[INFO] running `Command { std: "docker" "inspect" "1989cc5bb65aefc0a0b93708bab1c947636921901c6a32f8f60320d7a592099d", kill_on_drop: false }`
[INFO] running `Command { std: "docker" "rm" "-f" "1989cc5bb65aefc0a0b93708bab1c947636921901c6a32f8f60320d7a592099d", kill_on_drop: false }`
[INFO] [stdout] 1989cc5bb65aefc0a0b93708bab1c947636921901c6a32f8f60320d7a592099d
[INFO] running `Command { std: "docker" "create" "-v" "/var/lib/crater-agent-workspace/builds/worker-7-tc2/target:/opt/rustwide/target:rw,Z" "-v" "/var/lib/crater-agent-workspace/builds/worker-7-tc2/source:/opt/rustwide/workdir:ro,Z" "-v" "/var/lib/crater-agent-workspace/cargo-home:/opt/rustwide/cargo-home:ro,Z" "-v" "/var/lib/crater-agent-workspace/rustup-home:/opt/rustwide/rustup-home:ro,Z" "-e" "SOURCE_DIR=/opt/rustwide/workdir" "-e" "CARGO_TARGET_DIR=/opt/rustwide/target" "-e" "CARGO_INCREMENTAL=0" "-e" "RUST_BACKTRACE=full" "-e" "RUSTFLAGS=--cap-lints=forbid -Zrandomize-layout" "-e" "RUSTDOCFLAGS=--cap-lints=forbid" "-e" "CARGO_HOME=/opt/rustwide/cargo-home" "-e" "RUSTUP_HOME=/opt/rustwide/rustup-home" "-w" "/opt/rustwide/workdir" "-m" "1610612736" "--user" "0:0" "--network" "none" "ghcr.io/rust-lang/crates-build-env/linux@sha256:819108c5571ea2e421544af4d832f968d213c87fbe3707a016657f43d2f853bc" "/opt/rustwide/cargo-home/bin/cargo" "+nightly-2025-01-18" "build" "--frozen" "--message-format=json", kill_on_drop: false }`
[INFO] [stdout] 0d95f77cb0c296dde2fb347f1a2625efef49adaa4bac0162a3ea143e5ec87db6
[INFO] running `Command { std: "docker" "start" "-a" "0d95f77cb0c296dde2fb347f1a2625efef49adaa4bac0162a3ea143e5ec87db6", kill_on_drop: false }`
[INFO] [stderr]    Compiling proc-macro2 v1.0.93
[INFO] [stderr]    Compiling unicode-ident v1.0.14
[INFO] [stderr]    Compiling thiserror v1.0.69
[INFO] [stderr]    Compiling syn v1.0.109
[INFO] [stderr]    Compiling cesu8str v0.2.4 (https://github.com/chrismooredev/cesu8str-rs#78759d34)
[INFO] [stderr]    Compiling lazy_static v1.5.0
[INFO] [stdout] error[E0599]: no method named `simd_eq` found for struct `std::simd::Simd` in the current scope
[INFO] [stdout]    --> /opt/rustwide/cargo-home/git/checkouts/cesu8str-rs-f88a9e2983c615dd/78759d3/src/ngstr/prims.rs:156:37
[INFO] [stdout]     |
[INFO] [stdout] 156 |     let utf8_4byte = (chunk & mask).simd_eq(val).any();
[INFO] [stdout]     |                                     ^^^^^^^
[INFO] [stdout]    --> /rustc/6067b36314ab5eb2eb47cecc464545ba58e1ad24/library/core/src/../../portable-simd/crates/core_simd/src/simd/cmp/eq.rs:13:8
[INFO] [stdout]     |
[INFO] [stdout]     = note: the method is available for `std::simd::Simd<u8, LANES>` here
[INFO] [stdout]     |
[INFO] [stdout]     = help: items from traits can only be used if the trait is in scope
[INFO] [stdout] help: trait `SimdPartialEq` which provides `simd_eq` is implemented but not in scope; perhaps you want to import it
[INFO] [stdout]     |
[INFO] [stdout] 3   + use std::simd::cmp::SimdPartialEq;
[INFO] [stdout]     |
[INFO] [stdout] help: there is a method `simd_ge` with a similar name
[INFO] [stdout]     |
[INFO] [stdout] 156 |     let utf8_4byte = (chunk & mask).simd_ge(val).any();
[INFO] [stdout]     |                                     ~~~~~~~
[INFO] [stdout] 
[INFO] [stdout] 
[INFO] [stdout] error[E0599]: no method named `simd_eq` found for struct `std::simd::Simd` in the current scope
[INFO] [stdout]    --> /opt/rustwide/cargo-home/git/checkouts/cesu8str-rs-f88a9e2983c615dd/78759d3/src/ngstr/prims.rs:157:40
[INFO] [stdout]     |
[INFO] [stdout] 157 |     let utf8_nul = ENCODE_NUL && chunk.simd_eq(zero).any();
[INFO] [stdout]     |                                        ^^^^^^^
[INFO] [stdout]    --> /rustc/6067b36314ab5eb2eb47cecc464545ba58e1ad24/library/core/src/../../portable-simd/crates/core_simd/src/simd/cmp/eq.rs:13:8
[INFO] [stdout]     |
[INFO] [stdout]     = note: the method is available for `std::simd::Simd<u8, LANES>` here
[INFO] [stdout]     |
[INFO] [stdout]     = help: items from traits can only be used if the trait is in scope
[INFO] [stdout] help: trait `SimdPartialEq` which provides `simd_eq` is implemented but not in scope; perhaps you want to import it
[INFO] [stdout]     |
[INFO] [stdout] 3   + use std::simd::cmp::SimdPartialEq;
[INFO] [stdout]     |
[INFO] [stdout] help: there is a method `simd_ge` with a similar name
[INFO] [stdout]     |
[INFO] [stdout] 157 |     let utf8_nul = ENCODE_NUL && chunk.simd_ge(zero).any();
[INFO] [stdout]     |                                        ~~~~~~~
[INFO] [stdout] 
[INFO] [stdout] 
[INFO] [stdout] error[E0277]: the trait bound `cesu8string::Cesu8String: ~const std::ops::Deref` is not satisfied
[INFO] [stdout]   --> /opt/rustwide/cargo-home/git/checkouts/cesu8str-rs-f88a9e2983c615dd/78759d3/src/ngstr/cesu8string.rs:33:34
[INFO] [stdout]    |
[INFO] [stdout] 33 |         unsafe { std::ptr::read(&this.inner) }
[INFO] [stdout]    |                                  ^^^^
[INFO] [stdout] 
[INFO] [stdout] 
[INFO] [stdout] error[E0277]: the trait bound `mutf8string::Mutf8String: ~const std::ops::Deref` is not satisfied
[INFO] [stdout]   --> /opt/rustwide/cargo-home/git/checkouts/cesu8str-rs-f88a9e2983c615dd/78759d3/src/ngstr/mutf8string.rs:34:34
[INFO] [stdout]    |
[INFO] [stdout] 34 |         unsafe { std::ptr::read(&this.inner) }
[INFO] [stdout]    |                                  ^^^^
[INFO] [stdout] 
[INFO] [stdout] 
[INFO] [stdout] error[E0277]: the trait bound `mutf8cstring::Mutf8CString: ~const std::ops::Deref` is not satisfied
[INFO] [stdout]   --> /opt/rustwide/cargo-home/git/checkouts/cesu8str-rs-f88a9e2983c615dd/78759d3/src/ngstr/mutf8cstring.rs:60:34
[INFO] [stdout]    |
[INFO] [stdout] 60 |         unsafe { std::ptr::read(&this.inner) }
[INFO] [stdout]    |                                  ^^^^
[INFO] [stdout] 
[INFO] [stdout] 
[INFO] [stdout] Some errors have detailed explanations: E0277, E0599.
[INFO] [stdout] 
[INFO] [stdout] For more information about an error, try `rustc --explain E0277`.
[INFO] [stdout] 
[INFO] [stderr] error: could not compile `cesu8str` (lib) due to 5 previous errors
[INFO] [stderr] warning: build failed, waiting for other jobs to finish...
[INFO] running `Command { std: "docker" "inspect" "0d95f77cb0c296dde2fb347f1a2625efef49adaa4bac0162a3ea143e5ec87db6", kill_on_drop: false }`
[INFO] running `Command { std: "docker" "rm" "-f" "0d95f77cb0c296dde2fb347f1a2625efef49adaa4bac0162a3ea143e5ec87db6", kill_on_drop: false }`
[INFO] [stdout] 0d95f77cb0c296dde2fb347f1a2625efef49adaa4bac0162a3ea143e5ec87db6
