[INFO] fetching crate r3_portkit 0.2.1...
[INFO] testing r3_portkit-0.2.1 against try#1b74e096b9bfb06f84a3007193dcd2f059cbdf6a for pr-96025
[INFO] extracting crate r3_portkit 0.2.1 into /workspace/builds/worker-2/source
[INFO] validating manifest of crates.io crate r3_portkit 0.2.1 on toolchain 1b74e096b9bfb06f84a3007193dcd2f059cbdf6a
[INFO] running `Command { std: "/workspace/cargo-home/bin/cargo" "+1b74e096b9bfb06f84a3007193dcd2f059cbdf6a" "metadata" "--manifest-path" "Cargo.toml" "--no-deps", kill_on_drop: false }`
[INFO] started tweaking crates.io crate r3_portkit 0.2.1
[INFO] finished tweaking crates.io crate r3_portkit 0.2.1
[INFO] tweaked toml for crates.io crate r3_portkit 0.2.1 written to /workspace/builds/worker-2/source/Cargo.toml
[INFO] running `Command { std: "/workspace/cargo-home/bin/cargo" "+1b74e096b9bfb06f84a3007193dcd2f059cbdf6a" "generate-lockfile" "--manifest-path" "Cargo.toml" "-Zno-index-update", kill_on_drop: false }`
[INFO] [stderr]     Blocking waiting for file lock on package cache
[INFO] running `Command { std: "/workspace/cargo-home/bin/cargo" "+1b74e096b9bfb06f84a3007193dcd2f059cbdf6a" "fetch" "--manifest-path" "Cargo.toml", kill_on_drop: false }`
[INFO] [stderr]     Blocking waiting for file lock on package cache
[INFO] [stderr]     Blocking waiting for file lock on package cache
[INFO] running `Command { std: "docker" "create" "-v" "/var/lib/crater-agent-workspace/builds/worker-2/target:/opt/rustwide/target:rw,Z" "-v" "/var/lib/crater-agent-workspace/builds/worker-2/source:/opt/rustwide/workdir:ro,Z" "-v" "/var/lib/crater-agent-workspace/cargo-home:/opt/rustwide/cargo-home:ro,Z" "-v" "/var/lib/crater-agent-workspace/rustup-home:/opt/rustwide/rustup-home:ro,Z" "-e" "SOURCE_DIR=/opt/rustwide/workdir" "-e" "CARGO_TARGET_DIR=/opt/rustwide/target" "-e" "CARGO_HOME=/opt/rustwide/cargo-home" "-e" "RUSTUP_HOME=/opt/rustwide/rustup-home" "-w" "/opt/rustwide/workdir" "-m" "1610612736" "--user" "0:0" "--network" "none" "ghcr.io/rust-lang/crates-build-env/linux@sha256:b0c94ce3c1162fcb8e57cac5b65ec2f72eabb1eebea4fcc35e269e823f681646" "/opt/rustwide/cargo-home/bin/cargo" "+1b74e096b9bfb06f84a3007193dcd2f059cbdf6a" "metadata" "--no-deps" "--format-version=1", kill_on_drop: false }`
[INFO] [stdout] 8238777006c6e71e4905081eb7e00043435eca2df5b0865298aa6afb67fd1bd1
[INFO] running `Command { std: "docker" "start" "-a" "8238777006c6e71e4905081eb7e00043435eca2df5b0865298aa6afb67fd1bd1", kill_on_drop: false }`
[INFO] running `Command { std: "docker" "inspect" "8238777006c6e71e4905081eb7e00043435eca2df5b0865298aa6afb67fd1bd1", kill_on_drop: false }`
[INFO] running `Command { std: "docker" "rm" "-f" "8238777006c6e71e4905081eb7e00043435eca2df5b0865298aa6afb67fd1bd1", kill_on_drop: false }`
[INFO] [stdout] 8238777006c6e71e4905081eb7e00043435eca2df5b0865298aa6afb67fd1bd1
[INFO] running `Command { std: "docker" "create" "-v" "/var/lib/crater-agent-workspace/builds/worker-2/target:/opt/rustwide/target:rw,Z" "-v" "/var/lib/crater-agent-workspace/builds/worker-2/source:/opt/rustwide/workdir:ro,Z" "-v" "/var/lib/crater-agent-workspace/cargo-home:/opt/rustwide/cargo-home:ro,Z" "-v" "/var/lib/crater-agent-workspace/rustup-home:/opt/rustwide/rustup-home:ro,Z" "-e" "SOURCE_DIR=/opt/rustwide/workdir" "-e" "CARGO_TARGET_DIR=/opt/rustwide/target" "-e" "CARGO_INCREMENTAL=0" "-e" "RUST_BACKTRACE=full" "-e" "RUSTFLAGS=--cap-lints=forbid" "-e" "CARGO_HOME=/opt/rustwide/cargo-home" "-e" "RUSTUP_HOME=/opt/rustwide/rustup-home" "-w" "/opt/rustwide/workdir" "-m" "1610612736" "--user" "0:0" "--network" "none" "ghcr.io/rust-lang/crates-build-env/linux@sha256:b0c94ce3c1162fcb8e57cac5b65ec2f72eabb1eebea4fcc35e269e823f681646" "/opt/rustwide/cargo-home/bin/cargo" "+1b74e096b9bfb06f84a3007193dcd2f059cbdf6a" "build" "--frozen" "--message-format=json", kill_on_drop: false }`
[INFO] [stdout] 05164d0e164591332f6e3d07e92dc37b23387cc3e62ecb4d60d6a9c2b7e00d2a
[INFO] running `Command { std: "docker" "start" "-a" "05164d0e164591332f6e3d07e92dc37b23387cc3e62ecb4d60d6a9c2b7e00d2a", kill_on_drop: false }`
[INFO] [stderr]    Compiling autocfg v1.1.0
[INFO] [stderr]    Compiling proc-macro2 v1.0.37
[INFO] [stderr]    Compiling unicode-xid v0.2.2
[INFO] [stderr]    Compiling syn v1.0.91
[INFO] [stderr]    Compiling ident_case v1.0.1
[INFO] [stderr]    Compiling fnv v1.0.7
[INFO] [stderr]    Compiling strsim v0.10.0
[INFO] [stderr]    Compiling base64 v0.13.0
[INFO] [stderr]    Compiling unicode-width v0.1.9
[INFO] [stderr]    Compiling elain v0.3.0
[INFO] [stderr]    Compiling bitflags v1.3.2
[INFO] [stderr]    Compiling seq-macro v0.3.0
[INFO] [stderr]    Compiling tokenlock v0.3.7
[INFO] [stderr]    Compiling stable_deref_trait v1.2.0
[INFO] [stderr]    Compiling either v1.6.1
[INFO] [stderr]    Compiling arrayvec v0.7.2
[INFO] [stderr]    Compiling pin-utils v0.1.0
[INFO] [stderr]    Compiling num-traits v0.2.14
[INFO] [stderr]    Compiling num-integer v0.1.44
[INFO] [stderr]    Compiling memoffset v0.6.5
[INFO] [stderr]    Compiling num-rational v0.4.0
[INFO] [stderr]    Compiling quote v1.0.18
[INFO] [stderr]    Compiling darling_core v0.14.0
[INFO] [stderr]    Compiling svgbobdoc v0.3.0
[INFO] [stderr]    Compiling darling_macro v0.14.0
[INFO] [stderr]    Compiling darling v0.14.0
[INFO] [stderr]    Compiling macropol v0.1.3
[INFO] [stderr]    Compiling r3_core v0.1.2
[INFO] [stderr]    Compiling r3_kernel v0.1.2
[INFO] [stderr]    Compiling r3_portkit v0.2.1 (/opt/rustwide/workdir)
[INFO] [stdout] warning: the feature `generic_const_exprs` is incomplete and may not be safe to use and/or cause compiler crashes
[INFO] [stdout]  --> src/lib.rs:2:12
[INFO] [stdout]   |
[INFO] [stdout] 2 | #![feature(generic_const_exprs)]
[INFO] [stdout]   |            ^^^^^^^^^^^^^^^^^^^
[INFO] [stdout]   |
[INFO] [stdout]   = note: `#[warn(incomplete_features)]` on by default
[INFO] [stdout]   = note: see issue #76560 <https://github.com/rust-lang/rust/issues/76560> for more information
[INFO] [stdout] 
[INFO] [stdout] 
[INFO] [stdout] warning: the feature `adt_const_params` is incomplete and may not be safe to use and/or cause compiler crashes
[INFO] [stdout]  --> src/lib.rs:3:12
[INFO] [stdout]   |
[INFO] [stdout] 3 | #![feature(adt_const_params)]
[INFO] [stdout]   |            ^^^^^^^^^^^^^^^^
[INFO] [stdout]   |
[INFO] [stdout]   = note: see issue #95174 <https://github.com/rust-lang/rust/issues/95174> for more information
[INFO] [stdout] 
[INFO] [stdout] 
[INFO] [stdout] warning: 2 warnings emitted
[INFO] [stdout] 
[INFO] [stdout] 
[INFO] [stderr]     Finished dev [unoptimized + debuginfo] target(s) in 18.86s
[INFO] running `Command { std: "docker" "inspect" "05164d0e164591332f6e3d07e92dc37b23387cc3e62ecb4d60d6a9c2b7e00d2a", kill_on_drop: false }`
[INFO] running `Command { std: "docker" "rm" "-f" "05164d0e164591332f6e3d07e92dc37b23387cc3e62ecb4d60d6a9c2b7e00d2a", kill_on_drop: false }`
[INFO] [stdout] 05164d0e164591332f6e3d07e92dc37b23387cc3e62ecb4d60d6a9c2b7e00d2a
[INFO] running `Command { std: "docker" "create" "-v" "/var/lib/crater-agent-workspace/builds/worker-2/target:/opt/rustwide/target:rw,Z" "-v" "/var/lib/crater-agent-workspace/builds/worker-2/source:/opt/rustwide/workdir:ro,Z" "-v" "/var/lib/crater-agent-workspace/cargo-home:/opt/rustwide/cargo-home:ro,Z" "-v" "/var/lib/crater-agent-workspace/rustup-home:/opt/rustwide/rustup-home:ro,Z" "-e" "SOURCE_DIR=/opt/rustwide/workdir" "-e" "CARGO_TARGET_DIR=/opt/rustwide/target" "-e" "CARGO_INCREMENTAL=0" "-e" "RUST_BACKTRACE=full" "-e" "RUSTFLAGS=--cap-lints=forbid" "-e" "CARGO_HOME=/opt/rustwide/cargo-home" "-e" "RUSTUP_HOME=/opt/rustwide/rustup-home" "-w" "/opt/rustwide/workdir" "-m" "1610612736" "--user" "0:0" "--network" "none" "ghcr.io/rust-lang/crates-build-env/linux@sha256:b0c94ce3c1162fcb8e57cac5b65ec2f72eabb1eebea4fcc35e269e823f681646" "/opt/rustwide/cargo-home/bin/cargo" "+1b74e096b9bfb06f84a3007193dcd2f059cbdf6a" "test" "--frozen" "--no-run" "--message-format=json", kill_on_drop: false }`
[INFO] [stdout] fa7430ec96281ddfbf68c28eec4446afc59314ea0f02712334eba51e4cbab818
[INFO] running `Command { std: "docker" "start" "-a" "fa7430ec96281ddfbf68c28eec4446afc59314ea0f02712334eba51e4cbab818", kill_on_drop: false }`
[INFO] [stderr]     Blocking waiting for file lock on package cache
[INFO] [stderr]    Compiling libc v0.2.124
[INFO] [stderr]    Compiling memchr v2.4.1
[INFO] [stderr]    Compiling cfg-if v1.0.0
[INFO] [stderr]    Compiling log v0.4.16
[INFO] [stderr]    Compiling regex-syntax v0.6.25
[INFO] [stderr]    Compiling termcolor v1.1.3
[INFO] [stderr]    Compiling humantime v2.1.0
[INFO] [stderr]    Compiling itertools v0.10.3
[INFO] [stderr]    Compiling quickcheck_macros v1.0.0
[INFO] [stdout] warning: the feature `generic_const_exprs` is incomplete and may not be safe to use and/or cause compiler crashes
[INFO] [stdout]  --> src/lib.rs:2:12
[INFO] [stdout]   |
[INFO] [stdout] 2 | #![feature(generic_const_exprs)]
[INFO] [stdout]   |            ^^^^^^^^^^^^^^^^^^^
[INFO] [stdout]   |
[INFO] [stdout]   = note: `#[warn(incomplete_features)]` on by default
[INFO] [stdout]   = note: see issue #76560 <https://github.com/rust-lang/rust/issues/76560> for more information
[INFO] [stdout] 
[INFO] [stdout] 
[INFO] [stdout] warning: the feature `adt_const_params` is incomplete and may not be safe to use and/or cause compiler crashes
[INFO] [stdout]  --> src/lib.rs:3:12
[INFO] [stdout]   |
[INFO] [stdout] 3 | #![feature(adt_const_params)]
[INFO] [stdout]   |            ^^^^^^^^^^^^^^^^
[INFO] [stdout]   |
[INFO] [stdout]   = note: see issue #95174 <https://github.com/rust-lang/rust/issues/95174> for more information
[INFO] [stdout] 
[INFO] [stdout] 
[INFO] [stdout] warning: 2 warnings emitted
[INFO] [stdout] 
[INFO] [stdout] 
[INFO] [stderr]    Compiling aho-corasick v0.7.18
[INFO] [stderr]    Compiling getrandom v0.2.6
[INFO] [stderr]    Compiling atty v0.2.14
[INFO] [stderr]    Compiling rand_core v0.6.3
[INFO] [stderr]    Compiling regex v1.5.5
[INFO] [stderr]    Compiling rand v0.8.5
[INFO] [stderr]    Compiling env_logger v0.8.4
[INFO] [stderr]    Compiling quickcheck v1.0.3
[INFO] [stderr]    Compiling r3_portkit v0.2.1 (/opt/rustwide/workdir)
[INFO] [stdout] warning: the feature `generic_const_exprs` is incomplete and may not be safe to use and/or cause compiler crashes
[INFO] [stdout]  --> src/lib.rs:2:12
[INFO] [stdout]   |
[INFO] [stdout] 2 | #![feature(generic_const_exprs)]
[INFO] [stdout]   |            ^^^^^^^^^^^^^^^^^^^
[INFO] [stdout]   |
[INFO] [stdout]   = note: `#[warn(incomplete_features)]` on by default
[INFO] [stdout]   = note: see issue #76560 <https://github.com/rust-lang/rust/issues/76560> for more information
[INFO] [stdout] 
[INFO] [stdout] 
[INFO] [stdout] warning: the feature `adt_const_params` is incomplete and may not be safe to use and/or cause compiler crashes
[INFO] [stdout]  --> src/lib.rs:3:12
[INFO] [stdout]   |
[INFO] [stdout] 3 | #![feature(adt_const_params)]
[INFO] [stdout]   |            ^^^^^^^^^^^^^^^^
[INFO] [stdout]   |
[INFO] [stdout]   = note: see issue #95174 <https://github.com/rust-lang/rust/issues/95174> for more information
[INFO] [stdout] 
[INFO] [stdout] 
[INFO] [stdout] warning: 2 warnings emitted
[INFO] [stdout] 
[INFO] [stdout] 
[INFO] [stderr]     Finished test [unoptimized + debuginfo] target(s) in 45.84s
[INFO] [stderr]   Executable unittests src/lib.rs (/opt/rustwide/target/debug/deps/r3_portkit-7e90474d6448e64e)
[INFO] running `Command { std: "docker" "inspect" "fa7430ec96281ddfbf68c28eec4446afc59314ea0f02712334eba51e4cbab818", kill_on_drop: false }`
[INFO] running `Command { std: "docker" "rm" "-f" "fa7430ec96281ddfbf68c28eec4446afc59314ea0f02712334eba51e4cbab818", kill_on_drop: false }`
[INFO] [stdout] fa7430ec96281ddfbf68c28eec4446afc59314ea0f02712334eba51e4cbab818
[INFO] running `Command { std: "docker" "create" "-v" "/var/lib/crater-agent-workspace/builds/worker-2/target:/opt/rustwide/target:rw,Z" "-v" "/var/lib/crater-agent-workspace/builds/worker-2/source:/opt/rustwide/workdir:ro,Z" "-v" "/var/lib/crater-agent-workspace/cargo-home:/opt/rustwide/cargo-home:ro,Z" "-v" "/var/lib/crater-agent-workspace/rustup-home:/opt/rustwide/rustup-home:ro,Z" "-e" "SOURCE_DIR=/opt/rustwide/workdir" "-e" "CARGO_TARGET_DIR=/opt/rustwide/target" "-e" "CARGO_INCREMENTAL=0" "-e" "RUST_BACKTRACE=full" "-e" "RUSTFLAGS=--cap-lints=forbid" "-e" "CARGO_HOME=/opt/rustwide/cargo-home" "-e" "RUSTUP_HOME=/opt/rustwide/rustup-home" "-w" "/opt/rustwide/workdir" "-m" "1610612736" "--user" "0:0" "--network" "none" "ghcr.io/rust-lang/crates-build-env/linux@sha256:b0c94ce3c1162fcb8e57cac5b65ec2f72eabb1eebea4fcc35e269e823f681646" "/opt/rustwide/cargo-home/bin/cargo" "+1b74e096b9bfb06f84a3007193dcd2f059cbdf6a" "test" "--frozen", kill_on_drop: false }`
[INFO] [stdout] 430244ffa3adc219a07b37f91916a73eb4bdb91f38dfa0b17f63995de8bb885b
[INFO] running `Command { std: "docker" "start" "-a" "430244ffa3adc219a07b37f91916a73eb4bdb91f38dfa0b17f63995de8bb885b", kill_on_drop: false }`
[INFO] [stderr]     Blocking waiting for file lock on package cache
[INFO] [stderr] warning: the feature `generic_const_exprs` is incomplete and may not be safe to use and/or cause compiler crashes
[INFO] [stdout] 
[INFO] [stderr]  --> src/lib.rs:2:12
[INFO] [stdout] running 575 tests
[INFO] [stderr]   |
[INFO] [stderr] 2 | #![feature(generic_const_exprs)]
[INFO] [stderr]   |            ^^^^^^^^^^^^^^^^^^^
[INFO] [stderr]   |
[INFO] [stderr]   = note: `#[warn(incomplete_features)]` on by default
[INFO] [stderr]   = note: see issue #76560 <https://github.com/rust-lang/rust/issues/76560> for more information
[INFO] [stderr] 
[INFO] [stderr] warning: the feature `adt_const_params` is incomplete and may not be safe to use and/or cause compiler crashes
[INFO] [stderr]  --> src/lib.rs:3:12
[INFO] [stderr]   |
[INFO] [stderr] 3 | #![feature(adt_const_params)]
[INFO] [stderr]   |            ^^^^^^^^^^^^^^^^
[INFO] [stderr]   |
[INFO] [stderr]   = note: see issue #95174 <https://github.com/rust-lang/rust/issues/95174> for more information
[INFO] [stderr] 
[INFO] [stderr] warning: `r3_portkit` (lib) generated 2 warnings
[INFO] [stderr] warning: `r3_portkit` (lib test) generated 2 warnings (2 duplicates)
[INFO] [stderr]     Finished test [unoptimized + debuginfo] target(s) in 2.59s
[INFO] [stderr]      Running unittests src/lib.rs (/opt/rustwide/target/debug/deps/r3_portkit-7e90474d6448e64e)
[INFO] [stdout] test num::wrapping::tests::c0::add_assign128_multi32_mixed ... ok
[INFO] [stdout] test num::wrapping::tests::c0::add_assign128_multi32_max ... ok
[INFO] [stdout] test num::wrapping::tests::c0::add_assign128_multi32_half ... ok
[INFO] [stdout] test num::tests::test_gcd128 ... ok
[INFO] [stdout] test num::tests::quickcheck_gcd128_large ... ok
[INFO] [stdout] test num::wrapping::tests::c0::add_assign128_multi32_max_p1 ... ok
[INFO] [stdout] test num::wrapping::tests::c0::add_assign128_multi32_extreme ... ok
[INFO] [stdout] test num::tests::quickcheck_gcd128 ... ok
[INFO] [stdout] test num::wrapping::tests::c0::add_assign128_multi32_quickcheck ... ok
[INFO] [stdout] test num::wrapping::tests::c0::add_assign128_multi32_zero ... ok
[INFO] [stdout] test num::wrapping::tests::c0::add_assign64_mixed ... ok
[INFO] [stdout] test num::wrapping::tests::c1::add_assign128_multi32_extreme ... ok
[INFO] [stdout] test num::wrapping::tests::c0::add_assign64_half ... ok
[INFO] [stdout] test num::wrapping::tests::c0::add_assign64_zero ... ok
[INFO] [stdout] test num::wrapping::tests::c1::add_assign128_multi32_half ... ok
[INFO] [stdout] test num::wrapping::tests::c1::add_assign128_multi32_max ... ok
[INFO] [stdout] test num::wrapping::tests::c1::add_assign64_half ... ok
[INFO] [stdout] test num::wrapping::tests::c1::add_assign64_max ... ok
[INFO] [stdout] test num::wrapping::tests::c_u16_max2::add_assign128_multi32_extreme ... ok
[INFO] [stdout] test num::wrapping::tests::c1::add_assign64_mixed ... ok
[INFO] [stdout] test num::wrapping::tests::c1::add_assign64_quickcheck ... ok
[INFO] [stdout] test num::wrapping::tests::c_u16_max2::add_assign128_multi32_mixed ... ok
[INFO] [stdout] test num::wrapping::tests::c1::add_assign64_zero ... ok
[INFO] [stdout] test num::wrapping::tests::c_u16_max2::add_assign128_multi32_max_p1 ... ok
[INFO] [stdout] test num::wrapping::tests::c0::add_assign64_quickcheck ... ok
[INFO] [stdout] test num::wrapping::tests::c1::add_assign128_multi32_max_p1 ... ok
[INFO] [stdout] test num::wrapping::tests::c_u16_max2::add_assign128_multi32_max ... ok
[INFO] [stdout] test num::wrapping::tests::c1::add_assign128_multi32_mixed ... ok
[INFO] [stdout] test num::wrapping::tests::c1::add_assign128_multi32_zero ... ok
[INFO] [stdout] test num::wrapping::tests::c0::add_assign64_max ... ok
[INFO] [stdout] test num::wrapping::tests::c_u16_max2::add_assign128_multi32_half ... ok
[INFO] [stdout] test num::wrapping::tests::c_u16_max2::add_assign128_multi32_zero ... ok
[INFO] [stdout] test num::wrapping::tests::c1::add_assign128_multi32_quickcheck ... ok
[INFO] [stdout] test num::wrapping::tests::c_u16_max2::add_assign64_half ... ok
[INFO] [stdout] test num::wrapping::tests::c_u16_max2::add_assign64_max ... ok
[INFO] [stdout] test num::wrapping::tests::c_u16_max2::add_assign128_multi32_quickcheck ... ok
[INFO] [stdout] test num::wrapping::tests::c_u16_max2::add_assign64_zero ... ok
[INFO] [stdout] test num::wrapping::tests::c_u16_max2::add_assign64_mixed ... ok
[INFO] [stdout] test num::wrapping::tests::c_u16_max::add_assign128_multi32_max_p1 ... ok
[INFO] [stdout] test num::wrapping::tests::c_u16_max::add_assign128_multi32_half ... ok
[INFO] [stdout] test num::wrapping::tests::c_u16_max::add_assign128_multi32_max ... ok
[INFO] [stdout] test num::wrapping::tests::c_u16_max::add_assign128_multi32_extreme ... ok
[INFO] [stdout] test num::wrapping::tests::c_u16_max2::add_assign64_quickcheck ... ok
[INFO] [stdout] test num::wrapping::tests::c_u16_max::add_assign128_multi32_mixed ... ok
[INFO] [stdout] test num::wrapping::tests::c0::add_assign128_multi32_result_overflow - should panic ... ok
[INFO] [stdout] test num::wrapping::tests::c1::add_assign128_multi32_result_overflow - should panic ... ok
[INFO] [stdout] test num::wrapping::tests::c_u16_max2::add_assign128_multi32_result_overflow - should panic ... ok
[INFO] [stdout] test num::wrapping::tests::c_u16_max::add_assign64_zero ... ok
[INFO] [stdout] test num::wrapping::tests::c_u16_max_m1::add_assign128_multi32_max_p1 ... ok
[INFO] [stdout] test num::wrapping::tests::c_u16_max_m1::add_assign128_multi32_mixed ... ok
[INFO] [stdout] test num::wrapping::tests::c_u16_max_p1::add_assign128_multi32_extreme ... ok
[INFO] [stdout] test num::wrapping::tests::c_u16_max::add_assign128_multi32_quickcheck ... ok
[INFO] [stdout] test num::wrapping::tests::c_u16_max_m1::add_assign128_multi32_max ... ok
[INFO] [stdout] test num::wrapping::tests::c_u16_max::add_assign128_multi32_result_overflow - should panic ... ok
[INFO] [stdout] test num::wrapping::tests::c_u16_max_m1::add_assign64_max ... ok
[INFO] [stdout] test num::wrapping::tests::c_u16_max::add_assign128_multi32_zero ... ok
[INFO] [stdout] test num::wrapping::tests::c_u16_max_m1::add_assign128_multi32_half ... ok
[INFO] [stdout] test num::wrapping::tests::c_u16_max_m1::add_assign64_mixed ... ok
[INFO] [stdout] test num::wrapping::tests::c_u16_max::add_assign64_half ... ok
[INFO] [stdout] test num::wrapping::tests::c_u16_max::add_assign64_max ... ok
[INFO] [stdout] test num::wrapping::tests::c_u16_max_m1::add_assign64_quickcheck ... ok
[INFO] [stdout] test num::wrapping::tests::c_u16_max_m1::add_assign128_multi32_quickcheck ... ok
[INFO] [stdout] test num::wrapping::tests::c_u16_max_m1::add_assign128_multi32_result_overflow - should panic ... ok
[INFO] [stdout] test num::wrapping::tests::c_u16_max_m1::add_assign128_multi32_zero ... ok
[INFO] [stdout] test num::wrapping::tests::c_u16_max_p1::add_assign128_multi32_quickcheck ... ok
[INFO] [stdout] test num::wrapping::tests::c_u16_max_m1::add_assign64_zero ... ok
[INFO] [stdout] test num::wrapping::tests::c_u16_max_p1::add_assign128_multi32_result_overflow - should panic ... ok
[INFO] [stdout] test num::wrapping::tests::c_u16_max_m1::add_assign64_half ... ok
[INFO] [stdout] test num::wrapping::tests::c_u16_max_p1::add_assign128_multi32_half ... ok
[INFO] [stdout] test num::wrapping::tests::c_u16_max::add_assign64_quickcheck ... ok
[INFO] [stdout] test num::wrapping::tests::c_u16_max::add_assign64_mixed ... ok
[INFO] [stdout] test num::wrapping::tests::c_u16_max_m1::add_assign128_multi32_extreme ... ok
[INFO] [stdout] test num::wrapping::tests::c_u16_max_p1::add_assign128_multi32_mixed ... ok
[INFO] [stdout] test num::wrapping::tests::c_u16_max_p1::add_assign128_multi32_max_p1 ... ok
[INFO] [stdout] test num::wrapping::tests::c_u16_max_p1::add_assign128_multi32_max ... ok
[INFO] [stdout] test num::wrapping::tests::c_u16_max_p1::add_assign128_multi32_zero ... ok
[INFO] [stdout] test num::wrapping::tests::c_u16_max_p1::add_assign64_max ... ok
[INFO] [stdout] test num::wrapping::tests::c_u32_max::add_assign128_multi32_mixed ... ok
[INFO] [stdout] test num::wrapping::tests::c_u16_max_p1::add_assign64_mixed ... ok
[INFO] [stdout] test num::wrapping::tests::c_u32_max2::add_assign128_multi32_mixed ... ok
[INFO] [stdout] test num::wrapping::tests::c_u32_max::add_assign128_multi32_half ... ok
[INFO] [stdout] test num::wrapping::tests::c_u32_max2::add_assign64_zero ... ok
[INFO] [stdout] test num::wrapping::tests::c_u16_max_p1::add_assign64_half ... ok
[INFO] [stdout] test num::wrapping::tests::c_u32_max::add_assign128_multi32_max_p1 ... ok
[INFO] [stdout] test num::wrapping::tests::c_u32_max::add_assign128_multi32_max ... ok
[INFO] [stdout] test num::wrapping::tests::c_u32_max::add_assign128_multi32_extreme ... ok
[INFO] [stdout] test num::wrapping::tests::c_u32_max2::add_assign64_half ... ok
[INFO] [stdout] test num::wrapping::tests::c_u32_max2::add_assign128_multi32_zero ... ok
[INFO] [stdout] test num::wrapping::tests::c_u32_max2::add_assign64_mixed ... ok
[INFO] [stdout] test num::wrapping::tests::c_u32_max2::add_assign128_multi32_result_overflow - should panic ... ok
[INFO] [stdout] test num::wrapping::tests::c_u32_max2::add_assign128_multi32_quickcheck ... ok
[INFO] [stdout] test num::wrapping::tests::c_u32_max_p1::add_assign64_half ... ok
[INFO] [stdout] test num::wrapping::tests::c_u32_max_p1::add_assign64_mixed ... ok
[INFO] [stdout] test num::wrapping::tests::c_u64_max::add_assign128_multi32_extreme ... ok
[INFO] [stdout] test num::wrapping::tests::c_u64_max::add_assign128_multi32_max ... ok
[INFO] [stdout] test num::wrapping::tests::c_u32_max_p1::add_assign64_zero ... ok
[INFO] [stdout] test num::wrapping::tests::c_u32_max_m1::add_assign128_multi32_half ... ok
[INFO] [stdout] test num::wrapping::tests::c_u64_max::add_assign128_multi32_max_p1 ... ok
[INFO] [stdout] test num::wrapping::tests::c_u32_max::add_assign64_half ... ok
[INFO] [stdout] test num::wrapping::tests::c_u32_max_m1::add_assign128_multi32_extreme ... ok
[INFO] [stdout] test num::wrapping::tests::c_u32_max_m1::add_assign64_zero ... ok
[INFO] [stdout] test num::wrapping::tests::c_u32_max2::add_assign128_multi32_extreme ... ok
[INFO] [stdout] test num::wrapping::tests::c_u32_max_p1::add_assign64_quickcheck ... ok
[INFO] [stdout] test num::wrapping::tests::c_u16_max_p1::add_assign64_quickcheck ... ok
[INFO] [stdout] test num::wrapping::tests::c_u32_max::add_assign128_multi32_zero ... ok
[INFO] [stdout] test num::wrapping::tests::c_u32_max2::add_assign128_multi32_max_p1 ... ok
[INFO] [stdout] test num::wrapping::tests::c_u32_max2::add_assign128_multi32_max ... ok
[INFO] [stdout] test num::wrapping::tests::c_u32_max::add_assign64_quickcheck ... ok
[INFO] [stdout] test num::wrapping::tests::c_u64_max::add_assign128_multi32_quickcheck ... ok
[INFO] [stdout] test num::wrapping::tests::c_u64_max_m1::add_assign128_multi32_half ... ok
[INFO] [stdout] test num::wrapping::tests::c_u64_max::add_assign128_multi32_mixed ... ok
[INFO] [stdout] test num::wrapping::tests::c_u32_max::add_assign64_mixed ... ok
[INFO] [stdout] test num::wrapping::tests::c_u64_max_m1::add_assign128_multi32_mixed ... ok
[INFO] [stdout] test num::wrapping::tests::c_u64_max_m1::add_assign128_multi32_zero ... ok
[INFO] [stdout] test num::wrapping::tests::c_u64_max_m1::add_assign64_half ... ok
[INFO] [stdout] test num::wrapping::tests::c_u64_max_m1::add_assign64_max ... ok
[INFO] [stdout] test num::wrapping::tests::c_u64_max_m1::add_assign64_mixed ... ok
[INFO] [stdout] test num::wrapping::tests::c_u64_max_m1::add_assign64_quickcheck ... ok
[INFO] [stdout] test num::wrapping::tests::c_u64_max_m1::add_assign64_zero ... ok
[INFO] [stdout] test num::wrapping::tests::c_u8_max2::add_assign128_multi32_extreme ... ok
[INFO] [stdout] test num::wrapping::tests::c_u64_max_m1::add_assign128_multi32_max_p1 ... ok
[INFO] [stdout] test num::wrapping::tests::c_u16_max_p1::add_assign64_zero ... ok
[INFO] [stdout] test num::wrapping::tests::c_u64_max::add_assign64_zero ... ok
[INFO] [stdout] test num::wrapping::tests::c_u64_max_m1::add_assign128_multi32_quickcheck ... ok
[INFO] [stdout] test num::wrapping::tests::c_u64_max::add_assign64_quickcheck ... ok
[INFO] [stdout] test num::wrapping::tests::c_u32_max_m1::add_assign128_multi32_zero ... ok
[INFO] [stdout] test num::wrapping::tests::c_u32_max_m1::add_assign64_half ... ok
[INFO] [stdout] test num::wrapping::tests::c_u32_max_p1::add_assign128_multi32_half ... ok
[INFO] [stdout] test num::wrapping::tests::c_u32_max_p1::add_assign128_multi32_max ... ok
[INFO] [stdout] test num::wrapping::tests::c_u32_max_p1::add_assign128_multi32_max_p1 ... ok
[INFO] [stdout] test num::wrapping::tests::c_u32_max_m1::add_assign128_multi32_quickcheck ... ok
[INFO] [stdout] test num::wrapping::tests::c_u64_max_m1::add_assign128_multi32_max ... ok
[INFO] [stdout] test num::wrapping::tests::c_u64_max_m1::add_assign128_multi32_extreme ... ok
[INFO] [stdout] test num::wrapping::tests::c_u32_max::add_assign128_multi32_result_overflow - should panic ... ok
[INFO] [stdout] test num::wrapping::tests::c_u32_max2::add_assign64_max ... ok
[INFO] [stdout] test num::wrapping::tests::c_u32_max2::add_assign64_quickcheck ... ok
[INFO] [stdout] test num::wrapping::tests::c_u32_max::add_assign128_multi32_quickcheck ... ok
[INFO] [stdout] test num::wrapping::tests::c_u8_max2::add_assign128_multi32_half ... ok
[INFO] [stdout] test num::wrapping::tests::c_u32_max_m1::add_assign128_multi32_max ... ok
[INFO] [stdout] test num::wrapping::tests::c_u64_max::add_assign64_max ... ok
[INFO] [stdout] test num::wrapping::tests::c_u32_max_p1::add_assign128_multi32_extreme ... ok
[INFO] [stdout] test num::wrapping::tests::c_u32_max_p1::add_assign128_multi32_mixed ... ok
[INFO] [stdout] test num::wrapping::tests::c_u32_max_m1::add_assign128_multi32_mixed ... ok
[INFO] [stdout] test num::wrapping::tests::c_u8_max2::add_assign128_multi32_max ... ok
[INFO] [stdout] test num::wrapping::tests::c_u8_max2::add_assign128_multi32_max_p1 ... ok
[INFO] [stdout] test num::wrapping::tests::c_u32_max_p1::add_assign64_max ... ok
[INFO] [stdout] test num::wrapping::tests::c_u8_max2::add_assign128_multi32_mixed ... ok
[INFO] [stdout] test num::wrapping::tests::c_u64_max::add_assign128_multi32_half ... ok
[INFO] [stdout] test num::wrapping::tests::c_u32_max_p1::add_assign128_multi32_zero ... ok
[INFO] [stdout] test num::wrapping::tests::c_u64_max::add_assign64_mixed ... ok
[INFO] [stdout] test num::wrapping::tests::c_u32_max::add_assign64_max ... ok
[INFO] [stdout] test num::wrapping::tests::c_u32_max_m1::add_assign128_multi32_max_p1 ... ok
[INFO] [stdout] test num::wrapping::tests::c_u32_max_m1::add_assign64_max ... ok
[INFO] [stdout] test num::wrapping::tests::c_u32_max2::add_assign128_multi32_half ... ok
[INFO] [stdout] test num::wrapping::tests::c_u32_max_m1::add_assign64_mixed ... ok
[INFO] [stdout] test num::wrapping::tests::c_u64_max::add_assign128_multi32_zero ... ok
[INFO] [stdout] test num::wrapping::tests::c_u64_max::add_assign64_half ... ok
[INFO] [stdout] test num::wrapping::tests::c_u32_max_p1::add_assign128_multi32_quickcheck ... ok
[INFO] [stdout] test num::wrapping::tests::c_u8_max2::add_assign128_multi32_quickcheck ... ok
[INFO] [stdout] test num::wrapping::tests::c_u8_max2::add_assign128_multi32_zero ... ok
[INFO] [stdout] test num::wrapping::tests::c_u8_max2::add_assign64_half ... ok
[INFO] [stdout] test num::wrapping::tests::c_u8_max2::add_assign64_max ... ok
[INFO] [stdout] test num::wrapping::tests::c_u8_max2::add_assign64_mixed ... ok
[INFO] [stdout] test num::wrapping::tests::c_u32_max::add_assign64_zero ... ok
[INFO] [stdout] test num::wrapping::tests::c_u8_max2::add_assign64_zero ... ok
[INFO] [stdout] test num::wrapping::tests::c_u32_max_m1::add_assign64_quickcheck ... ok
[INFO] [stdout] test num::wrapping::tests::c_u32_max_p1::add_assign128_multi32_result_overflow - should panic ... ok
[INFO] [stdout] test num::wrapping::tests::c_u64_max_m1::add_assign128_multi32_result_overflow - should panic ... ok
[INFO] [stdout] test num::wrapping::tests::c_u32_max_m1::add_assign128_multi32_result_overflow - should panic ... ok
[INFO] [stdout] test num::wrapping::tests::c_u8_max2::add_assign128_multi32_result_overflow - should panic ... ok
[INFO] [stdout] test num::wrapping::tests::c_u8_max2::add_assign64_quickcheck ... ok
[INFO] [stdout] test num::wrapping::tests::c_u8_max::add_assign128_multi32_half ... ok
[INFO] [stdout] test num::wrapping::tests::c_u8_max::add_assign128_multi32_extreme ... ok
[INFO] [stdout] test num::wrapping::tests::c_u64_max::add_assign128_multi32_result_overflow - should panic ... ok
[INFO] [stdout] test num::wrapping::tests::c_u8_max::add_assign128_multi32_max_p1 ... ok
[INFO] [stdout] test num::wrapping::tests::c_u8_max::add_assign128_multi32_mixed ... ok
[INFO] [stdout] test num::wrapping::tests::c_u8_max::add_assign128_multi32_result_overflow - should panic ... ok
[INFO] [stdout] test num::wrapping::tests::c_u8_max::add_assign128_multi32_quickcheck ... ok
[INFO] [stdout] test num::wrapping::tests::c_u8_max::add_assign128_multi32_max ... ok
[INFO] [stdout] test num::wrapping::tests::c_u8_max::add_assign128_multi32_zero ... ok
[INFO] [stdout] test num::wrapping::tests::c_u8_max::add_assign64_half ... ok
[INFO] [stdout] test num::wrapping::tests::c_u8_max_m1::add_assign128_multi32_max_p1 ... ok
[INFO] [stdout] test num::wrapping::tests::c_u8_max_m1::add_assign128_multi32_zero ... ok
[INFO] [stdout] test num::wrapping::tests::c_u8_max_m1::add_assign128_multi32_result_overflow - should panic ... ok
[INFO] [stdout] test num::wrapping::tests::c_u8_max::add_assign64_mixed ... ok
[INFO] [stdout] test num::wrapping::tests::c_u8_max_m1::add_assign64_max ... ok
[INFO] [stdout] test num::wrapping::tests::c_u8_max_m1::add_assign128_multi32_max ... ok
[INFO] [stdout] test num::wrapping::tests::c_u8_max_m1::add_assign128_multi32_mixed ... ok
[INFO] [stdout] test num::wrapping::tests::c_u8_max_m1::add_assign64_zero ... ok
[INFO] [stdout] test num::wrapping::tests::c_u8_max_m1::add_assign128_multi32_extreme ... ok
[INFO] [stdout] test num::wrapping::tests::c_u8_max_p1::add_assign128_multi32_extreme ... ok
[INFO] [stdout] test num::wrapping::tests::c_u8_max_m1::add_assign64_half ... ok
[INFO] [stdout] test num::wrapping::tests::c_u8_max_m1::add_assign64_mixed ... ok
[INFO] [stdout] test num::wrapping::tests::c_u8_max_p1::add_assign128_multi32_mixed ... ok
[INFO] [stdout] test num::wrapping::tests::c_u8_max::add_assign64_zero ... ok
[INFO] [stdout] test num::wrapping::tests::c_u8_max_m1::add_assign128_multi32_half ... ok
[INFO] [stdout] test num::wrapping::tests::c_u8_max::add_assign64_max ... ok
[INFO] [stdout] test num::wrapping::tests::c_u8_max_m1::add_assign128_multi32_quickcheck ... ok
[INFO] [stdout] test num::wrapping::tests::c_u8_max::add_assign64_quickcheck ... ok
[INFO] [stdout] test tickful::tests::tickful_tick_too_long1 ... ok
[INFO] [stdout] test tickful::tests::tickful_zero_denom ... ok
[INFO] [stdout] test tickful::tests::tickful_tick_too_long2 ... ok
[INFO] [stdout] test tickless::tests::sim10::max_timeout ... ok
[INFO] [stdout] test tickful::tests::tickful_zero_freq ... ok
[INFO] [stdout] test tickless::tests::sim10::max_timeout_and_zero ... ok
[INFO] [stdout] test tickless::tests::sim10::ones_max_latency ... ok
[INFO] [stdout] test tickless::tests::sim10::ones ... ok
[INFO] [stdout] test tickless::tests::sim10_full::max_timeout_and_zero ... ok
[INFO] [stdout] test tickless::tests::sim10_full::ones ... ok
[INFO] [stdout] test tickless::tests::sim10_reset::max_timeout_and_zero ... ok
[INFO] [stdout] test tickless::tests::quickcheck_cfg ... ok
[INFO] [stdout] test tickless::tests::sim10::max_timeout_max_latency ... ok
[INFO] [stdout] test tickless::tests::sim10_full::max_timeout ... ok
[INFO] [stdout] test tickless::tests::sim10_full::max_timeout_max_latency ... ok
[INFO] [stdout] test tickless::tests::sim10_reset::max_timeout ... ok
[INFO] [stdout] test tickless::tests::sim10_reset::ones ... ok
[INFO] [stdout] test tickless::tests::sim10_reset::ones_max_latency ... ok
[INFO] [stdout] test tickless::tests::sim11::max_timeout ... ok
[INFO] [stdout] test tickless::tests::sim11::max_timeout_and_zero ... ok
[INFO] [stdout] test tickless::tests::sim11::max_timeout_max_latency ... ok
[INFO] [stdout] test tickless::tests::sim11::ones ... ok
[INFO] [stdout] test sym::tests::uniqueness ... ok
[INFO] [stdout] test num::wrapping::tests::c_u8_max_p1::add_assign64_mixed ... ok
[INFO] [stdout] test num::wrapping::tests::c_u8_max_p1::add_assign128_multi32_half ... ok
[INFO] [stdout] test num::wrapping::tests::c_u8_max_p1::add_assign64_quickcheck ... ok
[INFO] [stdout] test tickful::tests::tickful_simulate4 ... ok
[INFO] [stdout] test tickful::tests::tickful_simulate5 ... ok
[INFO] [stdout] test num::wrapping::tests::c_u8_max_m1::add_assign64_quickcheck ... ok
[INFO] [stdout] test tickless::tests::sim10::quickcheck ... ok
[INFO] [stdout] test tickless::tests::sim11::ones_max_latency ... ok
[INFO] [stdout] test tickless::tests::sim11_full::ones ... ok
[INFO] [stdout] test tickful::tests::tickful_simulate6 ... ok
[INFO] [stdout] test tickful::tests::tickful_simulate9 ... ok
[INFO] [stdout] test tickful::tests::tickful_simulate7 ... ok
[INFO] [stdout] test num::wrapping::tests::c_u8_max_p1::add_assign128_multi32_zero ... ok
[INFO] [stdout] test tickless::tests::sim10_full::quickcheck ... ok
[INFO] [stdout] test num::wrapping::tests::c_u8_max_p1::add_assign64_max ... ok
[INFO] [stdout] test tickful::tests::tickful_simulate8 ... ok
[INFO] [stdout] test tickful::tests::tickful_known_values ... ok
[INFO] [stdout] test tickful::tests::tickful_simulate3 ... ok
[INFO] [stdout] test num::wrapping::tests::c_u8_max_p1::add_assign128_multi32_max ... ok
[INFO] [stdout] test num::wrapping::tests::c_u8_max_p1::add_assign128_multi32_max_p1 ... ok
[INFO] [stdout] test num::wrapping::tests::c_u8_max_p1::add_assign64_half ... ok
[INFO] [stdout] test tickful::tests::tickful_simulate1 ... ok
[INFO] [stdout] test tickless::tests::sim10_reset::quickcheck ... ok
[INFO] [stdout] test tickful::tests::tickful_simulate2 ... ok
[INFO] [stdout] test pptext::tests::test_pp_text ... ok
[INFO] [stdout] test tickless::tests::sim11_full::max_timeout ... ok
[INFO] [stdout] test tickless::tests::sim11_full::max_timeout_and_zero ... ok
[INFO] [stdout] test num::wrapping::tests::c_u8_max_p1::add_assign128_multi32_quickcheck ... ok
[INFO] [stdout] test tickless::tests::sim10_full::ones_max_latency ... ok
[INFO] [stdout] test tickless::tests::sim10_reset::max_timeout_max_latency ... ok
[INFO] [stdout] test tickless::tests::sim11_full::max_timeout_max_latency ... ok
[INFO] [stdout] test tickless::tests::sim11_full::ones_max_latency ... ok
[INFO] [stdout] test tickless::tests::sim11_reset::max_timeout_and_zero ... ok
[INFO] [stdout] test tickless::tests::sim11_reset::ones ... ok
[INFO] [stdout] test tickless::tests::sim12::max_timeout_max_latency ... ok
[INFO] [stdout] test tickless::tests::sim12::ones ... ok
[INFO] [stdout] test tickless::tests::sim12::ones_max_latency ... ok
[INFO] [stdout] test tickless::tests::sim12_reset::max_timeout_and_zero ... ok
[INFO] [stdout] test tickless::tests::sim12_full::max_timeout ... ok
[INFO] [stdout] test tickless::tests::sim13::max_timeout ... ok
[INFO] [stdout] test tickless::tests::sim12_full::ones ... ok
[INFO] [stdout] test num::wrapping::tests::c_u8_max_p1::add_assign64_zero ... ok
[INFO] [stdout] test tickless::tests::sim11::quickcheck ... ok
[INFO] [stdout] test tickless::tests::sim11_reset::max_timeout_max_latency ... ok
[INFO] [stdout] test tickless::tests::sim12_full::max_timeout_and_zero ... ok
[INFO] [stdout] test tickless::tests::sim11_reset::max_timeout ... ok
[INFO] [stdout] test tickless::tests::sim12_reset::ones_max_latency ... ok
[INFO] [stdout] test tickless::tests::sim13::max_timeout_and_zero ... ok
[INFO] [stdout] test tickless::tests::sim12_full::ones_max_latency ... ok
[INFO] [stdout] test tickless::tests::sim12_reset::max_timeout ... ok
[INFO] [stdout] test tickless::tests::sim13_full::ones ... ok
[INFO] [stdout] test tickless::tests::sim12::max_timeout ... ok
[INFO] [stdout] test tickless::tests::sim13::max_timeout_max_latency ... ok
[INFO] [stdout] test tickless::tests::sim13_full::ones_max_latency ... ok
[INFO] [stdout] test tickless::tests::sim12_reset::ones ... ok
[INFO] [stdout] test tickless::tests::sim13::ones_max_latency ... ok
[INFO] [stdout] test tickless::tests::sim12_reset::max_timeout_max_latency ... ok
[INFO] [stdout] test num::wrapping::tests::c_u8_max_p1::add_assign128_multi32_result_overflow - should panic ... ok
[INFO] [stdout] test tickless::tests::sim12_full::max_timeout_max_latency ... ok
[INFO] [stdout] test tickless::tests::sim12_full::quickcheck ... ok
[INFO] [stdout] test tickless::tests::sim12::max_timeout_and_zero ... ok
[INFO] [stdout] test tickless::tests::sim13_full::max_timeout_and_zero ... ok
[INFO] [stdout] test tickless::tests::sim13_full::max_timeout_max_latency ... ok
[INFO] [stdout] test tickless::tests::sim13::ones ... ok
[INFO] [stdout] test tickless::tests::sim11_reset::ones_max_latency ... ok
[INFO] [stdout] test tickless::tests::sim13_full::quickcheck ... ok
[INFO] [stdout] test tickless::tests::sim12::quickcheck ... ok
[INFO] [stdout] test tickless::tests::sim12_reset::quickcheck ... ok
[INFO] [stdout] test tickless::tests::sim13_full::max_timeout ... ok
[INFO] [stdout] test tickless::tests::sim13_reset::max_timeout_and_zero ... ok
[INFO] [stdout] test tickless::tests::sim14::max_timeout_and_zero ... ok
[INFO] [stdout] test tickless::tests::sim14::ones ... ok
[INFO] [stdout] test tickless::tests::sim14::ones_max_latency ... ok
[INFO] [stdout] test tickless::tests::sim13_reset::max_timeout_max_latency ... ok
[INFO] [stdout] test tickless::tests::sim13_reset::ones ... ok
[INFO] [stdout] test tickless::tests::sim14_full::max_timeout_and_zero ... ok
[INFO] [stdout] test tickless::tests::sim14::max_timeout ... ok
[INFO] [stdout] test tickless::tests::sim14_full::ones ... ok
[INFO] [stdout] test tickless::tests::sim14_full::ones_max_latency ... ok
[INFO] [stdout] test tickless::tests::sim13_reset::ones_max_latency ... ok
[INFO] [stdout] test tickless::tests::sim14::max_timeout_max_latency ... ok
[INFO] [stdout] test tickless::tests::sim13::quickcheck ... ok
[INFO] [stdout] test tickless::tests::sim11_full::quickcheck ... ok
[INFO] [stdout] test tickless::tests::sim13_reset::max_timeout ... ok
[INFO] [stdout] test tickless::tests::sim14_full::max_timeout ... ok
[INFO] [stdout] test tickless::tests::sim14_reset::max_timeout_max_latency ... ok
[INFO] [stdout] test tickless::tests::sim14_full::max_timeout_max_latency ... ok
[INFO] [stdout] test tickless::tests::sim11_reset::quickcheck ... ok
[INFO] [stdout] test tickless::tests::sim14_reset::ones_max_latency ... ok
[INFO] [stdout] test tickless::tests::sim16_reset::max_timeout_max_latency ... ok
[INFO] [stdout] test tickless::tests::sim14_reset::max_timeout_and_zero ... ok
[INFO] [stdout] test tickless::tests::sim16_reset::max_timeout_and_zero ... ok
[INFO] [stdout] test tickless::tests::sim14_reset::ones ... ok
[INFO] [stdout] test tickless::tests::sim15::ones ... ok
[INFO] [stdout] test tickless::tests::sim14_reset::quickcheck ... ok
[INFO] [stdout] test tickless::tests::sim15_full::max_timeout ... ok
[INFO] [stdout] test tickless::tests::sim15_full::max_timeout_and_zero ... ok
[INFO] [stdout] test tickless::tests::sim14_full::quickcheck ... ok
[INFO] [stdout] test tickless::tests::sim15::max_timeout_max_latency ... ok
[INFO] [stdout] test tickless::tests::sim15::ones_max_latency ... ok
[INFO] [stdout] test tickless::tests::sim15_full::max_timeout_max_latency ... ok
[INFO] [stdout] test tickless::tests::sim15_full::ones ... ok
[INFO] [stdout] test tickless::tests::sim15_full::ones_max_latency ... ok
[INFO] [stdout] test tickless::tests::sim15::quickcheck ... ok
[INFO] [stdout] test tickless::tests::sim14::quickcheck ... ok
[INFO] [stdout] test tickless::tests::sim15_reset::max_timeout_and_zero ... ok
[INFO] [stdout] test tickless::tests::sim15_reset::max_timeout ... ok
[INFO] [stdout] test tickless::tests::sim15_reset::ones ... ok
[INFO] [stdout] test tickless::tests::sim15_reset::max_timeout_max_latency ... ok
[INFO] [stdout] test tickless::tests::sim15_reset::ones_max_latency ... ok
[INFO] [stdout] test tickless::tests::sim16::max_timeout_max_latency ... ok
[INFO] [stdout] test tickless::tests::sim16::max_timeout_and_zero ... ok
[INFO] [stdout] test tickless::tests::sim16::ones ... ok
[INFO] [stdout] test tickless::tests::sim15::max_timeout_and_zero ... ok
[INFO] [stdout] test tickless::tests::sim13_reset::quickcheck ... ok
[INFO] [stdout] test tickless::tests::sim16::ones_max_latency ... ok
[INFO] [stdout] test tickless::tests::sim16_full::max_timeout ... ok
[INFO] [stdout] test tickless::tests::sim16::max_timeout ... ok
[INFO] [stdout] test tickless::tests::sim16_full::max_timeout_and_zero ... ok
[INFO] [stdout] test tickless::tests::sim16_full::max_timeout_max_latency ... ok
[INFO] [stdout] test tickless::tests::sim16_full::ones ... ok
[INFO] [stdout] test tickless::tests::sim16_full::ones_max_latency ... ok
[INFO] [stdout] test tickless::tests::sim15::max_timeout ... ok
[INFO] [stdout] test tickless::tests::sim16_reset::max_timeout ... ok
[INFO] [stdout] test tickless::tests::sim15_full::quickcheck ... ok
[INFO] [stdout] test tickless::tests::sim16::quickcheck ... ok
[INFO] [stdout] test tickless::tests::sim16_reset::ones ... ok
[INFO] [stdout] test tickless::tests::sim17::ones ... ok
[INFO] [stdout] test tickless::tests::sim17::ones_max_latency ... ok
[INFO] [stdout] test tickless::tests::sim17_full::max_timeout_and_zero ... ok
[INFO] [stdout] test tickless::tests::sim17_full::max_timeout ... ok
[INFO] [stdout] test tickless::tests::sim17_full::ones_max_latency ... ok
[INFO] [stdout] test tickless::tests::sim17_reset::max_timeout ... ok
[INFO] [stdout] test tickless::tests::sim16_full::quickcheck ... ok
[INFO] [stdout] test tickless::tests::sim15_reset::quickcheck ... ok
[INFO] [stdout] test tickless::tests::sim14_reset::max_timeout ... ok
[INFO] [stdout] test tickless::tests::sim16_reset::ones_max_latency ... ok
[INFO] [stdout] test tickless::tests::sim17::max_timeout_max_latency ... ok
[INFO] [stdout] test tickless::tests::sim17_full::ones ... ok
[INFO] [stdout] test tickless::tests::sim18::ones_max_latency ... ok
[INFO] [stdout] test tickless::tests::sim18_full::max_timeout ... ok
[INFO] [stdout] test tickless::tests::sim18_full::max_timeout_and_zero ... ok
[INFO] [stdout] test tickless::tests::sim18_full::max_timeout_max_latency ... ok
[INFO] [stdout] test tickless::tests::sim18_reset::max_timeout_and_zero ... ok
[INFO] [stdout] test tickless::tests::sim16_reset::quickcheck ... ok
[INFO] [stdout] test tickless::tests::sim19::ones ... ok
[INFO] [stdout] test tickless::tests::sim17_full::quickcheck ... ok
[INFO] [stdout] test tickless::tests::sim19_full::ones ... ok
[INFO] [stdout] test tickless::tests::sim19_full::ones_max_latency ... ok
[INFO] [stdout] test tickless::tests::sim19_reset::max_timeout ... ok
[INFO] [stdout] test tickless::tests::sim19_reset::max_timeout_and_zero ... ok
[INFO] [stdout] test tickless::tests::sim18_reset::max_timeout ... ok
[INFO] [stdout] test tickless::tests::sim18_reset::ones_max_latency ... ok
[INFO] [stdout] test tickless::tests::sim18_reset::ones ... ok
[INFO] [stdout] test tickless::tests::sim19_full::max_timeout ... ok
[INFO] [stdout] test tickless::tests::sim19_full::max_timeout_max_latency ... ok
[INFO] [stdout] test tickless::tests::sim19::max_timeout ... ok
[INFO] [stdout] test tickless::tests::sim19::max_timeout_max_latency ... ok
[INFO] [stdout] test tickless::tests::sim19::ones_max_latency ... ok
[INFO] [stdout] test tickless::tests::sim19_reset::ones ... ok
[INFO] [stdout] test tickless::tests::sim18_reset::max_timeout_max_latency ... ok
[INFO] [stdout] test tickless::tests::sim19_reset::max_timeout_max_latency ... ok
[INFO] [stdout] test tickless::tests::sim1::max_timeout ... ok
[INFO] [stdout] test tickless::tests::sim1::ones ... ok
[INFO] [stdout] test tickless::tests::sim1::max_timeout_and_zero ... ok
[INFO] [stdout] test tickless::tests::sim1_full::max_timeout ... ok
[INFO] [stdout] test tickless::tests::sim1_full::ones ... ok
[INFO] [stdout] test tickless::tests::sim1_full::max_timeout_max_latency ... ok
[INFO] [stdout] test tickless::tests::sim1::max_timeout_max_latency ... ok
[INFO] [stdout] test tickless::tests::sim1_full::max_timeout_and_zero ... ok
[INFO] [stdout] test tickless::tests::sim1_reset::max_timeout ... ok
[INFO] [stdout] test tickless::tests::sim1_reset::max_timeout_and_zero ... ok
[INFO] [stdout] test tickless::tests::sim19_reset::ones_max_latency ... ok
[INFO] [stdout] test tickless::tests::sim1_reset::ones ... ok
[INFO] [stdout] test tickless::tests::sim1::ones_max_latency ... ok
[INFO] [stdout] test tickless::tests::sim1_full::ones_max_latency ... ok
[INFO] [stdout] test tickless::tests::sim1_reset::max_timeout_max_latency ... ok
[INFO] [stdout] test tickless::tests::sim2::max_timeout_max_latency ... ok
[INFO] [stdout] test tickless::tests::sim2::ones ... ok
[INFO] [stdout] test tickless::tests::sim2_full::ones ... ok
[INFO] [stdout] test tickless::tests::sim2_full::max_timeout ... ok
[INFO] [stdout] test tickless::tests::sim2_reset::max_timeout ... ok
[INFO] [stdout] test tickless::tests::sim2_reset::max_timeout_max_latency ... ok
[INFO] [stdout] test tickless::tests::sim2_reset::ones ... ok
[INFO] [stdout] test tickless::tests::sim2::max_timeout_and_zero ... ok
[INFO] [stdout] test tickless::tests::sim2_full::max_timeout_and_zero ... ok
[INFO] [stdout] test tickless::tests::sim2_reset::ones_max_latency ... ok
[INFO] [stdout] test tickless::tests::sim2_full::max_timeout_max_latency ... ok
[INFO] [stdout] test tickless::tests::sim3::ones ... ok
[INFO] [stdout] test tickless::tests::sim2::ones_max_latency ... ok
[INFO] [stdout] test tickless::tests::sim3_full::max_timeout_max_latency ... ok
[INFO] [stdout] test tickless::tests::sim17_reset::ones_max_latency ... ok
[INFO] [stdout] test tickless::tests::sim18::max_timeout_max_latency ... ok
[INFO] [stdout] test tickless::tests::sim3_reset::ones_max_latency ... ok
[INFO] [stdout] test tickless::tests::sim4::max_timeout_and_zero ... ok
[INFO] [stdout] test tickless::tests::sim4_full::max_timeout_max_latency ... ok
[INFO] [stdout] test tickless::tests::sim2::quickcheck ... ok
[INFO] [stdout] test tickless::tests::sim18::ones ... ok
[INFO] [stdout] test tickless::tests::sim4_reset::max_timeout_and_zero ... ok
[INFO] [stdout] test tickless::tests::sim3_full::max_timeout_and_zero ... ok
[INFO] [stdout] test tickless::tests::sim4::max_timeout ... ok
[INFO] [stdout] test tickless::tests::sim17::max_timeout ... ok
[INFO] [stdout] test tickless::tests::sim18::max_timeout ... ok
[INFO] [stdout] test tickless::tests::sim4::ones ... ok
[INFO] [stdout] test tickless::tests::sim17_reset::ones ... ok
[INFO] [stdout] test tickless::tests::sim18_full::ones_max_latency ... ok
[INFO] [stdout] test tickless::tests::sim18_full::ones ... ok
[INFO] [stdout] test tickless::tests::sim17_reset::max_timeout_and_zero ... ok
[INFO] [stdout] test tickless::tests::sim4_reset::ones ... ok
[INFO] [stdout] test tickless::tests::sim3::max_timeout_max_latency ... ok
[INFO] [stdout] test tickless::tests::sim3::max_timeout_and_zero ... ok
[INFO] [stdout] test tickless::tests::sim17_full::max_timeout_max_latency ... ok
[INFO] [stdout] test tickless::tests::sim17::max_timeout_and_zero ... ok
[INFO] [stdout] test tickless::tests::sim18::max_timeout_and_zero ... ok
[INFO] [stdout] test tickless::tests::sim4_reset::max_timeout_max_latency ... ok
[INFO] [stdout] test tickless::tests::sim19::quickcheck ... ok
[INFO] [stdout] test tickless::tests::sim1_reset::ones_max_latency ... ok
[INFO] [stdout] test tickless::tests::sim19_full::max_timeout_and_zero ... ok
[INFO] [stdout] test tickless::tests::sim2_full::ones_max_latency ... ok
[INFO] [stdout] test tickless::tests::sim3_reset::quickcheck ... ok
[INFO] [stdout] test tickless::tests::sim5::max_timeout_and_zero ... ok
[INFO] [stdout] test tickless::tests::sim5::max_timeout ... ok
[INFO] [stdout] test tickless::tests::sim2_reset::max_timeout_and_zero ... ok
[INFO] [stdout] test tickless::tests::sim3::max_timeout ... ok
[INFO] [stdout] test tickless::tests::sim5::max_timeout_max_latency ... ok
[INFO] [stdout] test tickless::tests::sim5_full::max_timeout ... ok
[INFO] [stdout] test tickless::tests::sim5_full::max_timeout_and_zero ... ok
[INFO] [stdout] test tickless::tests::sim5::ones_max_latency ... ok
[INFO] [stdout] test tickless::tests::sim5_full::max_timeout_max_latency ... ok
[INFO] [stdout] test tickless::tests::sim17::quickcheck ... ok
[INFO] [stdout] test tickless::tests::sim5::ones ... ok
[INFO] [stdout] test tickless::tests::sim18::quickcheck ... ok
[INFO] [stdout] test tickless::tests::sim19_reset::quickcheck ... ok
[INFO] [stdout] test tickless::tests::sim18_full::quickcheck ... ok
[INFO] [stdout] test tickless::tests::sim19_full::quickcheck ... ok
[INFO] [stdout] test tickless::tests::sim3_reset::max_timeout ... ok
[INFO] [stdout] test tickless::tests::sim4_reset::quickcheck ... ok
[INFO] [stdout] test tickless::tests::sim1_reset::quickcheck ... ok
[INFO] [stdout] test tickless::tests::sim1::quickcheck ... ok
[INFO] [stdout] test tickless::tests::sim5::quickcheck ... ok
[INFO] [stdout] test tickless::tests::sim3_full::max_timeout ... ok
[INFO] [stdout] test tickless::tests::sim3_reset::ones ... ok
[INFO] [stdout] test tickless::tests::sim3_reset::max_timeout_max_latency ... ok
[INFO] [stdout] test tickless::tests::sim3_reset::max_timeout_and_zero ... ok
[INFO] [stdout] test tickless::tests::sim3_full::ones_max_latency ... ok
[INFO] [stdout] test tickless::tests::sim3_full::ones ... ok
[INFO] [stdout] test tickless::tests::sim19::max_timeout_and_zero ... ok
[INFO] [stdout] test tickless::tests::sim2_full::quickcheck ... ok
[INFO] [stdout] test tickless::tests::sim4_reset::max_timeout ... ok
[INFO] [stdout] test tickless::tests::sim4::ones_max_latency ... ok
[INFO] [stdout] test tickless::tests::sim4::max_timeout_max_latency ... ok
[INFO] [stdout] test tickless::tests::sim4_full::max_timeout ... ok
[INFO] [stdout] test tickless::tests::sim4_full::max_timeout_and_zero ... ok
[INFO] [stdout] test tickless::tests::sim4_full::ones ... ok
[INFO] [stdout] test tickless::tests::sim4_full::ones_max_latency ... ok
[INFO] [stdout] test tickless::tests::sim1_full::quickcheck ... ok
[INFO] [stdout] test tickless::tests::sim2::max_timeout ... ok
[INFO] [stdout] test tickless::tests::sim4_reset::ones_max_latency ... ok
[INFO] [stdout] test tickless::tests::sim3_full::quickcheck ... ok
[INFO] [stdout] test tickless::tests::sim17_reset::max_timeout_max_latency ... ok
[INFO] [stdout] test tickless::tests::sim3::ones_max_latency ... ok
[INFO] [stdout] test tickless::tests::sim4_full::quickcheck ... ok
[INFO] [stdout] test tickless::tests::sim6_full::max_timeout ... ok
[INFO] [stdout] test tickless::tests::sim5_reset::max_timeout_max_latency ... ok
[INFO] [stdout] test tickless::tests::sim5_reset::ones_max_latency ... ok
[INFO] [stdout] test tickless::tests::sim6::max_timeout ... ok
[INFO] [stdout] test tickless::tests::sim5_reset::max_timeout ... ok
[INFO] [stdout] test tickless::tests::sim6_full::max_timeout_max_latency ... ok
[INFO] [stdout] test tickless::tests::sim5_reset::max_timeout_and_zero ... ok
[INFO] [stdout] test tickless::tests::sim18_reset::quickcheck ... ok
[INFO] [stdout] test tickless::tests::sim6_full::max_timeout_and_zero ... ok
[INFO] [stdout] test tickless::tests::sim6::max_timeout_and_zero ... ok
[INFO] [stdout] test tickless::tests::sim5_full::ones ... ok
[INFO] [stdout] test tickless::tests::sim5_full::ones_max_latency ... ok
[INFO] [stdout] test tickless::tests::sim6::max_timeout_max_latency ... ok
[INFO] [stdout] test tickless::tests::sim6_full::ones_max_latency ... ok
[INFO] [stdout] test tickless::tests::sim6_reset::max_timeout_and_zero ... ok
[INFO] [stdout] test tickless::tests::sim6::ones ... ok
[INFO] [stdout] test tickless::tests::sim6::ones_max_latency ... ok
[INFO] [stdout] test tickless::tests::sim6_full::ones ... ok
[INFO] [stdout] test tickless::tests::sim5_full::quickcheck ... ok
[INFO] [stdout] test tickless::tests::sim5_reset::ones ... ok
[INFO] [stdout] test tickless::tests::sim5_reset::quickcheck ... ok
[INFO] [stdout] test tickless::tests::sim6_reset::max_timeout ... ok
[INFO] [stdout] test tickless::tests::sim2_reset::quickcheck ... ok
[INFO] [stdout] test tickless::tests::sim6::quickcheck ... ok
[INFO] [stdout] test tickless::tests::sim4::quickcheck ... ok
[INFO] [stdout] test tickless::tests::sim6_reset::max_timeout_max_latency ... ok
[INFO] [stdout] test tickless::tests::sim7_full::max_timeout_max_latency ... ok
[INFO] [stdout] test tickless::tests::sim7::max_timeout ... ok
[INFO] [stdout] test tickless::tests::sim7::ones_max_latency ... ok
[INFO] [stdout] test tickless::tests::sim7_full::max_timeout_and_zero ... ok
[INFO] [stdout] test tickless::tests::sim7_reset::ones ... ok
[INFO] [stdout] test tickless::tests::sim7_reset::max_timeout_max_latency ... ok
[INFO] [stdout] test tickless::tests::sim7::max_timeout_max_latency ... ok
[INFO] [stdout] test tickless::tests::sim6_reset::ones ... ok
[INFO] [stdout] test tickless::tests::sim7::max_timeout_and_zero ... ok
[INFO] [stdout] test tickless::tests::sim7::ones ... ok
[INFO] [stdout] test tickless::tests::sim7_reset::max_timeout ... ok
[INFO] [stdout] test tickless::tests::sim7_full::ones_max_latency ... ok
[INFO] [stdout] test tickless::tests::sim8::max_timeout_max_latency ... ok
[INFO] [stdout] test tickless::tests::sim6_full::quickcheck ... ok
[INFO] [stdout] test tickless::tests::sim7_reset::ones_max_latency ... ok
[INFO] [stdout] test tickless::tests::sim8::ones ... ok
[INFO] [stdout] test tickless::tests::sim8_full::max_timeout_and_zero ... ok
[INFO] [stdout] test tickless::tests::sim8_full::ones ... ok
[INFO] [stdout] test tickless::tests::sim8_full::max_timeout_max_latency ... ok
[INFO] [stdout] test tickless::tests::sim8::max_timeout ... ok
[INFO] [stdout] test tickless::tests::sim8::max_timeout_and_zero ... ok
[INFO] [stdout] test tickless::tests::sim8_reset::max_timeout ... ok
[INFO] [stdout] test tickless::tests::sim8_full::ones_max_latency ... ok
[INFO] [stdout] test tickless::tests::sim6_reset::ones_max_latency ... ok
[INFO] [stdout] test tickless::tests::sim3::quickcheck ... ok
[INFO] [stdout] test tickless::tests::sim17_reset::quickcheck ... ok
[INFO] [stdout] test tickless::tests::sim6_reset::quickcheck ... ok
[INFO] [stdout] test tickless::tests::sim9_reset::max_timeout ... ok
[INFO] [stdout] test tickless::tests::sim7_full::ones ... ok
[INFO] [stdout] test tickless::tests::sim8_reset::max_timeout_and_zero ... ok
[INFO] [stdout] test tickless::tests::sim8_reset::ones_max_latency ... ok
[INFO] [stdout] test tickless::tests::sim9::max_timeout_and_zero ... ok
[INFO] [stdout] test tickless::tests::sim9::ones ... ok
[INFO] [stdout] test tickless::tests::sim9_full::max_timeout ... ok
[INFO] [stdout] test tickless::tests::sim8::quickcheck ... ok
[INFO] [stdout] test tickless::tests::sim9_full::max_timeout_and_zero ... ok
[INFO] [stdout] test tickless::tests::sim9_full::max_timeout_max_latency ... ok
[INFO] [stdout] test tickless::tests::sim9_full::ones ... ok
[INFO] [stdout] test tickless::tests::sim9_reset::max_timeout_and_zero ... ok
[INFO] [stdout] test tickless::tests::sim9_full::ones_max_latency ... ok
[INFO] [stdout] test tickless::tests::sim7_full::quickcheck ... ok
[INFO] [stdout] test tickless::tests::sim7::quickcheck ... ok
[INFO] [stdout] test tickless::tests::sim9::max_timeout ... ok
[INFO] [stdout] test tickless::tests::sim9::max_timeout_max_latency ... ok
[INFO] [stdout] test tickless::tests::sim8_full::max_timeout ... ok
[INFO] [stdout] test tickless::tests::sim7_full::max_timeout ... ok
[INFO] [stdout] test tickless::tests::sim7_reset::max_timeout_and_zero ... ok
[INFO] [stdout] test tickless::tests::sim8_reset::max_timeout_max_latency ... ok
[INFO] [stdout] test tickless::tests::sim8_reset::ones ... ok
[INFO] [stdout] test tickless::tests::sim9_reset::ones_max_latency ... ok
[INFO] [stdout] test tickless::tests::tickless_tick_too_complex ... ok
[INFO] [stdout] test tickless::tests::tickless_tick_too_fast ... ok
[INFO] [stdout] test tickless::tests::tickless_zero_denom ... ok
[INFO] [stdout] test tickless::tests::tickless_zero_freq ... ok
[INFO] [stdout] test tickless::tests::sim9_reset::max_timeout_max_latency ... ok
[INFO] [stdout] test tickless::tests::sim9::ones_max_latency ... ok
[INFO] [stdout] test tickless::tests::tickless_known_values ... ok
[INFO] [stdout] test tickless::tests::sim8::ones_max_latency ... ok
[INFO] [stdout] test tickless::tests::sim9::quickcheck ... ok
[INFO] [stdout] test tickless::tests::sim9_reset::ones ... ok
[INFO] [stdout] test tickless::tests::sim8_reset::quickcheck ... ok
[INFO] [stdout] test tickless::tests::sim9_full::quickcheck ... ok
[INFO] [stdout] test tickless::tests::sim9_reset::quickcheck ... ok
[INFO] [stdout] test tickless::tests::sim8_full::quickcheck ... ok
[INFO] [stdout] test tickless::tests::sim7_reset::quickcheck ... ok
[INFO] [stdout] 
[INFO] [stdout] test result: ok. 575 passed; 0 failed; 0 ignored; 0 measured; 0 filtered out; finished in 0.89s
[INFO] [stdout] 
[INFO] [stderr]    Doc-tests r3_portkit
[INFO] [stderr] warning: the feature `generic_const_exprs` is incomplete and may not be safe to use and/or cause compiler crashes
[INFO] [stderr]  --> /opt/rustwide/workdir/src/lib.rs:2:12
[INFO] [stderr]   |
[INFO] [stderr] 2 | #![feature(generic_const_exprs)]
[INFO] [stderr]   |            ^^^^^^^^^^^^^^^^^^^
[INFO] [stderr]   |
[INFO] [stderr]   = note: `#[warn(incomplete_features)]` on by default
[INFO] [stderr]   = note: see issue #76560 <https://github.com/rust-lang/rust/issues/76560> for more information
[INFO] [stderr] 
[INFO] [stderr] warning: the feature `adt_const_params` is incomplete and may not be safe to use and/or cause compiler crashes
[INFO] [stderr]  --> /opt/rustwide/workdir/src/lib.rs:3:12
[INFO] [stderr]   |
[INFO] [stderr] 3 | #![feature(adt_const_params)]
[INFO] [stderr]   |            ^^^^^^^^^^^^^^^^
[INFO] [stderr]   |
[INFO] [stderr]   = note: see issue #95174 <https://github.com/rust-lang/rust/issues/95174> for more information
[INFO] [stderr] 
[INFO] [stderr] warning: 2 warnings emitted
[INFO] [stderr] 
[INFO] [stdout] 
[INFO] [stdout] running 3 tests
[INFO] [stdout] test src/sym.rs - sym::sym_static (line 27) ... FAILED
[INFO] [stdout] test src/pptext.rs - pptext::pp_text_macro (line 8) ... ok
[INFO] [stdout] test src/pptext.rs - pptext::pp_asm (line 264) ... ok
[INFO] [stdout] 
[INFO] [stdout] failures:
[INFO] [stdout] 
[INFO] [stdout] ---- src/sym.rs - sym::sym_static (line 27) stdout ----
[INFO] [stdout] error: linking with `cc` failed: exit status: 1
[INFO] [stdout]   |
[INFO] [stdout]   = note: "cc" "-m64" "/tmp/rustdoctest2nHyMH/rust_out.rust_out.7bc66a06-cgu.0.rcgu.o" "/tmp/rustdoctest2nHyMH/rust_out.1hoobloepocnvwd4.rcgu.o" "-Wl,--as-needed" "-L" "/opt/rustwide/target/debug/deps" "-L" "/opt/rustwide/target/debug/deps" "-L" "/opt/rustwide/rustup-home/toolchains/1b74e096b9bfb06f84a3007193dcd2f059cbdf6a/lib/rustlib/x86_64-unknown-linux-gnu/lib" "-Wl,-Bstatic" "/opt/rustwide/target/debug/deps/libr3_portkit-f409683e75f48909.rlib" "/opt/rustwide/target/debug/deps/libr3_kernel-862ad7c131f773f4.rlib" "/opt/rustwide/target/debug/deps/libpin_utils-b7ff504f33cec58a.rlib" "/opt/rustwide/target/debug/deps/libnum_rational-e87d4dfaeeb83189.rlib" "/opt/rustwide/target/debug/deps/libnum_integer-58b78687fb0ba967.rlib" "/opt/rustwide/target/debug/deps/libnum_traits-980fca0e5550032c.rlib" "/opt/rustwide/target/debug/deps/libr3_core-bc9c651cff9c5703.rlib" "/opt/rustwide/target/debug/deps/libstable_deref_trait-89b097bf6028af67.rlib" "/opt/rustwide/target/debug/deps/libtokenlock-f6ca4185be0cafe8.rlib" "/opt/rustwide/target/debug/deps/libelain-200c853bd372ad61.rlib" "/opt/rustwide/target/debug/deps/libmemoffset-b18f2abe5c74fa47.rlib" "/opt/rustwide/target/debug/deps/libbitflags-05dfd5b5d1225bed.rlib" "/opt/rustwide/target/debug/deps/libeither-8ed8bc54e89b5c30.rlib" "/opt/rustwide/target/debug/deps/libarrayvec-f032d4b97223866f.rlib" "-Wl,--start-group" "/opt/rustwide/rustup-home/toolchains/1b74e096b9bfb06f84a3007193dcd2f059cbdf6a/lib/rustlib/x86_64-unknown-linux-gnu/lib/libstd-443e20b28eeed844.rlib" "/opt/rustwide/rustup-home/toolchains/1b74e096b9bfb06f84a3007193dcd2f059cbdf6a/lib/rustlib/x86_64-unknown-linux-gnu/lib/libpanic_unwind-3e337470e099b116.rlib" "/opt/rustwide/rustup-home/toolchains/1b74e096b9bfb06f84a3007193dcd2f059cbdf6a/lib/rustlib/x86_64-unknown-linux-gnu/lib/libobject-10a87791239bd676.rlib" "/opt/rustwide/rustup-home/toolchains/1b74e096b9bfb06f84a3007193dcd2f059cbdf6a/lib/rustlib/x86_64-unknown-linux-gnu/lib/libmemchr-0e6cad6dd623d38e.rlib" "/opt/rustwide/rustup-home/toolchains/1b74e096b9bfb06f84a3007193dcd2f059cbdf6a/lib/rustlib/x86_64-unknown-linux-gnu/lib/libaddr2line-9d05dd05a4d51b33.rlib" "/opt/rustwide/rustup-home/toolchains/1b74e096b9bfb06f84a3007193dcd2f059cbdf6a/lib/rustlib/x86_64-unknown-linux-gnu/lib/libgimli-a60ff138fe1adfad.rlib" "/opt/rustwide/rustup-home/toolchains/1b74e096b9bfb06f84a3007193dcd2f059cbdf6a/lib/rustlib/x86_64-unknown-linux-gnu/lib/librustc_demangle-0e9344458c09713e.rlib" "/opt/rustwide/rustup-home/toolchains/1b74e096b9bfb06f84a3007193dcd2f059cbdf6a/lib/rustlib/x86_64-unknown-linux-gnu/lib/libstd_detect-939385b13e387309.rlib" "/opt/rustwide/rustup-home/toolchains/1b74e096b9bfb06f84a3007193dcd2f059cbdf6a/lib/rustlib/x86_64-unknown-linux-gnu/lib/libhashbrown-e3ce420901586b53.rlib" "/opt/rustwide/rustup-home/toolchains/1b74e096b9bfb06f84a3007193dcd2f059cbdf6a/lib/rustlib/x86_64-unknown-linux-gnu/lib/libminiz_oxide-546bece8dd1bea42.rlib" "/opt/rustwide/rustup-home/toolchains/1b74e096b9bfb06f84a3007193dcd2f059cbdf6a/lib/rustlib/x86_64-unknown-linux-gnu/lib/libadler-9b358af16d7d7aa1.rlib" "/opt/rustwide/rustup-home/toolchains/1b74e096b9bfb06f84a3007193dcd2f059cbdf6a/lib/rustlib/x86_64-unknown-linux-gnu/lib/librustc_std_workspace_alloc-554cd499fe1a3b52.rlib" "/opt/rustwide/rustup-home/toolchains/1b74e096b9bfb06f84a3007193dcd2f059cbdf6a/lib/rustlib/x86_64-unknown-linux-gnu/lib/libunwind-fbad2f5de5fb5cb2.rlib" "/opt/rustwide/rustup-home/toolchains/1b74e096b9bfb06f84a3007193dcd2f059cbdf6a/lib/rustlib/x86_64-unknown-linux-gnu/lib/libcfg_if-8fec8a74c706e4b4.rlib" "/opt/rustwide/rustup-home/toolchains/1b74e096b9bfb06f84a3007193dcd2f059cbdf6a/lib/rustlib/x86_64-unknown-linux-gnu/lib/liblibc-020914c5936c5f85.rlib" "/opt/rustwide/rustup-home/toolchains/1b74e096b9bfb06f84a3007193dcd2f059cbdf6a/lib/rustlib/x86_64-unknown-linux-gnu/lib/liballoc-4896c4057dc9553a.rlib" "/opt/rustwide/rustup-home/toolchains/1b74e096b9bfb06f84a3007193dcd2f059cbdf6a/lib/rustlib/x86_64-unknown-linux-gnu/lib/librustc_std_workspace_core-2a6a2797f7a73818.rlib" "/opt/rustwide/rustup-home/toolchains/1b74e096b9bfb06f84a3007193dcd2f059cbdf6a/lib/rustlib/x86_64-unknown-linux-gnu/lib/libcore-0e3656b1fda5fd7b.rlib" "-Wl,--end-group" "/opt/rustwide/rustup-home/toolchains/1b74e096b9bfb06f84a3007193dcd2f059cbdf6a/lib/rustlib/x86_64-unknown-linux-gnu/lib/libcompiler_builtins-1f103368fa522bc0.rlib" "-Wl,-Bdynamic" "-lgcc_s" "-lutil" "-lrt" "-lpthread" "-lm" "-ldl" "-lc" "-B/opt/rustwide/rustup-home/toolchains/1b74e096b9bfb06f84a3007193dcd2f059cbdf6a/lib/rustlib/x86_64-unknown-linux-gnu/bin/gcc-ld" "-Wl,--eh-frame-hdr" "-Wl,-znoexecstack" "-L" "/opt/rustwide/rustup-home/toolchains/1b74e096b9bfb06f84a3007193dcd2f059cbdf6a/lib/rustlib/x86_64-unknown-linux-gnu/lib" "-o" "/tmp/rustdoctest2nHyMH/rust_out" "-Wl,--gc-sections" "-pie" "-Wl,-zrelro,-znow" "-nodefaultlibs"
[INFO] [stderr] error: test failed, to rerun pass '--doc'
[INFO] [stdout]   = note: rust-lld: error: relocation R_X86_64_64 cannot be used against local symbol; recompile with -fPIC
[INFO] [stdout]           >>> defined in /tmp/rustdoctest2nHyMH/rust_out.rust_out.7bc66a06-cgu.0.rcgu.o
[INFO] [stdout]           >>> referenced by rust_out.7bc66a06-cgu.0
[INFO] [stdout]           >>>               /tmp/rustdoctest2nHyMH/rust_out.rust_out.7bc66a06-cgu.0.rcgu.o:(_$LT$u8$u20$as$u20$rust_out..main.._doctest_main_src_sym_rs_27_0..Tr$GT$::p_var::ha17b49d0ce718dca)
[INFO] [stdout]           collect2: error: ld returned 1 exit status
[INFO] [stdout]           
[INFO] [stdout] 
[INFO] [stdout] error: aborting due to previous error
[INFO] [stdout] 
[INFO] [stdout] Couldn't compile the test.
[INFO] [stdout] 
[INFO] [stdout] failures:
[INFO] [stdout]     src/sym.rs - sym::sym_static (line 27)
[INFO] [stdout] 
[INFO] [stdout] test result: FAILED. 2 passed; 1 failed; 0 ignored; 0 measured; 0 filtered out; finished in 1.95s
[INFO] [stdout] 
[INFO] running `Command { std: "docker" "inspect" "430244ffa3adc219a07b37f91916a73eb4bdb91f38dfa0b17f63995de8bb885b", kill_on_drop: false }`
[INFO] running `Command { std: "docker" "rm" "-f" "430244ffa3adc219a07b37f91916a73eb4bdb91f38dfa0b17f63995de8bb885b", kill_on_drop: false }`
[INFO] [stdout] 430244ffa3adc219a07b37f91916a73eb4bdb91f38dfa0b17f63995de8bb885b