[INFO] cloning repository https://github.com/weiznich/wundergraph-workshop
[INFO] running `Command { std: "git" "-c" "credential.helper=" "-c" "credential.helper=/workspace/cargo-home/bin/git-credential-null" "clone" "--bare" "https://github.com/weiznich/wundergraph-workshop" "/workspace/cache/git-repos/https%3A%2F%2Fgithub.com%2Fweiznich%2Fwundergraph-workshop", kill_on_drop: false }`
[INFO] [stderr] Cloning into bare repository '/workspace/cache/git-repos/https%3A%2F%2Fgithub.com%2Fweiznich%2Fwundergraph-workshop'...
[INFO] running `Command { std: "git" "rev-parse" "HEAD", kill_on_drop: false }`
[INFO] [stdout] 6785ce355d9e497909832bf9be79dede4c994c08
[INFO] checking weiznich/wundergraph-workshop against beta-2020-07-24 for pr-75494-beta
[INFO] running `Command { std: "git" "clone" "/workspace/cache/git-repos/https%3A%2F%2Fgithub.com%2Fweiznich%2Fwundergraph-workshop" "/workspace/builds/worker-8/source", kill_on_drop: false }`
[INFO] [stderr] Cloning into '/workspace/builds/worker-8/source'...
[INFO] [stderr] done.
[INFO] validating manifest of git repo https://github.com/weiznich/wundergraph-workshop on toolchain beta-2020-07-24
[INFO] running `Command { std: "/workspace/cargo-home/bin/cargo" "+beta-2020-07-24" "read-manifest" "--manifest-path" "Cargo.toml", kill_on_drop: false }`
[INFO] started tweaking git repo https://github.com/weiznich/wundergraph-workshop
[INFO] finished tweaking git repo https://github.com/weiznich/wundergraph-workshop
[INFO] tweaked toml for git repo https://github.com/weiznich/wundergraph-workshop written to /workspace/builds/worker-8/source/Cargo.toml
[INFO] crate git repo https://github.com/weiznich/wundergraph-workshop already has a lockfile, it will not be regenerated
[INFO] running `Command { std: "/workspace/cargo-home/bin/cargo" "+beta-2020-07-24" "fetch" "--locked" "--manifest-path" "Cargo.toml", kill_on_drop: false }`
[INFO] [stderr]     Blocking waiting for file lock on package cache
[INFO] running `Command { std: "docker" "create" "-v" "/var/lib/crater-agent-workspace/builds/worker-8/target:/opt/rustwide/target:rw,Z" "-v" "/var/lib/crater-agent-workspace/builds/worker-8/source:/opt/rustwide/workdir:ro,Z" "-v" "/var/lib/crater-agent-workspace/cargo-home:/opt/rustwide/cargo-home:ro,Z" "-v" "/var/lib/crater-agent-workspace/rustup-home:/opt/rustwide/rustup-home:ro,Z" "-e" "SOURCE_DIR=/opt/rustwide/workdir" "-e" "CARGO_TARGET_DIR=/opt/rustwide/target" "-e" "CARGO_HOME=/opt/rustwide/cargo-home" "-e" "RUSTUP_HOME=/opt/rustwide/rustup-home" "-w" "/opt/rustwide/workdir" "-m" "1610612736" "--user" "0:0" "--network" "none" "rustops/crates-build-env@sha256:a636fd89d022f18117e1dc8fb37a0a009933cdbbe082814857f0e2024962d47c" "/opt/rustwide/cargo-home/bin/cargo" "+beta-2020-07-24" "metadata" "--no-deps" "--format-version=1", kill_on_drop: false }`
[INFO] [stdout] a5eea6eedd8d83479e35fe98c86bec3fa5ccd05f49b694bde06336854bc73835
[INFO] [stderr] WARNING: Your kernel does not support swap limit capabilities or the cgroup is not mounted. Memory limited without swap.
[INFO] running `Command { std: "docker" "start" "-a" "a5eea6eedd8d83479e35fe98c86bec3fa5ccd05f49b694bde06336854bc73835", kill_on_drop: false }`
[INFO] running `Command { std: "docker" "inspect" "a5eea6eedd8d83479e35fe98c86bec3fa5ccd05f49b694bde06336854bc73835", kill_on_drop: false }`
[INFO] running `Command { std: "docker" "rm" "-f" "a5eea6eedd8d83479e35fe98c86bec3fa5ccd05f49b694bde06336854bc73835", kill_on_drop: false }`
[INFO] [stdout] a5eea6eedd8d83479e35fe98c86bec3fa5ccd05f49b694bde06336854bc73835
[INFO] running `Command { std: "docker" "create" "-v" "/var/lib/crater-agent-workspace/builds/worker-8/target:/opt/rustwide/target:rw,Z" "-v" "/var/lib/crater-agent-workspace/builds/worker-8/source:/opt/rustwide/workdir:ro,Z" "-v" "/var/lib/crater-agent-workspace/cargo-home:/opt/rustwide/cargo-home:ro,Z" "-v" "/var/lib/crater-agent-workspace/rustup-home:/opt/rustwide/rustup-home:ro,Z" "-e" "SOURCE_DIR=/opt/rustwide/workdir" "-e" "CARGO_TARGET_DIR=/opt/rustwide/target" "-e" "CARGO_INCREMENTAL=0" "-e" "RUST_BACKTRACE=full" "-e" "RUSTFLAGS=--cap-lints=forbid" "-e" "CARGO_HOME=/opt/rustwide/cargo-home" "-e" "RUSTUP_HOME=/opt/rustwide/rustup-home" "-w" "/opt/rustwide/workdir" "-m" "1610612736" "--user" "0:0" "--network" "none" "rustops/crates-build-env@sha256:a636fd89d022f18117e1dc8fb37a0a009933cdbbe082814857f0e2024962d47c" "/opt/rustwide/cargo-home/bin/cargo" "+beta-2020-07-24" "check" "--frozen" "--all" "--all-targets" "--message-format=json", kill_on_drop: false }`
[INFO] [stdout] 3ef04c0c0de2f83956e51cd6718311d3e8edd74122e0504f03e314ea148037fc
[INFO] [stderr] WARNING: Your kernel does not support swap limit capabilities or the cgroup is not mounted. Memory limited without swap.
[INFO] running `Command { std: "docker" "start" "-a" "3ef04c0c0de2f83956e51cd6718311d3e8edd74122e0504f03e314ea148037fc", kill_on_drop: false }`
[INFO] [stderr]    Compiling libc v0.2.65
[INFO] [stderr]     Checking cfg-if v0.1.10
[INFO] [stderr]    Compiling proc-macro2 v1.0.6
[INFO] [stderr]    Compiling unicode-xid v0.2.0
[INFO] [stderr]    Compiling maybe-uninit v2.0.0
[INFO] [stderr]    Compiling syn v1.0.7
[INFO] [stderr]    Compiling autocfg v0.1.7
[INFO] [stderr]    Compiling semver-parser v0.7.0
[INFO] [stderr]    Compiling log v0.4.8
[INFO] [stderr]    Compiling byteorder v1.3.2
[INFO] [stderr]     Checking scopeguard v1.0.0
[INFO] [stderr]    Compiling serde v1.0.102
[INFO] [stderr]     Checking fnv v1.0.6
[INFO] [stderr]    Compiling cc v1.0.47
[INFO] [stderr]     Checking slab v0.4.2
[INFO] [stderr]    Compiling memchr v2.2.1
[INFO] [stderr]    Compiling unicode-xid v0.1.0
[INFO] [stderr]     Checking rand_core v0.4.2
[INFO] [stderr]    Compiling bitflags v1.2.1
[INFO] [stderr]     Checking matches v0.1.8
[INFO] [stderr]    Compiling syn v0.15.44
[INFO] [stderr]    Compiling lazy_static v1.4.0
[INFO] [stderr]    Compiling regex-syntax v0.6.12
[INFO] [stderr]    Compiling failure_derive v0.1.6
[INFO] [stderr]     Checking rustc-demangle v0.1.16
[INFO] [stderr]    Compiling getrandom v0.1.13
[INFO] [stderr]     Checking quick-error v1.2.2
[INFO] [stderr]     Checking percent-encoding v1.0.1
[INFO] [stderr]     Checking percent-encoding v2.1.0
[INFO] [stderr]     Checking arc-swap v0.4.3
[INFO] [stderr]     Checking ppv-lite86 v0.2.6
[INFO] [stderr]    Compiling encoding_rs v0.8.20
[INFO] [stderr]    Compiling unicode-segmentation v1.5.0
[INFO] [stderr]     Checking unicode-width v0.1.6
[INFO] [stderr]     Checking language-tags v0.2.2
[INFO] [stderr]     Checking vec_map v0.8.1
[INFO] [stderr]     Checking strsim v0.8.0
[INFO] [stderr]     Checking ansi_term v0.11.0
[INFO] [stderr]     Checking termcolor v1.0.5
[INFO] [stderr]     Checking thread_local v0.3.6
[INFO] [stderr]     Checking crossbeam-utils v0.6.6
[INFO] [stderr]     Checking lock_api v0.3.1
[INFO] [stderr]     Checking tokio-sync v0.1.7
[INFO] [stderr]     Checking unicode-bidi v0.3.4
[INFO] [stderr]    Compiling semver v0.9.0
[INFO] [stderr]     Checking rand_core v0.3.1
[INFO] [stderr]     Checking rand_jitter v0.1.4
[INFO] [stderr]     Checking humantime v1.3.0
[INFO] [stderr]    Compiling proc-macro2 v0.4.30
[INFO] [stderr]     Checking textwrap v0.11.0
[INFO] [stderr]    Compiling num-traits v0.2.8
[INFO] [stderr]    Compiling num-integer v0.1.41
[INFO] [stderr]    Compiling rand_pcg v0.1.2
[INFO] [stderr]    Compiling rand_chacha v0.1.1
[INFO] [stderr]    Compiling rand v0.6.5
[INFO] [stderr]    Compiling indexmap v1.3.0
[INFO] [stderr]    Compiling pq-sys v0.4.6
[INFO] [stderr]     Checking rand_isaac v0.1.1
[INFO] [stderr]     Checking rand_hc v0.1.0
[INFO] [stderr]     Checking rand_xorshift v0.1.1
[INFO] [stderr]     Checking crc32fast v1.2.0
[INFO] [stderr]     Checking tokio-executor v0.1.8
[INFO] [stderr]    Compiling heck v0.3.1
[INFO] [stderr]    Compiling rustc_version v0.2.3
[INFO] [stderr]     Checking c2-chacha v0.2.3
[INFO] [stderr]     Checking smallvec v0.6.13
[INFO] [stderr]    Compiling quote v0.6.13
[INFO] [stderr]     Checking tokio-timer v0.2.11
[INFO] [stderr]     Checking tokio-current-thread v0.1.6
[INFO] [stderr]     Checking aho-corasick v0.7.6
[INFO] [stderr]     Checking base64 v0.10.1
[INFO] [stderr]     Checking iovec v0.1.4
[INFO] [stderr]     Checking num_cpus v1.11.0
[INFO] [stderr]     Checking net2 v0.2.33
[INFO] [stderr]     Checking time v0.1.42
[INFO] [stderr]     Checking rand_os v0.1.3
[INFO] [stderr]     Checking hostname v0.1.5
[INFO] [stderr]     Checking socket2 v0.3.11
[INFO] [stderr]     Checking signal-hook-registry v1.1.1
[INFO] [stderr]     Checking atty v0.2.13
[INFO] [stderr]     Checking unicode-normalization v0.1.9
[INFO] [stderr]    Compiling quote v1.0.2
[INFO] [stderr]    Compiling parking_lot_core v0.6.2
[INFO] [stderr]    Compiling parking_lot v0.9.0
[INFO] [stderr]     Checking threadpool v1.7.1
[INFO] [stderr]     Checking bytes v0.4.12
[INFO] [stderr]    Compiling backtrace-sys v0.1.32
[INFO] [stderr]    Compiling miniz-sys v0.1.12
[INFO] [stderr]    Compiling brotli-sys v0.3.2
[INFO] [stderr]     Checking resolv-conf v0.6.2
[INFO] [stderr]     Checking clap v2.33.0
[INFO] [stderr]     Checking rand_core v0.5.1
[INFO] [stderr]     Checking mio v0.6.19
[INFO] [stderr]     Checking signal-hook v0.1.11
[INFO] [stderr]     Checking tokio-io v0.1.12
[INFO] [stderr]     Checking http v0.1.19
[INFO] [stderr]     Checking string v0.2.1
[INFO] [stderr]     Checking rand_chacha v0.2.1
[INFO] [stderr]     Checking regex v1.3.1
[INFO] [stderr]     Checking rand v0.7.2
[INFO] [stderr]     Checking idna v0.1.5
[INFO] [stderr]     Checking idna v0.2.0
[INFO] [stderr]     Checking tokio-codec v0.1.1
[INFO] [stderr]     Checking mio-uds v0.6.7
[INFO] [stderr]     Checking backtrace v0.3.40
[INFO] [stderr]     Checking flate2 v1.0.12
[INFO] [stderr]     Checking actix-codec v0.1.2
[INFO] [stderr]    Compiling scheduled-thread-pool v0.2.2
[INFO] [stderr]     Checking tokio-reactor v0.1.10
[INFO] [stderr]     Checking url v2.1.0
[INFO] [stderr]     Checking url v1.7.2
[INFO] [stderr]     Checking actix-utils v0.4.7
[INFO] [stderr]     Checking r2d2 v0.8.6
[INFO] [stderr]     Checking tokio-tcp v0.1.3
[INFO] [stderr]     Checking tokio-udp v0.1.5
[INFO] [stderr]     Checking tokio-signal v0.2.7
[INFO] [stderr]     Checking env_logger v0.7.1
[INFO] [stderr]     Checking actix-server-config v0.1.2
[INFO] [stderr]    Compiling derive_more v0.15.0
[INFO] [stderr]    Compiling enum-as-inner v0.2.1
[INFO] [stderr]     Checking brotli2 v0.3.2
[INFO] [stderr]    Compiling synstructure v0.12.1
[INFO] [stderr]    Compiling proc-macro-error v0.2.6
[INFO] [stderr]     Checking actix-threadpool v0.1.2
[INFO] [stderr]     Checking actix-rt v0.2.5
[INFO] [stderr]     Checking actix-server v0.6.1
[INFO] [stderr]    Compiling serde_derive v1.0.102
[INFO] [stderr]    Compiling diesel_derives v1.4.1
[INFO] [stderr]    Compiling proc-macro-hack v0.5.11
[INFO] [stderr]    Compiling juniper_codegen v0.14.1
[INFO] [stderr]    Compiling thiserror-impl v1.0.4
[INFO] [stderr]    Compiling structopt-derive v0.3.3
[INFO] [stderr]    Compiling actix-web-codegen v0.1.3
[INFO] [stderr]    Compiling wundergraph_derive v0.1.0
[INFO] [stderr]     Checking actix-testing v0.1.0
[INFO] [stderr]     Checking failure v0.1.6
[INFO] [stderr]     Checking trust-dns-proto v0.7.4
[INFO] [stderr]    Compiling paste-impl v0.1.6
[INFO] [stderr]     Checking thiserror v1.0.4
[INFO] [stderr]     Checking structopt v0.3.3
[INFO] [stderr]     Checking paste v0.1.6
[INFO] [stderr]     Checking trust-dns-resolver v0.11.1
[INFO] [stderr]     Checking actix-connect v0.2.5
[INFO] [stderr]     Checking chrono v0.4.9
[INFO] [stderr]     Checking serde_json v1.0.41
[INFO] [stderr]     Checking serde_urlencoded v0.6.1
[INFO] [stderr]     Checking actix-router v0.1.5
[INFO] [stderr]     Checking h2 v0.1.26
[INFO] [stderr]     Checking diesel v1.4.3
[INFO] [stderr]     Checking juniper v0.14.1
[INFO] [stderr]     Checking actix-http v0.2.10
[INFO] [stderr]     Checking awc v0.2.7
[INFO] [stderr]     Checking actix-web v1.0.8
[INFO] [stderr]     Checking migrations_internals v1.4.0
[INFO] [stderr]     Checking wundergraph v0.1.0
[INFO] [stderr]    Compiling migrations_macros v1.4.1
[INFO] [stderr]     Checking diesel_migrations v1.4.0
[INFO] [stderr]     Checking rustfest_wundergraph_workshop v0.1.0 (/opt/rustwide/workdir)
[INFO] [stdout] error[E0275]: overflow evaluating the requirement `<<User_table as diesel::query_builder::AsQuery>::Query as diesel::query_dsl::boxed_dsl::BoxedDsl<'_, DB>>::Output`
[INFO] [stdout]    --> src/graphql/mod.rs:214:1
[INFO] [stdout]     |
[INFO] [stdout] 214 | / wundergraph::mutation_object! {
[INFO] [stdout] 215 | |     Mutation {
[INFO] [stdout] 216 | |         User(insert = NewUser, update = UserChangeset, delete = true),
[INFO] [stdout] 217 | |         Post(insert = NewPost, update = PostChangeset, delete = true),
[INFO] [stdout] 218 | |         Comment(insert = NewComment, update = CommentChangeset, delete = true),
[INFO] [stdout] 219 | |     }
[INFO] [stdout] 220 | | }
[INFO] [stdout]     | |_^
[INFO] [stdout]     |
[INFO] [stdout]     = note: required because of the requirements on the impl of `wundergraph::query_builder::mutations::HandleUpdate<graphql::User, graphql::UserChangeset, DB, Ctx>` for `User_table`
[INFO] [stdout]     = note: required because of the requirements on the impl of `juniper::GraphQLType<wundergraph::scalar::WundergraphScalarValue>` for `graphql::Mutation<Ctx>`
[INFO] [stdout]     = note: this error originates in a macro (in Nightly builds, run with -Z macro-backtrace for more info)
[INFO] [stdout] 
[INFO] [stdout] 
[INFO] [stdout] error[E0275]: overflow evaluating the requirement `<<User_table as diesel::query_builder::AsQuery>::Query as diesel::query_dsl::boxed_dsl::BoxedDsl<'_, DB>>::Output`
[INFO] [stdout]    --> src/graphql/mod.rs:214:1
[INFO] [stdout]     |
[INFO] [stdout] 214 | / wundergraph::mutation_object! {
[INFO] [stdout] 215 | |     Mutation {
[INFO] [stdout] 216 | |         User(insert = NewUser, update = UserChangeset, delete = true),
[INFO] [stdout] 217 | |         Post(insert = NewPost, update = PostChangeset, delete = true),
[INFO] [stdout] 218 | |         Comment(insert = NewComment, update = CommentChangeset, delete = true),
[INFO] [stdout] 219 | |     }
[INFO] [stdout] 220 | | }
[INFO] [stdout]     | |_^
[INFO] [stdout]     |
[INFO] [stdout]     = note: required because of the requirements on the impl of `wundergraph::query_builder::mutations::HandleUpdate<graphql::User, graphql::UserChangeset, DB, Ctx>` for `User_table`
[INFO] [stdout]     = note: required because of the requirements on the impl of `juniper::GraphQLType<wundergraph::scalar::WundergraphScalarValue>` for `graphql::Mutation_wrapper<'a, Ctx>`
[INFO] [stdout]     = note: this error originates in a macro (in Nightly builds, run with -Z macro-backtrace for more info)
[INFO] [stdout] 
[INFO] [stdout] 
[INFO] [stdout] error[E0275]: overflow evaluating the requirement `<<User_table as diesel::query_builder::AsQuery>::Query as diesel::query_dsl::boxed_dsl::BoxedDsl<'_, DB>>::Output`
[INFO] [stdout]    --> src/graphql/mod.rs:214:1
[INFO] [stdout]     |
[INFO] [stdout] 214 | / wundergraph::mutation_object! {
[INFO] [stdout] 215 | |     Mutation {
[INFO] [stdout] 216 | |         User(insert = NewUser, update = UserChangeset, delete = true),
[INFO] [stdout] 217 | |         Post(insert = NewPost, update = PostChangeset, delete = true),
[INFO] [stdout] 218 | |         Comment(insert = NewComment, update = CommentChangeset, delete = true),
[INFO] [stdout] 219 | |     }
[INFO] [stdout] 220 | | }
[INFO] [stdout]     | |_^
[INFO] [stdout]     |
[INFO] [stdout]     = note: required because of the requirements on the impl of `wundergraph::query_builder::mutations::HandleUpdate<graphql::User, graphql::UserChangeset, DB, Ctx>` for `User_table`
[INFO] [stdout]     = note: required because of the requirements on the impl of `juniper::GraphQLType<wundergraph::scalar::WundergraphScalarValue>` for `graphql::Mutation_inner<'a, Ctx>`
[INFO] [stdout]     = note: this error originates in a macro (in Nightly builds, run with -Z macro-backtrace for more info)
[INFO] [stdout] 
[INFO] [stdout] 
[INFO] [stdout] error[E0275]: overflow evaluating the requirement `<<User_table as diesel::query_builder::AsQuery>::Query as diesel::query_dsl::boxed_dsl::BoxedDsl<'_, DB>>::Output`
[INFO] [stdout]    --> src/graphql/mod.rs:214:1
[INFO] [stdout]     |
[INFO] [stdout] 214 | / wundergraph::mutation_object! {
[INFO] [stdout] 215 | |     Mutation {
[INFO] [stdout] 216 | |         User(insert = NewUser, update = UserChangeset, delete = true),
[INFO] [stdout] 217 | |         Post(insert = NewPost, update = PostChangeset, delete = true),
[INFO] [stdout] 218 | |         Comment(insert = NewComment, update = CommentChangeset, delete = true),
[INFO] [stdout] 219 | |     }
[INFO] [stdout] 220 | | }
[INFO] [stdout]     | |_^
[INFO] [stdout]     |
[INFO] [stdout]     = note: required because of the requirements on the impl of `wundergraph::query_builder::mutations::HandleUpdate<graphql::User, graphql::UserChangeset, DB, Ctx>` for `User_table`
[INFO] [stdout]     = note: required because of the requirements on the impl of `juniper::GraphQLType<wundergraph::scalar::WundergraphScalarValue>` for `graphql::Mutation<Ctx>`
[INFO] [stdout]     = note: this error originates in a macro (in Nightly builds, run with -Z macro-backtrace for more info)
[INFO] [stdout] 
[INFO] [stdout] 
[INFO] [stdout] error[E0275]: overflow evaluating the requirement `<<User_table as diesel::query_builder::AsQuery>::Query as diesel::query_dsl::boxed_dsl::BoxedDsl<'_, DB>>::Output`
[INFO] [stdout]    --> src/graphql/mod.rs:214:1
[INFO] [stdout]     |
[INFO] [stdout] 214 | / wundergraph::mutation_object! {
[INFO] [stdout] 215 | |     Mutation {
[INFO] [stdout] 216 | |         User(insert = NewUser, update = UserChangeset, delete = true),
[INFO] [stdout] 217 | |         Post(insert = NewPost, update = PostChangeset, delete = true),
[INFO] [stdout] 218 | |         Comment(insert = NewComment, update = CommentChangeset, delete = true),
[INFO] [stdout] 219 | |     }
[INFO] [stdout] 220 | | }
[INFO] [stdout]     | |_^
[INFO] [stdout]     |
[INFO] [stdout]     = note: required because of the requirements on the impl of `wundergraph::query_builder::mutations::HandleUpdate<graphql::User, graphql::UserChangeset, DB, Ctx>` for `User_table`
[INFO] [stdout]     = note: required because of the requirements on the impl of `juniper::GraphQLType<wundergraph::scalar::WundergraphScalarValue>` for `graphql::Mutation_wrapper<'a, Ctx>`
[INFO] [stdout]     = note: this error originates in a macro (in Nightly builds, run with -Z macro-backtrace for more info)
[INFO] [stdout] 
[INFO] [stdout] 
[INFO] [stdout] error[E0275]: overflow evaluating the requirement `<<User_table as diesel::query_builder::AsQuery>::Query as diesel::query_dsl::boxed_dsl::BoxedDsl<'_, DB>>::Output`
[INFO] [stdout]    --> src/graphql/mod.rs:214:1
[INFO] [stdout]     |
[INFO] [stdout] 214 | / wundergraph::mutation_object! {
[INFO] [stdout] 215 | |     Mutation {
[INFO] [stdout] 216 | |         User(insert = NewUser, update = UserChangeset, delete = true),
[INFO] [stdout] 217 | |         Post(insert = NewPost, update = PostChangeset, delete = true),
[INFO] [stdout] 218 | |         Comment(insert = NewComment, update = CommentChangeset, delete = true),
[INFO] [stdout] 219 | |     }
[INFO] [stdout] 220 | | }
[INFO] [stdout]     | |_^
[INFO] [stdout]     |
[INFO] [stdout]     = note: required because of the requirements on the impl of `wundergraph::query_builder::mutations::HandleUpdate<graphql::User, graphql::UserChangeset, DB, Ctx>` for `User_table`
[INFO] [stdout]     = note: required because of the requirements on the impl of `juniper::GraphQLType<wundergraph::scalar::WundergraphScalarValue>` for `graphql::Mutation_inner<'a, Ctx>`
[INFO] [stdout]     = note: this error originates in a macro (in Nightly builds, run with -Z macro-backtrace for more info)
[INFO] [stdout] 
[INFO] [stdout] 
[INFO] [stdout] error[E0275]: overflow evaluating the requirement `<<User_table as diesel::query_builder::AsQuery>::Query as diesel::query_dsl::boxed_dsl::BoxedDsl<'_, DB>>::Output`
[INFO] [stdout]    --> src/graphql/mod.rs:214:1
[INFO] [stdout]     |
[INFO] [stdout] 214 | / wundergraph::mutation_object! {
[INFO] [stdout] 215 | |     Mutation {
[INFO] [stdout] 216 | |         User(insert = NewUser, update = UserChangeset, delete = true),
[INFO] [stdout] 217 | |         Post(insert = NewPost, update = PostChangeset, delete = true),
[INFO] [stdout] 218 | |         Comment(insert = NewComment, update = CommentChangeset, delete = true),
[INFO] [stdout] 219 | |     }
[INFO] [stdout] 220 | | }
[INFO] [stdout]     | |_^
[INFO] [stdout]     |
[INFO] [stdout]     = note: required because of the requirements on the impl of `wundergraph::query_builder::mutations::HandleUpdate<graphql::User, graphql::UserChangeset, DB, Ctx>` for `User_table`
[INFO] [stdout]     = note: required because of the requirements on the impl of `juniper::GraphQLType<wundergraph::scalar::WundergraphScalarValue>` for `graphql::Mutation<Ctx>`
[INFO] [stdout]     = note: this error originates in a macro (in Nightly builds, run with -Z macro-backtrace for more info)
[INFO] [stdout] 
[INFO] [stdout] 
[INFO] [stdout] error[E0275]: overflow evaluating the requirement `<<User_table as diesel::query_builder::AsQuery>::Query as diesel::query_dsl::boxed_dsl::BoxedDsl<'_, DB>>::Output`
[INFO] [stdout]    --> src/graphql/mod.rs:214:1
[INFO] [stdout]     |
[INFO] [stdout] 214 | / wundergraph::mutation_object! {
[INFO] [stdout] 215 | |     Mutation {
[INFO] [stdout] 216 | |         User(insert = NewUser, update = UserChangeset, delete = true),
[INFO] [stdout] 217 | |         Post(insert = NewPost, update = PostChangeset, delete = true),
[INFO] [stdout] 218 | |         Comment(insert = NewComment, update = CommentChangeset, delete = true),
[INFO] [stdout] 219 | |     }
[INFO] [stdout] 220 | | }
[INFO] [stdout]     | |_^
[INFO] [stdout]     |
[INFO] [stdout]     = note: required because of the requirements on the impl of `wundergraph::query_builder::mutations::HandleUpdate<graphql::User, graphql::UserChangeset, DB, Ctx>` for `User_table`
[INFO] [stdout]     = note: required because of the requirements on the impl of `juniper::GraphQLType<wundergraph::scalar::WundergraphScalarValue>` for `graphql::Mutation<Ctx>`
[INFO] [stdout]     = note: this error originates in a macro (in Nightly builds, run with -Z macro-backtrace for more info)
[INFO] [stdout] 
[INFO] [stdout] 
[INFO] [stdout] error[E0275]: overflow evaluating the requirement `<<User_table as diesel::query_builder::AsQuery>::Query as diesel::query_dsl::boxed_dsl::BoxedDsl<'_, DB>>::Output`
[INFO] [stdout]    --> src/graphql/mod.rs:214:1
[INFO] [stdout]     |
[INFO] [stdout] 214 | / wundergraph::mutation_object! {
[INFO] [stdout] 215 | |     Mutation {
[INFO] [stdout] 216 | |         User(insert = NewUser, update = UserChangeset, delete = true),
[INFO] [stdout] 217 | |         Post(insert = NewPost, update = PostChangeset, delete = true),
[INFO] [stdout] 218 | |         Comment(insert = NewComment, update = CommentChangeset, delete = true),
[INFO] [stdout] 219 | |     }
[INFO] [stdout] 220 | | }
[INFO] [stdout]     | |_^
[INFO] [stdout]     |
[INFO] [stdout]     = note: required because of the requirements on the impl of `wundergraph::query_builder::mutations::HandleUpdate<graphql::User, graphql::UserChangeset, DB, Ctx>` for `User_table`
[INFO] [stdout]     = note: required because of the requirements on the impl of `juniper::GraphQLType<wundergraph::scalar::WundergraphScalarValue>` for `graphql::Mutation<Ctx>`
[INFO] [stdout]     = note: this error originates in a macro (in Nightly builds, run with -Z macro-backtrace for more info)
[INFO] [stdout] 
[INFO] [stdout] 
[INFO] [stdout] error[E0275]: overflow evaluating the requirement `<<User_table as diesel::query_builder::AsQuery>::Query as diesel::query_dsl::boxed_dsl::BoxedDsl<'_, DB>>::Output`
[INFO] [stdout]    --> src/graphql/mod.rs:214:1
[INFO] [stdout]     |
[INFO] [stdout] 214 | / wundergraph::mutation_object! {
[INFO] [stdout] 215 | |     Mutation {
[INFO] [stdout] 216 | |         User(insert = NewUser, update = UserChangeset, delete = true),
[INFO] [stdout] 217 | |         Post(insert = NewPost, update = PostChangeset, delete = true),
[INFO] [stdout] 218 | |         Comment(insert = NewComment, update = CommentChangeset, delete = true),
[INFO] [stdout] 219 | |     }
[INFO] [stdout] 220 | | }
[INFO] [stdout]     | |_^
[INFO] [stdout]     |
[INFO] [stdout]     = note: required because of the requirements on the impl of `wundergraph::query_builder::mutations::HandleUpdate<graphql::User, graphql::UserChangeset, DB, Ctx>` for `User_table`
[INFO] [stdout]     = note: required because of the requirements on the impl of `juniper::GraphQLType<wundergraph::scalar::WundergraphScalarValue>` for `graphql::Mutation_wrapper<'a, Ctx>`
[INFO] [stdout]     = note: this error originates in a macro (in Nightly builds, run with -Z macro-backtrace for more info)
[INFO] [stdout] 
[INFO] [stdout] 
[INFO] [stdout] error[E0275]: overflow evaluating the requirement `<<User_table as diesel::query_builder::AsQuery>::Query as diesel::query_dsl::boxed_dsl::BoxedDsl<'_, DB>>::Output`
[INFO] [stdout]    --> src/graphql/mod.rs:214:1
[INFO] [stdout]     |
[INFO] [stdout] 214 | / wundergraph::mutation_object! {
[INFO] [stdout] 215 | |     Mutation {
[INFO] [stdout] 216 | |         User(insert = NewUser, update = UserChangeset, delete = true),
[INFO] [stdout] 217 | |         Post(insert = NewPost, update = PostChangeset, delete = true),
[INFO] [stdout] 218 | |         Comment(insert = NewComment, update = CommentChangeset, delete = true),
[INFO] [stdout] 219 | |     }
[INFO] [stdout] 220 | | }
[INFO] [stdout]     | |_^
[INFO] [stdout]     |
[INFO] [stdout]     = note: required because of the requirements on the impl of `wundergraph::query_builder::mutations::HandleUpdate<graphql::User, graphql::UserChangeset, DB, Ctx>` for `User_table`
[INFO] [stdout]     = note: required because of the requirements on the impl of `juniper::GraphQLType<wundergraph::scalar::WundergraphScalarValue>` for `graphql::Mutation_wrapper<'a, Ctx>`
[INFO] [stdout]     = note: this error originates in a macro (in Nightly builds, run with -Z macro-backtrace for more info)
[INFO] [stdout] 
[INFO] [stdout] 
[INFO] [stdout] error[E0275]: overflow evaluating the requirement `<<User_table as diesel::query_builder::AsQuery>::Query as diesel::query_dsl::boxed_dsl::BoxedDsl<'_, DB>>::Output`
[INFO] [stdout]    --> src/graphql/mod.rs:214:1
[INFO] [stdout]     |
[INFO] [stdout] 214 | / wundergraph::mutation_object! {
[INFO] [stdout] 215 | |     Mutation {
[INFO] [stdout] 216 | |         User(insert = NewUser, update = UserChangeset, delete = true),
[INFO] [stdout] 217 | |         Post(insert = NewPost, update = PostChangeset, delete = true),
[INFO] [stdout] 218 | |         Comment(insert = NewComment, update = CommentChangeset, delete = true),
[INFO] [stdout] 219 | |     }
[INFO] [stdout] 220 | | }
[INFO] [stdout]     | |_^
[INFO] [stdout]     |
[INFO] [stdout]     = note: required because of the requirements on the impl of `wundergraph::query_builder::mutations::HandleUpdate<graphql::User, graphql::UserChangeset, DB, Ctx>` for `User_table`
[INFO] [stdout]     = note: required because of the requirements on the impl of `juniper::GraphQLType<wundergraph::scalar::WundergraphScalarValue>` for `graphql::Mutation_wrapper<'a, Ctx>`
[INFO] [stdout]     = note: this error originates in a macro (in Nightly builds, run with -Z macro-backtrace for more info)
[INFO] [stdout] 
[INFO] [stdout] 
[INFO] [stdout] error[E0275]: overflow evaluating the requirement `<<User_table as diesel::query_builder::AsQuery>::Query as diesel::query_dsl::boxed_dsl::BoxedDsl<'_, DB>>::Output`
[INFO] [stdout]    --> src/graphql/mod.rs:214:1
[INFO] [stdout]     |
[INFO] [stdout] 214 | / wundergraph::mutation_object! {
[INFO] [stdout] 215 | |     Mutation {
[INFO] [stdout] 216 | |         User(insert = NewUser, update = UserChangeset, delete = true),
[INFO] [stdout] 217 | |         Post(insert = NewPost, update = PostChangeset, delete = true),
[INFO] [stdout] 218 | |         Comment(insert = NewComment, update = CommentChangeset, delete = true),
[INFO] [stdout] 219 | |     }
[INFO] [stdout] 220 | | }
[INFO] [stdout]     | |_^
[INFO] [stdout]     |
[INFO] [stdout]     = note: required because of the requirements on the impl of `wundergraph::query_builder::mutations::HandleUpdate<graphql::User, graphql::UserChangeset, DB, Ctx>` for `User_table`
[INFO] [stdout]     = note: required because of the requirements on the impl of `juniper::GraphQLType<wundergraph::scalar::WundergraphScalarValue>` for `graphql::Mutation_inner<'a, Ctx>`
[INFO] [stdout]     = note: this error originates in a macro (in Nightly builds, run with -Z macro-backtrace for more info)
[INFO] [stdout] 
[INFO] [stdout] 
[INFO] [stdout] error[E0275]: overflow evaluating the requirement `<<User_table as diesel::query_builder::AsQuery>::Query as diesel::query_dsl::boxed_dsl::BoxedDsl<'_, DB>>::Output`
[INFO] [stdout]    --> src/graphql/mod.rs:214:1
[INFO] [stdout]     |
[INFO] [stdout] 214 | / wundergraph::mutation_object! {
[INFO] [stdout] 215 | |     Mutation {
[INFO] [stdout] 216 | |         User(insert = NewUser, update = UserChangeset, delete = true),
[INFO] [stdout] 217 | |         Post(insert = NewPost, update = PostChangeset, delete = true),
[INFO] [stdout] 218 | |         Comment(insert = NewComment, update = CommentChangeset, delete = true),
[INFO] [stdout] 219 | |     }
[INFO] [stdout] 220 | | }
[INFO] [stdout]     | |_^
[INFO] [stdout]     |
[INFO] [stdout]     = note: required because of the requirements on the impl of `wundergraph::query_builder::mutations::HandleUpdate<graphql::User, graphql::UserChangeset, DB, Ctx>` for `User_table`
[INFO] [stdout]     = note: required because of the requirements on the impl of `juniper::GraphQLType<wundergraph::scalar::WundergraphScalarValue>` for `graphql::Mutation_inner<'a, Ctx>`
[INFO] [stdout]     = note: this error originates in a macro (in Nightly builds, run with -Z macro-backtrace for more info)
[INFO] [stdout] 
[INFO] [stdout] 
[INFO] [stdout] error[E0275]: overflow evaluating the requirement `<<User_table as diesel::query_builder::AsQuery>::Query as diesel::query_dsl::boxed_dsl::BoxedDsl<'_, DB>>::Output`
[INFO] [stdout]    --> src/graphql/mod.rs:214:1
[INFO] [stdout]     |
[INFO] [stdout] 214 | / wundergraph::mutation_object! {
[INFO] [stdout] 215 | |     Mutation {
[INFO] [stdout] 216 | |         User(insert = NewUser, update = UserChangeset, delete = true),
[INFO] [stdout] 217 | |         Post(insert = NewPost, update = PostChangeset, delete = true),
[INFO] [stdout] 218 | |         Comment(insert = NewComment, update = CommentChangeset, delete = true),
[INFO] [stdout] 219 | |     }
[INFO] [stdout] 220 | | }
[INFO] [stdout]     | |_^
[INFO] [stdout]     |
[INFO] [stdout]     = note: required because of the requirements on the impl of `wundergraph::query_builder::mutations::HandleUpdate<graphql::User, graphql::UserChangeset, DB, Ctx>` for `User_table`
[INFO] [stdout]     = note: required because of the requirements on the impl of `juniper::GraphQLType<wundergraph::scalar::WundergraphScalarValue>` for `graphql::Mutation_inner<'a, Ctx>`
[INFO] [stdout]     = note: this error originates in a macro (in Nightly builds, run with -Z macro-backtrace for more info)
[INFO] [stdout] 
[INFO] [stdout] 
[INFO] [stdout] error[E0275]: overflow evaluating the requirement `<<User_table as diesel::query_builder::AsQuery>::Query as diesel::query_dsl::boxed_dsl::BoxedDsl<'_, DB>>::Output`
[INFO] [stdout]    --> src/graphql/mod.rs:214:1
[INFO] [stdout]     |
[INFO] [stdout] 214 | / wundergraph::mutation_object! {
[INFO] [stdout] 215 | |     Mutation {
[INFO] [stdout] 216 | |         User(insert = NewUser, update = UserChangeset, delete = true),
[INFO] [stdout] 217 | |         Post(insert = NewPost, update = PostChangeset, delete = true),
[INFO] [stdout] 218 | |         Comment(insert = NewComment, update = CommentChangeset, delete = true),
[INFO] [stdout] 219 | |     }
[INFO] [stdout] 220 | | }
[INFO] [stdout]     | |_^
[INFO] [stdout]     |
[INFO] [stdout]     = note: required because of the requirements on the impl of `wundergraph::query_builder::mutations::HandleUpdate<graphql::User, graphql::UserChangeset, DB, Ctx>` for `User_table`
[INFO] [stdout]     = note: required because of the requirements on the impl of `juniper::GraphQLType<wundergraph::scalar::WundergraphScalarValue>` for `graphql::Mutation<Ctx>`
[INFO] [stdout]     = note: this error originates in a macro (in Nightly builds, run with -Z macro-backtrace for more info)
[INFO] [stdout] 
[INFO] [stdout] 
[INFO] [stdout] error[E0275]: overflow evaluating the requirement `<<User_table as diesel::query_builder::AsQuery>::Query as diesel::query_dsl::boxed_dsl::BoxedDsl<'_, DB>>::Output`
[INFO] [stdout]    --> src/graphql/mod.rs:214:1
[INFO] [stdout]     |
[INFO] [stdout] 214 | / wundergraph::mutation_object! {
[INFO] [stdout] 215 | |     Mutation {
[INFO] [stdout] 216 | |         User(insert = NewUser, update = UserChangeset, delete = true),
[INFO] [stdout] 217 | |         Post(insert = NewPost, update = PostChangeset, delete = true),
[INFO] [stdout] 218 | |         Comment(insert = NewComment, update = CommentChangeset, delete = true),
[INFO] [stdout] 219 | |     }
[INFO] [stdout] 220 | | }
[INFO] [stdout]     | |_^
[INFO] [stdout]     |
[INFO] [stdout]     = note: required because of the requirements on the impl of `wundergraph::query_builder::mutations::HandleUpdate<graphql::User, graphql::UserChangeset, DB, Ctx>` for `User_table`
[INFO] [stdout]     = note: required because of the requirements on the impl of `juniper::GraphQLType<wundergraph::scalar::WundergraphScalarValue>` for `graphql::Mutation<Ctx>`
[INFO] [stdout]     = note: this error originates in a macro (in Nightly builds, run with -Z macro-backtrace for more info)
[INFO] [stdout] 
[INFO] [stdout] 
[INFO] [stdout] error[E0275]: overflow evaluating the requirement `<<User_table as diesel::query_builder::AsQuery>::Query as diesel::query_dsl::boxed_dsl::BoxedDsl<'_, DB>>::Output`
[INFO] [stdout]    --> src/graphql/mod.rs:214:1
[INFO] [stdout]     |
[INFO] [stdout] 214 | / wundergraph::mutation_object! {
[INFO] [stdout] 215 | |     Mutation {
[INFO] [stdout] 216 | |         User(insert = NewUser, update = UserChangeset, delete = true),
[INFO] [stdout] 217 | |         Post(insert = NewPost, update = PostChangeset, delete = true),
[INFO] [stdout] 218 | |         Comment(insert = NewComment, update = CommentChangeset, delete = true),
[INFO] [stdout] 219 | |     }
[INFO] [stdout] 220 | | }
[INFO] [stdout]     | |_^
[INFO] [stdout]     |
[INFO] [stdout]     = note: required because of the requirements on the impl of `wundergraph::query_builder::mutations::HandleUpdate<graphql::User, graphql::UserChangeset, DB, Ctx>` for `User_table`
[INFO] [stdout]     = note: required because of the requirements on the impl of `juniper::GraphQLType<wundergraph::scalar::WundergraphScalarValue>` for `graphql::Mutation<Ctx>`
[INFO] [stdout]     = note: this error originates in a macro (in Nightly builds, run with -Z macro-backtrace for more info)
[INFO] [stdout] 
[INFO] [stdout] 
[INFO] [stdout] error[E0275]: overflow evaluating the requirement `<<User_table as diesel::query_builder::AsQuery>::Query as diesel::query_dsl::boxed_dsl::BoxedDsl<'_, DB>>::Output`
[INFO] [stdout]    --> src/graphql/mod.rs:214:1
[INFO] [stdout]     |
[INFO] [stdout] 214 | / wundergraph::mutation_object! {
[INFO] [stdout] 215 | |     Mutation {
[INFO] [stdout] 216 | |         User(insert = NewUser, update = UserChangeset, delete = true),
[INFO] [stdout] 217 | |         Post(insert = NewPost, update = PostChangeset, delete = true),
[INFO] [stdout] 218 | |         Comment(insert = NewComment, update = CommentChangeset, delete = true),
[INFO] [stdout] 219 | |     }
[INFO] [stdout] 220 | | }
[INFO] [stdout]     | |_^
[INFO] [stdout]     |
[INFO] [stdout]     = note: required because of the requirements on the impl of `wundergraph::query_builder::mutations::HandleUpdate<graphql::User, graphql::UserChangeset, DB, Ctx>` for `User_table`
[INFO] [stdout]     = note: required because of the requirements on the impl of `juniper::GraphQLType<wundergraph::scalar::WundergraphScalarValue>` for `graphql::Mutation_wrapper<'a, Ctx>`
[INFO] [stdout]     = note: this error originates in a macro (in Nightly builds, run with -Z macro-backtrace for more info)
[INFO] [stdout] 
[INFO] [stdout] 
[INFO] [stdout] error[E0275]: overflow evaluating the requirement `<<User_table as diesel::query_builder::AsQuery>::Query as diesel::query_dsl::boxed_dsl::BoxedDsl<'_, DB>>::Output`
[INFO] [stdout]    --> src/graphql/mod.rs:214:1
[INFO] [stdout]     |
[INFO] [stdout] 214 | / wundergraph::mutation_object! {
[INFO] [stdout] 215 | |     Mutation {
[INFO] [stdout] 216 | |         User(insert = NewUser, update = UserChangeset, delete = true),
[INFO] [stdout] 217 | |         Post(insert = NewPost, update = PostChangeset, delete = true),
[INFO] [stdout] 218 | |         Comment(insert = NewComment, update = CommentChangeset, delete = true),
[INFO] [stdout] 219 | |     }
[INFO] [stdout] 220 | | }
[INFO] [stdout]     | |_^
[INFO] [stdout]     |
[INFO] [stdout]     = note: required because of the requirements on the impl of `wundergraph::query_builder::mutations::HandleUpdate<graphql::User, graphql::UserChangeset, DB, Ctx>` for `User_table`
[INFO] [stdout]     = note: required because of the requirements on the impl of `juniper::GraphQLType<wundergraph::scalar::WundergraphScalarValue>` for `graphql::Mutation_wrapper<'a, Ctx>`
[INFO] [stdout]     = note: this error originates in a macro (in Nightly builds, run with -Z macro-backtrace for more info)
[INFO] [stdout] 
[INFO] [stdout] 
[INFO] [stdout] error: aborting due to 12 previous errors
[INFO] [stdout] 
[INFO] [stdout] 
[INFO] [stdout] For more information about this error, try `rustc --explain E0275`.
[INFO] [stdout] 
[INFO] [stdout] error[E0275]: overflow evaluating the requirement `<<User_table as diesel::query_builder::AsQuery>::Query as diesel::query_dsl::boxed_dsl::BoxedDsl<'_, DB>>::Output`
[INFO] [stdout]    --> src/graphql/mod.rs:214:1
[INFO] [stdout]     |
[INFO] [stdout] 214 | / wundergraph::mutation_object! {
[INFO] [stdout] 215 | |     Mutation {
[INFO] [stdout] 216 | |         User(insert = NewUser, update = UserChangeset, delete = true),
[INFO] [stdout] 217 | |         Post(insert = NewPost, update = PostChangeset, delete = true),
[INFO] [stdout] 218 | |         Comment(insert = NewComment, update = CommentChangeset, delete = true),
[INFO] [stdout] 219 | |     }
[INFO] [stdout] 220 | | }
[INFO] [stdout]     | |_^
[INFO] [stdout]     |
[INFO] [stdout]     = note: required because of the requirements on the impl of `wundergraph::query_builder::mutations::HandleUpdate<graphql::User, graphql::UserChangeset, DB, Ctx>` for `User_table`
[INFO] [stdout]     = note: required because of the requirements on the impl of `juniper::GraphQLType<wundergraph::scalar::WundergraphScalarValue>` for `graphql::Mutation_wrapper<'a, Ctx>`
[INFO] [stdout]     = note: this error originates in a macro (in Nightly builds, run with -Z macro-backtrace for more info)
[INFO] [stdout] 
[INFO] [stdout] 
[INFO] [stdout] error[E0275]: overflow evaluating the requirement `<<User_table as diesel::query_builder::AsQuery>::Query as diesel::query_dsl::boxed_dsl::BoxedDsl<'_, DB>>::Output`
[INFO] [stdout]    --> src/graphql/mod.rs:214:1
[INFO] [stdout]     |
[INFO] [stdout] 214 | / wundergraph::mutation_object! {
[INFO] [stdout] 215 | |     Mutation {
[INFO] [stdout] 216 | |         User(insert = NewUser, update = UserChangeset, delete = true),
[INFO] [stdout] 217 | |         Post(insert = NewPost, update = PostChangeset, delete = true),
[INFO] [stdout] 218 | |         Comment(insert = NewComment, update = CommentChangeset, delete = true),
[INFO] [stdout] 219 | |     }
[INFO] [stdout] 220 | | }
[INFO] [stdout]     | |_^
[INFO] [stdout]     |
[INFO] [stdout]     = note: required because of the requirements on the impl of `wundergraph::query_builder::mutations::HandleUpdate<graphql::User, graphql::UserChangeset, DB, Ctx>` for `User_table`
[INFO] [stdout]     = note: required because of the requirements on the impl of `juniper::GraphQLType<wundergraph::scalar::WundergraphScalarValue>` for `graphql::Mutation_inner<'a, Ctx>`
[INFO] [stdout]     = note: this error originates in a macro (in Nightly builds, run with -Z macro-backtrace for more info)
[INFO] [stdout] 
[INFO] [stdout] 
[INFO] [stderr] error: could not compile `rustfest_wundergraph_workshop`.
[INFO] [stderr] 
[INFO] [stderr] To learn more, run the command again with --verbose.
[INFO] [stderr] warning: build failed, waiting for other jobs to finish...
[INFO] [stdout] error[E0275]: overflow evaluating the requirement `<<User_table as diesel::query_builder::AsQuery>::Query as diesel::query_dsl::boxed_dsl::BoxedDsl<'_, DB>>::Output`
[INFO] [stdout]    --> src/graphql/mod.rs:214:1
[INFO] [stdout]     |
[INFO] [stdout] 214 | / wundergraph::mutation_object! {
[INFO] [stdout] 215 | |     Mutation {
[INFO] [stdout] 216 | |         User(insert = NewUser, update = UserChangeset, delete = true),
[INFO] [stdout] 217 | |         Post(insert = NewPost, update = PostChangeset, delete = true),
[INFO] [stdout] 218 | |         Comment(insert = NewComment, update = CommentChangeset, delete = true),
[INFO] [stdout] 219 | |     }
[INFO] [stdout] 220 | | }
[INFO] [stdout]     | |_^
[INFO] [stdout]     |
[INFO] [stdout]     = note: required because of the requirements on the impl of `wundergraph::query_builder::mutations::HandleUpdate<graphql::User, graphql::UserChangeset, DB, Ctx>` for `User_table`
[INFO] [stdout]     = note: required because of the requirements on the impl of `juniper::GraphQLType<wundergraph::scalar::WundergraphScalarValue>` for `graphql::Mutation_inner<'a, Ctx>`
[INFO] [stdout]     = note: this error originates in a macro (in Nightly builds, run with -Z macro-backtrace for more info)
[INFO] [stdout] 
[INFO] [stdout] 
[INFO] [stdout] error[E0275]: overflow evaluating the requirement `<<User_table as diesel::query_builder::AsQuery>::Query as diesel::query_dsl::boxed_dsl::BoxedDsl<'_, DB>>::Output`
[INFO] [stdout]    --> src/graphql/mod.rs:214:1
[INFO] [stdout]     |
[INFO] [stdout] 214 | / wundergraph::mutation_object! {
[INFO] [stdout] 215 | |     Mutation {
[INFO] [stdout] 216 | |         User(insert = NewUser, update = UserChangeset, delete = true),
[INFO] [stdout] 217 | |         Post(insert = NewPost, update = PostChangeset, delete = true),
[INFO] [stdout] 218 | |         Comment(insert = NewComment, update = CommentChangeset, delete = true),
[INFO] [stdout] 219 | |     }
[INFO] [stdout] 220 | | }
[INFO] [stdout]     | |_^
[INFO] [stdout]     |
[INFO] [stdout]     = note: required because of the requirements on the impl of `wundergraph::query_builder::mutations::HandleUpdate<graphql::User, graphql::UserChangeset, DB, Ctx>` for `User_table`
[INFO] [stdout]     = note: required because of the requirements on the impl of `juniper::GraphQLType<wundergraph::scalar::WundergraphScalarValue>` for `graphql::Mutation_inner<'a, Ctx>`
[INFO] [stdout]     = note: this error originates in a macro (in Nightly builds, run with -Z macro-backtrace for more info)
[INFO] [stdout] 
[INFO] [stdout] 
[INFO] [stdout] error: aborting due to 12 previous errors
[INFO] [stdout] 
[INFO] [stdout] 
[INFO] [stdout] For more information about this error, try `rustc --explain E0275`.
[INFO] [stdout] 
[INFO] [stderr] error: build failed
[INFO] running `Command { std: "docker" "inspect" "3ef04c0c0de2f83956e51cd6718311d3e8edd74122e0504f03e314ea148037fc", kill_on_drop: false }`
[INFO] running `Command { std: "docker" "rm" "-f" "3ef04c0c0de2f83956e51cd6718311d3e8edd74122e0504f03e314ea148037fc", kill_on_drop: false }`
[INFO] [stdout] 3ef04c0c0de2f83956e51cd6718311d3e8edd74122e0504f03e314ea148037fc
