[INFO] cloning repository https://github.com/Farkal/test-wundergraph
[INFO] running `Command { std: "git" "-c" "credential.helper=" "-c" "credential.helper=/workspace/cargo-home/bin/git-credential-null" "clone" "--bare" "https://github.com/Farkal/test-wundergraph" "/workspace/cache/git-repos/https%3A%2F%2Fgithub.com%2FFarkal%2Ftest-wundergraph", kill_on_drop: false }`
[INFO] [stderr] Cloning into bare repository '/workspace/cache/git-repos/https%3A%2F%2Fgithub.com%2FFarkal%2Ftest-wundergraph'...
[INFO] running `Command { std: "git" "rev-parse" "HEAD", kill_on_drop: false }`
[INFO] [stdout] 79af655b91d8785b9cd8aefe020e816eee1fa625
[INFO] checking Farkal/test-wundergraph against beta-2020-07-24 for pr-75494-beta
[INFO] running `Command { std: "git" "clone" "/workspace/cache/git-repos/https%3A%2F%2Fgithub.com%2FFarkal%2Ftest-wundergraph" "/workspace/builds/worker-3/source", kill_on_drop: false }`
[INFO] [stderr] Cloning into '/workspace/builds/worker-3/source'...
[INFO] [stderr] done.
[INFO] validating manifest of git repo https://github.com/Farkal/test-wundergraph on toolchain beta-2020-07-24
[INFO] running `Command { std: "/workspace/cargo-home/bin/cargo" "+beta-2020-07-24" "read-manifest" "--manifest-path" "Cargo.toml", kill_on_drop: false }`
[INFO] started tweaking git repo https://github.com/Farkal/test-wundergraph
[INFO] finished tweaking git repo https://github.com/Farkal/test-wundergraph
[INFO] tweaked toml for git repo https://github.com/Farkal/test-wundergraph written to /workspace/builds/worker-3/source/Cargo.toml
[INFO] crate git repo https://github.com/Farkal/test-wundergraph already has a lockfile, it will not be regenerated
[INFO] running `Command { std: "/workspace/cargo-home/bin/cargo" "+beta-2020-07-24" "fetch" "--locked" "--manifest-path" "Cargo.toml", kill_on_drop: false }`
[INFO] [stderr]     Blocking waiting for file lock on package cache
[INFO] running `Command { std: "docker" "create" "-v" "/var/lib/crater-agent-workspace/builds/worker-3/target:/opt/rustwide/target:rw,Z" "-v" "/var/lib/crater-agent-workspace/builds/worker-3/source:/opt/rustwide/workdir:ro,Z" "-v" "/var/lib/crater-agent-workspace/cargo-home:/opt/rustwide/cargo-home:ro,Z" "-v" "/var/lib/crater-agent-workspace/rustup-home:/opt/rustwide/rustup-home:ro,Z" "-e" "SOURCE_DIR=/opt/rustwide/workdir" "-e" "CARGO_TARGET_DIR=/opt/rustwide/target" "-e" "CARGO_HOME=/opt/rustwide/cargo-home" "-e" "RUSTUP_HOME=/opt/rustwide/rustup-home" "-w" "/opt/rustwide/workdir" "-m" "1610612736" "--user" "0:0" "--network" "none" "rustops/crates-build-env@sha256:a636fd89d022f18117e1dc8fb37a0a009933cdbbe082814857f0e2024962d47c" "/opt/rustwide/cargo-home/bin/cargo" "+beta-2020-07-24" "metadata" "--no-deps" "--format-version=1", kill_on_drop: false }`
[INFO] [stderr] WARNING: Your kernel does not support swap limit capabilities or the cgroup is not mounted. Memory limited without swap.
[INFO] [stdout] 3aa6555566c895d339fac1eb3c436f291141d655aef5a69213f4892086e17f76
[INFO] running `Command { std: "docker" "start" "-a" "3aa6555566c895d339fac1eb3c436f291141d655aef5a69213f4892086e17f76", kill_on_drop: false }`
[INFO] running `Command { std: "docker" "inspect" "3aa6555566c895d339fac1eb3c436f291141d655aef5a69213f4892086e17f76", kill_on_drop: false }`
[INFO] running `Command { std: "docker" "rm" "-f" "3aa6555566c895d339fac1eb3c436f291141d655aef5a69213f4892086e17f76", kill_on_drop: false }`
[INFO] [stdout] 3aa6555566c895d339fac1eb3c436f291141d655aef5a69213f4892086e17f76
[INFO] running `Command { std: "docker" "create" "-v" "/var/lib/crater-agent-workspace/builds/worker-3/target:/opt/rustwide/target:rw,Z" "-v" "/var/lib/crater-agent-workspace/builds/worker-3/source:/opt/rustwide/workdir:ro,Z" "-v" "/var/lib/crater-agent-workspace/cargo-home:/opt/rustwide/cargo-home:ro,Z" "-v" "/var/lib/crater-agent-workspace/rustup-home:/opt/rustwide/rustup-home:ro,Z" "-e" "SOURCE_DIR=/opt/rustwide/workdir" "-e" "CARGO_TARGET_DIR=/opt/rustwide/target" "-e" "CARGO_INCREMENTAL=0" "-e" "RUST_BACKTRACE=full" "-e" "RUSTFLAGS=--cap-lints=forbid" "-e" "CARGO_HOME=/opt/rustwide/cargo-home" "-e" "RUSTUP_HOME=/opt/rustwide/rustup-home" "-w" "/opt/rustwide/workdir" "-m" "1610612736" "--user" "0:0" "--network" "none" "rustops/crates-build-env@sha256:a636fd89d022f18117e1dc8fb37a0a009933cdbbe082814857f0e2024962d47c" "/opt/rustwide/cargo-home/bin/cargo" "+beta-2020-07-24" "check" "--frozen" "--all" "--all-targets" "--message-format=json", kill_on_drop: false }`
[INFO] [stdout] 01bed5d5113b1e036207c95113593c85c6f096edbbc2c9bf29fcf35e57dfc33c
[INFO] [stderr] WARNING: Your kernel does not support swap limit capabilities or the cgroup is not mounted. Memory limited without swap.
[INFO] running `Command { std: "docker" "start" "-a" "01bed5d5113b1e036207c95113593c85c6f096edbbc2c9bf29fcf35e57dfc33c", kill_on_drop: false }`
[INFO] [stderr]    Compiling unicode-xid v0.2.0
[INFO] [stderr]     Checking cfg-if v0.1.10
[INFO] [stderr]    Compiling log v0.4.8
[INFO] [stderr]     Checking smallvec v1.2.0
[INFO] [stderr]    Compiling autocfg v1.0.0
[INFO] [stderr]    Compiling memchr v2.3.0
[INFO] [stderr]     Checking slab v0.4.2
[INFO] [stderr]     Checking futures-core v0.3.1
[INFO] [stderr]    Compiling serde v1.0.104
[INFO] [stderr]     Checking lazy_static v1.4.0
[INFO] [stderr]     Checking futures-sink v0.3.1
[INFO] [stderr]     Checking fnv v1.0.6
[INFO] [stderr]    Compiling bitflags v1.2.1
[INFO] [stderr]     Checking bytes v0.5.4
[INFO] [stderr]    Compiling proc-macro-nested v0.1.3
[INFO] [stderr]     Checking scopeguard v1.0.0
[INFO] [stderr]     Checking futures-io v0.3.1
[INFO] [stderr]     Checking futures-task v0.3.1
[INFO] [stderr]     Checking pin-utils v0.1.0-alpha.4
[INFO] [stderr]     Checking pin-project-lite v0.1.4
[INFO] [stderr]    Compiling ryu v1.0.2
[INFO] [stderr]    Compiling cc v1.0.50
[INFO] [stderr]    Compiling byteorder v1.3.2
[INFO] [stderr]     Checking itoa v0.4.5
[INFO] [stderr]    Compiling failure_derive v0.1.6
[INFO] [stderr]     Checking ppv-lite86 v0.2.6
[INFO] [stderr]     Checking rustc-demangle v0.1.16
[INFO] [stderr]    Compiling unicode-segmentation v1.6.0
[INFO] [stderr]     Checking linked-hash-map v0.5.2
[INFO] [stderr]     Checking adler32 v1.0.4
[INFO] [stderr]    Compiling encoding_rs v0.8.22
[INFO] [stderr]     Checking dtoa v0.4.5
[INFO] [stderr]     Checking language-tags v0.2.2
[INFO] [stderr]     Checking uuid v0.7.4
[INFO] [stderr]     Checking thread_local v1.0.1
[INFO] [stderr]     Checking futures-channel v0.3.1
[INFO] [stderr]     Checking lock_api v0.3.3
[INFO] [stderr]     Checking unicode-normalization v0.1.12
[INFO] [stderr]     Checking miniz_oxide v0.3.5
[INFO] [stderr]     Checking http v0.2.0
[INFO] [stderr]     Checking bytestring v0.1.4
[INFO] [stderr]    Compiling proc-macro2 v1.0.8
[INFO] [stderr]     Checking lru-cache v0.1.2
[INFO] [stderr]    Compiling pq-sys v0.4.6
[INFO] [stderr]     Checking crc32fast v1.2.0
[INFO] [stderr]     Checking net2 v0.2.33
[INFO] [stderr]     Checking parking_lot_core v0.7.0
[INFO] [stderr]     Checking getrandom v0.1.14
[INFO] [stderr]     Checking socket2 v0.3.11
[INFO] [stderr]    Compiling time v0.1.42
[INFO] [stderr]    Compiling num-traits v0.2.11
[INFO] [stderr]    Compiling num-integer v0.1.42
[INFO] [stderr]    Compiling indexmap v1.3.1
[INFO] [stderr]     Checking c2-chacha v0.2.3
[INFO] [stderr]    Compiling heck v0.3.1
[INFO] [stderr]     Checking threadpool v1.7.1
[INFO] [stderr]     Checking resolv-conf v0.6.2
[INFO] [stderr]     Checking rand_core v0.5.1
[INFO] [stderr]     Checking aho-corasick v0.7.7
[INFO] [stderr]     Checking mio v0.6.21
[INFO] [stderr]     Checking parking_lot v0.10.0
[INFO] [stderr]     Checking flate2 v1.0.13
[INFO] [stderr]    Compiling quote v1.0.2
[INFO] [stderr]     Checking idna v0.2.0
[INFO] [stderr]     Checking rand_chacha v0.2.1
[INFO] [stderr]     Checking scheduled-thread-pool v0.2.3
[INFO] [stderr]     Checking fxhash v0.2.1
[INFO] [stderr]     Checking r2d2 v0.8.8
[INFO] [stderr]     Checking rand v0.7.3
[INFO] [stderr]    Compiling syn v1.0.14
[INFO] [stderr]     Checking mio-uds v0.6.7
[INFO] [stderr]    Compiling backtrace-sys v0.1.32
[INFO] [stderr]    Compiling brotli-sys v0.3.2
[INFO] [stderr]     Checking url v2.1.1
[INFO] [stderr]     Checking regex v1.3.4
[INFO] [stderr]     Checking tokio v0.2.11
[INFO] [stderr]     Checking chrono v0.4.10
[INFO] [stderr]     Checking backtrace v0.3.43
[INFO] [stderr]     Checking env_logger v0.7.1
[INFO] [stderr]     Checking tokio-util v0.2.0
[INFO] [stderr]     Checking actix-codec v0.2.0
[INFO] [stderr]     Checking brotli2 v0.3.2
[INFO] [stderr]    Compiling synstructure v0.12.3
[INFO] [stderr]    Compiling proc-macro-hack v0.5.11
[INFO] [stderr]    Compiling serde_derive v1.0.104
[INFO] [stderr]    Compiling derive_more v0.99.2
[INFO] [stderr]    Compiling pin-project-internal v0.4.8
[INFO] [stderr]    Compiling actix-macros v0.1.1
[INFO] [stderr]    Compiling diesel_derives v1.4.1
[INFO] [stderr]    Compiling async-trait v0.1.22
[INFO] [stderr]    Compiling enum-as-inner v0.3.0
[INFO] [stderr]    Compiling juniper_codegen v0.14.2
[INFO] [stderr]    Compiling thiserror-impl v1.0.10
[INFO] [stderr]    Compiling actix-web-codegen v0.2.0
[INFO] [stderr]    Compiling wundergraph_derive v0.1.0
[INFO] [stderr]     Checking failure v0.1.6
[INFO] [stderr]    Compiling futures-macro v0.3.1
[INFO] [stderr]    Compiling paste-impl v0.1.6
[INFO] [stderr]     Checking thiserror v1.0.10
[INFO] [stderr]     Checking paste v0.1.6
[INFO] [stderr]     Checking pin-project v0.4.8
[INFO] [stderr]     Checking futures-util v0.3.1
[INFO] [stderr]     Checking actix-threadpool v0.3.1
[INFO] [stderr]     Checking futures-executor v0.3.1
[INFO] [stderr]     Checking actix-service v1.0.5
[INFO] [stderr]     Checking futures v0.3.1
[INFO] [stderr]     Checking actix-rt v1.0.0
[INFO] [stderr]     Checking trust-dns-proto v0.18.0-alpha.2
[INFO] [stderr]     Checking actix-utils v1.0.6
[INFO] [stderr]     Checking actix-server v1.0.1
[INFO] [stderr]     Checking actix-tls v1.0.0
[INFO] [stderr]     Checking actix-testing v1.0.0
[INFO] [stderr]     Checking trust-dns-resolver v0.18.0-alpha.2
[INFO] [stderr]     Checking actix-connect v1.0.2
[INFO] [stderr]     Checking serde_json v1.0.45
[INFO] [stderr]     Checking serde_urlencoded v0.6.1
[INFO] [stderr]     Checking actix-router v0.2.4
[INFO] [stderr]     Checking h2 v0.2.1
[INFO] [stderr]     Checking juniper v0.14.2
[INFO] [stderr]     Checking diesel v1.4.3
[INFO] [stderr]     Checking actix-http v1.0.1
[INFO] [stderr]     Checking awc v1.0.1
[INFO] [stderr]     Checking actix-web v2.0.0
[INFO] [stderr]     Checking migrations_internals v1.4.0
[INFO] [stderr]     Checking wundergraph v0.1.1
[INFO] [stderr]    Compiling migrations_macros v1.4.1
[INFO] [stderr]     Checking diesel_migrations v1.4.0
[INFO] [stderr]     Checking test-wundergraph v0.1.0 (/opt/rustwide/workdir)
[INFO] [stdout] warning: unused imports: `ConnectionManager`, `PooledConnection`
[INFO] [stdout]  --> src/lib.rs:9:20
[INFO] [stdout]   |
[INFO] [stdout] 9 | use diesel::r2d2::{ConnectionManager, PooledConnection};
[INFO] [stdout]   |                    ^^^^^^^^^^^^^^^^^  ^^^^^^^^^^^^^^^^
[INFO] [stdout]   |
[INFO] [stdout]   = note: `#[warn(unused_imports)]` on by default
[INFO] [stdout] 
[INFO] [stdout] 
[INFO] [stdout] warning: unused imports: `HasMany`, `HasOne`
[INFO] [stdout]   --> src/lib.rs:13:41
[INFO] [stdout]    |
[INFO] [stdout] 13 | use wundergraph::query_builder::types::{HasMany, HasOne, WundergraphValue};
[INFO] [stdout]    |                                         ^^^^^^^  ^^^^^^
[INFO] [stdout] 
[INFO] [stdout] 
[INFO] [stdout] warning: unused imports: `ConnectionManager`, `PooledConnection`
[INFO] [stdout]  --> src/lib.rs:9:20
[INFO] [stdout]   |
[INFO] [stdout] 9 | use diesel::r2d2::{ConnectionManager, PooledConnection};
[INFO] [stdout]   |                    ^^^^^^^^^^^^^^^^^  ^^^^^^^^^^^^^^^^
[INFO] [stdout]   |
[INFO] [stdout]   = note: `#[warn(unused_imports)]` on by default
[INFO] [stdout] 
[INFO] [stdout] 
[INFO] [stdout] warning: unused imports: `HasMany`, `HasOne`
[INFO] [stdout]   --> src/lib.rs:13:41
[INFO] [stdout]    |
[INFO] [stdout] 13 | use wundergraph::query_builder::types::{HasMany, HasOne, WundergraphValue};
[INFO] [stdout]    |                                         ^^^^^^^  ^^^^^^
[INFO] [stdout] 
[INFO] [stdout] 
[INFO] [stdout] error[E0275]: overflow evaluating the requirement `<<Cinema_table as diesel::query_builder::AsQuery>::Query as diesel::query_dsl::boxed_dsl::BoxedDsl<'_, DB>>::Output`
[INFO] [stdout]    --> src/generated.rs:613:1
[INFO] [stdout]     |
[INFO] [stdout] 613 | / wundergraph::mutation_object!{
[INFO] [stdout] 614 | |     Mutation{
[INFO] [stdout] 615 | |         Cinema(insert = NewCinema, update = CinemaChangeset, ),
[INFO] [stdout] 616 | |         CinemasMovie(insert = NewCinemasMovie, update = CinemasMovieChangeset, ),
[INFO] [stdout] ...   |
[INFO] [stdout] 630 | |     }
[INFO] [stdout] 631 | | }
[INFO] [stdout]     | |_^
[INFO] [stdout]     |
[INFO] [stdout]     = note: required because of the requirements on the impl of `wundergraph::query_builder::mutations::HandleUpdate<generated::Cinema, generated::CinemaChangeset, DB, Ctx>` for `Cinema_table`
[INFO] [stdout]     = note: required because of the requirements on the impl of `juniper::GraphQLType<wundergraph::scalar::WundergraphScalarValue>` for `generated::Mutation<Ctx>`
[INFO] [stdout]     = note: this error originates in a macro (in Nightly builds, run with -Z macro-backtrace for more info)
[INFO] [stdout] 
[INFO] [stdout] 
[INFO] [stdout] error[E0275]: overflow evaluating the requirement `<<Cinema_table as diesel::query_builder::AsQuery>::Query as diesel::query_dsl::boxed_dsl::BoxedDsl<'_, DB>>::Output`
[INFO] [stdout]    --> src/generated.rs:613:1
[INFO] [stdout]     |
[INFO] [stdout] 613 | / wundergraph::mutation_object!{
[INFO] [stdout] 614 | |     Mutation{
[INFO] [stdout] 615 | |         Cinema(insert = NewCinema, update = CinemaChangeset, ),
[INFO] [stdout] 616 | |         CinemasMovie(insert = NewCinemasMovie, update = CinemasMovieChangeset, ),
[INFO] [stdout] ...   |
[INFO] [stdout] 630 | |     }
[INFO] [stdout] 631 | | }
[INFO] [stdout]     | |_^
[INFO] [stdout]     |
[INFO] [stdout]     = note: required because of the requirements on the impl of `wundergraph::query_builder::mutations::HandleUpdate<generated::Cinema, generated::CinemaChangeset, DB, Ctx>` for `Cinema_table`
[INFO] [stdout]     = note: required because of the requirements on the impl of `juniper::GraphQLType<wundergraph::scalar::WundergraphScalarValue>` for `generated::Mutation_wrapper<'a, Ctx>`
[INFO] [stdout]     = note: this error originates in a macro (in Nightly builds, run with -Z macro-backtrace for more info)
[INFO] [stdout] 
[INFO] [stdout] 
[INFO] [stdout] error[E0275]: overflow evaluating the requirement `<<Cinema_table as diesel::query_builder::AsQuery>::Query as diesel::query_dsl::boxed_dsl::BoxedDsl<'_, DB>>::Output`
[INFO] [stdout]    --> src/generated.rs:613:1
[INFO] [stdout]     |
[INFO] [stdout] 613 | / wundergraph::mutation_object!{
[INFO] [stdout] 614 | |     Mutation{
[INFO] [stdout] 615 | |         Cinema(insert = NewCinema, update = CinemaChangeset, ),
[INFO] [stdout] 616 | |         CinemasMovie(insert = NewCinemasMovie, update = CinemasMovieChangeset, ),
[INFO] [stdout] ...   |
[INFO] [stdout] 630 | |     }
[INFO] [stdout] 631 | | }
[INFO] [stdout]     | |_^
[INFO] [stdout]     |
[INFO] [stdout]     = note: required because of the requirements on the impl of `wundergraph::query_builder::mutations::HandleUpdate<generated::Cinema, generated::CinemaChangeset, DB, Ctx>` for `Cinema_table`
[INFO] [stdout]     = note: required because of the requirements on the impl of `juniper::GraphQLType<wundergraph::scalar::WundergraphScalarValue>` for `generated::Mutation<Ctx>`
[INFO] [stdout]     = note: this error originates in a macro (in Nightly builds, run with -Z macro-backtrace for more info)
[INFO] [stdout] 
[INFO] [stdout] 
[INFO] [stdout] error[E0275]: overflow evaluating the requirement `<<Cinema_table as diesel::query_builder::AsQuery>::Query as diesel::query_dsl::boxed_dsl::BoxedDsl<'_, DB>>::Output`
[INFO] [stdout]    --> src/generated.rs:613:1
[INFO] [stdout]     |
[INFO] [stdout] 613 | / wundergraph::mutation_object!{
[INFO] [stdout] 614 | |     Mutation{
[INFO] [stdout] 615 | |         Cinema(insert = NewCinema, update = CinemaChangeset, ),
[INFO] [stdout] 616 | |         CinemasMovie(insert = NewCinemasMovie, update = CinemasMovieChangeset, ),
[INFO] [stdout] ...   |
[INFO] [stdout] 630 | |     }
[INFO] [stdout] 631 | | }
[INFO] [stdout]     | |_^
[INFO] [stdout]     |
[INFO] [stdout]     = note: required because of the requirements on the impl of `wundergraph::query_builder::mutations::HandleUpdate<generated::Cinema, generated::CinemaChangeset, DB, Ctx>` for `Cinema_table`
[INFO] [stdout]     = note: required because of the requirements on the impl of `juniper::GraphQLType<wundergraph::scalar::WundergraphScalarValue>` for `generated::Mutation_wrapper<'a, Ctx>`
[INFO] [stdout]     = note: this error originates in a macro (in Nightly builds, run with -Z macro-backtrace for more info)
[INFO] [stdout] 
[INFO] [stdout] 
[INFO] [stdout] error[E0275]: overflow evaluating the requirement `<<Cinema_table as diesel::query_builder::AsQuery>::Query as diesel::query_dsl::boxed_dsl::BoxedDsl<'_, DB>>::Output`
[INFO] [stdout]    --> src/generated.rs:613:1
[INFO] [stdout]     |
[INFO] [stdout] 613 | / wundergraph::mutation_object!{
[INFO] [stdout] 614 | |     Mutation{
[INFO] [stdout] 615 | |         Cinema(insert = NewCinema, update = CinemaChangeset, ),
[INFO] [stdout] 616 | |         CinemasMovie(insert = NewCinemasMovie, update = CinemasMovieChangeset, ),
[INFO] [stdout] ...   |
[INFO] [stdout] 630 | |     }
[INFO] [stdout] 631 | | }
[INFO] [stdout]     | |_^
[INFO] [stdout]     |
[INFO] [stdout]     = note: required because of the requirements on the impl of `wundergraph::query_builder::mutations::HandleUpdate<generated::Cinema, generated::CinemaChangeset, DB, Ctx>` for `Cinema_table`
[INFO] [stdout]     = note: required because of the requirements on the impl of `juniper::GraphQLType<wundergraph::scalar::WundergraphScalarValue>` for `generated::Mutation_inner<'a, Ctx>`
[INFO] [stdout]     = note: this error originates in a macro (in Nightly builds, run with -Z macro-backtrace for more info)
[INFO] [stdout] 
[INFO] [stdout] 
[INFO] [stdout] error[E0275]: overflow evaluating the requirement `<<Cinema_table as diesel::query_builder::AsQuery>::Query as diesel::query_dsl::boxed_dsl::BoxedDsl<'_, DB>>::Output`
[INFO] [stdout]    --> src/generated.rs:613:1
[INFO] [stdout]     |
[INFO] [stdout] 613 | / wundergraph::mutation_object!{
[INFO] [stdout] 614 | |     Mutation{
[INFO] [stdout] 615 | |         Cinema(insert = NewCinema, update = CinemaChangeset, ),
[INFO] [stdout] 616 | |         CinemasMovie(insert = NewCinemasMovie, update = CinemasMovieChangeset, ),
[INFO] [stdout] ...   |
[INFO] [stdout] 630 | |     }
[INFO] [stdout] 631 | | }
[INFO] [stdout]     | |_^
[INFO] [stdout]     |
[INFO] [stdout]     = note: required because of the requirements on the impl of `wundergraph::query_builder::mutations::HandleUpdate<generated::Cinema, generated::CinemaChangeset, DB, Ctx>` for `Cinema_table`
[INFO] [stdout]     = note: required because of the requirements on the impl of `juniper::GraphQLType<wundergraph::scalar::WundergraphScalarValue>` for `generated::Mutation_inner<'a, Ctx>`
[INFO] [stdout]     = note: this error originates in a macro (in Nightly builds, run with -Z macro-backtrace for more info)
[INFO] [stdout] 
[INFO] [stdout] 
[INFO] [stdout] error[E0275]: overflow evaluating the requirement `<<Cinema_table as diesel::query_builder::AsQuery>::Query as diesel::query_dsl::boxed_dsl::BoxedDsl<'_, DB>>::Output`
[INFO] [stdout]    --> src/generated.rs:613:1
[INFO] [stdout]     |
[INFO] [stdout] 613 | / wundergraph::mutation_object!{
[INFO] [stdout] 614 | |     Mutation{
[INFO] [stdout] 615 | |         Cinema(insert = NewCinema, update = CinemaChangeset, ),
[INFO] [stdout] 616 | |         CinemasMovie(insert = NewCinemasMovie, update = CinemasMovieChangeset, ),
[INFO] [stdout] ...   |
[INFO] [stdout] 630 | |     }
[INFO] [stdout] 631 | | }
[INFO] [stdout]     | |_^
[INFO] [stdout]     |
[INFO] [stdout]     = note: required because of the requirements on the impl of `wundergraph::query_builder::mutations::HandleUpdate<generated::Cinema, generated::CinemaChangeset, DB, Ctx>` for `Cinema_table`
[INFO] [stdout]     = note: required because of the requirements on the impl of `juniper::GraphQLType<wundergraph::scalar::WundergraphScalarValue>` for `generated::Mutation<Ctx>`
[INFO] [stdout]     = note: this error originates in a macro (in Nightly builds, run with -Z macro-backtrace for more info)
[INFO] [stdout] 
[INFO] [stdout] 
[INFO] [stdout] error[E0275]: overflow evaluating the requirement `<<Cinema_table as diesel::query_builder::AsQuery>::Query as diesel::query_dsl::boxed_dsl::BoxedDsl<'_, DB>>::Output`
[INFO] [stdout]    --> src/generated.rs:613:1
[INFO] [stdout]     |
[INFO] [stdout] 613 | / wundergraph::mutation_object!{
[INFO] [stdout] 614 | |     Mutation{
[INFO] [stdout] 615 | |         Cinema(insert = NewCinema, update = CinemaChangeset, ),
[INFO] [stdout] 616 | |         CinemasMovie(insert = NewCinemasMovie, update = CinemasMovieChangeset, ),
[INFO] [stdout] ...   |
[INFO] [stdout] 630 | |     }
[INFO] [stdout] 631 | | }
[INFO] [stdout]     | |_^
[INFO] [stdout]     |
[INFO] [stdout]     = note: required because of the requirements on the impl of `wundergraph::query_builder::mutations::HandleUpdate<generated::Cinema, generated::CinemaChangeset, DB, Ctx>` for `Cinema_table`
[INFO] [stdout]     = note: required because of the requirements on the impl of `juniper::GraphQLType<wundergraph::scalar::WundergraphScalarValue>` for `generated::Mutation<Ctx>`
[INFO] [stdout]     = note: this error originates in a macro (in Nightly builds, run with -Z macro-backtrace for more info)
[INFO] [stdout] 
[INFO] [stdout] 
[INFO] [stdout] error[E0275]: overflow evaluating the requirement `<<Cinema_table as diesel::query_builder::AsQuery>::Query as diesel::query_dsl::boxed_dsl::BoxedDsl<'_, DB>>::Output`
[INFO] [stdout]    --> src/generated.rs:613:1
[INFO] [stdout]     |
[INFO] [stdout] 613 | / wundergraph::mutation_object!{
[INFO] [stdout] 614 | |     Mutation{
[INFO] [stdout] 615 | |         Cinema(insert = NewCinema, update = CinemaChangeset, ),
[INFO] [stdout] 616 | |         CinemasMovie(insert = NewCinemasMovie, update = CinemasMovieChangeset, ),
[INFO] [stdout] ...   |
[INFO] [stdout] 630 | |     }
[INFO] [stdout] 631 | | }
[INFO] [stdout]     | |_^
[INFO] [stdout]     |
[INFO] [stdout]     = note: required because of the requirements on the impl of `wundergraph::query_builder::mutations::HandleUpdate<generated::Cinema, generated::CinemaChangeset, DB, Ctx>` for `Cinema_table`
[INFO] [stdout]     = note: required because of the requirements on the impl of `juniper::GraphQLType<wundergraph::scalar::WundergraphScalarValue>` for `generated::Mutation<Ctx>`
[INFO] [stdout]     = note: this error originates in a macro (in Nightly builds, run with -Z macro-backtrace for more info)
[INFO] [stdout] 
[INFO] [stdout] 
[INFO] [stdout] error[E0275]: overflow evaluating the requirement `<<Cinema_table as diesel::query_builder::AsQuery>::Query as diesel::query_dsl::boxed_dsl::BoxedDsl<'_, DB>>::Output`
[INFO] [stdout]    --> src/generated.rs:613:1
[INFO] [stdout]     |
[INFO] [stdout] 613 | / wundergraph::mutation_object!{
[INFO] [stdout] 614 | |     Mutation{
[INFO] [stdout] 615 | |         Cinema(insert = NewCinema, update = CinemaChangeset, ),
[INFO] [stdout] 616 | |         CinemasMovie(insert = NewCinemasMovie, update = CinemasMovieChangeset, ),
[INFO] [stdout] ...   |
[INFO] [stdout] 630 | |     }
[INFO] [stdout] 631 | | }
[INFO] [stdout]     | |_^
[INFO] [stdout]     |
[INFO] [stdout]     = note: required because of the requirements on the impl of `wundergraph::query_builder::mutations::HandleUpdate<generated::Cinema, generated::CinemaChangeset, DB, Ctx>` for `Cinema_table`
[INFO] [stdout]     = note: required because of the requirements on the impl of `juniper::GraphQLType<wundergraph::scalar::WundergraphScalarValue>` for `generated::Mutation<Ctx>`
[INFO] [stdout]     = note: this error originates in a macro (in Nightly builds, run with -Z macro-backtrace for more info)
[INFO] [stdout] 
[INFO] [stdout] 
[INFO] [stdout] error[E0275]: overflow evaluating the requirement `<<Cinema_table as diesel::query_builder::AsQuery>::Query as diesel::query_dsl::boxed_dsl::BoxedDsl<'_, DB>>::Output`
[INFO] [stdout]    --> src/generated.rs:613:1
[INFO] [stdout]     |
[INFO] [stdout] 613 | / wundergraph::mutation_object!{
[INFO] [stdout] 614 | |     Mutation{
[INFO] [stdout] 615 | |         Cinema(insert = NewCinema, update = CinemaChangeset, ),
[INFO] [stdout] 616 | |         CinemasMovie(insert = NewCinemasMovie, update = CinemasMovieChangeset, ),
[INFO] [stdout] ...   |
[INFO] [stdout] 630 | |     }
[INFO] [stdout] 631 | | }
[INFO] [stdout]     | |_^
[INFO] [stdout]     |
[INFO] [stdout]     = note: required because of the requirements on the impl of `wundergraph::query_builder::mutations::HandleUpdate<generated::Cinema, generated::CinemaChangeset, DB, Ctx>` for `Cinema_table`
[INFO] [stdout]     = note: required because of the requirements on the impl of `juniper::GraphQLType<wundergraph::scalar::WundergraphScalarValue>` for `generated::Mutation<Ctx>`
[INFO] [stdout]     = note: this error originates in a macro (in Nightly builds, run with -Z macro-backtrace for more info)
[INFO] [stdout] 
[INFO] [stdout] 
[INFO] [stdout] error[E0275]: overflow evaluating the requirement `<<Cinema_table as diesel::query_builder::AsQuery>::Query as diesel::query_dsl::boxed_dsl::BoxedDsl<'_, DB>>::Output`
[INFO] [stdout]    --> src/generated.rs:613:1
[INFO] [stdout]     |
[INFO] [stdout] 613 | / wundergraph::mutation_object!{
[INFO] [stdout] 614 | |     Mutation{
[INFO] [stdout] 615 | |         Cinema(insert = NewCinema, update = CinemaChangeset, ),
[INFO] [stdout] 616 | |         CinemasMovie(insert = NewCinemasMovie, update = CinemasMovieChangeset, ),
[INFO] [stdout] ...   |
[INFO] [stdout] 630 | |     }
[INFO] [stdout] 631 | | }
[INFO] [stdout]     | |_^
[INFO] [stdout]     |
[INFO] [stdout]     = note: required because of the requirements on the impl of `wundergraph::query_builder::mutations::HandleUpdate<generated::Cinema, generated::CinemaChangeset, DB, Ctx>` for `Cinema_table`
[INFO] [stdout]     = note: required because of the requirements on the impl of `juniper::GraphQLType<wundergraph::scalar::WundergraphScalarValue>` for `generated::Mutation<Ctx>`
[INFO] [stdout]     = note: this error originates in a macro (in Nightly builds, run with -Z macro-backtrace for more info)
[INFO] [stdout] 
[INFO] [stdout] 
[INFO] [stdout] error[E0275]: overflow evaluating the requirement `<<Cinema_table as diesel::query_builder::AsQuery>::Query as diesel::query_dsl::boxed_dsl::BoxedDsl<'_, DB>>::Output`
[INFO] [stdout]    --> src/generated.rs:613:1
[INFO] [stdout]     |
[INFO] [stdout] 613 | / wundergraph::mutation_object!{
[INFO] [stdout] 614 | |     Mutation{
[INFO] [stdout] 615 | |         Cinema(insert = NewCinema, update = CinemaChangeset, ),
[INFO] [stdout] 616 | |         CinemasMovie(insert = NewCinemasMovie, update = CinemasMovieChangeset, ),
[INFO] [stdout] ...   |
[INFO] [stdout] 630 | |     }
[INFO] [stdout] 631 | | }
[INFO] [stdout]     | |_^
[INFO] [stdout]     |
[INFO] [stdout]     = note: required because of the requirements on the impl of `wundergraph::query_builder::mutations::HandleUpdate<generated::Cinema, generated::CinemaChangeset, DB, Ctx>` for `Cinema_table`
[INFO] [stdout]     = note: required because of the requirements on the impl of `juniper::GraphQLType<wundergraph::scalar::WundergraphScalarValue>` for `generated::Mutation_wrapper<'a, Ctx>`
[INFO] [stdout]     = note: this error originates in a macro (in Nightly builds, run with -Z macro-backtrace for more info)
[INFO] [stdout] 
[INFO] [stdout] 
[INFO] [stdout] error[E0275]: overflow evaluating the requirement `<<Cinema_table as diesel::query_builder::AsQuery>::Query as diesel::query_dsl::boxed_dsl::BoxedDsl<'_, DB>>::Output`
[INFO] [stdout]    --> src/generated.rs:613:1
[INFO] [stdout]     |
[INFO] [stdout] 613 | / wundergraph::mutation_object!{
[INFO] [stdout] 614 | |     Mutation{
[INFO] [stdout] 615 | |         Cinema(insert = NewCinema, update = CinemaChangeset, ),
[INFO] [stdout] 616 | |         CinemasMovie(insert = NewCinemasMovie, update = CinemasMovieChangeset, ),
[INFO] [stdout] ...   |
[INFO] [stdout] 630 | |     }
[INFO] [stdout] 631 | | }
[INFO] [stdout]     | |_^
[INFO] [stdout]     |
[INFO] [stdout]     = note: required because of the requirements on the impl of `wundergraph::query_builder::mutations::HandleUpdate<generated::Cinema, generated::CinemaChangeset, DB, Ctx>` for `Cinema_table`
[INFO] [stdout]     = note: required because of the requirements on the impl of `juniper::GraphQLType<wundergraph::scalar::WundergraphScalarValue>` for `generated::Mutation_wrapper<'a, Ctx>`
[INFO] [stdout]     = note: this error originates in a macro (in Nightly builds, run with -Z macro-backtrace for more info)
[INFO] [stdout] 
[INFO] [stdout] 
[INFO] [stdout] error[E0275]: overflow evaluating the requirement `<<Cinema_table as diesel::query_builder::AsQuery>::Query as diesel::query_dsl::boxed_dsl::BoxedDsl<'_, DB>>::Output`
[INFO] [stdout]    --> src/generated.rs:613:1
[INFO] [stdout]     |
[INFO] [stdout] 613 | / wundergraph::mutation_object!{
[INFO] [stdout] 614 | |     Mutation{
[INFO] [stdout] 615 | |         Cinema(insert = NewCinema, update = CinemaChangeset, ),
[INFO] [stdout] 616 | |         CinemasMovie(insert = NewCinemasMovie, update = CinemasMovieChangeset, ),
[INFO] [stdout] ...   |
[INFO] [stdout] 630 | |     }
[INFO] [stdout] 631 | | }
[INFO] [stdout]     | |_^
[INFO] [stdout]     |
[INFO] [stdout]     = note: required because of the requirements on the impl of `wundergraph::query_builder::mutations::HandleUpdate<generated::Cinema, generated::CinemaChangeset, DB, Ctx>` for `Cinema_table`
[INFO] [stdout]     = note: required because of the requirements on the impl of `juniper::GraphQLType<wundergraph::scalar::WundergraphScalarValue>` for `generated::Mutation_wrapper<'a, Ctx>`
[INFO] [stdout]     = note: this error originates in a macro (in Nightly builds, run with -Z macro-backtrace for more info)
[INFO] [stdout] 
[INFO] [stdout] 
[INFO] [stdout] error[E0275]: overflow evaluating the requirement `<<Cinema_table as diesel::query_builder::AsQuery>::Query as diesel::query_dsl::boxed_dsl::BoxedDsl<'_, DB>>::Output`
[INFO] [stdout]    --> src/generated.rs:613:1
[INFO] [stdout]     |
[INFO] [stdout] 613 | / wundergraph::mutation_object!{
[INFO] [stdout] 614 | |     Mutation{
[INFO] [stdout] 615 | |         Cinema(insert = NewCinema, update = CinemaChangeset, ),
[INFO] [stdout] 616 | |         CinemasMovie(insert = NewCinemasMovie, update = CinemasMovieChangeset, ),
[INFO] [stdout] ...   |
[INFO] [stdout] 630 | |     }
[INFO] [stdout] 631 | | }
[INFO] [stdout]     | |_^
[INFO] [stdout]     |
[INFO] [stdout]     = note: required because of the requirements on the impl of `wundergraph::query_builder::mutations::HandleUpdate<generated::Cinema, generated::CinemaChangeset, DB, Ctx>` for `Cinema_table`
[INFO] [stdout]     = note: required because of the requirements on the impl of `juniper::GraphQLType<wundergraph::scalar::WundergraphScalarValue>` for `generated::Mutation_wrapper<'a, Ctx>`
[INFO] [stdout]     = note: this error originates in a macro (in Nightly builds, run with -Z macro-backtrace for more info)
[INFO] [stdout] 
[INFO] [stdout] 
[INFO] [stdout] error[E0275]: overflow evaluating the requirement `<<Cinema_table as diesel::query_builder::AsQuery>::Query as diesel::query_dsl::boxed_dsl::BoxedDsl<'_, DB>>::Output`
[INFO] [stdout]    --> src/generated.rs:613:1
[INFO] [stdout]     |
[INFO] [stdout] 613 | / wundergraph::mutation_object!{
[INFO] [stdout] 614 | |     Mutation{
[INFO] [stdout] 615 | |         Cinema(insert = NewCinema, update = CinemaChangeset, ),
[INFO] [stdout] 616 | |         CinemasMovie(insert = NewCinemasMovie, update = CinemasMovieChangeset, ),
[INFO] [stdout] ...   |
[INFO] [stdout] 630 | |     }
[INFO] [stdout] 631 | | }
[INFO] [stdout]     | |_^
[INFO] [stdout]     |
[INFO] [stdout]     = note: required because of the requirements on the impl of `wundergraph::query_builder::mutations::HandleUpdate<generated::Cinema, generated::CinemaChangeset, DB, Ctx>` for `Cinema_table`
[INFO] [stdout]     = note: required because of the requirements on the impl of `juniper::GraphQLType<wundergraph::scalar::WundergraphScalarValue>` for `generated::Mutation_wrapper<'a, Ctx>`
[INFO] [stdout]     = note: this error originates in a macro (in Nightly builds, run with -Z macro-backtrace for more info)
[INFO] [stdout] 
[INFO] [stdout] 
[INFO] [stdout] error[E0275]: overflow evaluating the requirement `<<Cinema_table as diesel::query_builder::AsQuery>::Query as diesel::query_dsl::boxed_dsl::BoxedDsl<'_, DB>>::Output`
[INFO] [stdout]    --> src/generated.rs:613:1
[INFO] [stdout]     |
[INFO] [stdout] 613 | / wundergraph::mutation_object!{
[INFO] [stdout] 614 | |     Mutation{
[INFO] [stdout] 615 | |         Cinema(insert = NewCinema, update = CinemaChangeset, ),
[INFO] [stdout] 616 | |         CinemasMovie(insert = NewCinemasMovie, update = CinemasMovieChangeset, ),
[INFO] [stdout] ...   |
[INFO] [stdout] 630 | |     }
[INFO] [stdout] 631 | | }
[INFO] [stdout]     | |_^
[INFO] [stdout]     |
[INFO] [stdout]     = note: required because of the requirements on the impl of `wundergraph::query_builder::mutations::HandleUpdate<generated::Cinema, generated::CinemaChangeset, DB, Ctx>` for `Cinema_table`
[INFO] [stdout]     = note: required because of the requirements on the impl of `juniper::GraphQLType<wundergraph::scalar::WundergraphScalarValue>` for `generated::Mutation_wrapper<'a, Ctx>`
[INFO] [stdout]     = note: this error originates in a macro (in Nightly builds, run with -Z macro-backtrace for more info)
[INFO] [stdout] 
[INFO] [stdout] 
[INFO] [stdout] error[E0275]: overflow evaluating the requirement `<<Cinema_table as diesel::query_builder::AsQuery>::Query as diesel::query_dsl::boxed_dsl::BoxedDsl<'_, DB>>::Output`
[INFO] [stdout]    --> src/generated.rs:613:1
[INFO] [stdout]     |
[INFO] [stdout] 613 | / wundergraph::mutation_object!{
[INFO] [stdout] 614 | |     Mutation{
[INFO] [stdout] 615 | |         Cinema(insert = NewCinema, update = CinemaChangeset, ),
[INFO] [stdout] 616 | |         CinemasMovie(insert = NewCinemasMovie, update = CinemasMovieChangeset, ),
[INFO] [stdout] ...   |
[INFO] [stdout] 630 | |     }
[INFO] [stdout] 631 | | }
[INFO] [stdout]     | |_^
[INFO] [stdout]     |
[INFO] [stdout]     = note: required because of the requirements on the impl of `wundergraph::query_builder::mutations::HandleUpdate<generated::Cinema, generated::CinemaChangeset, DB, Ctx>` for `Cinema_table`
[INFO] [stdout]     = note: required because of the requirements on the impl of `juniper::GraphQLType<wundergraph::scalar::WundergraphScalarValue>` for `generated::Mutation_inner<'a, Ctx>`
[INFO] [stdout]     = note: this error originates in a macro (in Nightly builds, run with -Z macro-backtrace for more info)
[INFO] [stdout] 
[INFO] [stdout] 
[INFO] [stdout] error[E0275]: overflow evaluating the requirement `<<Cinema_table as diesel::query_builder::AsQuery>::Query as diesel::query_dsl::boxed_dsl::BoxedDsl<'_, DB>>::Output`
[INFO] [stdout]    --> src/generated.rs:613:1
[INFO] [stdout]     |
[INFO] [stdout] 613 | / wundergraph::mutation_object!{
[INFO] [stdout] 614 | |     Mutation{
[INFO] [stdout] 615 | |         Cinema(insert = NewCinema, update = CinemaChangeset, ),
[INFO] [stdout] 616 | |         CinemasMovie(insert = NewCinemasMovie, update = CinemasMovieChangeset, ),
[INFO] [stdout] ...   |
[INFO] [stdout] 630 | |     }
[INFO] [stdout] 631 | | }
[INFO] [stdout]     | |_^
[INFO] [stdout]     |
[INFO] [stdout]     = note: required because of the requirements on the impl of `wundergraph::query_builder::mutations::HandleUpdate<generated::Cinema, generated::CinemaChangeset, DB, Ctx>` for `Cinema_table`
[INFO] [stdout]     = note: required because of the requirements on the impl of `juniper::GraphQLType<wundergraph::scalar::WundergraphScalarValue>` for `generated::Mutation_inner<'a, Ctx>`
[INFO] [stdout]     = note: this error originates in a macro (in Nightly builds, run with -Z macro-backtrace for more info)
[INFO] [stdout] 
[INFO] [stdout] 
[INFO] [stdout] error[E0275]: overflow evaluating the requirement `<<Cinema_table as diesel::query_builder::AsQuery>::Query as diesel::query_dsl::boxed_dsl::BoxedDsl<'_, DB>>::Output`
[INFO] [stdout]    --> src/generated.rs:613:1
[INFO] [stdout]     |
[INFO] [stdout] 613 | / wundergraph::mutation_object!{
[INFO] [stdout] 614 | |     Mutation{
[INFO] [stdout] 615 | |         Cinema(insert = NewCinema, update = CinemaChangeset, ),
[INFO] [stdout] 616 | |         CinemasMovie(insert = NewCinemasMovie, update = CinemasMovieChangeset, ),
[INFO] [stdout] ...   |
[INFO] [stdout] 630 | |     }
[INFO] [stdout] 631 | | }
[INFO] [stdout]     | |_^
[INFO] [stdout]     |
[INFO] [stdout]     = note: required because of the requirements on the impl of `wundergraph::query_builder::mutations::HandleUpdate<generated::Cinema, generated::CinemaChangeset, DB, Ctx>` for `Cinema_table`
[INFO] [stdout]     = note: required because of the requirements on the impl of `juniper::GraphQLType<wundergraph::scalar::WundergraphScalarValue>` for `generated::Mutation_inner<'a, Ctx>`
[INFO] [stdout]     = note: this error originates in a macro (in Nightly builds, run with -Z macro-backtrace for more info)
[INFO] [stdout] 
[INFO] [stdout] 
[INFO] [stdout] error[E0275]: overflow evaluating the requirement `<<Cinema_table as diesel::query_builder::AsQuery>::Query as diesel::query_dsl::boxed_dsl::BoxedDsl<'_, DB>>::Output`
[INFO] [stdout]    --> src/generated.rs:613:1
[INFO] [stdout]     |
[INFO] [stdout] 613 | / wundergraph::mutation_object!{
[INFO] [stdout] 614 | |     Mutation{
[INFO] [stdout] 615 | |         Cinema(insert = NewCinema, update = CinemaChangeset, ),
[INFO] [stdout] 616 | |         CinemasMovie(insert = NewCinemasMovie, update = CinemasMovieChangeset, ),
[INFO] [stdout] ...   |
[INFO] [stdout] 630 | |     }
[INFO] [stdout] 631 | | }
[INFO] [stdout]     | |_^
[INFO] [stdout]     |
[INFO] [stdout]     = note: required because of the requirements on the impl of `wundergraph::query_builder::mutations::HandleUpdate<generated::Cinema, generated::CinemaChangeset, DB, Ctx>` for `Cinema_table`
[INFO] [stdout]     = note: required because of the requirements on the impl of `juniper::GraphQLType<wundergraph::scalar::WundergraphScalarValue>` for `generated::Mutation_inner<'a, Ctx>`
[INFO] [stdout]     = note: this error originates in a macro (in Nightly builds, run with -Z macro-backtrace for more info)
[INFO] [stdout] 
[INFO] [stdout] 
[INFO] [stdout] error[E0275]: overflow evaluating the requirement `<<Cinema_table as diesel::query_builder::AsQuery>::Query as diesel::query_dsl::boxed_dsl::BoxedDsl<'_, DB>>::Output`
[INFO] [stdout]    --> src/generated.rs:613:1
[INFO] [stdout]     |
[INFO] [stdout] 613 | / wundergraph::mutation_object!{
[INFO] [stdout] 614 | |     Mutation{
[INFO] [stdout] 615 | |         Cinema(insert = NewCinema, update = CinemaChangeset, ),
[INFO] [stdout] 616 | |         CinemasMovie(insert = NewCinemasMovie, update = CinemasMovieChangeset, ),
[INFO] [stdout] ...   |
[INFO] [stdout] 630 | |     }
[INFO] [stdout] 631 | | }
[INFO] [stdout]     | |_^
[INFO] [stdout]     |
[INFO] [stdout]     = note: required because of the requirements on the impl of `wundergraph::query_builder::mutations::HandleUpdate<generated::Cinema, generated::CinemaChangeset, DB, Ctx>` for `Cinema_table`
[INFO] [stdout]     = note: required because of the requirements on the impl of `juniper::GraphQLType<wundergraph::scalar::WundergraphScalarValue>` for `generated::Mutation_inner<'a, Ctx>`
[INFO] [stdout]     = note: this error originates in a macro (in Nightly builds, run with -Z macro-backtrace for more info)
[INFO] [stdout] 
[INFO] [stdout] 
[INFO] [stdout] error: aborting due to 12 previous errors; 2 warnings emitted
[INFO] [stdout] 
[INFO] [stdout] 
[INFO] [stdout] For more information about this error, try `rustc --explain E0275`.
[INFO] [stdout] 
[INFO] [stderr] error: could not compile `test-wundergraph`.
[INFO] [stderr] 
[INFO] [stderr] To learn more, run the command again with --verbose.
[INFO] [stderr] warning: build failed, waiting for other jobs to finish...
[INFO] [stdout] error[E0275]: overflow evaluating the requirement `<<Cinema_table as diesel::query_builder::AsQuery>::Query as diesel::query_dsl::boxed_dsl::BoxedDsl<'_, DB>>::Output`
[INFO] [stdout]    --> src/generated.rs:613:1
[INFO] [stdout]     |
[INFO] [stdout] 613 | / wundergraph::mutation_object!{
[INFO] [stdout] 614 | |     Mutation{
[INFO] [stdout] 615 | |         Cinema(insert = NewCinema, update = CinemaChangeset, ),
[INFO] [stdout] 616 | |         CinemasMovie(insert = NewCinemasMovie, update = CinemasMovieChangeset, ),
[INFO] [stdout] ...   |
[INFO] [stdout] 630 | |     }
[INFO] [stdout] 631 | | }
[INFO] [stdout]     | |_^
[INFO] [stdout]     |
[INFO] [stdout]     = note: required because of the requirements on the impl of `wundergraph::query_builder::mutations::HandleUpdate<generated::Cinema, generated::CinemaChangeset, DB, Ctx>` for `Cinema_table`
[INFO] [stdout]     = note: required because of the requirements on the impl of `juniper::GraphQLType<wundergraph::scalar::WundergraphScalarValue>` for `generated::Mutation_inner<'a, Ctx>`
[INFO] [stdout]     = note: this error originates in a macro (in Nightly builds, run with -Z macro-backtrace for more info)
[INFO] [stdout] 
[INFO] [stdout] 
[INFO] [stdout] error: aborting due to 12 previous errors; 2 warnings emitted
[INFO] [stdout] 
[INFO] [stdout] 
[INFO] [stdout] For more information about this error, try `rustc --explain E0275`.
[INFO] [stdout] 
[INFO] [stderr] error: build failed
[INFO] running `Command { std: "docker" "inspect" "01bed5d5113b1e036207c95113593c85c6f096edbbc2c9bf29fcf35e57dfc33c", kill_on_drop: false }`
[INFO] running `Command { std: "docker" "rm" "-f" "01bed5d5113b1e036207c95113593c85c6f096edbbc2c9bf29fcf35e57dfc33c", kill_on_drop: false }`
[INFO] [stdout] 01bed5d5113b1e036207c95113593c85c6f096edbbc2c9bf29fcf35e57dfc33c
