[INFO] fetching crate xladd 0.1.1...
[INFO] checking xladd-0.1.1 against beta-2020-07-24 for pr-75494-beta
[INFO] extracting crate xladd 0.1.1 into /workspace/builds/worker-6/source
[INFO] validating manifest of crates.io crate xladd 0.1.1 on toolchain beta-2020-07-24
[INFO] running `Command { std: "/workspace/cargo-home/bin/cargo" "+beta-2020-07-24" "read-manifest" "--manifest-path" "Cargo.toml", kill_on_drop: false }`
[INFO] started tweaking crates.io crate xladd 0.1.1
[INFO] finished tweaking crates.io crate xladd 0.1.1
[INFO] tweaked toml for crates.io crate xladd 0.1.1 written to /workspace/builds/worker-6/source/Cargo.toml
[INFO] running `Command { std: "/workspace/cargo-home/bin/cargo" "+beta-2020-07-24" "generate-lockfile" "--manifest-path" "Cargo.toml" "-Zno-index-update", kill_on_drop: false }`
[INFO] running `Command { std: "/workspace/cargo-home/bin/cargo" "+beta-2020-07-24" "fetch" "--locked" "--manifest-path" "Cargo.toml", kill_on_drop: false }`
[INFO] running `Command { std: "docker" "create" "-v" "/var/lib/crater-agent-workspace/builds/worker-6/target:/opt/rustwide/target:rw,Z" "-v" "/var/lib/crater-agent-workspace/builds/worker-6/source:/opt/rustwide/workdir:ro,Z" "-v" "/var/lib/crater-agent-workspace/cargo-home:/opt/rustwide/cargo-home:ro,Z" "-v" "/var/lib/crater-agent-workspace/rustup-home:/opt/rustwide/rustup-home:ro,Z" "-e" "SOURCE_DIR=/opt/rustwide/workdir" "-e" "CARGO_TARGET_DIR=/opt/rustwide/target" "-e" "CARGO_HOME=/opt/rustwide/cargo-home" "-e" "RUSTUP_HOME=/opt/rustwide/rustup-home" "-w" "/opt/rustwide/workdir" "-m" "1610612736" "--user" "0:0" "--network" "none" "rustops/crates-build-env@sha256:a636fd89d022f18117e1dc8fb37a0a009933cdbbe082814857f0e2024962d47c" "/opt/rustwide/cargo-home/bin/cargo" "+beta-2020-07-24" "metadata" "--no-deps" "--format-version=1", kill_on_drop: false }`
[INFO] [stdout] ccbe56e6cab6c0edaa9ea17037d074d7c6746f76ead4e63c0f1390e7d5b41b58
[INFO] [stderr] WARNING: Your kernel does not support swap limit capabilities or the cgroup is not mounted. Memory limited without swap.
[INFO] running `Command { std: "docker" "start" "-a" "ccbe56e6cab6c0edaa9ea17037d074d7c6746f76ead4e63c0f1390e7d5b41b58", kill_on_drop: false }`
[INFO] running `Command { std: "docker" "inspect" "ccbe56e6cab6c0edaa9ea17037d074d7c6746f76ead4e63c0f1390e7d5b41b58", kill_on_drop: false }`
[INFO] running `Command { std: "docker" "rm" "-f" "ccbe56e6cab6c0edaa9ea17037d074d7c6746f76ead4e63c0f1390e7d5b41b58", kill_on_drop: false }`
[INFO] [stdout] ccbe56e6cab6c0edaa9ea17037d074d7c6746f76ead4e63c0f1390e7d5b41b58
[INFO] running `Command { std: "docker" "create" "-v" "/var/lib/crater-agent-workspace/builds/worker-6/target:/opt/rustwide/target:rw,Z" "-v" "/var/lib/crater-agent-workspace/builds/worker-6/source:/opt/rustwide/workdir:ro,Z" "-v" "/var/lib/crater-agent-workspace/cargo-home:/opt/rustwide/cargo-home:ro,Z" "-v" "/var/lib/crater-agent-workspace/rustup-home:/opt/rustwide/rustup-home:ro,Z" "-e" "SOURCE_DIR=/opt/rustwide/workdir" "-e" "CARGO_TARGET_DIR=/opt/rustwide/target" "-e" "CARGO_INCREMENTAL=0" "-e" "RUST_BACKTRACE=full" "-e" "RUSTFLAGS=--cap-lints=forbid" "-e" "CARGO_HOME=/opt/rustwide/cargo-home" "-e" "RUSTUP_HOME=/opt/rustwide/rustup-home" "-w" "/opt/rustwide/workdir" "-m" "1610612736" "--user" "0:0" "--network" "none" "rustops/crates-build-env@sha256:a636fd89d022f18117e1dc8fb37a0a009933cdbbe082814857f0e2024962d47c" "/opt/rustwide/cargo-home/bin/cargo" "+beta-2020-07-24" "check" "--frozen" "--all" "--all-targets" "--message-format=json", kill_on_drop: false }`
[INFO] [stdout] 767cd59ab11d83fb395dbfdc46793a32fd4922006914130df30d122b8e369c8b
[INFO] [stderr] WARNING: Your kernel does not support swap limit capabilities or the cgroup is not mounted. Memory limited without swap.
[INFO] running `Command { std: "docker" "start" "-a" "767cd59ab11d83fb395dbfdc46793a32fd4922006914130df30d122b8e369c8b", kill_on_drop: false }`
[INFO] [stderr]    Compiling winapi v0.3.9
[INFO] [stderr]     Checking widestring v0.4.2
[INFO] [stderr]     Checking xladd v0.1.1 (/opt/rustwide/workdir)
[INFO] [stdout] error[E0433]: failed to resolve: could not find `um` in `winapi`
[INFO] [stdout]  --> src/entrypoint.rs:9:13
[INFO] [stdout]   |
[INFO] [stdout] 9 | use winapi::um::libloaderapi::{GetModuleHandleW, GetProcAddress};
[INFO] [stdout]   |             ^^ could not find `um` in `winapi`
[INFO] [stdout] 
[INFO] [stdout] 
[INFO] [stdout] error[E0433]: failed to resolve: could not find `shared` in `winapi`
[INFO] [stdout]   --> src/entrypoint.rs:10:13
[INFO] [stdout]    |
[INFO] [stdout] 10 | use winapi::shared::minwindef::HMODULE;
[INFO] [stdout]    |             ^^^^^^ could not find `shared` in `winapi`
[INFO] [stdout] 
[INFO] [stdout] 
[INFO] [stdout] error[E0433]: failed to resolve: could not find `um` in `winapi`
[INFO] [stdout]  --> src/registrator.rs:5:13
[INFO] [stdout]   |
[INFO] [stdout] 5 | use winapi::um::debugapi::OutputDebugStringA;
[INFO] [stdout]   |             ^^ could not find `um` in `winapi`
[INFO] [stdout] 
[INFO] [stdout] 
[INFO] [stdout] error[E0433]: failed to resolve: could not find `um` in `winapi`
[INFO] [stdout]  --> src/entrypoint.rs:9:13
[INFO] [stdout]   |
[INFO] [stdout] 9 | use winapi::um::libloaderapi::{GetModuleHandleW, GetProcAddress};
[INFO] [stdout]   |             ^^ could not find `um` in `winapi`
[INFO] [stdout] 
[INFO] [stdout] 
[INFO] [stdout] error[E0433]: failed to resolve: could not find `shared` in `winapi`
[INFO] [stdout]   --> src/entrypoint.rs:10:13
[INFO] [stdout]    |
[INFO] [stdout] 10 | use winapi::shared::minwindef::HMODULE;
[INFO] [stdout]    |             ^^^^^^ could not find `shared` in `winapi`
[INFO] [stdout] 
[INFO] [stdout] 
[INFO] [stdout] error[E0433]: failed to resolve: could not find `um` in `winapi`
[INFO] [stdout]  --> src/registrator.rs:5:13
[INFO] [stdout]   |
[INFO] [stdout] 5 | use winapi::um::debugapi::OutputDebugStringA;
[INFO] [stdout]   |             ^^ could not find `um` in `winapi`
[INFO] [stdout] 
[INFO] [stdout] 
[INFO] [stdout] error[E0412]: cannot find type `HMODULE` in this scope
[INFO] [stdout]   --> src/entrypoint.rs:24:28
[INFO] [stdout]    |
[INFO] [stdout] 24 | static mut XLCALL_HMODULE: HMODULE = ptr::null_mut();
[INFO] [stdout]    |                            ^^^^^^^ not found in this scope
[INFO] [stdout] 
[INFO] [stdout] 
[INFO] [stdout] error[E0425]: cannot find function, tuple struct or tuple variant `GetModuleHandleW` in this scope
[INFO] [stdout]   --> src/entrypoint.rs:57:30
[INFO] [stdout]    |
[INFO] [stdout] 57 |             XLCALL_HMODULE = GetModuleHandleW(wcstr.as_ptr());
[INFO] [stdout]    |                              ^^^^^^^^^^^^^^^^ not found in this scope
[INFO] [stdout] 
[INFO] [stdout] 
[INFO] [stdout] error[E0425]: cannot find function, tuple struct or tuple variant `GetProcAddress` in this scope
[INFO] [stdout]   --> src/entrypoint.rs:60:39
[INFO] [stdout]    |
[INFO] [stdout] 60 |                 let entry_pt: usize = GetProcAddress(XLCALL_HMODULE, cstr.as_ptr()) as usize;
[INFO] [stdout]    |                                       ^^^^^^^^^^^^^^ not found in this scope
[INFO] [stdout] 
[INFO] [stdout] 
[INFO] [stdout] error[E0425]: cannot find function, tuple struct or tuple variant `GetModuleHandleW` in this scope
[INFO] [stdout]   --> src/entrypoint.rs:68:30
[INFO] [stdout]    |
[INFO] [stdout] 68 |             XLCALL_HMODULE = GetModuleHandleW(ptr::null());
[INFO] [stdout]    |                              ^^^^^^^^^^^^^^^^ not found in this scope
[INFO] [stdout] 
[INFO] [stdout] 
[INFO] [stdout] error[E0425]: cannot find function, tuple struct or tuple variant `GetProcAddress` in this scope
[INFO] [stdout]   --> src/entrypoint.rs:72:28
[INFO] [stdout]    |
[INFO] [stdout] 72 |                 PEXCEL12 = GetProcAddress(XLCALL_HMODULE, cstr.as_ptr()) as usize;
[INFO] [stdout]    |                            ^^^^^^^^^^^^^^ not found in this scope
[INFO] [stdout] 
[INFO] [stdout] 
[INFO] [stdout] error[E0425]: cannot find function, tuple struct or tuple variant `OutputDebugStringA` in this scope
[INFO] [stdout]   --> src/registrator.rs:96:14
[INFO] [stdout]    |
[INFO] [stdout] 96 |     unsafe { OutputDebugStringA(cstr.as_ptr()) };
[INFO] [stdout]    |              ^^^^^^^^^^^^^^^^^^ not found in this scope
[INFO] [stdout] 
[INFO] [stdout] 
[INFO] [stdout] error[E0412]: cannot find type `HMODULE` in this scope
[INFO] [stdout]   --> src/entrypoint.rs:24:28
[INFO] [stdout]    |
[INFO] [stdout] 24 | static mut XLCALL_HMODULE: HMODULE = ptr::null_mut();
[INFO] [stdout]    |                            ^^^^^^^ not found in this scope
[INFO] [stdout] 
[INFO] [stdout] 
[INFO] [stdout] error[E0425]: cannot find function, tuple struct or tuple variant `GetModuleHandleW` in this scope
[INFO] [stdout]   --> src/entrypoint.rs:57:30
[INFO] [stdout]    |
[INFO] [stdout] 57 |             XLCALL_HMODULE = GetModuleHandleW(wcstr.as_ptr());
[INFO] [stdout]    |                              ^^^^^^^^^^^^^^^^ not found in this scope
[INFO] [stdout] 
[INFO] [stdout] 
[INFO] [stdout] error[E0425]: cannot find function, tuple struct or tuple variant `GetProcAddress` in this scope
[INFO] [stdout]   --> src/entrypoint.rs:60:39
[INFO] [stdout]    |
[INFO] [stdout] 60 |                 let entry_pt: usize = GetProcAddress(XLCALL_HMODULE, cstr.as_ptr()) as usize;
[INFO] [stdout]    |                                       ^^^^^^^^^^^^^^ not found in this scope
[INFO] [stdout] 
[INFO] [stdout] 
[INFO] [stdout] error[E0425]: cannot find function, tuple struct or tuple variant `GetModuleHandleW` in this scope
[INFO] [stdout]   --> src/entrypoint.rs:68:30
[INFO] [stdout]    |
[INFO] [stdout] 68 |             XLCALL_HMODULE = GetModuleHandleW(ptr::null());
[INFO] [stdout]    |                              ^^^^^^^^^^^^^^^^ not found in this scope
[INFO] [stdout] 
[INFO] [stdout] 
[INFO] [stdout] error[E0425]: cannot find function, tuple struct or tuple variant `GetProcAddress` in this scope
[INFO] [stdout]   --> src/entrypoint.rs:72:28
[INFO] [stdout]    |
[INFO] [stdout] 72 |                 PEXCEL12 = GetProcAddress(XLCALL_HMODULE, cstr.as_ptr()) as usize;
[INFO] [stdout]    |                            ^^^^^^^^^^^^^^ not found in this scope
[INFO] [stdout] 
[INFO] [stdout] 
[INFO] [stdout] error[E0425]: cannot find function, tuple struct or tuple variant `OutputDebugStringA` in this scope
[INFO] [stdout]   --> src/registrator.rs:96:14
[INFO] [stdout]    |
[INFO] [stdout] 96 |     unsafe { OutputDebugStringA(cstr.as_ptr()) };
[INFO] [stdout]    |              ^^^^^^^^^^^^^^^^^^ not found in this scope
[INFO] [stdout] 
[INFO] [stdout] 
[INFO] [stdout] error: aborting due to 9 previous errors
[INFO] [stdout] 
[INFO] [stdout] 
[INFO] [stdout] Some errors have detailed explanations: E0412, E0425, E0433.
[INFO] [stdout] 
[INFO] [stdout] For more information about an error, try `rustc --explain E0412`.
[INFO] [stdout] 
[INFO] [stderr] error: could not compile `xladd`.
[INFO] [stderr] 
[INFO] [stderr] To learn more, run the command again with --verbose.
[INFO] [stderr] warning: build failed, waiting for other jobs to finish...
[INFO] [stdout] error: aborting due to 9 previous errors
[INFO] [stdout] 
[INFO] [stdout] 
[INFO] [stdout] Some errors have detailed explanations: E0412, E0425, E0433.
[INFO] [stdout] 
[INFO] [stdout] For more information about an error, try `rustc --explain E0412`.
[INFO] [stdout] 
[INFO] [stderr] error: build failed
[INFO] running `Command { std: "docker" "inspect" "767cd59ab11d83fb395dbfdc46793a32fd4922006914130df30d122b8e369c8b", kill_on_drop: false }`
[INFO] running `Command { std: "docker" "rm" "-f" "767cd59ab11d83fb395dbfdc46793a32fd4922006914130df30d122b8e369c8b", kill_on_drop: false }`
[INFO] [stdout] 767cd59ab11d83fb395dbfdc46793a32fd4922006914130df30d122b8e369c8b
